{"id":3155,"date":"2018-08-05T19:23:30","date_gmt":"2018-08-05T17:23:30","guid":{"rendered":"https:\/\/www.topohvar.at\/?page_id=3155"},"modified":"2023-06-08T17:24:47","modified_gmt":"2023-06-08T15:24:47","slug":"sg-is-08-2","status":"publish","type":"page","link":"https:\/\/www.topohvar.at\/topo\/orte\/sg\/sg-is-08-2\/","title":{"rendered":"STARI GRAD &#8211; Spomen plo\u010da \u00bbMatij Ivani\u0107, napad 1510\u00ab"},"content":{"rendered":"<p><a name=\"seite_oben\"><\/a><br \/>\n<img loading=\"lazy\" decoding=\"async\" class=\"alignnone wp-image-3094 size-large\" src=\"https:\/\/www.topohvar.at\/wp-content\/uploads\/2018\/08\/SG-IS-08-1-1024x503.jpg\" alt=\"\" width=\"640\" height=\"314\" srcset=\"https:\/\/www.topohvar.at\/wp-content\/uploads\/2018\/08\/SG-IS-08-1-1024x503.jpg 1024w, https:\/\/www.topohvar.at\/wp-content\/uploads\/2018\/08\/SG-IS-08-1-300x147.jpg 300w, https:\/\/www.topohvar.at\/wp-content\/uploads\/2018\/08\/SG-IS-08-1-768x377.jpg 768w\" sizes=\"auto, (max-width: 640px) 100vw, 640px\" \/><\/p>\n<p><strong>Ime \/ Name<br \/>\n<\/strong>Spomen plo\u010da \u00bbMatij Ivani\u0107, napad 1510\u00ab\/ Gedenktafel an den Aufstand des\u00a0Matij Ivani\u0107 im Jahr 1510<\/p>\n<p><strong>Code: <\/strong>SG-IS-08\u00a0 \u00a0 \u00a0 \u00a0 \u00a0 \u00a0 \u00a0 \u00a0 \u00a0 \u00a0 \u00a0 \u00a0 \u00a0 \u00a0 \u00a0 \u00a0 \u00a0 \u00a0\u00a0<strong><a href=\"https:\/\/www.topohvar.at\/orte\/sg\/sg-ip-01-2\/\"><img loading=\"lazy\" decoding=\"async\" class=\"alignnone wp-image-12300 size-full\" src=\"https:\/\/www.topohvar.at\/wp-content\/uploads\/2018\/09\/push-vor-30.jpg\" alt=\"\" width=\"61\" height=\"30\" \/><\/a>\u00a0<\/strong><strong><a href=\"https:\/\/www.topohvar.at\/orte\/sg\/sg-is-19-2\/\"><img loading=\"lazy\" decoding=\"async\" class=\"alignnone wp-image-533 size-full\" src=\"https:\/\/www.topohvar.at\/wp-content\/uploads\/2018\/07\/push-l-30.jpg\" alt=\"\" width=\"61\" height=\"30\" \/><\/a> <a href=\"https:\/\/www.topohvar.at\/orte\/sg\/\"><img loading=\"lazy\" decoding=\"async\" class=\"alignnone wp-image-535 size-full\" src=\"https:\/\/www.topohvar.at\/wp-content\/uploads\/2018\/07\/push-o-30.jpg\" alt=\"\" width=\"61\" height=\"30\" \/><\/a> <a href=\"https:\/\/www.topohvar.at\/orte\/sg\/sg-is-23-2\/\"><img loading=\"lazy\" decoding=\"async\" class=\"alignnone wp-image-536 size-full\" src=\"https:\/\/www.topohvar.at\/wp-content\/uploads\/2018\/07\/push-r-30.jpg\" alt=\"\" width=\"61\" height=\"30\" \/><\/a><\/strong><\/p>\n<hr \/>\n<p><strong>Adresa \/ Adresse<br \/>\n<\/strong>Stari Grad, Novo Riva 1, gradska \u010ditaonica \/ st\u00e4dtische B\u00fccherei<\/p>\n<p><strong>Lokacija \/ Position<a href=\"https:\/\/goo.gl\/maps\/DHE7PjLfNqDj2a2Q7\"><img loading=\"lazy\" decoding=\"async\" class=\"alignright wp-image-3304\" src=\"https:\/\/www.topohvar.at\/wp-content\/uploads\/2018\/08\/0578.jpg\" alt=\"\" width=\"133\" height=\"100\" \/><\/a><br \/>\n<\/strong><span style=\"color: #3366ff;\"><a style=\"color: #3366ff;\" href=\"https:\/\/goo.gl\/maps\/DHE7PjLfNqDj2a2Q7\">Latitude: N 43,18373\u00b0\u00a0 \u00a0Longitude: E 16,59485\u00b0<\/a> <\/span><strong><br \/>\n<\/strong>Visina \/ H\u00f6he: 1 m<\/p>\n<p><strong>Katastarska \u010destica \/ Grundst\u00fccke<br \/>\n<\/strong>*1244<div class='content-column one_half'><div style=\"padding-right:6px;\"><p><strong>Datum snimanja \/ Erfassungsdatum<br \/>\n<\/strong>16.05.2013 11:09:00<\/p>\n<hr \/>\n<p><strong>Informacije<\/strong><\/p>\n<p>U arkadama gradske knji\u017enice nalazi se plo\u010da sa sljede\u0107im natpisom:<\/p><\/div><\/div><div class='content-column one_half last_column'><div style=\"padding-right:0px;padding-left:6px;\"><p><strong>Stupanj za\u0161tite \/ Schutzstellung<br \/>\n<\/strong>&#8211;<\/p>\n<hr \/>\n<p><strong>Info<\/strong><\/p>\n<p>In den Arkaden der st\u00e4dtischen B\u00fccherei findet sich eine Tafel mit folgender Inschrift:<\/p><\/div><\/div><div class='clear_column'><\/div><div class='content-column one_half'><div style=\"padding-right:6px;\"><p style=\"text-align: center;\">U STAROME GRADU JE NAPADOM<br \/>\nNA GRUPU PLEMI\u0106A 23. SVIBANJA 1510.<br \/>\nGODINE ZAPO\u010cEO USTANAK PU\u010cANA<br \/>\nHVARSKE KOMUNE [1510. \u2013 1514.]<br \/>\nPOD VODSTVOM MATIJA IVANI\u0106A<\/p>\n<p style=\"text-align: center;\">U SPOMEN NA 500-TU GODI\u0160NJICU<br \/>\nPOSTAVI GRAD STARI GRAD<br \/>\n23. SVIBANJA 2010<\/p><\/div><\/div><div class='content-column one_half last_column'><div style=\"padding-right:0px;padding-left:6px;\"><p style=\"text-align: center;\">Stari Grad wurde angegriffen von einer<br \/>\nGruppe von Edelleuten am 23. Mai 1510<br \/>\nund es der begann der Aufstand der<br \/>\nGemeinde Hvar (1510-1514),<br \/>\nangef\u00fchrt von Matija Ivani\u0107<\/p>\n<p style=\"text-align: center;\">Zum Gedenken an den 500. Jahrestag<br \/>\nvon der Stadt Stari Grad am<br \/>\n23. Mai 2010 errichtet.<\/p><\/div><\/div><div class='clear_column'><\/div><\/p>\n<hr \/>\n<div class='content-column one_half'><div style=\"padding-right:6px;\"><p><strong>Matij Ivani\u0107<\/strong><\/p>\n<p>Vrbanj, oko 1445. &#8211; Rim, 1523. Bio je ugledan gra\u0111anin hrvatskog gradi\u0107a Hvara iz 16. st., vo\u0111a Hvarskog ustanka (1510.-1514.) protiv Mleta\u010dke Republike. Nakon poraza, Ivani\u0107 je postao simbol slobode u okupiranim hrvatskim krajevima pod mleta\u010dkom vla\u0161\u0107u. Pobuna ozna\u010dava i borbu protiv ugnjetavanja i borbu za radni\u010dki i selja\u010dki stale\u017e.<\/p><\/div><\/div><div class='content-column one_half last_column'><div style=\"padding-right:0px;padding-left:6px;\"><p><strong>Matij Ivani\u0107<\/strong><\/p>\n<p>Geboren in Vrbanj um 1445, gestorben in Rom im Jahr 1523. Er war ein angesehener B\u00fcrger der kroatischen Stadt Hvar aus dem 16. Jh. und F\u00fchrer des Hvarer Aufstandes (1510. bis 1514.) gegen die Republik Venedig. Nach der Niederlage wurde Ivani\u0107 zu einem Symbol der Freiheit in den durch die Venezianer besetzten kroatischen Gebieten. Rebellion bedeutet Kampf gegen Unterdr\u00fcckung und Kampf f\u00fcr Arbeiter und Bauern.<\/p><\/div><\/div><div class='clear_column'><\/div><\/p>\n<p style=\"text-align: right;\"><a href=\"#seite_oben\">natrag na vrh \/ Seitenanfang<\/a><\/p>\n<hr \/>\n<p><strong>Linkovi \/ Links<\/strong><\/p>\n<p><span style=\"color: #3366ff;\"><a style=\"color: #3366ff;\" href=\"https:\/\/www.topohvar.at\/topo\/orte\/sg\/sg-tg-36-1\/\">Gradska \u010ditaonica \/ St\u00e4dtische B\u00fccherei und Lesesaal<\/a><\/span><\/p>\n<p><span style=\"color: #3366ff;\"><strong><a style=\"color: #3366ff;\" href=\"https:\/\/www.topohvar.at\/topo\/orte\/vj\/vj-tg-08-1\/\">Mehr \u00fcber <\/a><a style=\"color: #3366ff;\" href=\"https:\/\/www.topohvar.at\/topo\/orte\/vj\/vj-tg-08-1\/\">Matij Ivani\u0107<\/a><a style=\"color: #3366ff;\" href=\"https:\/\/www.topohvar.at\/topo\/orte\/vj\/vj-tg-08-1\/\">\u00a0\/ vi\u0161e o Matiji Ivani\u0107u<\/a><\/strong><\/span><\/p>\n<p><span style=\"color: #3366ff;\"><a style=\"color: #3366ff;\" href=\"https:\/\/www.topohvar.at\/orte\/hv\/hv-ci-03-1\/\">Hvar &#8211; Pri\u010da o Hvarskom Svetom Kri\u017ei\u0107u \/\u00a0\u00a0die Geschichte vom Heiligen Kreuz in Hvar<\/a><br \/>\n<\/span><a href=\"https:\/\/www.topohvar.at\/topo\/orte\/hv\/hv-is-12-1\/\"><span style=\"color: #3366ff;\">Hvar &#8211; Spomen plo\u010da \u00bbMatij Ivani\u0107\u00ab \/ Gedenktafel \u00bbMatij Ivani\u0107\u00ab<\/span><\/a><span style=\"color: #3366ff;\">\u00a0<\/span><br \/>\n<span style=\"color: #3366ff;\"><a style=\"color: #3366ff;\" href=\"https:\/\/www.topohvar.at\/topo\/orte\/hv\/hv-ci-03\/\">Hvar &#8211; Crkva \u00bbGospa Anuncijata\u00ab \/ Kirche Maria Verk\u00fcndigung<\/a>\u00a0<\/span><\/p>\n<p><span style=\"color: #3366ff;\"><a style=\"color: #3366ff;\" href=\"https:\/\/www.topohvar.at\/topo\/orte\/je\/je-is-05-1\/\">Jelsa &#8211; Spomen plo\u010da \u00bb\u0106eta Matij Ivani\u0107\u00ab \/ Gedenktafel Partisaneneinheit Matij Ivani\u0107<\/a>\u00a0<\/span><\/p>\n<p><span style=\"color: #3366ff;\"><a style=\"color: #3366ff;\" href=\"https:\/\/www.topohvar.at\/topo\/orte\/sg\/sg-is-08-2\/\">Stari Grad &#8211; Spomen plo\u010da \u00bbMatij Ivani\u0107, napad 1510\u00ab\/ Gedenktafel an den Aufstand des\u00a0Matij Ivani\u0107 im Jahr 1510<\/a><\/span><\/p>\n<p><span style=\"color: #3366ff;\"><a style=\"color: #3366ff;\" href=\"https:\/\/www.topohvar.at\/topo\/orte\/sv\/sv-cp-07-1\/\">Svir\u010de &#8211; Kapela \u00bbSv. Nikole od Planine\u00ab \/ Kapelle des hl. Nikolaus am Berg<\/a><\/span><\/p>\n<p><span style=\"color: #3366ff;\"><a style=\"color: #3366ff;\" href=\"https:\/\/www.topohvar.at\/topo\/orte\/vj\/vj-is-03-1\/\">Vrbanj &#8211; Spomen plo\u010da \u00bbKu\u010da Matij Ivani\u0107a\u00ab \/ Gedenktafel Haus Matij Ivani\u0107<\/a>\u00a0<\/span><br \/>\n<span style=\"color: #3366ff;\"><a style=\"color: #3366ff;\" href=\"https:\/\/www.topohvar.at\/topo\/orte\/vj\/vj-tg-01-1\/\">Vrbanj &#8211; Ku\u0107a \u00bbDom Matij Ivani\u0107\u00ab \/ Kulturhaus Matij Ivani\u0107<\/a>\u00a0<\/span><br \/>\n<span style=\"color: #3366ff;\"><a style=\"color: #3366ff;\" href=\"https:\/\/www.topohvar.at\/topo\/orte\/vj\/vj-is-06-1\/\">Vrbanj &#8211; Spomen plo\u010da \u00bbMatij Ivani\u0107, na 444-tu godisnjicu pu\u010dana\u00ab \/ Gedenktafel Matij Ivani\u0107, zum 444. Jahrestag des Aufstandes<\/a>\u00a0<\/span><br \/>\n<span style=\"color: #3366ff;\"><a style=\"color: #3366ff;\" href=\"https:\/\/www.topohvar.at\/topo\/orte\/vj\/vj-is-05-1\/\">Vrbanj &#8211; Spomen plo\u010da \u00bbMatij Ivani\u0107, na 500-tu godisnjicu pu\u010dana\u00ab \/ Gedenktafel Matij Ivani\u0107, zum 500. Jahrestag des Aufstandes<\/a>\u00a0<\/span><br \/>\n<span style=\"color: #3366ff;\"><a style=\"color: #3366ff;\" href=\"https:\/\/www.topohvar.at\/topo\/orte\/vj\/vj-pu-01-1\/\">Vrbanj &#8211; Objekt \u00bbPut Matija Ivani\u0107a\u00ab \/ Ivani\u0107-Weg<\/a>\u00a0<\/span><br \/>\n<span style=\"color: #3366ff;\"><a style=\"color: #3366ff;\" href=\"https:\/\/www.topohvar.at\/topo\/orte\/vj\/vj-ip-01-1\/\">Vrbanj &#8211; Informativna plo\u010da \u00bbPut Matija Ivani\u0107a\u00ab \/ Infotafel Ivani\u0107-Weg<\/a><\/span><\/p>\n<p><span style=\"color: #3366ff;\"><a style=\"color: #3366ff;\" href=\"https:\/\/www.topohvar.at\/topo\/orte\/va\/va-tg-05-1\/\">Vrboska &#8211; Ku\u0107a \u00bbMatije Ivani\u0107a\u00ab \/ Haus des\u00a0Matij Ivani\u0107<\/a>\u00a0<\/span><br \/>\n<span style=\"color: #3366ff;\"><a style=\"color: #3366ff;\" href=\"https:\/\/www.topohvar.at\/topo\/orte\/va\/va-is-02-1\/\">Vrboska &#8211; Spomen plo\u010da \u00bbKu\u0107a Matije Ivani\u0107a\u00ab \/ Gedenktafel Haus des Matij Ivani\u0107<\/a><\/span><\/p>\n","protected":false},"excerpt":{"rendered":"<p>Ime \/ Name Spomen plo\u010da \u00bbMatij Ivani\u0107, napad 1510\u00ab\/ Gedenktafel an den Aufstand des\u00a0Matij Ivani\u0107 im Jahr 1510 Code: SG-IS-08\u00a0 \u00a0 \u00a0 \u00a0 \u00a0 \u00a0 \u00a0 \u00a0 \u00a0 \u00a0 \u00a0 \u00a0 \u00a0 \u00a0 \u00a0 \u00a0 \u00a0 \u00a0\u00a0\u00a0 Adresa \/ Adresse &hellip; <a href=\"https:\/\/www.topohvar.at\/topo\/orte\/sg\/sg-is-08-2\/\">Weiterlesen <span class=\"meta-nav\">&rarr;<\/span><\/a><\/p>\n","protected":false},"author":1,"featured_media":0,"parent":99,"menu_order":0,"comment_status":"closed","ping_status":"closed","template":"","meta":{"footnotes":""},"class_list":["post-3155","page","type-page","status-publish","hentry"],"_links":{"self":[{"href":"https:\/\/www.topohvar.at\/topo\/wp-json\/wp\/v2\/pages\/3155","targetHints":{"allow":["GET"]}}],"collection":[{"href":"https:\/\/www.topohvar.at\/topo\/wp-json\/wp\/v2\/pages"}],"about":[{"href":"https:\/\/www.topohvar.at\/topo\/wp-json\/wp\/v2\/types\/page"}],"author":[{"embeddable":true,"href":"https:\/\/www.topohvar.at\/topo\/wp-json\/wp\/v2\/users\/1"}],"replies":[{"embeddable":true,"href":"https:\/\/www.topohvar.at\/topo\/wp-json\/wp\/v2\/comments?post=3155"}],"version-history":[{"count":17,"href":"https:\/\/www.topohvar.at\/topo\/wp-json\/wp\/v2\/pages\/3155\/revisions"}],"predecessor-version":[{"id":62907,"href":"https:\/\/www.topohvar.at\/topo\/wp-json\/wp\/v2\/pages\/3155\/revisions\/62907"}],"up":[{"embeddable":true,"href":"https:\/\/www.topohvar.at\/topo\/wp-json\/wp\/v2\/pages\/99"}],"wp:attachment":[{"href":"https:\/\/www.topohvar.at\/topo\/wp-json\/wp\/v2\/media?parent=3155"}],"curies":[{"name":"wp","href":"https:\/\/api.w.org\/{rel}","templated":true}]}}

STARI GRAD &#8211; Spomen ploča »Matij Ivanić, napad 1510«

<p><a name="seite_oben"></a><br />
<img loading="lazy" decoding="async" class="alignnone wp-image-3094 size-large" src="https://www.topohvar.at/wp-content/uploads/2018/08/SG-IS-08-1-1024x503.jpg" alt="" width="640" height="314" srcset="https://www.topohvar.at/wp-content/uploads/2018/08/SG-IS-08-1-1024x503.jpg 1024w, https://www.topohvar.at/wp-content/uploads/2018/08/SG-IS-08-1-300x147.jpg 300w, https://www.topohvar.at/wp-content/uploads/2018/08/SG-IS-08-1-768x377.jpg 768w" sizes="auto, (max-width: 640px) 100vw, 640px" /></p>
<p><strong>Ime / Name<br />
</strong>Spomen ploča »Matij Ivanić, napad 1510«/ Gedenktafel an den Aufstand des Matij Ivanić im Jahr 1510</p>
<p><strong>Code: </strong>SG-IS-08                                    <strong><a href="https://www.topohvar.at/orte/sg/sg-ip-01-2/"><img loading="lazy" decoding="async" class="alignnone wp-image-12300 size-full" src="https://www.topohvar.at/wp-content/uploads/2018/09/push-vor-30.jpg" alt="" width="61" height="30" /></a> </strong><strong><a href="https://www.topohvar.at/orte/sg/sg-is-19-2/"><img loading="lazy" decoding="async" class="alignnone wp-image-533 size-full" src="https://www.topohvar.at/wp-content/uploads/2018/07/push-l-30.jpg" alt="" width="61" height="30" /></a> <a href="https://www.topohvar.at/orte/sg/"><img loading="lazy" decoding="async" class="alignnone wp-image-535 size-full" src="https://www.topohvar.at/wp-content/uploads/2018/07/push-o-30.jpg" alt="" width="61" height="30" /></a> <a href="https://www.topohvar.at/orte/sg/sg-is-23-2/"><img loading="lazy" decoding="async" class="alignnone wp-image-536 size-full" src="https://www.topohvar.at/wp-content/uploads/2018/07/push-r-30.jpg" alt="" width="61" height="30" /></a></strong></p>
<hr />
<p><strong>Adresa / Adresse<br />
</strong>Stari Grad, Novo Riva 1, gradska čitaonica / städtische Bücherei</p>
<p><strong>Lokacija / Position<a href="https://goo.gl/maps/DHE7PjLfNqDj2a2Q7"><img loading="lazy" decoding="async" class="alignright wp-image-3304" src="https://www.topohvar.at/wp-content/uploads/2018/08/0578.jpg" alt="" width="133" height="100" /></a><br />
</strong><span style="color: #3366ff;"><a style="color: #3366ff;" href="https://goo.gl/maps/DHE7PjLfNqDj2a2Q7">Latitude: N 43,18373°   Longitude: E 16,59485°</a> </span><strong><br />
</strong>Visina / Höhe: 1 m</p>
<p><strong>Katastarska čestica / Grundstücke<br />
</strong>*1244<div class='content-column one_half'><div style="padding-right:6px;"><p><strong>Datum snimanja / Erfassungsdatum<br />
</strong>16.05.2013 11:09:00</p>
<hr />
<p><strong>Informacije</strong></p>
<p>U arkadama gradske knjižnice nalazi se ploča sa sljedećim natpisom:</p></div></div><div class='content-column one_half last_column'><div style="padding-right:0px;padding-left:6px;"><p><strong>Stupanj zaštite / Schutzstellung<br />
</strong>&#8211;</p>
<hr />
<p><strong>Info</strong></p>
<p>In den Arkaden der städtischen Bücherei findet sich eine Tafel mit folgender Inschrift:</p></div></div><div class='clear_column'></div><div class='content-column one_half'><div style="padding-right:6px;"><p style="text-align: center;">U STAROME GRADU JE NAPADOM<br />
NA GRUPU PLEMIĆA 23. SVIBANJA 1510.<br />
GODINE ZAPOČEO USTANAK PUČANA<br />
HVARSKE KOMUNE [1510. – 1514.]<br />
POD VODSTVOM MATIJA IVANIĆA</p>
<p style="text-align: center;">U SPOMEN NA 500-TU GODIŠNJICU<br />
POSTAVI GRAD STARI GRAD<br />
23. SVIBANJA 2010</p></div></div><div class='content-column one_half last_column'><div style="padding-right:0px;padding-left:6px;"><p style="text-align: center;">Stari Grad wurde angegriffen von einer<br />
Gruppe von Edelleuten am 23. Mai 1510<br />
und es der begann der Aufstand der<br />
Gemeinde Hvar (1510-1514),<br />
angeführt von Matija Ivanić</p>
<p style="text-align: center;">Zum Gedenken an den 500. Jahrestag<br />
von der Stadt Stari Grad am<br />
23. Mai 2010 errichtet.</p></div></div><div class='clear_column'></div></p>
<hr />
<div class='content-column one_half'><div style="padding-right:6px;"><p><strong>Matij Ivanić</strong></p>
<p>Vrbanj, oko 1445. &#8211; Rim, 1523. Bio je ugledan građanin hrvatskog gradića Hvara iz 16. st., vođa Hvarskog ustanka (1510.-1514.) protiv Mletačke Republike. Nakon poraza, Ivanić je postao simbol slobode u okupiranim hrvatskim krajevima pod mletačkom vlašću. Pobuna označava i borbu protiv ugnjetavanja i borbu za radnički i seljački stalež.</p></div></div><div class='content-column one_half last_column'><div style="padding-right:0px;padding-left:6px;"><p><strong>Matij Ivanić</strong></p>
<p>Geboren in Vrbanj um 1445, gestorben in Rom im Jahr 1523. Er war ein angesehener Bürger der kroatischen Stadt Hvar aus dem 16. Jh. und Führer des Hvarer Aufstandes (1510. bis 1514.) gegen die Republik Venedig. Nach der Niederlage wurde Ivanić zu einem Symbol der Freiheit in den durch die Venezianer besetzten kroatischen Gebieten. Rebellion bedeutet Kampf gegen Unterdrückung und Kampf für Arbeiter und Bauern.</p></div></div><div class='clear_column'></div></p>
<p style="text-align: right;"><a href="#seite_oben">natrag na vrh / Seitenanfang</a></p>
<hr />
<p><strong>Linkovi / Links</strong></p>
<p><span style="color: #3366ff;"><a style="color: #3366ff;" href="https://www.topohvar.at/topo/orte/sg/sg-tg-36-1/">Gradska čitaonica / Städtische Bücherei und Lesesaal</a></span></p>
<p><span style="color: #3366ff;"><strong><a style="color: #3366ff;" href="https://www.topohvar.at/topo/orte/vj/vj-tg-08-1/">Mehr über </a><a style="color: #3366ff;" href="https://www.topohvar.at/topo/orte/vj/vj-tg-08-1/">Matij Ivanić</a><a style="color: #3366ff;" href="https://www.topohvar.at/topo/orte/vj/vj-tg-08-1/"> / više o Matiji Ivaniću</a></strong></span></p>
<p><span style="color: #3366ff;"><a style="color: #3366ff;" href="https://www.topohvar.at/orte/hv/hv-ci-03-1/">Hvar &#8211; Priča o Hvarskom Svetom Križiću /  die Geschichte vom Heiligen Kreuz in Hvar</a><br />
</span><a href="https://www.topohvar.at/topo/orte/hv/hv-is-12-1/"><span style="color: #3366ff;">Hvar &#8211; Spomen ploča »Matij Ivanić« / Gedenktafel »Matij Ivanić«</span></a><span style="color: #3366ff;"> </span><br />
<span style="color: #3366ff;"><a style="color: #3366ff;" href="https://www.topohvar.at/topo/orte/hv/hv-ci-03/">Hvar &#8211; Crkva »Gospa Anuncijata« / Kirche Maria Verkündigung</a> </span></p>
<p><span style="color: #3366ff;"><a style="color: #3366ff;" href="https://www.topohvar.at/topo/orte/je/je-is-05-1/">Jelsa &#8211; Spomen ploča »Ćeta Matij Ivanić« / Gedenktafel Partisaneneinheit Matij Ivanić</a> </span></p>
<p><span style="color: #3366ff;"><a style="color: #3366ff;" href="https://www.topohvar.at/topo/orte/sg/sg-is-08-2/">Stari Grad &#8211; Spomen ploča »Matij Ivanić, napad 1510«/ Gedenktafel an den Aufstand des Matij Ivanić im Jahr 1510</a></span></p>
<p><span style="color: #3366ff;"><a style="color: #3366ff;" href="https://www.topohvar.at/topo/orte/sv/sv-cp-07-1/">Svirče &#8211; Kapela »Sv. Nikole od Planine« / Kapelle des hl. Nikolaus am Berg</a></span></p>
<p><span style="color: #3366ff;"><a style="color: #3366ff;" href="https://www.topohvar.at/topo/orte/vj/vj-is-03-1/">Vrbanj &#8211; Spomen ploča »Kuča Matij Ivanića« / Gedenktafel Haus Matij Ivanić</a> </span><br />
<span style="color: #3366ff;"><a style="color: #3366ff;" href="https://www.topohvar.at/topo/orte/vj/vj-tg-01-1/">Vrbanj &#8211; Kuća »Dom Matij Ivanić« / Kulturhaus Matij Ivanić</a> </span><br />
<span style="color: #3366ff;"><a style="color: #3366ff;" href="https://www.topohvar.at/topo/orte/vj/vj-is-06-1/">Vrbanj &#8211; Spomen ploča »Matij Ivanić, na 444-tu godisnjicu pučana« / Gedenktafel Matij Ivanić, zum 444. Jahrestag des Aufstandes</a> </span><br />
<span style="color: #3366ff;"><a style="color: #3366ff;" href="https://www.topohvar.at/topo/orte/vj/vj-is-05-1/">Vrbanj &#8211; Spomen ploča »Matij Ivanić, na 500-tu godisnjicu pučana« / Gedenktafel Matij Ivanić, zum 500. Jahrestag des Aufstandes</a> </span><br />
<span style="color: #3366ff;"><a style="color: #3366ff;" href="https://www.topohvar.at/topo/orte/vj/vj-pu-01-1/">Vrbanj &#8211; Objekt »Put Matija Ivanića« / Ivanić-Weg</a> </span><br />
<span style="color: #3366ff;"><a style="color: #3366ff;" href="https://www.topohvar.at/topo/orte/vj/vj-ip-01-1/">Vrbanj &#8211; Informativna ploča »Put Matija Ivanića« / Infotafel Ivanić-Weg</a></span></p>
<p><span style="color: #3366ff;"><a style="color: #3366ff;" href="https://www.topohvar.at/topo/orte/va/va-tg-05-1/">Vrboska &#8211; Kuća »Matije Ivanića« / Haus des Matij Ivanić</a> </span><br />
<span style="color: #3366ff;"><a style="color: #3366ff;" href="https://www.topohvar.at/topo/orte/va/va-is-02-1/">Vrboska &#8211; Spomen ploča »Kuća Matije Ivanića« / Gedenktafel Haus des Matij Ivanić</a></span></p>

<p>Ime / Name Spomen ploča »Matij Ivanić, napad 1510«/ Gedenktafel an den Aufstand des Matij Ivanić im Jahr 1510 Code: SG-IS-08                                      Adresa / Adresse &hellip; <a href="https://www.topohvar.at/topo/orte/sg/sg-is-08-2/">Weiterlesen <span class="meta-nav">&rarr;</span></a></p>
