{"id":3159,"date":"2018-08-05T19:24:23","date_gmt":"2018-08-05T17:24:23","guid":{"rendered":"https:\/\/www.topohvar.at\/?page_id=3159"},"modified":"2024-10-19T16:36:46","modified_gmt":"2024-10-19T14:36:46","slug":"sg-is-10-2","status":"publish","type":"page","link":"https:\/\/www.topohvar.at\/topo\/orte\/sg\/sg-is-10-2\/","title":{"rendered":"STARI GRAD &#8211; Spomen plo\u010da \u00bbIvan Bal\u010di\u0107\u00ab"},"content":{"rendered":"<ol>\n<li style=\"text-align: center;\">\n<blockquote><p><a name=\"seite_oben\"><\/a><\/p><\/blockquote>\n<p><img loading=\"lazy\" decoding=\"async\" class=\"alignnone wp-image-3096 size-large\" src=\"https:\/\/www.topohvar.at\/wp-content\/uploads\/2018\/08\/SG-IS-10-1-1024x503.jpg\" alt=\"\" width=\"640\" height=\"314\" srcset=\"https:\/\/www.topohvar.at\/wp-content\/uploads\/2018\/08\/SG-IS-10-1-1024x503.jpg 1024w, https:\/\/www.topohvar.at\/wp-content\/uploads\/2018\/08\/SG-IS-10-1-300x147.jpg 300w, https:\/\/www.topohvar.at\/wp-content\/uploads\/2018\/08\/SG-IS-10-1-768x377.jpg 768w\" sizes=\"auto, (max-width: 640px) 100vw, 640px\" \/><\/li>\n<\/ol>\n<p><strong>Ime \/ Name<br \/>\n<\/strong>Spomen plo\u010da \u00bbIvan Bal\u010di\u0107\u00ab \/ Gedenktafel an Johann\u00a0Bal\u010di\u0107<\/p>\n<p><strong>Code: <\/strong>SG-IS-10\u00a0 \u00a0 \u00a0 \u00a0 \u00a0 \u00a0 \u00a0 \u00a0 \u00a0 \u00a0 \u00a0 \u00a0 \u00a0 \u00a0 \u00a0 \u00a0 \u00a0 \u00a0\u00a0<strong><a href=\"https:\/\/www.topohvar.at\/orte\/sg\/sg-ip-01-2\/\"><img loading=\"lazy\" decoding=\"async\" class=\"alignnone wp-image-12300 size-full\" src=\"https:\/\/www.topohvar.at\/wp-content\/uploads\/2018\/09\/push-vor-30.jpg\" alt=\"\" width=\"61\" height=\"30\" \/><\/a>\u00a0<\/strong><strong><a href=\"https:\/\/www.topohvar.at\/orte\/sg\/sg-is-02-2\/\"><img loading=\"lazy\" decoding=\"async\" class=\"alignnone wp-image-533 size-full\" src=\"https:\/\/www.topohvar.at\/wp-content\/uploads\/2018\/07\/push-l-30.jpg\" alt=\"\" width=\"61\" height=\"30\" \/><\/a> <a href=\"https:\/\/www.topohvar.at\/orte\/sg\/\"><img loading=\"lazy\" decoding=\"async\" class=\"alignnone wp-image-535 size-full\" src=\"https:\/\/www.topohvar.at\/wp-content\/uploads\/2018\/07\/push-o-30.jpg\" alt=\"\" width=\"61\" height=\"30\" \/><\/a> <a href=\"https:\/\/www.topohvar.at\/orte\/sg\/sg-is-58-1\/\"><img loading=\"lazy\" decoding=\"async\" class=\"alignnone wp-image-536 size-full\" src=\"https:\/\/www.topohvar.at\/wp-content\/uploads\/2018\/07\/push-r-30.jpg\" alt=\"\" width=\"61\" height=\"30\" \/><\/a><\/strong><\/p>\n<hr \/>\n<p><strong>Adresa \/ Adresse<br \/>\n<\/strong>Stari Grad, Duolnjo Kola 1<\/p>\n<p><strong>Lokacija \/ Position<a href=\"https:\/\/goo.gl\/maps\/VuYMcj8Mbi8LkNoB8\"><img loading=\"lazy\" decoding=\"async\" class=\"alignright wp-image-3350\" src=\"https:\/\/www.topohvar.at\/wp-content\/uploads\/2018\/08\/0580.jpg\" alt=\"\" width=\"133\" height=\"100\" \/><\/a><br \/>\n<\/strong><span style=\"color: #3366ff;\"><a style=\"color: #3366ff;\" href=\"https:\/\/goo.gl\/maps\/VuYMcj8Mbi8LkNoB8\">Latitude: N 43,18403\u00b0\u00a0 \u00a0Longitude: E 16,59701\u00b0<\/a> <\/span><strong><br \/>\n<\/strong>Visina \/ H\u00f6he: 1 m<\/p>\n<p><strong>Katastarska \u010destica \/ Grundst\u00fccke<br \/>\n<\/strong>*293\/2<div class='content-column one_half'><div style=\"padding-right:6px;\"><p><strong>Datum snimanja \/ Erfassungsdatum<br \/>\n<\/strong>28.05.2013 10:30:00<\/p>\n<hr \/>\n<p><strong>Informacije<\/strong><\/p>\n<p>Ivan Bal\u010di\u0107 bio je suprakomit (zapovjednik) galije sv. Jerolima koja je 1571.g. sudjelova u glasovitoj bitci kod Lepanta. Polena te galije \u201eZmaj\u201c prenesena je iz Staroga Grada u Hvar (kazali\u0161te) 1862. godine i promijenija ime u \u201eZvir\u201c.<\/p><\/div><\/div><div class='content-column one_half last_column'><div style=\"padding-right:0px;padding-left:6px;\"><p><strong>Stupanj za\u0161tite \/ Schutzstellung<br \/>\n<\/strong>&#8211;<\/p>\n<hr \/>\n<p><strong>Info<\/strong><\/p>\n<p>Ivan Balcic war Oberbefehlshaber der Galeere st. Jerolim, die 1571 an der ber\u00fchmten Schlacht von Lepanto teilnahm. Die Galionsfigur &#8222;Drache&#8220; wurde 1862 von Stari Grad nach Hvar (Theater) \u00fcberf\u00fchrt und in &#8222;Zvir&#8220; umbenannt.<\/p><\/div><\/div><div class='clear_column'><\/div><div class='content-column one_half'><div style=\"padding-right:6px;\"><p>Natpis:<\/p>\n<p style=\"text-align: center;\">U SPOMEN NA<br \/>\n<strong>IVANA BAL\u010cI\u0106A<\/strong><br \/>\nSUPRAKOMITA GALIJE<br \/>\n\u201eSV. JERONIM\u201c<br \/>\nU BITCI KOD LEPANTA 7.10.1571.<br \/>\nPOSTAVI\u0160E PONOSI<br \/>\nSTAROGRA\u0110ANI 19.8.2006.<\/p><\/div><\/div><div class='content-column one_half last_column'><div style=\"padding-right:0px;padding-left:6px;\"><p>Inschrift:<\/p>\n<p style=\"text-align: center;\">In Erinnerung an<br \/>\n<strong>Ivan Bal\u010di\u0107<\/strong><br \/>\nSuprakomit der Galeere<br \/>\n&#8222;hl. Hieronymus&#8220; in der<br \/>\nSchlacht von Lepanto am 7.10.1571.<br \/>\nErrichtet mit Stolz von den<br \/>\nStaro Gradern am 19.8.2006.<\/p><\/div><\/div><div class='clear_column'><\/div><\/p>\n<p style=\"text-align: right;\"><a href=\"#seite_oben\">natrag na vrh \/ Seitenanfang<\/a><\/p>\n<hr \/>\n<div class='content-column one_half'><div style=\"padding-right:6px;\"><p>Starogra\u0111ani su prije gotovo pet stolje\u0107a na Papin poziv dali galiju &#8222;Sv. Jeronim&#8220;, zapovjednika Ivana Bal\u010di\u0107a i ljude za veliku bitku &#8222;na kraju svijeta&#8220;, za obranu zapadne civilizacije od osmanlijskih osvaja\u010da. Malo je poznato da se u spomen Bitke od Lepanta, od 1571. u cijelom kr\u0161\u0107anskom svijetu, na dan kad se dogodila, 7. listopada, slavi Gospa od Ru\u017earija, u podne zvone zvona i moli se angelus. Armadu Svete lige \u010dinili su 209 galija, 6 galeaca i 28 transportnih brodova. Na tim brodovima bilo je otprilike 80.000 ljudi. Otprilike toliko je bila sna\u017ena i turska armada. U silnom sudaru na moru na strani Turske bilo je 25.000 poginulih. Bilo je 175 zaplijenjenih, nasukanih i izgorjelih turskih galija i 12 drugih brodova. Liga je izgubila 15 ratnih brodova.<\/p><\/div><\/div><div class='content-column one_half last_column'><div style=\"padding-right:0px;padding-left:6px;\"><p>Vor fast f\u00fcnf Jahrhunderten gaben die Starigrader auf Bitte des Papstes dem Kommandeur Ivan Bal\u010di\u0107 und den Menschen die Galeere &#8222;Hl. Hieronymus&#8220; um im gro\u00dfen Kampf &#8222;am Ende der Welt&#8220; die westliche Zivilisation vor den osmanischen Invasoren zu verteidigen. Es ist wenig bekannt, dass in Erinnerung an die Schlacht von Lepanto ab 1571 in der gesamten christlichen Welt am Tag des 7. Oktober die Muttergottes vom Rosenkranz gefeiert wird, mittags Glocken l\u00e4uten und ein Engel gebetet wird. Die Armada der Heiligen Liga bestand aus 209 Galeeren, 6 Galeaca und 28 Transportschiffen. Auf diesen Schiffen befanden sich ungef\u00e4hr 80.000 Menschen. Die t\u00fcrkische Armee war ungef\u00e4hr gleich \u200b\u200bstark. Bei der Seeschlacht kamen auf t\u00fcrkischer Seite 25.000 Menschen ums Leben. Es wurden 175 t\u00fcrkische Galeeren und 12 andere Schiffe beschlagnahmt, gestrandet und verbrannt. Die Liga verlor 15 Kriegsschiffe.<\/p><\/div><\/div><div class='clear_column'><\/div><\/p>\n<p><img loading=\"lazy\" decoding=\"async\" class=\"aligncenter size-full wp-image-38025\" src=\"https:\/\/www.topohvar.at\/wp-content\/uploads\/2020\/06\/sg-is-10-10.jpg\" alt=\"\" width=\"1080\" height=\"579\" srcset=\"https:\/\/www.topohvar.at\/wp-content\/uploads\/2020\/06\/sg-is-10-10.jpg 1080w, https:\/\/www.topohvar.at\/wp-content\/uploads\/2020\/06\/sg-is-10-10-300x161.jpg 300w, https:\/\/www.topohvar.at\/wp-content\/uploads\/2020\/06\/sg-is-10-10-1024x549.jpg 1024w, https:\/\/www.topohvar.at\/wp-content\/uploads\/2020\/06\/sg-is-10-10-768x412.jpg 768w\" sizes=\"auto, (max-width: 1080px) 100vw, 1080px\" \/><\/p>\n<p style=\"text-align: right;\"><a href=\"#seite_oben\">natrag na vrh \/ Seitenanfang<\/a><\/p>\n<hr \/>\n<p><strong>Linkovi \/ Links<\/strong><\/p>\n<p><span style=\"color: #3366ff;\"><a style=\"color: #3366ff;\" href=\"https:\/\/www.topohvar.at\/topo\/orte\/hv\/hv-tg-05-1\/\">Kazali\u0161ta grada Hvara \/ Theater der Stadt Hvar<\/a><\/span><\/p>\n","protected":false},"excerpt":{"rendered":"<p>Ime \/ Name Spomen plo\u010da \u00bbIvan Bal\u010di\u0107\u00ab \/ Gedenktafel an Johann\u00a0Bal\u010di\u0107 Code: SG-IS-10\u00a0 \u00a0 \u00a0 \u00a0 \u00a0 \u00a0 \u00a0 \u00a0 \u00a0 \u00a0 \u00a0 \u00a0 \u00a0 \u00a0 \u00a0 \u00a0 \u00a0 \u00a0\u00a0\u00a0 Adresa \/ Adresse Stari Grad, Duolnjo Kola 1 Lokacija \/ &hellip; <a href=\"https:\/\/www.topohvar.at\/topo\/orte\/sg\/sg-is-10-2\/\">Weiterlesen <span class=\"meta-nav\">&rarr;<\/span><\/a><\/p>\n","protected":false},"author":1,"featured_media":0,"parent":99,"menu_order":0,"comment_status":"closed","ping_status":"closed","template":"","meta":{"footnotes":""},"class_list":["post-3159","page","type-page","status-publish","hentry"],"_links":{"self":[{"href":"https:\/\/www.topohvar.at\/topo\/wp-json\/wp\/v2\/pages\/3159","targetHints":{"allow":["GET"]}}],"collection":[{"href":"https:\/\/www.topohvar.at\/topo\/wp-json\/wp\/v2\/pages"}],"about":[{"href":"https:\/\/www.topohvar.at\/topo\/wp-json\/wp\/v2\/types\/page"}],"author":[{"embeddable":true,"href":"https:\/\/www.topohvar.at\/topo\/wp-json\/wp\/v2\/users\/1"}],"replies":[{"embeddable":true,"href":"https:\/\/www.topohvar.at\/topo\/wp-json\/wp\/v2\/comments?post=3159"}],"version-history":[{"count":18,"href":"https:\/\/www.topohvar.at\/topo\/wp-json\/wp\/v2\/pages\/3159\/revisions"}],"predecessor-version":[{"id":69744,"href":"https:\/\/www.topohvar.at\/topo\/wp-json\/wp\/v2\/pages\/3159\/revisions\/69744"}],"up":[{"embeddable":true,"href":"https:\/\/www.topohvar.at\/topo\/wp-json\/wp\/v2\/pages\/99"}],"wp:attachment":[{"href":"https:\/\/www.topohvar.at\/topo\/wp-json\/wp\/v2\/media?parent=3159"}],"curies":[{"name":"wp","href":"https:\/\/api.w.org\/{rel}","templated":true}]}}

STARI GRAD &#8211; Spomen ploča »Ivan Balčić«

<ol>
<li style="text-align: center;">
<blockquote><p><a name="seite_oben"></a></p></blockquote>
<p><img loading="lazy" decoding="async" class="alignnone wp-image-3096 size-large" src="https://www.topohvar.at/wp-content/uploads/2018/08/SG-IS-10-1-1024x503.jpg" alt="" width="640" height="314" srcset="https://www.topohvar.at/wp-content/uploads/2018/08/SG-IS-10-1-1024x503.jpg 1024w, https://www.topohvar.at/wp-content/uploads/2018/08/SG-IS-10-1-300x147.jpg 300w, https://www.topohvar.at/wp-content/uploads/2018/08/SG-IS-10-1-768x377.jpg 768w" sizes="auto, (max-width: 640px) 100vw, 640px" /></li>
</ol>
<p><strong>Ime / Name<br />
</strong>Spomen ploča »Ivan Balčić« / Gedenktafel an Johann Balčić</p>
<p><strong>Code: </strong>SG-IS-10                                    <strong><a href="https://www.topohvar.at/orte/sg/sg-ip-01-2/"><img loading="lazy" decoding="async" class="alignnone wp-image-12300 size-full" src="https://www.topohvar.at/wp-content/uploads/2018/09/push-vor-30.jpg" alt="" width="61" height="30" /></a> </strong><strong><a href="https://www.topohvar.at/orte/sg/sg-is-02-2/"><img loading="lazy" decoding="async" class="alignnone wp-image-533 size-full" src="https://www.topohvar.at/wp-content/uploads/2018/07/push-l-30.jpg" alt="" width="61" height="30" /></a> <a href="https://www.topohvar.at/orte/sg/"><img loading="lazy" decoding="async" class="alignnone wp-image-535 size-full" src="https://www.topohvar.at/wp-content/uploads/2018/07/push-o-30.jpg" alt="" width="61" height="30" /></a> <a href="https://www.topohvar.at/orte/sg/sg-is-58-1/"><img loading="lazy" decoding="async" class="alignnone wp-image-536 size-full" src="https://www.topohvar.at/wp-content/uploads/2018/07/push-r-30.jpg" alt="" width="61" height="30" /></a></strong></p>
<hr />
<p><strong>Adresa / Adresse<br />
</strong>Stari Grad, Duolnjo Kola 1</p>
<p><strong>Lokacija / Position<a href="https://goo.gl/maps/VuYMcj8Mbi8LkNoB8"><img loading="lazy" decoding="async" class="alignright wp-image-3350" src="https://www.topohvar.at/wp-content/uploads/2018/08/0580.jpg" alt="" width="133" height="100" /></a><br />
</strong><span style="color: #3366ff;"><a style="color: #3366ff;" href="https://goo.gl/maps/VuYMcj8Mbi8LkNoB8">Latitude: N 43,18403°   Longitude: E 16,59701°</a> </span><strong><br />
</strong>Visina / Höhe: 1 m</p>
<p><strong>Katastarska čestica / Grundstücke<br />
</strong>*293/2<div class='content-column one_half'><div style="padding-right:6px;"><p><strong>Datum snimanja / Erfassungsdatum<br />
</strong>28.05.2013 10:30:00</p>
<hr />
<p><strong>Informacije</strong></p>
<p>Ivan Balčić bio je suprakomit (zapovjednik) galije sv. Jerolima koja je 1571.g. sudjelova u glasovitoj bitci kod Lepanta. Polena te galije „Zmaj“ prenesena je iz Staroga Grada u Hvar (kazalište) 1862. godine i promijenija ime u „Zvir“.</p></div></div><div class='content-column one_half last_column'><div style="padding-right:0px;padding-left:6px;"><p><strong>Stupanj zaštite / Schutzstellung<br />
</strong>&#8211;</p>
<hr />
<p><strong>Info</strong></p>
<p>Ivan Balcic war Oberbefehlshaber der Galeere st. Jerolim, die 1571 an der berühmten Schlacht von Lepanto teilnahm. Die Galionsfigur &#8222;Drache&#8220; wurde 1862 von Stari Grad nach Hvar (Theater) überführt und in &#8222;Zvir&#8220; umbenannt.</p></div></div><div class='clear_column'></div><div class='content-column one_half'><div style="padding-right:6px;"><p>Natpis:</p>
<p style="text-align: center;">U SPOMEN NA<br />
<strong>IVANA BALČIĆA</strong><br />
SUPRAKOMITA GALIJE<br />
„SV. JERONIM“<br />
U BITCI KOD LEPANTA 7.10.1571.<br />
POSTAVIŠE PONOSI<br />
STAROGRAĐANI 19.8.2006.</p></div></div><div class='content-column one_half last_column'><div style="padding-right:0px;padding-left:6px;"><p>Inschrift:</p>
<p style="text-align: center;">In Erinnerung an<br />
<strong>Ivan Balčić</strong><br />
Suprakomit der Galeere<br />
&#8222;hl. Hieronymus&#8220; in der<br />
Schlacht von Lepanto am 7.10.1571.<br />
Errichtet mit Stolz von den<br />
Staro Gradern am 19.8.2006.</p></div></div><div class='clear_column'></div></p>
<p style="text-align: right;"><a href="#seite_oben">natrag na vrh / Seitenanfang</a></p>
<hr />
<div class='content-column one_half'><div style="padding-right:6px;"><p>Starograđani su prije gotovo pet stoljeća na Papin poziv dali galiju &#8222;Sv. Jeronim&#8220;, zapovjednika Ivana Balčića i ljude za veliku bitku &#8222;na kraju svijeta&#8220;, za obranu zapadne civilizacije od osmanlijskih osvajača. Malo je poznato da se u spomen Bitke od Lepanta, od 1571. u cijelom kršćanskom svijetu, na dan kad se dogodila, 7. listopada, slavi Gospa od Ružarija, u podne zvone zvona i moli se angelus. Armadu Svete lige činili su 209 galija, 6 galeaca i 28 transportnih brodova. Na tim brodovima bilo je otprilike 80.000 ljudi. Otprilike toliko je bila snažna i turska armada. U silnom sudaru na moru na strani Turske bilo je 25.000 poginulih. Bilo je 175 zaplijenjenih, nasukanih i izgorjelih turskih galija i 12 drugih brodova. Liga je izgubila 15 ratnih brodova.</p></div></div><div class='content-column one_half last_column'><div style="padding-right:0px;padding-left:6px;"><p>Vor fast fünf Jahrhunderten gaben die Starigrader auf Bitte des Papstes dem Kommandeur Ivan Balčić und den Menschen die Galeere &#8222;Hl. Hieronymus&#8220; um im großen Kampf &#8222;am Ende der Welt&#8220; die westliche Zivilisation vor den osmanischen Invasoren zu verteidigen. Es ist wenig bekannt, dass in Erinnerung an die Schlacht von Lepanto ab 1571 in der gesamten christlichen Welt am Tag des 7. Oktober die Muttergottes vom Rosenkranz gefeiert wird, mittags Glocken läuten und ein Engel gebetet wird. Die Armada der Heiligen Liga bestand aus 209 Galeeren, 6 Galeaca und 28 Transportschiffen. Auf diesen Schiffen befanden sich ungefähr 80.000 Menschen. Die türkische Armee war ungefähr gleich ​​stark. Bei der Seeschlacht kamen auf türkischer Seite 25.000 Menschen ums Leben. Es wurden 175 türkische Galeeren und 12 andere Schiffe beschlagnahmt, gestrandet und verbrannt. Die Liga verlor 15 Kriegsschiffe.</p></div></div><div class='clear_column'></div></p>
<p><img loading="lazy" decoding="async" class="aligncenter size-full wp-image-38025" src="https://www.topohvar.at/wp-content/uploads/2020/06/sg-is-10-10.jpg" alt="" width="1080" height="579" srcset="https://www.topohvar.at/wp-content/uploads/2020/06/sg-is-10-10.jpg 1080w, https://www.topohvar.at/wp-content/uploads/2020/06/sg-is-10-10-300x161.jpg 300w, https://www.topohvar.at/wp-content/uploads/2020/06/sg-is-10-10-1024x549.jpg 1024w, https://www.topohvar.at/wp-content/uploads/2020/06/sg-is-10-10-768x412.jpg 768w" sizes="auto, (max-width: 1080px) 100vw, 1080px" /></p>
<p style="text-align: right;"><a href="#seite_oben">natrag na vrh / Seitenanfang</a></p>
<hr />
<p><strong>Linkovi / Links</strong></p>
<p><span style="color: #3366ff;"><a style="color: #3366ff;" href="https://www.topohvar.at/topo/orte/hv/hv-tg-05-1/">Kazališta grada Hvara / Theater der Stadt Hvar</a></span></p>

<p>Ime / Name Spomen ploča »Ivan Balčić« / Gedenktafel an Johann Balčić Code: SG-IS-10                                      Adresa / Adresse Stari Grad, Duolnjo Kola 1 Lokacija / &hellip; <a href="https://www.topohvar.at/topo/orte/sg/sg-is-10-2/">Weiterlesen <span class="meta-nav">&rarr;</span></a></p>
