{"id":3175,"date":"2018-08-05T19:28:40","date_gmt":"2018-08-05T17:28:40","guid":{"rendered":"https:\/\/www.topohvar.at\/?page_id=3175"},"modified":"2024-11-01T17:19:36","modified_gmt":"2024-11-01T16:19:36","slug":"sg-is-18-2","status":"publish","type":"page","link":"https:\/\/www.topohvar.at\/topo\/orte\/sg\/sg-is-18-2\/","title":{"rendered":"STARI GRAD &#8211; Spomen plo\u010da \u00bbOdr\u017eavanju prvog sastanka SKOJ-a otoka Hvara\u00ab"},"content":{"rendered":"<p><a name=\"seite_oben\"><\/a><br \/>\n<img loading=\"lazy\" decoding=\"async\" class=\"alignnone wp-image-387 size-full\" src=\"https:\/\/www.topohvar.at\/wp-content\/uploads\/2018\/07\/00-00-00-1.jpg\" alt=\"\" width=\"114\" height=\"56\" \/><\/p>\n<p><strong>Ime \/ Name<br \/>\n<\/strong>Spomen plo\u010da \u00bbOdr\u017eavanju prvog sastanka SKOJ-a otoka Hvara\u00ab \/ Gedenktafel an das erste Treffen der kommunistischen Jugendliga<\/p>\n<p><strong>Code: <\/strong>SG-IS-18\u00a0 \u00a0 \u00a0 \u00a0 \u00a0 \u00a0 \u00a0 \u00a0 \u00a0 \u00a0 \u00a0 \u00a0 \u00a0 \u00a0 \u00a0 \u00a0 \u00a0 \u00a0\u00a0<strong><a href=\"https:\/\/www.topohvar.at\/orte\/sg\/sg-ip-01-2\/\"><img loading=\"lazy\" decoding=\"async\" class=\"alignnone wp-image-12300 size-full\" src=\"https:\/\/www.topohvar.at\/wp-content\/uploads\/2018\/09\/push-vor-30.jpg\" alt=\"\" width=\"61\" height=\"30\" \/><\/a>\u00a0<\/strong><strong><a href=\"https:\/\/www.topohvar.at\/orte\/sg\/sg-is-60-1\/\"><img loading=\"lazy\" decoding=\"async\" class=\"alignnone wp-image-533 size-full\" src=\"https:\/\/www.topohvar.at\/wp-content\/uploads\/2018\/07\/push-l-30.jpg\" alt=\"\" width=\"61\" height=\"30\" \/><\/a> <a href=\"https:\/\/www.topohvar.at\/orte\/sg\/\"><img loading=\"lazy\" decoding=\"async\" class=\"alignnone wp-image-535 size-full\" src=\"https:\/\/www.topohvar.at\/wp-content\/uploads\/2018\/07\/push-o-30.jpg\" alt=\"\" width=\"61\" height=\"30\" \/><\/a> <a href=\"https:\/\/www.topohvar.at\/orte\/sg\/sg-is-12-2\/\"><img loading=\"lazy\" decoding=\"async\" class=\"alignnone wp-image-536 size-full\" src=\"https:\/\/www.topohvar.at\/wp-content\/uploads\/2018\/07\/push-r-30.jpg\" alt=\"\" width=\"61\" height=\"30\" \/><\/a><\/strong><\/p>\n<hr \/>\n<p><strong>Adresa \/ Adresse<br \/>\n<\/strong>Stari Grad, Ulica Vijugasta<\/p>\n<p><strong>Lokacija \/ Position<img loading=\"lazy\" decoding=\"async\" class=\"wp-image-387 size-full alignright\" src=\"https:\/\/www.topohvar.at\/wp-content\/uploads\/2018\/07\/00-00-00-1.jpg\" alt=\"\" width=\"114\" height=\"56\" \/><br \/>\n<\/strong>Latitude: N 43,00000\u00b0\u00a0 \u00a0Longitude: E 16,00000\u00b0 <strong><br \/>\n<\/strong>Visina \/ H\u00f6he: 2 m<\/p>\n<p><strong>Katastarska \u010destica \/ Grundst\u00fccke<br \/>\n<\/strong>&#8211;<div class='content-column one_half'><div style=\"padding-right:6px;\"><p><strong>Datum snimanja \/ Erfassungsdatum<br \/>\n<\/strong>25.02.2018 11:00:00<\/p>\n<hr \/>\n<p><strong>Informacije<\/strong><\/p>\n<p>Spomen plo\u010da od bijelog mramora, postavljena je na ku\u0107i u kojoj je odrzan sastanak, vlasnika Ivana Kova\u010devi\u0107a u predjelu Malo selo ulica Vijugasta, u spomen odr\u017eavanju prvog sastanka SKOJ-a otoka Hvara.<\/p>\n<p>Natpis:<\/p>\n<p>U OVOJ KU\u010cI ODR\u017dAN JE 24. VIII. 1924. GODINE PRVI SASTANAK S. K. O. J.-a OTOKA HVARA NEKA OVA PLO\u010cA PODSJE\u010cA SADA\u0160NJA I BUDU\u010cA POKOLJENJA NA SLAVNU I HEROJSKU BORBU SAVEZA KOMUNIST\u010cKE OMLADINE JUGOSLAVIJE<\/p>\n<p>NARODNA OMLADINA HVARA<br \/>\nSTARIGRAD 20. IV. 1959. GODINE<\/p>\n<p>Spomen plo\u010da postavljena je od strane dru\u0161tveno-politi\u010dkih organizacija Op\u0107ine Hvar, 20. aprila 1959. godine.<\/p><\/div><\/div><div class='content-column one_half last_column'><div style=\"padding-right:0px;padding-left:6px;\"><p><strong>Stupanj za\u0161tite \/ Schutzstellung<br \/>\n<\/strong>&#8211;<\/p>\n<hr \/>\n<p><strong>Info<\/strong><\/p>\n<p>Die Gedenktafel aus wei\u00dfem Marmor wurde in der Stra\u00dfe Vijugasta im Ortsteil <em>Malo Selo<\/em> an dem Haus, wo das erste Treffen der kommunistischen Jugendliga der Insel stattfand, errichtet (Besitzer Ivan Kova\u010devi\u0107).<\/p>\n<p>Inschrift:<\/p>\n<p>In diesem Haus fand am 24. August 1924 die erste Sitzung der SKOJ auf der Insel Hvar statt. Diese Tafel erinnert heutige und k\u00fcnftige Generationen an den ruhmreichen und heldenhaften Kampf der Vereinigung der kommunistischen Jugend Jugoslawiens.<\/p>\n<p>Die Nationale Jugend Hvars<br \/>\nStari Grad am 20. April 1959<\/p>\n<p>Die Gedenktafel wurde von der sozialpolitischen Organisation der Gemeinde Hvar am 20. April 1959 installiert.<\/p><\/div><\/div><div class='clear_column'><\/div><\/p>\n<p style=\"text-align: right;\"><a href=\"#seite_oben\">natrag na vrh \/ Seitenanfang<\/a><\/p>\n<hr \/>\n<p><strong>Linkovi \/ Links<\/strong><\/p>\n<p>&#8211;<\/p>\n","protected":false},"excerpt":{"rendered":"<p>Ime \/ Name Spomen plo\u010da \u00bbOdr\u017eavanju prvog sastanka SKOJ-a otoka Hvara\u00ab \/ Gedenktafel an das erste Treffen der kommunistischen Jugendliga Code: SG-IS-18\u00a0 \u00a0 \u00a0 \u00a0 \u00a0 \u00a0 \u00a0 \u00a0 \u00a0 \u00a0 \u00a0 \u00a0 \u00a0 \u00a0 \u00a0 \u00a0 \u00a0 \u00a0\u00a0\u00a0 Adresa &hellip; <a href=\"https:\/\/www.topohvar.at\/topo\/orte\/sg\/sg-is-18-2\/\">Weiterlesen <span class=\"meta-nav\">&rarr;<\/span><\/a><\/p>\n","protected":false},"author":1,"featured_media":0,"parent":99,"menu_order":0,"comment_status":"closed","ping_status":"closed","template":"","meta":{"footnotes":""},"class_list":["post-3175","page","type-page","status-publish","hentry"],"_links":{"self":[{"href":"https:\/\/www.topohvar.at\/topo\/wp-json\/wp\/v2\/pages\/3175","targetHints":{"allow":["GET"]}}],"collection":[{"href":"https:\/\/www.topohvar.at\/topo\/wp-json\/wp\/v2\/pages"}],"about":[{"href":"https:\/\/www.topohvar.at\/topo\/wp-json\/wp\/v2\/types\/page"}],"author":[{"embeddable":true,"href":"https:\/\/www.topohvar.at\/topo\/wp-json\/wp\/v2\/users\/1"}],"replies":[{"embeddable":true,"href":"https:\/\/www.topohvar.at\/topo\/wp-json\/wp\/v2\/comments?post=3175"}],"version-history":[{"count":11,"href":"https:\/\/www.topohvar.at\/topo\/wp-json\/wp\/v2\/pages\/3175\/revisions"}],"predecessor-version":[{"id":69787,"href":"https:\/\/www.topohvar.at\/topo\/wp-json\/wp\/v2\/pages\/3175\/revisions\/69787"}],"up":[{"embeddable":true,"href":"https:\/\/www.topohvar.at\/topo\/wp-json\/wp\/v2\/pages\/99"}],"wp:attachment":[{"href":"https:\/\/www.topohvar.at\/topo\/wp-json\/wp\/v2\/media?parent=3175"}],"curies":[{"name":"wp","href":"https:\/\/api.w.org\/{rel}","templated":true}]}}

STARI GRAD &#8211; Spomen ploča »Održavanju prvog sastanka SKOJ-a otoka Hvara«

<p><a name="seite_oben"></a><br />
<img loading="lazy" decoding="async" class="alignnone wp-image-387 size-full" src="https://www.topohvar.at/wp-content/uploads/2018/07/00-00-00-1.jpg" alt="" width="114" height="56" /></p>
<p><strong>Ime / Name<br />
</strong>Spomen ploča »Održavanju prvog sastanka SKOJ-a otoka Hvara« / Gedenktafel an das erste Treffen der kommunistischen Jugendliga</p>
<p><strong>Code: </strong>SG-IS-18                                    <strong><a href="https://www.topohvar.at/orte/sg/sg-ip-01-2/"><img loading="lazy" decoding="async" class="alignnone wp-image-12300 size-full" src="https://www.topohvar.at/wp-content/uploads/2018/09/push-vor-30.jpg" alt="" width="61" height="30" /></a> </strong><strong><a href="https://www.topohvar.at/orte/sg/sg-is-60-1/"><img loading="lazy" decoding="async" class="alignnone wp-image-533 size-full" src="https://www.topohvar.at/wp-content/uploads/2018/07/push-l-30.jpg" alt="" width="61" height="30" /></a> <a href="https://www.topohvar.at/orte/sg/"><img loading="lazy" decoding="async" class="alignnone wp-image-535 size-full" src="https://www.topohvar.at/wp-content/uploads/2018/07/push-o-30.jpg" alt="" width="61" height="30" /></a> <a href="https://www.topohvar.at/orte/sg/sg-is-12-2/"><img loading="lazy" decoding="async" class="alignnone wp-image-536 size-full" src="https://www.topohvar.at/wp-content/uploads/2018/07/push-r-30.jpg" alt="" width="61" height="30" /></a></strong></p>
<hr />
<p><strong>Adresa / Adresse<br />
</strong>Stari Grad, Ulica Vijugasta</p>
<p><strong>Lokacija / Position<img loading="lazy" decoding="async" class="wp-image-387 size-full alignright" src="https://www.topohvar.at/wp-content/uploads/2018/07/00-00-00-1.jpg" alt="" width="114" height="56" /><br />
</strong>Latitude: N 43,00000°   Longitude: E 16,00000° <strong><br />
</strong>Visina / Höhe: 2 m</p>
<p><strong>Katastarska čestica / Grundstücke<br />
</strong>&#8211;<div class='content-column one_half'><div style="padding-right:6px;"><p><strong>Datum snimanja / Erfassungsdatum<br />
</strong>25.02.2018 11:00:00</p>
<hr />
<p><strong>Informacije</strong></p>
<p>Spomen ploča od bijelog mramora, postavljena je na kući u kojoj je odrzan sastanak, vlasnika Ivana Kovačevića u predjelu Malo selo ulica Vijugasta, u spomen održavanju prvog sastanka SKOJ-a otoka Hvara.</p>
<p>Natpis:</p>
<p>U OVOJ KUČI ODRŽAN JE 24. VIII. 1924. GODINE PRVI SASTANAK S. K. O. J.-a OTOKA HVARA NEKA OVA PLOČA PODSJEČA SADAŠNJA I BUDUČA POKOLJENJA NA SLAVNU I HEROJSKU BORBU SAVEZA KOMUNISTČKE OMLADINE JUGOSLAVIJE</p>
<p>NARODNA OMLADINA HVARA<br />
STARIGRAD 20. IV. 1959. GODINE</p>
<p>Spomen ploča postavljena je od strane društveno-političkih organizacija Općine Hvar, 20. aprila 1959. godine.</p></div></div><div class='content-column one_half last_column'><div style="padding-right:0px;padding-left:6px;"><p><strong>Stupanj zaštite / Schutzstellung<br />
</strong>&#8211;</p>
<hr />
<p><strong>Info</strong></p>
<p>Die Gedenktafel aus weißem Marmor wurde in der Straße Vijugasta im Ortsteil <em>Malo Selo</em> an dem Haus, wo das erste Treffen der kommunistischen Jugendliga der Insel stattfand, errichtet (Besitzer Ivan Kovačević).</p>
<p>Inschrift:</p>
<p>In diesem Haus fand am 24. August 1924 die erste Sitzung der SKOJ auf der Insel Hvar statt. Diese Tafel erinnert heutige und künftige Generationen an den ruhmreichen und heldenhaften Kampf der Vereinigung der kommunistischen Jugend Jugoslawiens.</p>
<p>Die Nationale Jugend Hvars<br />
Stari Grad am 20. April 1959</p>
<p>Die Gedenktafel wurde von der sozialpolitischen Organisation der Gemeinde Hvar am 20. April 1959 installiert.</p></div></div><div class='clear_column'></div></p>
<p style="text-align: right;"><a href="#seite_oben">natrag na vrh / Seitenanfang</a></p>
<hr />
<p><strong>Linkovi / Links</strong></p>
<p>&#8211;</p>

<p>Ime / Name Spomen ploča »Održavanju prvog sastanka SKOJ-a otoka Hvara« / Gedenktafel an das erste Treffen der kommunistischen Jugendliga Code: SG-IS-18                                      Adresa &hellip; <a href="https://www.topohvar.at/topo/orte/sg/sg-is-18-2/">Weiterlesen <span class="meta-nav">&rarr;</span></a></p>
