{"id":3185,"date":"2018-08-05T19:31:36","date_gmt":"2018-08-05T17:31:36","guid":{"rendered":"https:\/\/www.topohvar.at\/?page_id=3185"},"modified":"2024-04-23T16:12:10","modified_gmt":"2024-04-23T14:12:10","slug":"sg-is-23-2","status":"publish","type":"page","link":"https:\/\/www.topohvar.at\/topo\/orte\/sg\/sg-is-23-2\/","title":{"rendered":"STARI GRAD &#8211; Spomen plo\u010da \u00bbOsnivanju VIII korpusa NOVJ\u00ab"},"content":{"rendered":"<p><a name=\"seite_oben\"><\/a><br \/>\n<img loading=\"lazy\" decoding=\"async\" class=\"alignnone wp-image-387 size-full\" src=\"https:\/\/www.topohvar.at\/wp-content\/uploads\/2018\/07\/00-00-00-1.jpg\" alt=\"\" width=\"114\" height=\"56\" \/><\/p>\n<p><strong>Ime \/ Name<br \/>\n<\/strong>Spomen plo\u010da \u00bbOsnivanju VIII korpusa NOVJ\u00ab \/ Gedenktafel an die\u00a0Gr\u00fcndung des VIII. Korps des Neuen Jugoslawiens<\/p>\n<p><strong>Code: <\/strong>SG-IS-23\u00a0 \u00a0 \u00a0 \u00a0 \u00a0 \u00a0 \u00a0 \u00a0 \u00a0 \u00a0 \u00a0 \u00a0 \u00a0 \u00a0 \u00a0 \u00a0 \u00a0 \u00a0\u00a0<strong><a href=\"https:\/\/www.topohvar.at\/orte\/sg\/sg-ip-01-2\/\"><img loading=\"lazy\" decoding=\"async\" class=\"alignnone wp-image-12300 size-full\" src=\"https:\/\/www.topohvar.at\/wp-content\/uploads\/2018\/09\/push-vor-30.jpg\" alt=\"\" width=\"61\" height=\"30\" \/><\/a>\u00a0<a href=\"https:\/\/www.topohvar.at\/orte\/sg\/sg-is-08-2\/\"><img loading=\"lazy\" decoding=\"async\" class=\"alignnone wp-image-533 size-full\" src=\"https:\/\/www.topohvar.at\/wp-content\/uploads\/2018\/07\/push-l-30.jpg\" alt=\"\" width=\"61\" height=\"30\" \/><\/a> <a href=\"https:\/\/www.topohvar.at\/orte\/sg\/\"><img loading=\"lazy\" decoding=\"async\" class=\"alignnone wp-image-535 size-full\" src=\"https:\/\/www.topohvar.at\/wp-content\/uploads\/2018\/07\/push-o-30.jpg\" alt=\"\" width=\"61\" height=\"30\" \/><\/a> <a href=\"https:\/\/www.topohvar.at\/orte\/sg\/sg-is-01-2\/\"><img loading=\"lazy\" decoding=\"async\" class=\"alignnone wp-image-536 size-full\" src=\"https:\/\/www.topohvar.at\/wp-content\/uploads\/2018\/07\/push-r-30.jpg\" alt=\"\" width=\"61\" height=\"30\" \/><\/a><\/strong><\/p>\n<hr \/>\n<p><strong>Adresa \/ Adresse<br \/>\n<\/strong>Stari Grad, Novo Riva 1, gradska \u010ditaonica \/ st\u00e4dtische B\u00fccherei<\/p>\n<p><strong>Lokacija \/ Position<a href=\"https:\/\/goo.gl\/maps\/rvhXRjb2TBqU6nCh8\"><img loading=\"lazy\" decoding=\"async\" class=\"alignright wp-image-3304\" src=\"https:\/\/www.topohvar.at\/wp-content\/uploads\/2018\/08\/0578.jpg\" alt=\"\" width=\"133\" height=\"100\" \/><\/a><br \/>\n<\/strong><span style=\"color: #3366ff;\"><a style=\"color: #3366ff;\" href=\"https:\/\/goo.gl\/maps\/rvhXRjb2TBqU6nCh8\">Latitude: N 43,18373\u00b0\u00a0 \u00a0Longitude: E 16,59485\u00b0<\/a> <\/span><strong><br \/>\n<\/strong>Visina \/ H\u00f6he: 1 m<\/p>\n<p><strong>Katastarska \u010destica \/ Grundst\u00fccke<br \/>\n<\/strong>*1244<div class='content-column one_half'><div style=\"padding-right:6px;\"><p><strong>Datum snimanja \/ Erfassungsdatum<br \/>\n<\/strong>25.02.2018 10:00:00<\/p>\n<hr \/>\n<p><strong>Informacije<\/strong><\/p>\n<p>Spomen plo\u010da od bijelog mramora nalazi se na zgradi biv\u0161e \u010ditaonice (Dom kulture). Postavljena je u spomen osnivanju VIII korpusa NOV Jugoslavije prigodom proslave desetogodi\u0161njice oslobo\u0111enja od talijanskog fa\u0161izma.<\/p><\/div><\/div><div class='content-column one_half last_column'><div style=\"padding-right:0px;padding-left:6px;\"><p><strong>Stupanj za\u0161tite \/ Schutzstellung<br \/>\n<\/strong>&#8211;<\/p>\n<hr \/>\n<p><strong>Info<\/strong><\/p>\n<p>Die Gedenktafel aus wei\u00dfem Marmor befindet sich auf dem Geb\u00e4ude des ehemaligen Lesesaales (Haus der Kultur). Sie wurde im Rahmen einer Feier am zehnten Jahrestag der Befreiung vom italienischen Faschismus errichtet, um der Gr\u00fcndung des VIII. Korps des Neuen Jugoslawiens zu gedenken.<\/p><\/div><\/div><div class='clear_column'><\/div><div class='content-column one_half'><div style=\"padding-right:6px;\"><p>Natpis:<\/p>\n<p>PRIGODOM PROSLAVE OSNUTKA VIII KORPUSA N. O. V. JUGOSLAVIJE GRA\u0110ANI STARIGRADA PODI\u017dIU OVU SPOMEN PLO\u010cU UZ SPOMEN 10 GODI\u0160NICE OSLOBO\u0110ENJA OD TALIJANSKOG FA\u0160IZMA<\/p>\n<p>STARIGRAD 6 IX 1953 GODINE<\/p><\/div><\/div><div class='content-column one_half last_column'><div style=\"padding-right:0px;padding-left:6px;\"><p>Inschrift:<\/p>\n<p>Anl\u00e4sslich der Gr\u00fcndung des VIII. Korps des Neuen Jugoslawiens, wurde diese Tafel am 10. Jahrestag der Befreiung vom Faschismus errichtet.<\/p>\n<p>Stari Grad am 6. September 1953<\/p><\/div><\/div><div class='clear_column'><\/div><div class='content-column one_half'><div style=\"padding-right:6px;\"><p>Spomen plo\u010du postavile dru\u0161tveno-politi\u010dke organizacije Starog Grada 6. IX 1953. g. Godine 2014. plo\u010da vi\u0161e nije bila dostupna.<\/p><\/div><\/div><div class='content-column one_half last_column'><div style=\"padding-right:0px;padding-left:6px;\"><p>Die Gedenktafel wurde von der sozialpolitischen Organisation der Stadt Stari Grad am 6. 9 1953 errichtet. Im Jahr 2014 war die Tafel nicht mehr vorhanden.<\/p><\/div><\/div><div class='clear_column'><\/div><\/p>\n<p style=\"text-align: right;\"><a href=\"#seite_oben\">natrag na vrh \/ Seitenanfang<\/a><\/p>\n<hr \/>\n<p><strong>Linkovi \/ Links<\/strong><\/p>\n<p><span style=\"color: #3366ff;\"><a style=\"color: #3366ff;\" href=\"https:\/\/www.topohvar.at\/topo\/orte\/sg\/sg-tg-36-1\">Zgrada \u00bbGradska \u010ditaonica\u00ab\/ St\u00e4dtische B\u00fccherei und Lesesaal<\/a><\/span><\/p>\n","protected":false},"excerpt":{"rendered":"<p>Ime \/ Name Spomen plo\u010da \u00bbOsnivanju VIII korpusa NOVJ\u00ab \/ Gedenktafel an die\u00a0Gr\u00fcndung des VIII. Korps des Neuen Jugoslawiens Code: SG-IS-23\u00a0 \u00a0 \u00a0 \u00a0 \u00a0 \u00a0 \u00a0 \u00a0 \u00a0 \u00a0 \u00a0 \u00a0 \u00a0 \u00a0 \u00a0 \u00a0 \u00a0 \u00a0\u00a0\u00a0 Adresa \/ &hellip; <a href=\"https:\/\/www.topohvar.at\/topo\/orte\/sg\/sg-is-23-2\/\">Weiterlesen <span class=\"meta-nav\">&rarr;<\/span><\/a><\/p>\n","protected":false},"author":1,"featured_media":0,"parent":99,"menu_order":0,"comment_status":"closed","ping_status":"closed","template":"","meta":{"footnotes":""},"class_list":["post-3185","page","type-page","status-publish","hentry"],"_links":{"self":[{"href":"https:\/\/www.topohvar.at\/topo\/wp-json\/wp\/v2\/pages\/3185","targetHints":{"allow":["GET"]}}],"collection":[{"href":"https:\/\/www.topohvar.at\/topo\/wp-json\/wp\/v2\/pages"}],"about":[{"href":"https:\/\/www.topohvar.at\/topo\/wp-json\/wp\/v2\/types\/page"}],"author":[{"embeddable":true,"href":"https:\/\/www.topohvar.at\/topo\/wp-json\/wp\/v2\/users\/1"}],"replies":[{"embeddable":true,"href":"https:\/\/www.topohvar.at\/topo\/wp-json\/wp\/v2\/comments?post=3185"}],"version-history":[{"count":13,"href":"https:\/\/www.topohvar.at\/topo\/wp-json\/wp\/v2\/pages\/3185\/revisions"}],"predecessor-version":[{"id":66750,"href":"https:\/\/www.topohvar.at\/topo\/wp-json\/wp\/v2\/pages\/3185\/revisions\/66750"}],"up":[{"embeddable":true,"href":"https:\/\/www.topohvar.at\/topo\/wp-json\/wp\/v2\/pages\/99"}],"wp:attachment":[{"href":"https:\/\/www.topohvar.at\/topo\/wp-json\/wp\/v2\/media?parent=3185"}],"curies":[{"name":"wp","href":"https:\/\/api.w.org\/{rel}","templated":true}]}}

STARI GRAD &#8211; Spomen ploča »Osnivanju VIII korpusa NOVJ«

<p><a name="seite_oben"></a><br />
<img loading="lazy" decoding="async" class="alignnone wp-image-387 size-full" src="https://www.topohvar.at/wp-content/uploads/2018/07/00-00-00-1.jpg" alt="" width="114" height="56" /></p>
<p><strong>Ime / Name<br />
</strong>Spomen ploča »Osnivanju VIII korpusa NOVJ« / Gedenktafel an die Gründung des VIII. Korps des Neuen Jugoslawiens</p>
<p><strong>Code: </strong>SG-IS-23                                    <strong><a href="https://www.topohvar.at/orte/sg/sg-ip-01-2/"><img loading="lazy" decoding="async" class="alignnone wp-image-12300 size-full" src="https://www.topohvar.at/wp-content/uploads/2018/09/push-vor-30.jpg" alt="" width="61" height="30" /></a> <a href="https://www.topohvar.at/orte/sg/sg-is-08-2/"><img loading="lazy" decoding="async" class="alignnone wp-image-533 size-full" src="https://www.topohvar.at/wp-content/uploads/2018/07/push-l-30.jpg" alt="" width="61" height="30" /></a> <a href="https://www.topohvar.at/orte/sg/"><img loading="lazy" decoding="async" class="alignnone wp-image-535 size-full" src="https://www.topohvar.at/wp-content/uploads/2018/07/push-o-30.jpg" alt="" width="61" height="30" /></a> <a href="https://www.topohvar.at/orte/sg/sg-is-01-2/"><img loading="lazy" decoding="async" class="alignnone wp-image-536 size-full" src="https://www.topohvar.at/wp-content/uploads/2018/07/push-r-30.jpg" alt="" width="61" height="30" /></a></strong></p>
<hr />
<p><strong>Adresa / Adresse<br />
</strong>Stari Grad, Novo Riva 1, gradska čitaonica / städtische Bücherei</p>
<p><strong>Lokacija / Position<a href="https://goo.gl/maps/rvhXRjb2TBqU6nCh8"><img loading="lazy" decoding="async" class="alignright wp-image-3304" src="https://www.topohvar.at/wp-content/uploads/2018/08/0578.jpg" alt="" width="133" height="100" /></a><br />
</strong><span style="color: #3366ff;"><a style="color: #3366ff;" href="https://goo.gl/maps/rvhXRjb2TBqU6nCh8">Latitude: N 43,18373°   Longitude: E 16,59485°</a> </span><strong><br />
</strong>Visina / Höhe: 1 m</p>
<p><strong>Katastarska čestica / Grundstücke<br />
</strong>*1244<div class='content-column one_half'><div style="padding-right:6px;"><p><strong>Datum snimanja / Erfassungsdatum<br />
</strong>25.02.2018 10:00:00</p>
<hr />
<p><strong>Informacije</strong></p>
<p>Spomen ploča od bijelog mramora nalazi se na zgradi bivše čitaonice (Dom kulture). Postavljena je u spomen osnivanju VIII korpusa NOV Jugoslavije prigodom proslave desetogodišnjice oslobođenja od talijanskog fašizma.</p></div></div><div class='content-column one_half last_column'><div style="padding-right:0px;padding-left:6px;"><p><strong>Stupanj zaštite / Schutzstellung<br />
</strong>&#8211;</p>
<hr />
<p><strong>Info</strong></p>
<p>Die Gedenktafel aus weißem Marmor befindet sich auf dem Gebäude des ehemaligen Lesesaales (Haus der Kultur). Sie wurde im Rahmen einer Feier am zehnten Jahrestag der Befreiung vom italienischen Faschismus errichtet, um der Gründung des VIII. Korps des Neuen Jugoslawiens zu gedenken.</p></div></div><div class='clear_column'></div><div class='content-column one_half'><div style="padding-right:6px;"><p>Natpis:</p>
<p>PRIGODOM PROSLAVE OSNUTKA VIII KORPUSA N. O. V. JUGOSLAVIJE GRAĐANI STARIGRADA PODIŽIU OVU SPOMEN PLOČU UZ SPOMEN 10 GODIŠNICE OSLOBOĐENJA OD TALIJANSKOG FAŠIZMA</p>
<p>STARIGRAD 6 IX 1953 GODINE</p></div></div><div class='content-column one_half last_column'><div style="padding-right:0px;padding-left:6px;"><p>Inschrift:</p>
<p>Anlässlich der Gründung des VIII. Korps des Neuen Jugoslawiens, wurde diese Tafel am 10. Jahrestag der Befreiung vom Faschismus errichtet.</p>
<p>Stari Grad am 6. September 1953</p></div></div><div class='clear_column'></div><div class='content-column one_half'><div style="padding-right:6px;"><p>Spomen ploču postavile društveno-političke organizacije Starog Grada 6. IX 1953. g. Godine 2014. ploča više nije bila dostupna.</p></div></div><div class='content-column one_half last_column'><div style="padding-right:0px;padding-left:6px;"><p>Die Gedenktafel wurde von der sozialpolitischen Organisation der Stadt Stari Grad am 6. 9 1953 errichtet. Im Jahr 2014 war die Tafel nicht mehr vorhanden.</p></div></div><div class='clear_column'></div></p>
<p style="text-align: right;"><a href="#seite_oben">natrag na vrh / Seitenanfang</a></p>
<hr />
<p><strong>Linkovi / Links</strong></p>
<p><span style="color: #3366ff;"><a style="color: #3366ff;" href="https://www.topohvar.at/topo/orte/sg/sg-tg-36-1">Zgrada »Gradska čitaonica«/ Städtische Bücherei und Lesesaal</a></span></p>

<p>Ime / Name Spomen ploča »Osnivanju VIII korpusa NOVJ« / Gedenktafel an die Gründung des VIII. Korps des Neuen Jugoslawiens Code: SG-IS-23                                      Adresa / &hellip; <a href="https://www.topohvar.at/topo/orte/sg/sg-is-23-2/">Weiterlesen <span class="meta-nav">&rarr;</span></a></p>
