{"id":3215,"date":"2018-08-05T19:39:10","date_gmt":"2018-08-05T17:39:10","guid":{"rendered":"https:\/\/www.topohvar.at\/?page_id=3215"},"modified":"2021-04-18T08:27:43","modified_gmt":"2021-04-18T06:27:43","slug":"sg-is-39-2","status":"publish","type":"page","link":"https:\/\/www.topohvar.at\/topo\/orte\/sg\/sg-is-39-2\/","title":{"rendered":"STARI GRAD &#8211; Spomen plo\u010da \u00bbJurju Biankiniju\u00ab"},"content":{"rendered":"<p><a name=\"seite_oben\"><\/a><br \/>\n<img loading=\"lazy\" decoding=\"async\" class=\"alignnone wp-image-3122 size-large\" src=\"https:\/\/www.topohvar.at\/wp-content\/uploads\/2018\/08\/sg-is-39-1-1024x503.jpg\" alt=\"\" width=\"640\" height=\"314\" srcset=\"https:\/\/www.topohvar.at\/wp-content\/uploads\/2018\/08\/sg-is-39-1-1024x503.jpg 1024w, https:\/\/www.topohvar.at\/wp-content\/uploads\/2018\/08\/sg-is-39-1-300x147.jpg 300w, https:\/\/www.topohvar.at\/wp-content\/uploads\/2018\/08\/sg-is-39-1-768x377.jpg 768w\" sizes=\"auto, (max-width: 640px) 100vw, 640px\" \/><\/p>\n<p><strong>Ime \/ Name<br \/>\n<\/strong>Spomen plo\u010da \u00bbJurju Biankiniju\u00ab \/ Gedenktafel an Georg Biankini<\/p>\n<p><strong>Code: <\/strong>SG-IS-39\u00a0 \u00a0 \u00a0 \u00a0 \u00a0 \u00a0 \u00a0 \u00a0 \u00a0 \u00a0 \u00a0 \u00a0 \u00a0 \u00a0 \u00a0 \u00a0 \u00a0 \u00a0\u00a0<strong><a href=\"https:\/\/www.topohvar.at\/orte\/sg\/sg-ip-01-2\/\"><img loading=\"lazy\" decoding=\"async\" class=\"alignnone wp-image-12300 size-full\" src=\"https:\/\/www.topohvar.at\/wp-content\/uploads\/2018\/09\/push-vor-30.jpg\" alt=\"\" width=\"61\" height=\"30\" \/><\/a>\u00a0<a href=\"https:\/\/www.topohvar.at\/orte\/sg\/sg-is-04-2\/\"><img loading=\"lazy\" decoding=\"async\" class=\"alignnone wp-image-533 size-full\" src=\"https:\/\/www.topohvar.at\/wp-content\/uploads\/2018\/07\/push-l-30.jpg\" alt=\"\" width=\"61\" height=\"30\" \/><\/a> <a href=\"https:\/\/www.topohvar.at\/orte\/sg\/\"><img loading=\"lazy\" decoding=\"async\" class=\"alignnone wp-image-535 size-full\" src=\"https:\/\/www.topohvar.at\/wp-content\/uploads\/2018\/07\/push-o-30.jpg\" alt=\"\" width=\"61\" height=\"30\" \/><\/a> <a href=\"https:\/\/www.topohvar.at\/orte\/sg\/sg-is-03-2\/\"><img loading=\"lazy\" decoding=\"async\" class=\"alignnone wp-image-536 size-full\" src=\"https:\/\/www.topohvar.at\/wp-content\/uploads\/2018\/07\/push-r-30.jpg\" alt=\"\" width=\"61\" height=\"30\" \/><\/a><\/strong><\/p>\n<hr \/>\n<p><strong>Adresa \/ Adresse<br \/>\n<\/strong>Stari Grad, Srinjo Kola 4<\/p>\n<p><strong>Lokacija \/ Position<a href=\"https:\/\/goo.gl\/maps\/bgeFcBxVdLY2VPpZ9\"><img loading=\"lazy\" decoding=\"async\" class=\"alignright wp-image-3342\" src=\"https:\/\/www.topohvar.at\/wp-content\/uploads\/2018\/08\/1054.jpg\" alt=\"\" width=\"134\" height=\"100\" \/><\/a><br \/>\n<\/strong><span style=\"color: #3366ff;\"><a style=\"color: #3366ff;\" href=\"https:\/\/goo.gl\/maps\/bgeFcBxVdLY2VPpZ9\">Latitude: N 43,18374\u00b0\u00a0 \u00a0Longitude: E 16,59661\u00b0<\/a> <\/span><strong><br \/>\n<\/strong>Visina \/ H\u00f6he: 2 m<\/p>\n<p><strong>Katastarska \u010destica \/ Grundst\u00fccke<br \/>\n<\/strong>*177<div class='content-column one_half'><div style=\"padding-right:6px;\"><p><strong>Datum snimanja \/ Erfassungsdatum<br \/>\n<\/strong>10.05.2015 19:01:38<\/p>\n<hr \/>\n<p><strong>Informacije<\/strong><\/p>\n<p>Natpis:<\/p>\n<p style=\"text-align: center;\"><strong>JURJU BIANKINIJU<br \/>\n<\/strong>1847\u00a0\u00a0 1928<\/p>\n<p style=\"text-align: center;\">SVOM PRVOM PRETSJEDNIKU<br \/>\nZASLU\u017dNOM NARADNOM BORCU<br \/>\nBRANITELJU NA\u0160EGA MORA<br \/>\nPOSTAVLJA NA RODNU KU\u0106U<\/p>\n<p style=\"text-align: center;\"><strong>JADRANSKA STRA\u017dA<\/strong><\/p>\n<p style=\"text-align: center;\">U \u010cAST I SPOMEN\u00a0\u00a0 7 IX 1933<\/p><\/div><\/div><div class='content-column one_half last_column'><div style=\"padding-right:0px;padding-left:6px;\"><p><strong>Stupanj za\u0161tite \/ Schutzstellung<br \/>\n<\/strong>&#8211;<\/p>\n<hr \/>\n<p><strong>Info<\/strong><\/p>\n<p>Inschrift:<\/p>\n<p style=\"text-align: center;\"><strong>Juraj Biankini<\/strong><br \/>\n1847 &#8211; 1928<\/p>\n<p style=\"text-align: center;\">Dem ersten Pr\u00e4sident,<br \/>\nverdienten Volksk\u00e4mpfer<br \/>\nund Verteidiger unserer Meere,<br \/>\nan seinem Geburtshaus angebracht.<\/p>\n<p style=\"text-align: center;\"><strong>Die Adriatische Wache<\/strong><\/p>\n<p style=\"text-align: center;\">In ehrenvollen Gedenken, 7. 9. 1933<\/p><\/div><\/div><div class='clear_column'><\/div><\/p>\n<p style=\"text-align: right;\"><a href=\"#seite_oben\">natrag na vrh \/ Seitenanfang<\/a><\/p>\n<hr \/>\n<div class='content-column one_half'><div style=\"padding-right:6px;\"><p><strong>Juraj Biankini<\/strong><\/p>\n<p>(Stari Grad na Hvaru, 30. kolovoza 1849. \u2013 Split, 27. o\u017eujka 1928.) je bio hrvatski preporodni politi\u010dar i novinar. Brat je hrvatskog lije\u010dnika Ante Biankinija i poznatog hrvatskog agronoma Petra Luke Biankinija.<\/p><\/div><\/div><div class='content-column one_half last_column'><div style=\"padding-right:0px;padding-left:6px;\"><p><strong>Juraj Biankini<\/strong><\/p>\n<p>(Stari Grad auf Hvar, 30. August 1849 &#8211; Split, 27. M\u00e4rz 1928) war ein kroatischer, erneuernder Politiker und Journalist. Er war Bruder des kroatischen Arztes Ante Biankini und des ber\u00fchmten kroatischen Agronoms Petar Luke Biankini.<\/p><\/div><\/div><div class='clear_column'><\/div><div class='content-column one_half'><div style=\"padding-right:6px;\"><p>Rodio se u Starom Gradu na Hvaru. Jedna je od vode\u0107ih osoba u Dalmaciji na politi\u010dkoj pozornici 1870-ih. Politi\u010dki je bio u nekoliko faza: prva je bila narodni\u010dka (1871.\u20131892.), gdje je mnogo pridonio borbi za hrvatski jezik. Bio je me\u0111u istaknutim vo\u0111ama Narodne stranke kao \u0161to su: Mihovil Pavlinovi\u0107, Miho Klai\u0107, \u0160ime Ljubi\u0107, Juraj Biankini, Lovro Monti, Natko Nodilo, Kosta Vojnovi\u0107, Luka Boti\u0107, Vid Morpurgo, Gajo Bulat, Dinko Politeo. Na izborima 1882. kad je po prvi put je izabrana hrvatska uprava grada Splita.<\/p><\/div><\/div><div class='content-column one_half last_column'><div style=\"padding-right:0px;padding-left:6px;\"><p>Er wurde in Stari Grad geboren und war einer der f\u00fchrenden Pers\u00f6nlichkeiten in Dalmatien auf der politischen B\u00fchne der 1870er Jahre. Es war politisch in mehreren Phasen aktiv: Die erste war nationalistisch (1871-1892), wo er einen gro\u00dfen Beitrag zum Kampf f\u00fcr die kroatische Sprache leistete. Er wirkte unter den prominenten F\u00fchrern der Nationalen Partei, wie Michael Pavlinovi\u0107, Miho Klaic, \u0160ime Ljubi\u0107, Georg Biankini, Lovro Monti, Natko Nodilo, Kosta Vojnovi\u0107. Im Jahr 1882 wurde er zum ersten Mal in die kroatische Verwaltung von Split gew\u00e4hlt.<\/p><\/div><\/div><div class='clear_column'><\/div><div class='content-column one_half'><div style=\"padding-right:6px;\"><p>Nakon sukoba s oportunistima u stranci, uslijedila je nova faza. prava\u0161ka (1892.\u20131905.), kad je osnovao Hrvatski klub (s Ka\u017eimirom Ljubi\u0107em) kojim je djelovao u Dalmatinskom saboru, iza\u0161ao iz Narodne stranke. Do ujedinjenja prava\u0161a predstavljao je tre\u0107u granu prava\u0161a na jugu hrvatskih prostora. Hrvatski je klub okupljao nezadovoljnike iz Narodne stranke koji su istupili tri mjeseca nakon potpisivanja trgovinskog ugovora s Italijom.<\/p><\/div><\/div><div class='content-column one_half last_column'><div style=\"padding-right:0px;padding-left:6px;\"><p>Nach dem Konflikt mit ausl\u00e4ndischen Opportunisten folgte eine neue Phase (1892. bis 1905.), als er den kroatischen Club (mit Ka\u017eimir Ljubi\u0107) gr\u00fcndete, die im dalmatinischen Parlament als Volkspartei vertreten war. Bis zur Vereinigung der Rechten vertrat er den dritten Zweig der Rechten in S\u00fcdkroatien. Der kroatische Club war mit der Volkspartei, das fand drei Monate nach der Unterzeichnung eines Handelsabkommens mit Italien statt.<\/p><\/div><\/div><div class='clear_column'><\/div><div class='content-column one_half'><div style=\"padding-right:6px;\"><p>Sve je puklo 1892. godine. Povod je bio negativni ishod glasovanja u Dalmatinskom saboru o novim \u010ditankama za pu\u010dke \u0161kole. U tim je \u010ditanka namjerno zatajeno hrvatsko ime. Tad su \u0161estorica radikalnijih narodnja\u010dkih zastupnika na \u010delu s Jurjem Biankinijem, istupila iz saborskog Kluba Narodne hrvatske stranke. Osu\u0111ivali su narodnjake zbog popu\u0161tanja dualizmu, izbjegavanja govora o sjedinjenju Dalmacije s Banskom Hrvatskom te zbog priznavanja srpskoga nacionalnog imena u Hrvatskoj. Biankini je sura\u0111ivao s hrvatskim politi\u010darima iz Istre Matkom Laginjom i Vjekoslavom Spin\u010di\u0107em te se zalagao za trijalizam, kao i Prodan. Na polaganju kamena temeljca za Star\u010devi\u0107ev dom, u lipnju 1894., Biankini je izjavio da je njegov Hrvatski klub \u010dlan Stranke prava. Nakon toga bila su otvorena vrata povezivanju svih triju struja, unato\u010d znatnim razlikama me\u0111u njima. Tim \u010dinom osnovana je jedinstvena Stranka prava u Dalmaciji.<\/p><\/div><\/div><div class='content-column one_half last_column'><div style=\"padding-right:0px;padding-left:6px;\"><p>Alles brach 1892 zusammen. Die Ursache war das negative Ergebnis der Abstimmung im dalmatinischen Parlament \u00fcber neue Leseb\u00fccher f\u00fcr \u00f6ffentliche Schulen. Darin wurden absichtlich kroatische Bezeichnungen entfernt. Daraufhin verlie\u00dfen sechs der radikaleren ethnischen Vertreter, angef\u00fchrt von Juraj Biankin, die Fraktion der Kroatischen Volkspartei. Sie verurteilten das Volk, weil sie den Dualismus aufgegeben hatten, und verweigerten das Gespr\u00e4ch \u00fcber die Vereinigung Dalmatiens mit Bansko Kroatien und die Anerkennung des serbischen Nationalnamens in Kroatien. Biankini arbeitete mit den kroatischen Politikern aus Istrien Matko Laginja und Vjekoslav Spin\u010di\u0107 zusammen und bef\u00fcrworteten den Trialismus das sog. Prodan. Im Juni 1894 legte Biankini den Grundstein f\u00fcr das Star\u010devi\u0107-Haus und erkl\u00e4rte seinen kroatischer Klub als Mitglied der Rechtsparteien. Danach wurde die T\u00fcr zur Verbindung aller drei Richtungen ge\u00f6ffnet, trotz der betr\u00e4chtlichen Unterschiede zwischen ihnen. Durch diesen Akt wurde eine alleinige Rechte Partei in Dalmatien geschaffen.<\/p><\/div><\/div><div class='clear_column'><\/div><div class='content-column one_half'><div style=\"padding-right:6px;\"><p>Pojava politike novog kursa ostavila je traga i na njemu. Privukla ga je 1903., a pristupio joj je kad su se ujedinili Narodna hrvatska stranka i Stranka prava (njen liberalno prava\u0161ki krug, onaj iz Splita koji je bio oko Ante Trumbi\u0107a) u Hrvatsku stranku. Nakon balkanskih ratova upao je kao brojni hrvatski politi\u010dari u jugoslavenski integralizam, romanti\u010dno zanesen zabludom o utopijskom unitarnom narodnom jedinstvu Ju\u017enih Slavena, poglavito idejom hrvatsko-srpskog jedinstva. Kad ga je okrutna zbilja jugoslavenske dr\u017eave rastrijeznila od jugointegralisti\u010dke uobrazilje, u\u0161ao je u petu fazu. Tad je razmi\u0161ljao o Kraljevini SHS da ju se organizira kao slo\u017eenu vi\u0161enacionalnu dr\u017eavu.<\/p><\/div><\/div><div class='content-column one_half last_column'><div style=\"padding-right:0px;padding-left:6px;\"><p>Die Implikationen der Politik des neuen Kurses haben Spuren hinterlassen. Angezogen von 1903 und n\u00e4herte sich ihr, wenn sie die nationale kroatische Partei und die Partei des Rechts (ihr Liberalen Partei Kreis, eine in Split, die \u00fcber Ante Trumbi\u0107 war) trat in der kroatischen Partei. Nachdem die Balkankriege in so viele kroatischen Politikern in jugoslawischem Integralismus brachen, romantisch Missverst\u00e4ndnis \u00fcber utopische einheitliche nationale Einheit des S\u00fcdslawen begeistert, vor allem der Idee der kroatisch-serbischen Einheit. Als der jugoslawische Staat durch die Jugo-Liberalisierung ersch\u00fcttert wurde, trat er in die f\u00fcnfte Phase ein. Dann dachte er an das K\u00f6nigreich der Vereinigten Staaten, um es als einen komplexen multinationalen Staat zu organisieren.<\/p><\/div><\/div><div class='clear_column'><\/div><div class='content-column one_half'><div style=\"padding-right:6px;\"><p>Bio je zastupnikom u Dalmatinskom saboru od 1881. a u Carevinskom vije\u0107u od 1892. godine. Zastupni\u010dki mandat nije proveo kao &#8222;diza\u010d ruku&#8220; niti kao spava\u010d u sinekuri, nego je bio vrlo aktivan. Poznat je bio po brojnim, dugim i o\u0161trim govorima, interpelacijama i zahtjevima. Nije govorio &#8222;u prazno&#8220;, nije se dr\u017eao politike nezamjeranja, nego je o\u0161tro govorio protiv vlade.<\/p><\/div><\/div><div class='content-column one_half last_column'><div style=\"padding-right:0px;padding-left:6px;\"><p>Er war seit 1881 Mitglied des dalmatinischen Parlaments und 1892 im Abgeordnetenhaus. Das Mandat des Repr\u00e4sentantenhauses lief in Sikhari nicht als &#8222;Hand-Arm&#8220; oder als Schlafstuhl, sondern war sehr aktiv. Er war bekannt f\u00fcr zahlreiche, lange und harte Reden, Interpellationen und Forderungen. Er sprach nicht &#8222;leer&#8220;, hielt keine Politik der Ignoranz, sondern sprach energisch gegen die Regierung.<\/p><\/div><\/div><div class='clear_column'><\/div><div class='content-column one_third'><div style=\"padding-right:6px;\"><p>Ure\u0111ivao je zadarski Narodni list, a kad nije mogao zbog boravka izvan Zadra ure\u0111ivati, mijenjao ga je Vinko Kisi\u0107. S Biankinijem kao urednikom Narodni je list izlazio samo na hrvatskom jeziku, za razliku od prija\u0161nje prakse kad je izlazio i na talijanskom i djelimice na hrvatskom.<\/p><\/div><\/div><div class='content-column one_third'><div style=\"padding-right:6px;\"><p><img loading=\"lazy\" decoding=\"async\" class=\"aligncenter wp-image-37625 size-full\" src=\"https:\/\/www.topohvar.at\/wp-content\/uploads\/2020\/05\/sg-is-39-9.jpg\" alt=\"\" width=\"200\" height=\"285\" \/><\/p><\/div><\/div><div class='content-column one_third last_column'><div style=\"padding-right:0px;padding-left:6px;\"><p>Er gab das Zadarski National Book heraus, und als er es wegen seines Aufenthalts au\u00dferhalb von Zadar nicht bearbeiten konnte, wurde er von Vinko Kisi\u0107 gewechselt. Mit Biankinij als Redakteur wurde das Nationalbuch nur in kroatischer Sprache ver\u00f6ffentlicht, im Gegensatz zu der fr\u00fcheren Praxis, als es in Italienisch und teilweise in Kroatisch herauskam.<\/p><\/div><\/div><div class='clear_column'><\/div><div class='content-column one_half'><div style=\"padding-right:6px;\"><p>Od utemeljenja udruge Jadranska stra\u017ea pa do svoje smrti, Biankini je bio njezin predsjednik.<\/p><\/div><\/div><div class='content-column one_half last_column'><div style=\"padding-right:0px;padding-left:6px;\"><p>Biankini war seit der Gr\u00fcndung des Vereins &#8222;Adriatische Wache&#8220; bis zu seinem Tod ihr Vorsitzender.<\/p><\/div><\/div><div class='clear_column'><\/div><\/p>\n<p style=\"text-align: right;\"><a href=\"#seite_oben\">natrag na vrh \/ Seitenanfang<\/a><\/p>\n<hr \/>\n<p><strong>Linkovi \/ Links<\/strong><\/p>\n<p><span style=\"color: #3366ff;\"><a style=\"color: #3366ff;\" href=\"https:\/\/www.topohvar.at\/topo\/orte\/sg\/sg-pu-05-2\/\">Objekt \u00bbSrinjo kola\u00ab<\/a><br \/>\n<a style=\"color: #3366ff;\" href=\"https:\/\/www.topohvar.at\/topo\/orte\/sg\/sg-tg-03-1\/\">Pala\u010da \/ Palast \u00bbBijankini\u00ab<\/a><\/span><\/p>\n","protected":false},"excerpt":{"rendered":"<p>Ime \/ Name Spomen plo\u010da \u00bbJurju Biankiniju\u00ab \/ Gedenktafel an Georg Biankini Code: SG-IS-39\u00a0 \u00a0 \u00a0 \u00a0 \u00a0 \u00a0 \u00a0 \u00a0 \u00a0 \u00a0 \u00a0 \u00a0 \u00a0 \u00a0 \u00a0 \u00a0 \u00a0 \u00a0\u00a0\u00a0 Adresa \/ Adresse Stari Grad, Srinjo Kola 4 Lokacija &hellip; <a href=\"https:\/\/www.topohvar.at\/topo\/orte\/sg\/sg-is-39-2\/\">Weiterlesen <span class=\"meta-nav\">&rarr;<\/span><\/a><\/p>\n","protected":false},"author":1,"featured_media":0,"parent":99,"menu_order":0,"comment_status":"closed","ping_status":"closed","template":"","meta":{"footnotes":""},"class_list":["post-3215","page","type-page","status-publish","hentry"],"_links":{"self":[{"href":"https:\/\/www.topohvar.at\/topo\/wp-json\/wp\/v2\/pages\/3215","targetHints":{"allow":["GET"]}}],"collection":[{"href":"https:\/\/www.topohvar.at\/topo\/wp-json\/wp\/v2\/pages"}],"about":[{"href":"https:\/\/www.topohvar.at\/topo\/wp-json\/wp\/v2\/types\/page"}],"author":[{"embeddable":true,"href":"https:\/\/www.topohvar.at\/topo\/wp-json\/wp\/v2\/users\/1"}],"replies":[{"embeddable":true,"href":"https:\/\/www.topohvar.at\/topo\/wp-json\/wp\/v2\/comments?post=3215"}],"version-history":[{"count":21,"href":"https:\/\/www.topohvar.at\/topo\/wp-json\/wp\/v2\/pages\/3215\/revisions"}],"predecessor-version":[{"id":48071,"href":"https:\/\/www.topohvar.at\/topo\/wp-json\/wp\/v2\/pages\/3215\/revisions\/48071"}],"up":[{"embeddable":true,"href":"https:\/\/www.topohvar.at\/topo\/wp-json\/wp\/v2\/pages\/99"}],"wp:attachment":[{"href":"https:\/\/www.topohvar.at\/topo\/wp-json\/wp\/v2\/media?parent=3215"}],"curies":[{"name":"wp","href":"https:\/\/api.w.org\/{rel}","templated":true}]}}