{"id":3221,"date":"2018-08-05T19:40:40","date_gmt":"2018-08-05T17:40:40","guid":{"rendered":"https:\/\/www.topohvar.at\/?page_id=3221"},"modified":"2021-04-18T09:10:14","modified_gmt":"2021-04-18T07:10:14","slug":"sg-is-42-2","status":"publish","type":"page","link":"https:\/\/www.topohvar.at\/topo\/orte\/sg\/sg-is-42-2\/","title":{"rendered":"STARI GRAD &#8211; Spomen plo\u010da \u00bbGradska Glazba\u00ab"},"content":{"rendered":"<p><a name=\"seite_oben\"><\/a><br \/>\n<img loading=\"lazy\" decoding=\"async\" class=\"alignnone wp-image-3125 size-large\" src=\"https:\/\/www.topohvar.at\/wp-content\/uploads\/2018\/08\/SG-IS-42-1-1024x503.jpg\" alt=\"\" width=\"640\" height=\"314\" srcset=\"https:\/\/www.topohvar.at\/wp-content\/uploads\/2018\/08\/SG-IS-42-1-1024x503.jpg 1024w, https:\/\/www.topohvar.at\/wp-content\/uploads\/2018\/08\/SG-IS-42-1-300x147.jpg 300w, https:\/\/www.topohvar.at\/wp-content\/uploads\/2018\/08\/SG-IS-42-1-768x377.jpg 768w\" sizes=\"auto, (max-width: 640px) 100vw, 640px\" \/><\/p>\n<p><strong>Ime \/ Name<br \/>\n<\/strong>Spomen plo\u010da \u00bbGradska Glazba\u00ab \/ Gedenktafel an die Stadtmusik<\/p>\n<p><strong>Code: <\/strong>SG-IS-42\u00a0 \u00a0 \u00a0 \u00a0 \u00a0 \u00a0 \u00a0 \u00a0 \u00a0 \u00a0 \u00a0 \u00a0 \u00a0 \u00a0 \u00a0 \u00a0 \u00a0 \u00a0\u00a0<strong><a href=\"https:\/\/www.topohvar.at\/orte\/sg\/sg-ip-01-2\/\"><img loading=\"lazy\" decoding=\"async\" class=\"alignnone wp-image-12300 size-full\" src=\"https:\/\/www.topohvar.at\/wp-content\/uploads\/2018\/09\/push-vor-30.jpg\" alt=\"\" width=\"61\" height=\"30\" \/><\/a>\u00a0<\/strong><strong><a href=\"https:\/\/www.topohvar.at\/orte\/sg\/sg-is-15-2\/\"><img loading=\"lazy\" decoding=\"async\" class=\"alignnone wp-image-533 size-full\" src=\"https:\/\/www.topohvar.at\/wp-content\/uploads\/2018\/07\/push-l-30.jpg\" alt=\"\" width=\"61\" height=\"30\" \/><\/a> <a href=\"https:\/\/www.topohvar.at\/orte\/sg\/\"><img loading=\"lazy\" decoding=\"async\" class=\"alignnone wp-image-535 size-full\" src=\"https:\/\/www.topohvar.at\/wp-content\/uploads\/2018\/07\/push-o-30.jpg\" alt=\"\" width=\"61\" height=\"30\" \/><\/a> <a href=\"https:\/\/www.topohvar.at\/orte\/sg\/sg-is-52-2\/\"><img loading=\"lazy\" decoding=\"async\" class=\"alignnone wp-image-536 size-full\" src=\"https:\/\/www.topohvar.at\/wp-content\/uploads\/2018\/07\/push-r-30.jpg\" alt=\"\" width=\"61\" height=\"30\" \/><\/a><\/strong><\/p>\n<hr \/>\n<p><strong>Adresa \/ Adresse<br \/>\n<\/strong>Stari Grad, Ulica Ru\u0111era Bo\u0161kovi\u0107a 5<\/p>\n<p><strong>Lokacija \/ Position<a href=\"https:\/\/goo.gl\/maps\/EUpMUd75e56fYH2g6\"><img loading=\"lazy\" decoding=\"async\" class=\"alignright wp-image-3412\" src=\"https:\/\/www.topohvar.at\/wp-content\/uploads\/2018\/08\/0641.jpg\" alt=\"\" width=\"133\" height=\"100\" \/><\/a><br \/>\n<\/strong><span style=\"color: #3366ff;\"><a style=\"color: #3366ff;\" href=\"https:\/\/goo.gl\/maps\/EUpMUd75e56fYH2g6\">Latitude: N 43,18330\u00b0\u00a0 \u00a0Longitude: E 16,59964\u00b0<\/a> <\/span><strong><br \/>\n<\/strong>Visina \/ H\u00f6he: 2 m<\/p>\n<p><strong>Katastarska \u010destica \/ Grundst\u00fccke<br \/>\n<\/strong>*640\/1?<div class='content-column one_half'><div style=\"padding-right:6px;\"><p><strong>Datum snimanja \/ Erfassungsdatum<br \/>\n<\/strong>26.05.2015 16:46:00<\/p>\n<hr \/>\n<p><strong>Informacije<\/strong><\/p>\n<p>Natpis:<\/p>\n<p style=\"text-align: center;\">GODINE 1876. OSNOVNA<br \/>\nOVDJE PRVO SJEDI\u0160TE IMA\u0160E<br \/>\n<strong>GRADSKA GLAZBA<\/strong><br \/>\nA UTEMELJITELJEM BI<br \/>\nGRADONA\u010cELNIK<br \/>\nGIANANTONIO BOTTERI:<\/p>\n<p style=\"text-align: center;\">O 125-GODI\u0160NJICI OSNUTKA<br \/>\nU SPOMEN I S PONOSOM POSTAVI\u0160E<br \/>\nGLAZBARI I GRA\u0110ANI<br \/>\nSTAROGA GRADA FAROSA.<\/p><\/div><\/div><div class='content-column one_half last_column'><div style=\"padding-right:0px;padding-left:6px;\"><p><strong>Stupanj za\u0161tite \/ Schutzstellung<br \/>\n<\/strong>&#8211;<\/p>\n<hr \/>\n<p><strong>Info<\/strong><\/p>\n<p>Inschrift:<\/p>\n<p style=\"text-align: center;\">Im Jahr 1876<br \/>\nwar hier der erste Sitz der<br \/>\n<strong>Stadt-Musik<\/strong><br \/>\nderen Gr\u00fcnder<br \/>\nB\u00fcrgermeister<br \/>\nGianantonio Botteri war.<\/p>\n<p style=\"text-align: center;\">Zum 125-j\u00e4hrigen Bestehen<br \/>\nin Gedenken und mit Stolz errichtet<br \/>\nvon den Musikern und B\u00fcrgern<br \/>\nder alten Stadt Faros.<\/p><\/div><\/div><div class='clear_column'><\/div><\/p>\n<p style=\"text-align: right;\"><a href=\"#seite_oben\">natrag na vrh \/ Seitenanfang<\/a><\/p>\n<hr \/>\n<p><strong>Linkovi \/ Links<\/strong><\/p>\n<p><span style=\"color: #3366ff;\"><a style=\"color: #3366ff;\" href=\"https:\/\/www.topohvar.at\/topo\/orte\/sg\/sg-tg-21-1\/\">Ku\u0107a \u00bbPrvo sjedi\u0161te gradske glazbe\u00ab\/ erster Sitz der Stadtmusik<\/a><\/span><\/p>\n","protected":false},"excerpt":{"rendered":"<p>Ime \/ Name Spomen plo\u010da \u00bbGradska Glazba\u00ab \/ Gedenktafel an die Stadtmusik Code: SG-IS-42\u00a0 \u00a0 \u00a0 \u00a0 \u00a0 \u00a0 \u00a0 \u00a0 \u00a0 \u00a0 \u00a0 \u00a0 \u00a0 \u00a0 \u00a0 \u00a0 \u00a0 \u00a0\u00a0\u00a0 Adresa \/ Adresse Stari Grad, Ulica Ru\u0111era Bo\u0161kovi\u0107a 5 &hellip; <a href=\"https:\/\/www.topohvar.at\/topo\/orte\/sg\/sg-is-42-2\/\">Weiterlesen <span class=\"meta-nav\">&rarr;<\/span><\/a><\/p>\n","protected":false},"author":1,"featured_media":0,"parent":99,"menu_order":0,"comment_status":"closed","ping_status":"closed","template":"","meta":{"footnotes":""},"class_list":["post-3221","page","type-page","status-publish","hentry"],"_links":{"self":[{"href":"https:\/\/www.topohvar.at\/topo\/wp-json\/wp\/v2\/pages\/3221","targetHints":{"allow":["GET"]}}],"collection":[{"href":"https:\/\/www.topohvar.at\/topo\/wp-json\/wp\/v2\/pages"}],"about":[{"href":"https:\/\/www.topohvar.at\/topo\/wp-json\/wp\/v2\/types\/page"}],"author":[{"embeddable":true,"href":"https:\/\/www.topohvar.at\/topo\/wp-json\/wp\/v2\/users\/1"}],"replies":[{"embeddable":true,"href":"https:\/\/www.topohvar.at\/topo\/wp-json\/wp\/v2\/comments?post=3221"}],"version-history":[{"count":13,"href":"https:\/\/www.topohvar.at\/topo\/wp-json\/wp\/v2\/pages\/3221\/revisions"}],"predecessor-version":[{"id":48095,"href":"https:\/\/www.topohvar.at\/topo\/wp-json\/wp\/v2\/pages\/3221\/revisions\/48095"}],"up":[{"embeddable":true,"href":"https:\/\/www.topohvar.at\/topo\/wp-json\/wp\/v2\/pages\/99"}],"wp:attachment":[{"href":"https:\/\/www.topohvar.at\/topo\/wp-json\/wp\/v2\/media?parent=3221"}],"curies":[{"name":"wp","href":"https:\/\/api.w.org\/{rel}","templated":true}]}}

STARI GRAD &#8211; Spomen ploča »Gradska Glazba«

<p><a name="seite_oben"></a><br />
<img loading="lazy" decoding="async" class="alignnone wp-image-3125 size-large" src="https://www.topohvar.at/wp-content/uploads/2018/08/SG-IS-42-1-1024x503.jpg" alt="" width="640" height="314" srcset="https://www.topohvar.at/wp-content/uploads/2018/08/SG-IS-42-1-1024x503.jpg 1024w, https://www.topohvar.at/wp-content/uploads/2018/08/SG-IS-42-1-300x147.jpg 300w, https://www.topohvar.at/wp-content/uploads/2018/08/SG-IS-42-1-768x377.jpg 768w" sizes="auto, (max-width: 640px) 100vw, 640px" /></p>
<p><strong>Ime / Name<br />
</strong>Spomen ploča »Gradska Glazba« / Gedenktafel an die Stadtmusik</p>
<p><strong>Code: </strong>SG-IS-42                                    <strong><a href="https://www.topohvar.at/orte/sg/sg-ip-01-2/"><img loading="lazy" decoding="async" class="alignnone wp-image-12300 size-full" src="https://www.topohvar.at/wp-content/uploads/2018/09/push-vor-30.jpg" alt="" width="61" height="30" /></a> </strong><strong><a href="https://www.topohvar.at/orte/sg/sg-is-15-2/"><img loading="lazy" decoding="async" class="alignnone wp-image-533 size-full" src="https://www.topohvar.at/wp-content/uploads/2018/07/push-l-30.jpg" alt="" width="61" height="30" /></a> <a href="https://www.topohvar.at/orte/sg/"><img loading="lazy" decoding="async" class="alignnone wp-image-535 size-full" src="https://www.topohvar.at/wp-content/uploads/2018/07/push-o-30.jpg" alt="" width="61" height="30" /></a> <a href="https://www.topohvar.at/orte/sg/sg-is-52-2/"><img loading="lazy" decoding="async" class="alignnone wp-image-536 size-full" src="https://www.topohvar.at/wp-content/uploads/2018/07/push-r-30.jpg" alt="" width="61" height="30" /></a></strong></p>
<hr />
<p><strong>Adresa / Adresse<br />
</strong>Stari Grad, Ulica Ruđera Boškovića 5</p>
<p><strong>Lokacija / Position<a href="https://goo.gl/maps/EUpMUd75e56fYH2g6"><img loading="lazy" decoding="async" class="alignright wp-image-3412" src="https://www.topohvar.at/wp-content/uploads/2018/08/0641.jpg" alt="" width="133" height="100" /></a><br />
</strong><span style="color: #3366ff;"><a style="color: #3366ff;" href="https://goo.gl/maps/EUpMUd75e56fYH2g6">Latitude: N 43,18330°   Longitude: E 16,59964°</a> </span><strong><br />
</strong>Visina / Höhe: 2 m</p>
<p><strong>Katastarska čestica / Grundstücke<br />
</strong>*640/1?<div class='content-column one_half'><div style="padding-right:6px;"><p><strong>Datum snimanja / Erfassungsdatum<br />
</strong>26.05.2015 16:46:00</p>
<hr />
<p><strong>Informacije</strong></p>
<p>Natpis:</p>
<p style="text-align: center;">GODINE 1876. OSNOVNA<br />
OVDJE PRVO SJEDIŠTE IMAŠE<br />
<strong>GRADSKA GLAZBA</strong><br />
A UTEMELJITELJEM BI<br />
GRADONAČELNIK<br />
GIANANTONIO BOTTERI:</p>
<p style="text-align: center;">O 125-GODIŠNJICI OSNUTKA<br />
U SPOMEN I S PONOSOM POSTAVIŠE<br />
GLAZBARI I GRAĐANI<br />
STAROGA GRADA FAROSA.</p></div></div><div class='content-column one_half last_column'><div style="padding-right:0px;padding-left:6px;"><p><strong>Stupanj zaštite / Schutzstellung<br />
</strong>&#8211;</p>
<hr />
<p><strong>Info</strong></p>
<p>Inschrift:</p>
<p style="text-align: center;">Im Jahr 1876<br />
war hier der erste Sitz der<br />
<strong>Stadt-Musik</strong><br />
deren Gründer<br />
Bürgermeister<br />
Gianantonio Botteri war.</p>
<p style="text-align: center;">Zum 125-jährigen Bestehen<br />
in Gedenken und mit Stolz errichtet<br />
von den Musikern und Bürgern<br />
der alten Stadt Faros.</p></div></div><div class='clear_column'></div></p>
<p style="text-align: right;"><a href="#seite_oben">natrag na vrh / Seitenanfang</a></p>
<hr />
<p><strong>Linkovi / Links</strong></p>
<p><span style="color: #3366ff;"><a style="color: #3366ff;" href="https://www.topohvar.at/topo/orte/sg/sg-tg-21-1/">Kuća »Prvo sjedište gradske glazbe«/ erster Sitz der Stadtmusik</a></span></p>

<p>Ime / Name Spomen ploča »Gradska Glazba« / Gedenktafel an die Stadtmusik Code: SG-IS-42                                      Adresa / Adresse Stari Grad, Ulica Ruđera Boškovića 5 &hellip; <a href="https://www.topohvar.at/topo/orte/sg/sg-is-42-2/">Weiterlesen <span class="meta-nav">&rarr;</span></a></p>
