{"id":3225,"date":"2018-08-05T19:41:35","date_gmt":"2018-08-05T17:41:35","guid":{"rendered":"https:\/\/www.topohvar.at\/?page_id=3225"},"modified":"2021-04-18T09:16:47","modified_gmt":"2021-04-18T07:16:47","slug":"sg-is-44-2","status":"publish","type":"page","link":"https:\/\/www.topohvar.at\/topo\/orte\/sg\/sg-is-44-2\/","title":{"rendered":"STARI GRAD &#8211; Spomen plo\u010da \u00bbu Parku Vorba &#8211; Maslice\u00ab"},"content":{"rendered":"<p><a name=\"seite_oben\"><\/a><br \/>\n<img loading=\"lazy\" decoding=\"async\" class=\"alignnone wp-image-3127 size-large\" src=\"https:\/\/www.topohvar.at\/wp-content\/uploads\/2018\/08\/sg-is-44-1-1024x503.jpg\" alt=\"\" width=\"640\" height=\"314\" srcset=\"https:\/\/www.topohvar.at\/wp-content\/uploads\/2018\/08\/sg-is-44-1-1024x503.jpg 1024w, https:\/\/www.topohvar.at\/wp-content\/uploads\/2018\/08\/sg-is-44-1-300x147.jpg 300w, https:\/\/www.topohvar.at\/wp-content\/uploads\/2018\/08\/sg-is-44-1-768x377.jpg 768w\" sizes=\"auto, (max-width: 640px) 100vw, 640px\" \/><\/p>\n<p><strong>Ime \/ Name<br \/>\n<\/strong>Spomen plo\u010da \u00bbu Parku Vorba &#8211; Maslice\u00ab \/ Gedenktafel Olivenb\u00e4ume im Park Vorba<\/p>\n<p><strong>Code: <\/strong>SG-IS-44\u00a0 \u00a0 \u00a0 \u00a0 \u00a0 \u00a0 \u00a0 \u00a0 \u00a0 \u00a0 \u00a0 \u00a0 \u00a0 \u00a0 \u00a0 \u00a0 \u00a0 \u00a0\u00a0<strong><a href=\"https:\/\/www.topohvar.at\/orte\/sg\/sg-ip-01-2\/\"><img loading=\"lazy\" decoding=\"async\" class=\"alignnone wp-image-12300 size-full\" src=\"https:\/\/www.topohvar.at\/wp-content\/uploads\/2018\/09\/push-vor-30.jpg\" alt=\"\" width=\"61\" height=\"30\" \/><\/a>\u00a0<a href=\"https:\/\/www.topohvar.at\/orte\/sg\/sg-is-20-2\/\"><img loading=\"lazy\" decoding=\"async\" class=\"alignnone wp-image-533 size-full\" src=\"https:\/\/www.topohvar.at\/wp-content\/uploads\/2018\/07\/push-l-30.jpg\" alt=\"\" width=\"61\" height=\"30\" \/><\/a> <a href=\"https:\/\/www.topohvar.at\/orte\/sg\/\"><img loading=\"lazy\" decoding=\"async\" class=\"alignnone wp-image-535 size-full\" src=\"https:\/\/www.topohvar.at\/wp-content\/uploads\/2018\/07\/push-o-30.jpg\" alt=\"\" width=\"61\" height=\"30\" \/><\/a> <a href=\"https:\/\/www.topohvar.at\/orte\/sg\/sg-is-40-2\/\"><img loading=\"lazy\" decoding=\"async\" class=\"alignnone wp-image-536 size-full\" src=\"https:\/\/www.topohvar.at\/wp-content\/uploads\/2018\/07\/push-r-30.jpg\" alt=\"\" width=\"61\" height=\"30\" \/><\/a><\/strong><\/p>\n<hr \/>\n<p><strong>Adresa \/ Adresse<br \/>\n<\/strong>Stari Grad, Park Vorba<\/p>\n<p><strong>Katastarska \u010destica \/ Position<a href=\"https:\/\/goo.gl\/maps\/ArcNDyLSqvLUsL2E6\"><img loading=\"lazy\" decoding=\"async\" class=\"alignright wp-image-3421\" src=\"https:\/\/www.topohvar.at\/wp-content\/uploads\/2018\/08\/1232.jpg\" alt=\"\" width=\"132\" height=\"100\" \/><\/a><br \/>\n<\/strong><span style=\"color: #3366ff;\"><a style=\"color: #3366ff;\" href=\"https:\/\/goo.gl\/maps\/ArcNDyLSqvLUsL2E6\">Latitude: N 43,18432\u00b0\u00a0 \u00a0Longitude: E 16,60015\u00b0<\/a> <\/span><strong><br \/>\n<\/strong>Visina \/ H\u00f6he: 2 m<\/p>\n<p><strong>Zemlji\u0161te \/ Grundst\u00fccke<br \/>\n<\/strong>7111<div class='content-column one_half'><div style=\"padding-right:6px;\"><p><strong>Datum snimanja \/ Erfassungsdatum<br \/>\n<\/strong>10.09.2016 14:32:00<\/p>\n<hr \/>\n<p><strong>Informacije<\/strong><\/p>\n<p>U parku Vorba nalazi se mjedena plo\u010da na drevnom kamenom ulomku sa sljede\u0107im natpisom na hrvatskom i gr\u010dkom jeziku.<\/p><\/div><\/div><div class='content-column one_half last_column'><div style=\"padding-right:0px;padding-left:6px;\"><p><strong>Stupanj za\u0161tite \/ Schutzstellung<br \/>\n<\/strong>&#8211;<\/p>\n<hr \/>\n<p><strong>Info<\/strong><\/p>\n<p>Im Park Vorba befindet sich auf einem antiken Steinfragment eine Messingplatte mit folgender Inschrift in kroatischer und griechischer Sprache.<\/p><\/div><\/div><div class='clear_column'><\/div><div class='content-column one_half'><div style=\"padding-right:6px;\"><p>OVAJ MASLINA POKON JE GRA\u0110ANA GR\u010cKOG OTOKA PAROSA U EGEJSKOM MORU \u010cIJI SU STANOVNICI 384. GODINU PRIJE KRISTA UTEMELJILI GRAD FAROS NA MJESTU DANA\u0160NJEG STAROG GRADA NA OTOKU HVARU \u2013 NAJSTARIJEG GRADA U HRVATSKOJ. DONIJELI SU JE 25.05.2003. GODINE. \u201cFAROS \u2013 PAROS \u2013 FAROS\u201c<\/p><\/div><\/div><div class='content-column one_half last_column'><div style=\"padding-right:0px;padding-left:6px;\"><p>Diese Olivenb\u00e4ume sind ein Geschenk der griechischen Insel Paros im \u00c4g\u00e4ischen Meer, deren Bewohner im Jahre 384 vor Christus die Stadt Faros an der Stelle des heutigen Stari Grad auf der Insel Hvar \u2013 der \u00e4ltesten Stadt Kroatiens \u2013 gr\u00fcndeten. \u00dcbergeben am 25.05.2003. \u201cFaros \u2013 Paros \u2013 Faros\u201c<\/p><\/div><\/div><div class='clear_column'><\/div><\/p>\n<p style=\"text-align: right;\"><a href=\"#seite_oben\">natrag na vrh \/ Seitenanfang<\/a><\/p>\n<hr \/>\n<p><strong>Linkovi \/ Links<\/strong><\/p>\n<p><span style=\"color: #3366ff;\"><a style=\"color: #3366ff;\" href=\"https:\/\/www.topohvar.at\/topo\/orte\/sg\/sg-ov-01-2\/\">Objekt \u00bbPark Vorba\u00ab<\/a><br \/>\n<a style=\"color: #3366ff;\" href=\"https:\/\/www.topohvar.at\/topo\/orte\/sg\/sg-is-50-2\/\">Spomen plo\u010da \u00bbOlive iz Parosa\u00ab kod Sv. Nikole \/ Gedenktafel Olivenbaum aus Parosa bei der Kirche St. Nikola<\/a><br \/>\n<\/span><\/p>\n","protected":false},"excerpt":{"rendered":"<p>Ime \/ Name Spomen plo\u010da \u00bbu Parku Vorba &#8211; Maslice\u00ab \/ Gedenktafel Olivenb\u00e4ume im Park Vorba Code: SG-IS-44\u00a0 \u00a0 \u00a0 \u00a0 \u00a0 \u00a0 \u00a0 \u00a0 \u00a0 \u00a0 \u00a0 \u00a0 \u00a0 \u00a0 \u00a0 \u00a0 \u00a0 \u00a0\u00a0\u00a0 Adresa \/ Adresse Stari Grad, &hellip; <a href=\"https:\/\/www.topohvar.at\/topo\/orte\/sg\/sg-is-44-2\/\">Weiterlesen <span class=\"meta-nav\">&rarr;<\/span><\/a><\/p>\n","protected":false},"author":1,"featured_media":0,"parent":99,"menu_order":0,"comment_status":"closed","ping_status":"closed","template":"","meta":{"footnotes":""},"class_list":["post-3225","page","type-page","status-publish","hentry"],"_links":{"self":[{"href":"https:\/\/www.topohvar.at\/topo\/wp-json\/wp\/v2\/pages\/3225","targetHints":{"allow":["GET"]}}],"collection":[{"href":"https:\/\/www.topohvar.at\/topo\/wp-json\/wp\/v2\/pages"}],"about":[{"href":"https:\/\/www.topohvar.at\/topo\/wp-json\/wp\/v2\/types\/page"}],"author":[{"embeddable":true,"href":"https:\/\/www.topohvar.at\/topo\/wp-json\/wp\/v2\/users\/1"}],"replies":[{"embeddable":true,"href":"https:\/\/www.topohvar.at\/topo\/wp-json\/wp\/v2\/comments?post=3225"}],"version-history":[{"count":12,"href":"https:\/\/www.topohvar.at\/topo\/wp-json\/wp\/v2\/pages\/3225\/revisions"}],"predecessor-version":[{"id":48099,"href":"https:\/\/www.topohvar.at\/topo\/wp-json\/wp\/v2\/pages\/3225\/revisions\/48099"}],"up":[{"embeddable":true,"href":"https:\/\/www.topohvar.at\/topo\/wp-json\/wp\/v2\/pages\/99"}],"wp:attachment":[{"href":"https:\/\/www.topohvar.at\/topo\/wp-json\/wp\/v2\/media?parent=3225"}],"curies":[{"name":"wp","href":"https:\/\/api.w.org\/{rel}","templated":true}]}}

STARI GRAD &#8211; Spomen ploča »u Parku Vorba &#8211; Maslice«

<p><a name="seite_oben"></a><br />
<img loading="lazy" decoding="async" class="alignnone wp-image-3127 size-large" src="https://www.topohvar.at/wp-content/uploads/2018/08/sg-is-44-1-1024x503.jpg" alt="" width="640" height="314" srcset="https://www.topohvar.at/wp-content/uploads/2018/08/sg-is-44-1-1024x503.jpg 1024w, https://www.topohvar.at/wp-content/uploads/2018/08/sg-is-44-1-300x147.jpg 300w, https://www.topohvar.at/wp-content/uploads/2018/08/sg-is-44-1-768x377.jpg 768w" sizes="auto, (max-width: 640px) 100vw, 640px" /></p>
<p><strong>Ime / Name<br />
</strong>Spomen ploča »u Parku Vorba &#8211; Maslice« / Gedenktafel Olivenbäume im Park Vorba</p>
<p><strong>Code: </strong>SG-IS-44                                    <strong><a href="https://www.topohvar.at/orte/sg/sg-ip-01-2/"><img loading="lazy" decoding="async" class="alignnone wp-image-12300 size-full" src="https://www.topohvar.at/wp-content/uploads/2018/09/push-vor-30.jpg" alt="" width="61" height="30" /></a> <a href="https://www.topohvar.at/orte/sg/sg-is-20-2/"><img loading="lazy" decoding="async" class="alignnone wp-image-533 size-full" src="https://www.topohvar.at/wp-content/uploads/2018/07/push-l-30.jpg" alt="" width="61" height="30" /></a> <a href="https://www.topohvar.at/orte/sg/"><img loading="lazy" decoding="async" class="alignnone wp-image-535 size-full" src="https://www.topohvar.at/wp-content/uploads/2018/07/push-o-30.jpg" alt="" width="61" height="30" /></a> <a href="https://www.topohvar.at/orte/sg/sg-is-40-2/"><img loading="lazy" decoding="async" class="alignnone wp-image-536 size-full" src="https://www.topohvar.at/wp-content/uploads/2018/07/push-r-30.jpg" alt="" width="61" height="30" /></a></strong></p>
<hr />
<p><strong>Adresa / Adresse<br />
</strong>Stari Grad, Park Vorba</p>
<p><strong>Katastarska čestica / Position<a href="https://goo.gl/maps/ArcNDyLSqvLUsL2E6"><img loading="lazy" decoding="async" class="alignright wp-image-3421" src="https://www.topohvar.at/wp-content/uploads/2018/08/1232.jpg" alt="" width="132" height="100" /></a><br />
</strong><span style="color: #3366ff;"><a style="color: #3366ff;" href="https://goo.gl/maps/ArcNDyLSqvLUsL2E6">Latitude: N 43,18432°   Longitude: E 16,60015°</a> </span><strong><br />
</strong>Visina / Höhe: 2 m</p>
<p><strong>Zemljište / Grundstücke<br />
</strong>7111<div class='content-column one_half'><div style="padding-right:6px;"><p><strong>Datum snimanja / Erfassungsdatum<br />
</strong>10.09.2016 14:32:00</p>
<hr />
<p><strong>Informacije</strong></p>
<p>U parku Vorba nalazi se mjedena ploča na drevnom kamenom ulomku sa sljedećim natpisom na hrvatskom i grčkom jeziku.</p></div></div><div class='content-column one_half last_column'><div style="padding-right:0px;padding-left:6px;"><p><strong>Stupanj zaštite / Schutzstellung<br />
</strong>&#8211;</p>
<hr />
<p><strong>Info</strong></p>
<p>Im Park Vorba befindet sich auf einem antiken Steinfragment eine Messingplatte mit folgender Inschrift in kroatischer und griechischer Sprache.</p></div></div><div class='clear_column'></div><div class='content-column one_half'><div style="padding-right:6px;"><p>OVAJ MASLINA POKON JE GRAĐANA GRČKOG OTOKA PAROSA U EGEJSKOM MORU ČIJI SU STANOVNICI 384. GODINU PRIJE KRISTA UTEMELJILI GRAD FAROS NA MJESTU DANAŠNJEG STAROG GRADA NA OTOKU HVARU – NAJSTARIJEG GRADA U HRVATSKOJ. DONIJELI SU JE 25.05.2003. GODINE. “FAROS – PAROS – FAROS“</p></div></div><div class='content-column one_half last_column'><div style="padding-right:0px;padding-left:6px;"><p>Diese Olivenbäume sind ein Geschenk der griechischen Insel Paros im Ägäischen Meer, deren Bewohner im Jahre 384 vor Christus die Stadt Faros an der Stelle des heutigen Stari Grad auf der Insel Hvar – der ältesten Stadt Kroatiens – gründeten. Übergeben am 25.05.2003. “Faros – Paros – Faros“</p></div></div><div class='clear_column'></div></p>
<p style="text-align: right;"><a href="#seite_oben">natrag na vrh / Seitenanfang</a></p>
<hr />
<p><strong>Linkovi / Links</strong></p>
<p><span style="color: #3366ff;"><a style="color: #3366ff;" href="https://www.topohvar.at/topo/orte/sg/sg-ov-01-2/">Objekt »Park Vorba«</a><br />
<a style="color: #3366ff;" href="https://www.topohvar.at/topo/orte/sg/sg-is-50-2/">Spomen ploča »Olive iz Parosa« kod Sv. Nikole / Gedenktafel Olivenbaum aus Parosa bei der Kirche St. Nikola</a><br />
</span></p>

<p>Ime / Name Spomen ploča »u Parku Vorba &#8211; Maslice« / Gedenktafel Olivenbäume im Park Vorba Code: SG-IS-44                                      Adresa / Adresse Stari Grad, &hellip; <a href="https://www.topohvar.at/topo/orte/sg/sg-is-44-2/">Weiterlesen <span class="meta-nav">&rarr;</span></a></p>
