{"id":3237,"date":"2018-08-05T19:44:32","date_gmt":"2018-08-05T17:44:32","guid":{"rendered":"https:\/\/www.topohvar.at\/?page_id=3237"},"modified":"2021-04-18T09:06:14","modified_gmt":"2021-04-18T07:06:14","slug":"sg-is-50-2","status":"publish","type":"page","link":"https:\/\/www.topohvar.at\/topo\/orte\/sg\/sg-is-50-2\/","title":{"rendered":"STARI GRAD &#8211; Spomen plo\u010da \u00bbOlive iz Parosa\u00ab"},"content":{"rendered":"<p><a name=\"seite_oben\"><\/a><br \/>\n<img loading=\"lazy\" decoding=\"async\" class=\"alignnone wp-image-3133 size-large\" src=\"https:\/\/www.topohvar.at\/wp-content\/uploads\/2018\/08\/sg-is-50-1-1024x503.jpg\" alt=\"\" width=\"640\" height=\"314\" srcset=\"https:\/\/www.topohvar.at\/wp-content\/uploads\/2018\/08\/sg-is-50-1-1024x503.jpg 1024w, https:\/\/www.topohvar.at\/wp-content\/uploads\/2018\/08\/sg-is-50-1-300x147.jpg 300w, https:\/\/www.topohvar.at\/wp-content\/uploads\/2018\/08\/sg-is-50-1-768x377.jpg 768w\" sizes=\"auto, (max-width: 640px) 100vw, 640px\" \/><\/p>\n<p><strong>Ime \/ Name<br \/>\n<\/strong>Spomen plo\u010da \u00bbOlive iz Parosa\u00ab kod Sv. Nikole \/ Gedenktafel Olivenbaum aus Parosa bei der Kirche St. Nikola<\/p>\n<p><strong>Code: <\/strong>SG-IS-50\u00a0 \u00a0 \u00a0 \u00a0 \u00a0 \u00a0 \u00a0 \u00a0 \u00a0 \u00a0 \u00a0 \u00a0 \u00a0 \u00a0 \u00a0 \u00a0 \u00a0 \u00a0\u00a0<strong><a href=\"https:\/\/www.topohvar.at\/orte\/sg\/sg-ip-01-2\/\"><img loading=\"lazy\" decoding=\"async\" class=\"alignnone wp-image-12300 size-full\" src=\"https:\/\/www.topohvar.at\/wp-content\/uploads\/2018\/09\/push-vor-30.jpg\" alt=\"\" width=\"61\" height=\"30\" \/><\/a>\u00a0<\/strong><strong><a href=\"https:\/\/www.topohvar.at\/orte\/sg\/sg-is-14-2\/\"><img loading=\"lazy\" decoding=\"async\" class=\"alignnone wp-image-533 size-full\" src=\"https:\/\/www.topohvar.at\/wp-content\/uploads\/2018\/07\/push-l-30.jpg\" alt=\"\" width=\"61\" height=\"30\" \/><\/a> <a href=\"https:\/\/www.topohvar.at\/orte\/sg\/\"><img loading=\"lazy\" decoding=\"async\" class=\"alignnone wp-image-535 size-full\" src=\"https:\/\/www.topohvar.at\/wp-content\/uploads\/2018\/07\/push-o-30.jpg\" alt=\"\" width=\"61\" height=\"30\" \/><\/a> <a href=\"https:\/\/www.topohvar.at\/orte\/sg\/sg-is-15-2\/\"><img loading=\"lazy\" decoding=\"async\" class=\"alignnone wp-image-536 size-full\" src=\"https:\/\/www.topohvar.at\/wp-content\/uploads\/2018\/07\/push-r-30.jpg\" alt=\"\" width=\"61\" height=\"30\" \/><\/a><\/strong><\/p>\n<hr \/>\n<p><strong>Adresa \/ Adresse<br \/>\n<\/strong>Stari Grad, Vukovarska cesta, u blizini crkve Sv. Nikole<\/p>\n<p><strong>Lokacija \/ Position<a href=\"https:\/\/goo.gl\/maps\/muAbwWaxBbDKUaPp9\"><img loading=\"lazy\" decoding=\"async\" class=\"alignright wp-image-3405\" src=\"https:\/\/www.topohvar.at\/wp-content\/uploads\/2018\/08\/1527.jpg\" alt=\"\" width=\"134\" height=\"100\" \/><\/a><br \/>\n<\/strong><span style=\"color: #3366ff;\"><a style=\"color: #3366ff;\" href=\"https:\/\/goo.gl\/maps\/muAbwWaxBbDKUaPp9\">Latitude: N 43,18127\u00b0\u00a0 \u00a0Longitude: E 16,59733\u00b0<\/a> <\/span><strong><br \/>\n<\/strong>Visina \/ H\u00f6he: 12 m<\/p>\n<p><strong>Katastarska \u010destica \/ Grundst\u00fccke<br \/>\n<\/strong>3224<div class='content-column one_half'><div style=\"padding-right:6px;\"><p><strong>Datum snimanja \/ Erfassungsdatum<br \/>\n<\/strong>30.05.2017 10:25:10<\/p>\n<hr \/>\n<p><strong>Informacije<\/strong><\/p>\n<p>Sjeverno od crkve sv. Nikole posa\u0111ena je maslina, u spomen na osnivanje grada Farosa (dana\u0161nji Stari Grad) 2003. godine sa sljede\u0107im natpisom na hrvatskom i gr\u010dkom jeziku<\/p><\/div><\/div><div class='content-column one_half last_column'><div style=\"padding-right:0px;padding-left:6px;\"><p><strong>Stupanj za\u0161tite \/ Schutzstellung<br \/>\n<\/strong>&#8211;<\/p>\n<hr \/>\n<p><strong>Info<\/strong><\/p>\n<p>N\u00f6rdlich der Kirche zum hl. Nikolaus wurde zur Erinnerung an die Gr\u00fcndung der Stadt Faros (des heutigen Stari Grad) im Jahre 2003 ein Olivenbaum mit folgender Inschrift in kroatischer und griechischer Sprache gepflanzt:<\/p><\/div><\/div><div class='clear_column'><\/div><div class='content-column one_half'><div style=\"padding-right:6px;\"><p>OVA MASLINA POKLON JE GRA\u0110ANA GR\u010cKOG OTOKA PAROSA U<br \/>\nEGEJSKOM MORU \u010cIJI SU STANOVNICI 384. GODINU PRIJE KRISTA<br \/>\nUTEMELJII I GRAD FAROS NA MJESTU DANA\u0160NJEG STAROG GRADA<br \/>\nNA OTOKU HVARU \u2013 NAJSTARIJEG GRADA U HRVATSKOJ. DONIJELJI<br \/>\nSU JE 25.05.2003. GODINE \u010cLANOVI HVARSKE EKSPEDICIJE<br \/>\n\u201eFAROS \u2013 PAROS \u2013 FAROS\u201c.<\/p><\/div><\/div><div class='content-column one_half last_column'><div style=\"padding-right:0px;padding-left:6px;\"><p>Dieser Olivenbaum ist eine Gabe der B\u00fcrger der griechischen Insel Paros<br \/>\nin der \u00c4g\u00e4is, deren Einwohner im Jahr 384<br \/>\nvor Christus<br \/>\ngr\u00fcndeten die Stadt Faros,<br \/>\ndas heutige Stari Grad,<br \/>\nauf der Insel Hvar &#8211; die \u00e4lteste Stadt in Kroatien.<br \/>\nEr ist ein Geschenk<br \/>\nder Mitglieder der Hvarer<br \/>\nExpedition vom 25.05.2003<br \/>\n&#8222;FAROS &#8211; PAROS &#8211; FAROS&#8220;<\/p><\/div><\/div><div class='clear_column'><\/div><\/p>\n<p style=\"text-align: right;\"><a href=\"#seite_oben\">natrag na vrh \/ Seitenanfang<\/a><\/p>\n<hr \/>\n<p><strong>Linkovi \/ Links<\/strong><\/p>\n<p><a href=\"https:\/\/www.topohvar.at\/topo\/orte\/sg\/sg-is-44-2\/\"><span style=\"color: #3366ff;\">Spomen plo\u010da \u00bbu Parku Vorba &#8211; Maslice\u00ab \/ Gedenktafel Olivenb\u00e4ume im Park Vorba<\/span><\/a><\/p>\n","protected":false},"excerpt":{"rendered":"<p>Ime \/ Name Spomen plo\u010da \u00bbOlive iz Parosa\u00ab kod Sv. Nikole \/ Gedenktafel Olivenbaum aus Parosa bei der Kirche St. Nikola Code: SG-IS-50\u00a0 \u00a0 \u00a0 \u00a0 \u00a0 \u00a0 \u00a0 \u00a0 \u00a0 \u00a0 \u00a0 \u00a0 \u00a0 \u00a0 \u00a0 \u00a0 \u00a0 \u00a0\u00a0\u00a0 &hellip; <a href=\"https:\/\/www.topohvar.at\/topo\/orte\/sg\/sg-is-50-2\/\">Weiterlesen <span class=\"meta-nav\">&rarr;<\/span><\/a><\/p>\n","protected":false},"author":1,"featured_media":0,"parent":99,"menu_order":0,"comment_status":"closed","ping_status":"closed","template":"","meta":{"footnotes":""},"class_list":["post-3237","page","type-page","status-publish","hentry"],"_links":{"self":[{"href":"https:\/\/www.topohvar.at\/topo\/wp-json\/wp\/v2\/pages\/3237","targetHints":{"allow":["GET"]}}],"collection":[{"href":"https:\/\/www.topohvar.at\/topo\/wp-json\/wp\/v2\/pages"}],"about":[{"href":"https:\/\/www.topohvar.at\/topo\/wp-json\/wp\/v2\/types\/page"}],"author":[{"embeddable":true,"href":"https:\/\/www.topohvar.at\/topo\/wp-json\/wp\/v2\/users\/1"}],"replies":[{"embeddable":true,"href":"https:\/\/www.topohvar.at\/topo\/wp-json\/wp\/v2\/comments?post=3237"}],"version-history":[{"count":20,"href":"https:\/\/www.topohvar.at\/topo\/wp-json\/wp\/v2\/pages\/3237\/revisions"}],"predecessor-version":[{"id":48093,"href":"https:\/\/www.topohvar.at\/topo\/wp-json\/wp\/v2\/pages\/3237\/revisions\/48093"}],"up":[{"embeddable":true,"href":"https:\/\/www.topohvar.at\/topo\/wp-json\/wp\/v2\/pages\/99"}],"wp:attachment":[{"href":"https:\/\/www.topohvar.at\/topo\/wp-json\/wp\/v2\/media?parent=3237"}],"curies":[{"name":"wp","href":"https:\/\/api.w.org\/{rel}","templated":true}]}}

STARI GRAD &#8211; Spomen ploča »Olive iz Parosa«

<p><a name="seite_oben"></a><br />
<img loading="lazy" decoding="async" class="alignnone wp-image-3133 size-large" src="https://www.topohvar.at/wp-content/uploads/2018/08/sg-is-50-1-1024x503.jpg" alt="" width="640" height="314" srcset="https://www.topohvar.at/wp-content/uploads/2018/08/sg-is-50-1-1024x503.jpg 1024w, https://www.topohvar.at/wp-content/uploads/2018/08/sg-is-50-1-300x147.jpg 300w, https://www.topohvar.at/wp-content/uploads/2018/08/sg-is-50-1-768x377.jpg 768w" sizes="auto, (max-width: 640px) 100vw, 640px" /></p>
<p><strong>Ime / Name<br />
</strong>Spomen ploča »Olive iz Parosa« kod Sv. Nikole / Gedenktafel Olivenbaum aus Parosa bei der Kirche St. Nikola</p>
<p><strong>Code: </strong>SG-IS-50                                    <strong><a href="https://www.topohvar.at/orte/sg/sg-ip-01-2/"><img loading="lazy" decoding="async" class="alignnone wp-image-12300 size-full" src="https://www.topohvar.at/wp-content/uploads/2018/09/push-vor-30.jpg" alt="" width="61" height="30" /></a> </strong><strong><a href="https://www.topohvar.at/orte/sg/sg-is-14-2/"><img loading="lazy" decoding="async" class="alignnone wp-image-533 size-full" src="https://www.topohvar.at/wp-content/uploads/2018/07/push-l-30.jpg" alt="" width="61" height="30" /></a> <a href="https://www.topohvar.at/orte/sg/"><img loading="lazy" decoding="async" class="alignnone wp-image-535 size-full" src="https://www.topohvar.at/wp-content/uploads/2018/07/push-o-30.jpg" alt="" width="61" height="30" /></a> <a href="https://www.topohvar.at/orte/sg/sg-is-15-2/"><img loading="lazy" decoding="async" class="alignnone wp-image-536 size-full" src="https://www.topohvar.at/wp-content/uploads/2018/07/push-r-30.jpg" alt="" width="61" height="30" /></a></strong></p>
<hr />
<p><strong>Adresa / Adresse<br />
</strong>Stari Grad, Vukovarska cesta, u blizini crkve Sv. Nikole</p>
<p><strong>Lokacija / Position<a href="https://goo.gl/maps/muAbwWaxBbDKUaPp9"><img loading="lazy" decoding="async" class="alignright wp-image-3405" src="https://www.topohvar.at/wp-content/uploads/2018/08/1527.jpg" alt="" width="134" height="100" /></a><br />
</strong><span style="color: #3366ff;"><a style="color: #3366ff;" href="https://goo.gl/maps/muAbwWaxBbDKUaPp9">Latitude: N 43,18127°   Longitude: E 16,59733°</a> </span><strong><br />
</strong>Visina / Höhe: 12 m</p>
<p><strong>Katastarska čestica / Grundstücke<br />
</strong>3224<div class='content-column one_half'><div style="padding-right:6px;"><p><strong>Datum snimanja / Erfassungsdatum<br />
</strong>30.05.2017 10:25:10</p>
<hr />
<p><strong>Informacije</strong></p>
<p>Sjeverno od crkve sv. Nikole posađena je maslina, u spomen na osnivanje grada Farosa (današnji Stari Grad) 2003. godine sa sljedećim natpisom na hrvatskom i grčkom jeziku</p></div></div><div class='content-column one_half last_column'><div style="padding-right:0px;padding-left:6px;"><p><strong>Stupanj zaštite / Schutzstellung<br />
</strong>&#8211;</p>
<hr />
<p><strong>Info</strong></p>
<p>Nördlich der Kirche zum hl. Nikolaus wurde zur Erinnerung an die Gründung der Stadt Faros (des heutigen Stari Grad) im Jahre 2003 ein Olivenbaum mit folgender Inschrift in kroatischer und griechischer Sprache gepflanzt:</p></div></div><div class='clear_column'></div><div class='content-column one_half'><div style="padding-right:6px;"><p>OVA MASLINA POKLON JE GRAĐANA GRČKOG OTOKA PAROSA U<br />
EGEJSKOM MORU ČIJI SU STANOVNICI 384. GODINU PRIJE KRISTA<br />
UTEMELJII I GRAD FAROS NA MJESTU DANAŠNJEG STAROG GRADA<br />
NA OTOKU HVARU – NAJSTARIJEG GRADA U HRVATSKOJ. DONIJELJI<br />
SU JE 25.05.2003. GODINE ČLANOVI HVARSKE EKSPEDICIJE<br />
„FAROS – PAROS – FAROS“.</p></div></div><div class='content-column one_half last_column'><div style="padding-right:0px;padding-left:6px;"><p>Dieser Olivenbaum ist eine Gabe der Bürger der griechischen Insel Paros<br />
in der Ägäis, deren Einwohner im Jahr 384<br />
vor Christus<br />
gründeten die Stadt Faros,<br />
das heutige Stari Grad,<br />
auf der Insel Hvar &#8211; die älteste Stadt in Kroatien.<br />
Er ist ein Geschenk<br />
der Mitglieder der Hvarer<br />
Expedition vom 25.05.2003<br />
&#8222;FAROS &#8211; PAROS &#8211; FAROS&#8220;</p></div></div><div class='clear_column'></div></p>
<p style="text-align: right;"><a href="#seite_oben">natrag na vrh / Seitenanfang</a></p>
<hr />
<p><strong>Linkovi / Links</strong></p>
<p><a href="https://www.topohvar.at/topo/orte/sg/sg-is-44-2/"><span style="color: #3366ff;">Spomen ploča »u Parku Vorba &#8211; Maslice« / Gedenktafel Olivenbäume im Park Vorba</span></a></p>

<p>Ime / Name Spomen ploča »Olive iz Parosa« kod Sv. Nikole / Gedenktafel Olivenbaum aus Parosa bei der Kirche St. Nikola Code: SG-IS-50                                      &hellip; <a href="https://www.topohvar.at/topo/orte/sg/sg-is-50-2/">Weiterlesen <span class="meta-nav">&rarr;</span></a></p>
