{"id":33476,"date":"2020-03-15T11:14:26","date_gmt":"2020-03-15T10:14:26","guid":{"rendered":"https:\/\/www.topohvar.at\/topo\/?page_id=33476"},"modified":"2021-12-02T13:31:46","modified_gmt":"2021-12-02T12:31:46","slug":"os-pv-01-1","status":"publish","type":"page","link":"https:\/\/www.topohvar.at\/topo\/orte\/os\/os-pv-01-1\/","title":{"rendered":"OTOK \u0160\u0106EDRO &#8211; Povodni arheolo\u0161ki lokalitet \u00bbanti\u010dki brodolom\u00ab"},"content":{"rendered":"<p><a name=\"seite_oben\"><\/a><br \/>\n<img loading=\"lazy\" decoding=\"async\" class=\"wp-image-33481 size-full alignleft\" src=\"https:\/\/www.topohvar.at\/wp-content\/uploads\/2020\/03\/os-pv-01-10.jpg\" alt=\"\" width=\"640\" height=\"314\" srcset=\"https:\/\/www.topohvar.at\/wp-content\/uploads\/2020\/03\/os-pv-01-10.jpg 640w, https:\/\/www.topohvar.at\/wp-content\/uploads\/2020\/03\/os-pv-01-10-300x147.jpg 300w\" sizes=\"auto, (max-width: 640px) 100vw, 640px\" \/><\/p>\n<p><strong>Ime \/ Name<br \/>\n<\/strong>Povodni arheolo\u0161ki lokalitet \u00bbanti\u010dki brodolom\u00ab \/ Arch\u00e4ologische St\u00e4tte &#8211; antikes Schiffswrack<\/p>\n<p><strong>Code: <\/strong>OS-PV-01\u00a0 \u00a0 \u00a0 \u00a0 \u00a0 \u00a0 \u00a0 \u00a0 \u00a0 \u00a0 \u00a0 \u00a0 \u00a0 \u00a0 \u00a0 \u00a0 \u00a0 \u00a0 \u00a0<strong><a href=\"https:\/\/www.topohvar.at\/orte\/os\/os-po-01-1\/\"><img loading=\"lazy\" decoding=\"async\" class=\"alignnone wp-image-533 size-full\" src=\"https:\/\/www.topohvar.at\/wp-content\/uploads\/2018\/07\/push-l-30.jpg\" alt=\"\" width=\"61\" height=\"30\" \/><\/a> <a href=\"https:\/\/www.topohvar.at\/orte\/os\/\"><img loading=\"lazy\" decoding=\"async\" class=\"alignnone wp-image-535 size-full\" src=\"https:\/\/www.topohvar.at\/wp-content\/uploads\/2018\/07\/push-o-30.jpg\" alt=\"\" width=\"61\" height=\"30\" \/><\/a> <a href=\"https:\/\/www.topohvar.at\/orte\/os\/os-pg-01-1\/\"><img loading=\"lazy\" decoding=\"async\" class=\"alignnone wp-image-536 size-full\" src=\"https:\/\/www.topohvar.at\/wp-content\/uploads\/2018\/07\/push-r-30.jpg\" alt=\"\" width=\"61\" height=\"30\" \/><\/a>\u00a0<\/strong><\/p>\n<hr \/>\n<p><strong>Adresa \/ Adresse<br \/>\n<\/strong>Hvar, \u0160\u0107edrovski kanal<\/p>\n<p><strong>Lokacija \/ Position<img loading=\"lazy\" decoding=\"async\" class=\"alignright wp-image-33493\" src=\"https:\/\/www.topohvar.at\/wp-content\/uploads\/2020\/03\/2125.jpg\" alt=\"\" width=\"134\" height=\"100\" \/><br \/>\n<\/strong>Latitude: N 43,10\u00b0\u00a0 \u00a0Longitude: E 16,67\u00b0 <strong><br \/>\n<\/strong>Visina \/ H\u00f6he: -43 m<\/p>\n<p><strong>Katastarska \u010destica <\/strong><strong>\/ Grundst\u00fccke<br \/>\n<\/strong>&#8211;<div class='content-column one_half'><div style=\"padding-right:6px;\"><p><strong>Datum snimanja \/ Erfassungsdatum<br \/>\n<\/strong>01.01.2000 00:00:00<\/p>\n<hr \/>\n<p><strong>Informacije<\/strong><\/p>\n<p>U studenom 2017. godine uz sjevernu obalu otoka \u0160\u0107edra prona\u0111en je anti\u010dki brodolom. Ve\u0107 pri prvom pregledu bilo je jasno da se radi o cjelovito o\u010duvanom anti\u010dkom brodu s teretom rimskih republikanskih amfora tipa Lamboglia 2. Ostaci tereta broda le\u017ee na pjeskovitom, gotovo ravnom morskom dnu, na dubini od 43 metra. Dimenzije povr\u0161inskog rasprostiranja brodoloma su 15 x 6m. Vidljivo je oko 120 amfora poslaganih u tri reda. Ve\u0107ina amfora je cjelovita, a samo ih je manji broj o\u0161te\u0107en prilikom potonu\u0107a broda.<\/p><\/div><\/div><div class='content-column one_half last_column'><div style=\"padding-right:0px;padding-left:6px;\"><p><strong>Stupanj za\u0161tite <\/strong><strong>\/ Schutzstellung<br \/>\n<\/strong>Z-0079<\/p>\n<hr \/>\n<p><strong>Info<\/strong><\/p>\n<p>Im November 2017 wurde an der Nordk\u00fcste der Insel Scedro ein altes Schiffswrack gefunden. Bei der ersten Inspektion wurde klar, dass es sich um ein vollst\u00e4ndig erhaltenes altes Schiff handelte, das die Ladung r\u00f6mischer republikanischer Amphoren vom Typ Lamboglia 2 bef\u00f6rderte. Die \u00dcberreste der Schiffsladung liegen auf einem sandigen, fast flachen Meeresboden in einer Tiefe von 43 Metern. Die Abmessungen der Oberfl\u00e4che des Schiffswracks betragen 15 x 6 m. Etwa 120 Amphoren sind in drei Reihen angeordnet. Die meisten Amphoren sind vollst\u00e4ndig und nur eine kleine Anzahl wird besch\u00e4digt, wenn das Schiff sinkt.<\/p><\/div><\/div><div class='clear_column'><\/div><div class='content-column one_half'><div style=\"padding-right:6px;\"><p><img loading=\"lazy\" decoding=\"async\" class=\"aligncenter size-medium wp-image-33467\" src=\"https:\/\/www.topohvar.at\/wp-content\/uploads\/2020\/03\/os-pv-01-11-300x300.jpg\" alt=\"\" width=\"300\" height=\"300\" srcset=\"https:\/\/www.topohvar.at\/wp-content\/uploads\/2020\/03\/os-pv-01-11.jpg 300w, https:\/\/www.topohvar.at\/wp-content\/uploads\/2020\/03\/os-pv-01-11-150x150.jpg 150w\" sizes=\"auto, (max-width: 300px) 100vw, 300px\" \/>Obavljena su i probna ispitivanje morskog dna te je utvr\u0111eno postojanje amfora u dubljim slojevima pijeska i mulja. Novoprona\u0111eni brodolom jedan od najzna\u010dajnijih arheolo\u0161kih lokaliteta u podmorju Splitsko-dalmatinske \u017eupanije po stupanju o\u010duvanosti i brojnosti nalaza te je prekriven metalnim za\u0161titnim kavezom u svrhu o\u010duvanja i prezentacije.<\/p><\/div><\/div><div class='content-column one_half last_column'><div style=\"padding-right:0px;padding-left:6px;\"><p><img loading=\"lazy\" decoding=\"async\" class=\"aligncenter size-medium wp-image-33468\" src=\"https:\/\/www.topohvar.at\/wp-content\/uploads\/2020\/03\/os-pv-01-12-300x300.jpg\" alt=\"\" width=\"300\" height=\"300\" srcset=\"https:\/\/www.topohvar.at\/wp-content\/uploads\/2020\/03\/os-pv-01-12.jpg 300w, https:\/\/www.topohvar.at\/wp-content\/uploads\/2020\/03\/os-pv-01-12-150x150.jpg 150w\" sizes=\"auto, (max-width: 300px) 100vw, 300px\" \/>Ein Meeresbodentest wurde ebenfalls durchgef\u00fchrt, um das Vorhandensein von Amphoren in tieferen Sand- und Schlickschichten festzustellen. Das neu gefundene Schiffswrack ist eine der wichtigsten arch\u00e4ologischen St\u00e4tten in der Unterwasserregion des Landkreises Split-Dalmatien im Hinblick auf die Erhaltung und F\u00fclle der Funde und ist zu Konservierungs- und Pr\u00e4sentationszwecken mit einem Metallschutzk\u00e4fig bedeckt.<\/p><\/div><\/div><div class='clear_column'><\/div><\/p>\n<p style=\"text-align: center;\"><em>(Izvor \/ Quelle: Podvodna Ba\u0161tina, Splitsko-Dalmatinske \u017dupanje, kulturno-turisti\u010dki vodi\u010d)<\/em><\/p>\n<p style=\"text-align: right;\"><span style=\"color: #3366ff;\"><a style=\"color: #3366ff;\" href=\"#seite_oben\">natrag na vrh \/ Seitenanfang<\/a><\/span><\/p>\n<hr \/>\n<p><strong>Linkovi \/ Links<\/strong><\/p>\n<p><span style=\"color: #3366ff;\">&#8211;<\/span><\/p>\n","protected":false},"excerpt":{"rendered":"<p>Ime \/ Name Povodni arheolo\u0161ki lokalitet \u00bbanti\u010dki brodolom\u00ab \/ Arch\u00e4ologische St\u00e4tte &#8211; antikes Schiffswrack Code: OS-PV-01\u00a0 \u00a0 \u00a0 \u00a0 \u00a0 \u00a0 \u00a0 \u00a0 \u00a0 \u00a0 \u00a0 \u00a0 \u00a0 \u00a0 \u00a0 \u00a0 \u00a0 \u00a0 \u00a0 \u00a0 Adresa \/ Adresse Hvar, \u0160\u0107edrovski &hellip; <a href=\"https:\/\/www.topohvar.at\/topo\/orte\/os\/os-pv-01-1\/\">Weiterlesen <span class=\"meta-nav\">&rarr;<\/span><\/a><\/p>\n","protected":false},"author":1,"featured_media":0,"parent":121,"menu_order":0,"comment_status":"closed","ping_status":"closed","template":"","meta":{"footnotes":""},"class_list":["post-33476","page","type-page","status-publish","hentry"],"_links":{"self":[{"href":"https:\/\/www.topohvar.at\/topo\/wp-json\/wp\/v2\/pages\/33476","targetHints":{"allow":["GET"]}}],"collection":[{"href":"https:\/\/www.topohvar.at\/topo\/wp-json\/wp\/v2\/pages"}],"about":[{"href":"https:\/\/www.topohvar.at\/topo\/wp-json\/wp\/v2\/types\/page"}],"author":[{"embeddable":true,"href":"https:\/\/www.topohvar.at\/topo\/wp-json\/wp\/v2\/users\/1"}],"replies":[{"embeddable":true,"href":"https:\/\/www.topohvar.at\/topo\/wp-json\/wp\/v2\/comments?post=33476"}],"version-history":[{"count":12,"href":"https:\/\/www.topohvar.at\/topo\/wp-json\/wp\/v2\/pages\/33476\/revisions"}],"predecessor-version":[{"id":54238,"href":"https:\/\/www.topohvar.at\/topo\/wp-json\/wp\/v2\/pages\/33476\/revisions\/54238"}],"up":[{"embeddable":true,"href":"https:\/\/www.topohvar.at\/topo\/wp-json\/wp\/v2\/pages\/121"}],"wp:attachment":[{"href":"https:\/\/www.topohvar.at\/topo\/wp-json\/wp\/v2\/media?parent=33476"}],"curies":[{"name":"wp","href":"https:\/\/api.w.org\/{rel}","templated":true}]}}