{"id":33623,"date":"2020-03-18T08:59:53","date_gmt":"2020-03-18T07:59:53","guid":{"rendered":"https:\/\/www.topohvar.at\/topo\/?page_id=33623"},"modified":"2024-04-25T17:51:31","modified_gmt":"2024-04-25T15:51:31","slug":"va-tg-11-1","status":"publish","type":"page","link":"https:\/\/www.topohvar.at\/topo\/orte\/va\/va-tg-11-1\/","title":{"rendered":"VRBOSKA &#8211; Ostaci \u00bbvjetrenja\u010de na Vete\u017einji hum\u00ab"},"content":{"rendered":"<p><strong><img loading=\"lazy\" decoding=\"async\" class=\"alignnone wp-image-387 size-full\" src=\"https:\/\/www.topohvar.at\/wp-content\/uploads\/2018\/07\/00-00-00-1.jpg\" alt=\"\" width=\"114\" height=\"56\" \/><\/strong><\/p>\n<p><strong>Ime \/ Name<br \/>\n<\/strong>Ostaci \u00bbvjetrenja\u010de na Vete\u017einji hum\u00ab\/ Reste der Windm\u00fchle am Berg Vete\u017einji<\/p>\n<p><strong>Code: <\/strong>VA-TG-11\u00a0 \u00a0 \u00a0 \u00a0 \u00a0 \u00a0 \u00a0 \u00a0<strong>\u00a0 \u00a0 \u00a0 \u00a0 \u00a0 \u00a0 \u00a0 \u00a0 \u00a0 \u00a0<a href=\"https:\/\/www.topohvar.at\/orte\/va\/va-tg-10-2\/\"><img loading=\"lazy\" decoding=\"async\" class=\"alignnone wp-image-533 size-full\" src=\"https:\/\/www.topohvar.at\/wp-content\/uploads\/2018\/07\/push-l-30.jpg\" alt=\"\" width=\"61\" height=\"30\" \/><\/a>\u00a0<a href=\"https:\/\/www.topohvar.at\/orte\/va\/\"><img loading=\"lazy\" decoding=\"async\" class=\"alignnone wp-image-535 size-full\" src=\"https:\/\/www.topohvar.at\/wp-content\/uploads\/2018\/07\/push-o-30.jpg\" alt=\"\" width=\"61\" height=\"30\" \/><\/a>\u00a0<a href=\"https:\/\/www.topohvar.at\/orte\/va\/va-tg-02-1\/\"><img loading=\"lazy\" decoding=\"async\" class=\"alignnone wp-image-536 size-full\" src=\"https:\/\/www.topohvar.at\/wp-content\/uploads\/2018\/07\/push-r-30.jpg\" alt=\"\" width=\"61\" height=\"30\" \/><\/a><\/strong><\/p>\n<hr \/>\n<p><strong>Adresa \/ Adresse<br \/>\n<\/strong>Vrboska, Vete\u017einji hum<\/p>\n<p><strong>Lokalna polo\u017eaj \/ Position<a href=\"https:\/\/goo.gl\/maps\/75c5kfq4NZADc8ht7\"><img loading=\"lazy\" decoding=\"async\" class=\"alignright wp-image-6229\" src=\"https:\/\/www.topohvar.at\/wp-content\/uploads\/2018\/08\/0881.jpg\" alt=\"\" width=\"133\" height=\"100\" \/><\/a><br \/>\n<\/strong><span style=\"color: #3366ff;\"><a style=\"color: #3366ff;\" href=\"https:\/\/goo.gl\/maps\/75c5kfq4NZADc8ht7\">Latitude: N 43,18935\u00b0\u00a0 \u00a0 Longitude: E 16,65842\u00b0\u00a0<\/a><\/span><strong><br \/>\n<\/strong>Visina \/ H\u00f6he: 126 m<\/p>\n<p><strong>Zemlji\u0161te \/ Grundst\u00fccke<br \/>\n<\/strong>455\/1<div class='content-column one_half'><div style=\"padding-right:6px;\"><p><strong>Datum snimanja \/ Erfassungsdatum<br \/>\n<\/strong>17.06.2020 10:00:00<\/p>\n<hr \/>\n<p><strong>Informacije<\/strong><\/p>\n<p>Na uzvisini Vete\u017einji hum i danas se vide ostaci vjetrenog mlina koji je prema rije\u010dima kaziva\u010da bio gra\u0111en u vrijeme prve austrijske uprave na prijelazu 18. i 19 stolje\u0107a. Jo\u0161 dvije vjetrenja\u010de su bile u Hvaru i dvije u Starom Gradu.<\/p><\/div><\/div><div class='content-column one_half last_column'><div style=\"padding-right:0px;padding-left:6px;\"><p><strong>Za\u0161titni polo\u017eaj \/ Schutzstellung<br \/>\n<\/strong>&#8211;<\/p>\n<hr \/>\n<p><strong>Info<\/strong><\/p>\n<p>Die \u00dcberreste der Windm\u00fchle, die w\u00e4hrend der ersten \u00f6sterreichischen Herrschaft um die Wende vom 18. zum 19. Jahrhundert erbaut wurde, sind noch heute auf der H\u00f6he des Vete\u017einji Hum zu sehen. Zwei weitere Windm\u00fchlen befanden sich in Hvar und zwei in Stari Grad.<\/p><\/div><\/div><div class='clear_column'><\/div><\/p>\n<p style=\"text-align: center;\"><em>(Izvor \/ Quelle: Konzervatorska podloga kulturnog krajolika Starogradsko polje)<\/em><\/p>\n<hr \/>\n<p><strong>Linkovi \/ Links<\/strong><\/p>\n<p><a href=\"https:\/\/www.topohvar.at\/topo\/orte\/va\/va-cz-03-1\/\"><span style=\"color: #3366ff;\">Kri\u017e \u00bbNa Vetezinji hum\u00ab \/ Gipfelkreuz am Berg Vetezinji<\/span><\/a><\/p>\n","protected":false},"excerpt":{"rendered":"<p>Ime \/ Name Ostaci \u00bbvjetrenja\u010de na Vete\u017einji hum\u00ab\/ Reste der Windm\u00fchle am Berg Vete\u017einji Code: VA-TG-11\u00a0 \u00a0 \u00a0 \u00a0 \u00a0 \u00a0 \u00a0 \u00a0\u00a0 \u00a0 \u00a0 \u00a0 \u00a0 \u00a0 \u00a0 \u00a0 \u00a0 \u00a0\u00a0\u00a0 Adresa \/ Adresse Vrboska, Vete\u017einji hum Lokalna polo\u017eaj &hellip; <a href=\"https:\/\/www.topohvar.at\/topo\/orte\/va\/va-tg-11-1\/\">Weiterlesen <span class=\"meta-nav\">&rarr;<\/span><\/a><\/p>\n","protected":false},"author":1,"featured_media":0,"parent":109,"menu_order":0,"comment_status":"closed","ping_status":"closed","template":"","meta":{"footnotes":""},"class_list":["post-33623","page","type-page","status-publish","hentry"],"_links":{"self":[{"href":"https:\/\/www.topohvar.at\/topo\/wp-json\/wp\/v2\/pages\/33623","targetHints":{"allow":["GET"]}}],"collection":[{"href":"https:\/\/www.topohvar.at\/topo\/wp-json\/wp\/v2\/pages"}],"about":[{"href":"https:\/\/www.topohvar.at\/topo\/wp-json\/wp\/v2\/types\/page"}],"author":[{"embeddable":true,"href":"https:\/\/www.topohvar.at\/topo\/wp-json\/wp\/v2\/users\/1"}],"replies":[{"embeddable":true,"href":"https:\/\/www.topohvar.at\/topo\/wp-json\/wp\/v2\/comments?post=33623"}],"version-history":[{"count":8,"href":"https:\/\/www.topohvar.at\/topo\/wp-json\/wp\/v2\/pages\/33623\/revisions"}],"predecessor-version":[{"id":66937,"href":"https:\/\/www.topohvar.at\/topo\/wp-json\/wp\/v2\/pages\/33623\/revisions\/66937"}],"up":[{"embeddable":true,"href":"https:\/\/www.topohvar.at\/topo\/wp-json\/wp\/v2\/pages\/109"}],"wp:attachment":[{"href":"https:\/\/www.topohvar.at\/topo\/wp-json\/wp\/v2\/media?parent=33623"}],"curies":[{"name":"wp","href":"https:\/\/api.w.org\/{rel}","templated":true}]}}

VRBOSKA &#8211; Ostaci »vjetrenjače na Vetežinji hum«

<p><strong><img loading="lazy" decoding="async" class="alignnone wp-image-387 size-full" src="https://www.topohvar.at/wp-content/uploads/2018/07/00-00-00-1.jpg" alt="" width="114" height="56" /></strong></p>
<p><strong>Ime / Name<br />
</strong>Ostaci »vjetrenjače na Vetežinji hum«/ Reste der Windmühle am Berg Vetežinji</p>
<p><strong>Code: </strong>VA-TG-11               <strong>                   <a href="https://www.topohvar.at/orte/va/va-tg-10-2/"><img loading="lazy" decoding="async" class="alignnone wp-image-533 size-full" src="https://www.topohvar.at/wp-content/uploads/2018/07/push-l-30.jpg" alt="" width="61" height="30" /></a> <a href="https://www.topohvar.at/orte/va/"><img loading="lazy" decoding="async" class="alignnone wp-image-535 size-full" src="https://www.topohvar.at/wp-content/uploads/2018/07/push-o-30.jpg" alt="" width="61" height="30" /></a> <a href="https://www.topohvar.at/orte/va/va-tg-02-1/"><img loading="lazy" decoding="async" class="alignnone wp-image-536 size-full" src="https://www.topohvar.at/wp-content/uploads/2018/07/push-r-30.jpg" alt="" width="61" height="30" /></a></strong></p>
<hr />
<p><strong>Adresa / Adresse<br />
</strong>Vrboska, Vetežinji hum</p>
<p><strong>Lokalna položaj / Position<a href="https://goo.gl/maps/75c5kfq4NZADc8ht7"><img loading="lazy" decoding="async" class="alignright wp-image-6229" src="https://www.topohvar.at/wp-content/uploads/2018/08/0881.jpg" alt="" width="133" height="100" /></a><br />
</strong><span style="color: #3366ff;"><a style="color: #3366ff;" href="https://goo.gl/maps/75c5kfq4NZADc8ht7">Latitude: N 43,18935°    Longitude: E 16,65842° </a></span><strong><br />
</strong>Visina / Höhe: 126 m</p>
<p><strong>Zemljište / Grundstücke<br />
</strong>455/1<div class='content-column one_half'><div style="padding-right:6px;"><p><strong>Datum snimanja / Erfassungsdatum<br />
</strong>17.06.2020 10:00:00</p>
<hr />
<p><strong>Informacije</strong></p>
<p>Na uzvisini Vetežinji hum i danas se vide ostaci vjetrenog mlina koji je prema riječima kazivača bio građen u vrijeme prve austrijske uprave na prijelazu 18. i 19 stoljeća. Još dvije vjetrenjače su bile u Hvaru i dvije u Starom Gradu.</p></div></div><div class='content-column one_half last_column'><div style="padding-right:0px;padding-left:6px;"><p><strong>Zaštitni položaj / Schutzstellung<br />
</strong>&#8211;</p>
<hr />
<p><strong>Info</strong></p>
<p>Die Überreste der Windmühle, die während der ersten österreichischen Herrschaft um die Wende vom 18. zum 19. Jahrhundert erbaut wurde, sind noch heute auf der Höhe des Vetežinji Hum zu sehen. Zwei weitere Windmühlen befanden sich in Hvar und zwei in Stari Grad.</p></div></div><div class='clear_column'></div></p>
<p style="text-align: center;"><em>(Izvor / Quelle: Konzervatorska podloga kulturnog krajolika Starogradsko polje)</em></p>
<hr />
<p><strong>Linkovi / Links</strong></p>
<p><a href="https://www.topohvar.at/topo/orte/va/va-cz-03-1/"><span style="color: #3366ff;">Križ »Na Vetezinji hum« / Gipfelkreuz am Berg Vetezinji</span></a></p>

<p>Ime / Name Ostaci »vjetrenjače na Vetežinji hum«/ Reste der Windmühle am Berg Vetežinji Code: VA-TG-11                                     Adresa / Adresse Vrboska, Vetežinji hum Lokalna položaj &hellip; <a href="https://www.topohvar.at/topo/orte/va/va-tg-11-1/">Weiterlesen <span class="meta-nav">&rarr;</span></a></p>
