{"id":3462,"date":"2018-08-06T14:31:10","date_gmt":"2018-08-06T12:31:10","guid":{"rendered":"https:\/\/www.topohvar.at\/?page_id=3462"},"modified":"2025-05-19T16:50:37","modified_gmt":"2025-05-19T14:50:37","slug":"sg-in-35-2","status":"publish","type":"page","link":"https:\/\/www.topohvar.at\/topo\/orte\/sg\/sg-in-35-2\/","title":{"rendered":"STARI GRAD &#8211; Natpis \u00bbHarna G.\u00ab"},"content":{"rendered":"<p><a name=\"seite_oben\"><\/a><br \/>\n<img loading=\"lazy\" decoding=\"async\" class=\"alignnone wp-image-3455 size-large\" src=\"https:\/\/www.topohvar.at\/wp-content\/uploads\/2018\/08\/SG-Is-38-1-1024x503.jpg\" alt=\"\" width=\"640\" height=\"314\" srcset=\"https:\/\/www.topohvar.at\/wp-content\/uploads\/2018\/08\/SG-Is-38-1-1024x503.jpg 1024w, https:\/\/www.topohvar.at\/wp-content\/uploads\/2018\/08\/SG-Is-38-1-300x147.jpg 300w, https:\/\/www.topohvar.at\/wp-content\/uploads\/2018\/08\/SG-Is-38-1-768x377.jpg 768w\" sizes=\"auto, (max-width: 640px) 100vw, 640px\" \/><\/p>\n<p><strong>Ime \/ Name<br \/>\n<\/strong>Natpis \/ Inschrift \u00bbHarna G.\u00ab<\/p>\n<p><strong>Code: <\/strong>SG-IN-35\u00a0 \u00a0 \u00a0 \u00a0 \u00a0 \u00a0 \u00a0 \u00a0 \u00a0 \u00a0 \u00a0 \u00a0 \u00a0 \u00a0 \u00a0 \u00a0 \u00a0 \u00a0 <strong>\u00a0<a href=\"https:\/\/www.topohvar.at\/orte\/sg\/sg-in-43-1\/\"><img loading=\"lazy\" decoding=\"async\" class=\"alignnone wp-image-533 size-full\" src=\"https:\/\/www.topohvar.at\/wp-content\/uploads\/2018\/07\/push-l-30.jpg\" alt=\"\" width=\"61\" height=\"30\" \/><\/a> <a href=\"https:\/\/www.topohvar.at\/orte\/sg\/\"><img loading=\"lazy\" decoding=\"async\" class=\"alignnone wp-image-535 size-full\" src=\"https:\/\/www.topohvar.at\/wp-content\/uploads\/2018\/07\/push-o-30.jpg\" alt=\"\" width=\"61\" height=\"30\" \/><\/a> <a href=\"https:\/\/www.topohvar.at\/orte\/sg\/sg-in-44-1\/\"><img loading=\"lazy\" decoding=\"async\" class=\"alignnone wp-image-536 size-full\" src=\"https:\/\/www.topohvar.at\/wp-content\/uploads\/2018\/07\/push-r-30.jpg\" alt=\"\" width=\"61\" height=\"30\" \/><\/a><\/strong><\/p>\n<hr \/>\n<p><strong>Adresa \/ Adresse<br \/>\n<\/strong>Stari Grad, Polje, put na Dol \/ Stari Grader Ebene, Stra\u00dfe nach Dol<\/p>\n<p><strong>Lokacija \/ Position<a href=\"https:\/\/goo.gl\/maps\/k3qUvFGrgSCQPCuB8\"><img loading=\"lazy\" decoding=\"async\" class=\"alignright wp-image-3465\" src=\"https:\/\/www.topohvar.at\/wp-content\/uploads\/2018\/08\/0591.jpg\" alt=\"\" width=\"133\" height=\"100\" \/><\/a><br \/>\n<\/strong><span style=\"color: #3366ff;\"><a style=\"color: #3366ff;\" href=\"https:\/\/goo.gl\/maps\/k3qUvFGrgSCQPCuB8\">Latitude: N 43,17933\u00b0\u00a0 \u00a0Longitude: E 16,61113\u00b0<\/a> <\/span><strong><br \/>\n<\/strong>Visina \/ H\u00f6he: 22 m<\/p>\n<p><strong>Katastarska \u010destica \/ Grundst\u00fccke<br \/>\n<\/strong>4584<div class='content-column one_half'><div style=\"padding-right:6px;\"><p><strong>Datum snimanja \/ Erfassungsdatum<br \/>\n<\/strong>10.05.2015 19:01:38<\/p>\n<hr \/>\n<p><strong>Informacije<\/strong><\/p>\n<p>Na zidu ograde na putu prema Dolu nalazi se sljede\u0107i natpis:<\/p><\/div><\/div><div class='content-column one_half last_column'><div style=\"padding-right:0px;padding-left:6px;\"><p><strong>Stupanj za\u0161tite \/ Schutzstellung<br \/>\n<\/strong>&#8211;<\/p>\n<hr \/>\n<p><strong>Info<\/strong><\/p>\n<p>In einer Einfriedungsmauer an der Stra\u00dfe nach Dol befindet sich folgende Inschrift:<\/p><\/div><\/div><div class='clear_column'><\/div><\/p>\n<p style=\"text-align: center;\">HARNA G<br \/>\nU DO ILIIC SAG<br \/>\n25 \/ 6 \/ 97<\/p>\n<div class='content-column one_half'><div style=\"padding-right:6px;\"><p>Natpis na hrvatskom jeziku (iako te\u0161ko razumljiv) nalazi se do ulaznih vrata u jedno polje (vinograd) s lijeve strane ceste u pravcu Dola, blizu crkvice sv. Jeline. Natpis sadr\u017ei nekoliko razumljivih rije\u010di: &#8218;harna&#8216; &#8211; zahvalna, &#8218; U Do&#8216; (lu), &#8218;iliji\u0107&#8216; (prezime poznate familije Bobotovih &#8211; mo\u017eda prvih vlasnika polja, &#8217;sag'(radi), te datum 23\/6\/97 (1897).<\/p><\/div><\/div><div class='content-column one_half last_column'><div style=\"padding-right:0px;padding-left:6px;\"><p>Die Inschrift in kroatischer Sprache (obwohl schwer zu verstehen) befindet sich neben der Eingangst\u00fcr zu einem Feld (Weinberg) auf der linken Stra\u00dfenseite in Richtung Dol in der N\u00e4he der Kirche St. Jeline. Die Inschrift enth\u00e4lt mehrere verst\u00e4ndliche W\u00f6rter: &#8218;harna&#8216; &#8211; dankbar, &#8218;U Do&#8216; (lu), &#8218;iliji\u0107&#8216; (Familienname der belannten Familie Bobotov &#8211; vielleicht die ersten Besitzer des Feldes, &#8217;sag&#8216; (Werke) und das Datum 23\/6\/97 (1897).<\/p><\/div><\/div><div class='clear_column'><\/div><\/p>\n<p style=\"text-align: right;\"><span style=\"color: #3366ff;\"><a style=\"color: #3366ff;\" href=\"#seite_oben\">natrag na vrh \/ Seitenanfang<\/a><\/span><\/p>\n<hr \/>\n<p><strong>Linkovi \/ Links<\/strong><\/p>\n<p>&#8211;<\/p>\n","protected":false},"excerpt":{"rendered":"<p>Ime \/ Name Natpis \/ Inschrift \u00bbHarna G.\u00ab Code: SG-IN-35\u00a0 \u00a0 \u00a0 \u00a0 \u00a0 \u00a0 \u00a0 \u00a0 \u00a0 \u00a0 \u00a0 \u00a0 \u00a0 \u00a0 \u00a0 \u00a0 \u00a0 \u00a0 \u00a0 Adresa \/ Adresse Stari Grad, Polje, put na Dol \/ Stari Grader &hellip; <a href=\"https:\/\/www.topohvar.at\/topo\/orte\/sg\/sg-in-35-2\/\">Weiterlesen <span class=\"meta-nav\">&rarr;<\/span><\/a><\/p>\n","protected":false},"author":1,"featured_media":0,"parent":99,"menu_order":0,"comment_status":"closed","ping_status":"closed","template":"","meta":{"footnotes":""},"class_list":["post-3462","page","type-page","status-publish","hentry"],"_links":{"self":[{"href":"https:\/\/www.topohvar.at\/topo\/wp-json\/wp\/v2\/pages\/3462","targetHints":{"allow":["GET"]}}],"collection":[{"href":"https:\/\/www.topohvar.at\/topo\/wp-json\/wp\/v2\/pages"}],"about":[{"href":"https:\/\/www.topohvar.at\/topo\/wp-json\/wp\/v2\/types\/page"}],"author":[{"embeddable":true,"href":"https:\/\/www.topohvar.at\/topo\/wp-json\/wp\/v2\/users\/1"}],"replies":[{"embeddable":true,"href":"https:\/\/www.topohvar.at\/topo\/wp-json\/wp\/v2\/comments?post=3462"}],"version-history":[{"count":17,"href":"https:\/\/www.topohvar.at\/topo\/wp-json\/wp\/v2\/pages\/3462\/revisions"}],"predecessor-version":[{"id":72016,"href":"https:\/\/www.topohvar.at\/topo\/wp-json\/wp\/v2\/pages\/3462\/revisions\/72016"}],"up":[{"embeddable":true,"href":"https:\/\/www.topohvar.at\/topo\/wp-json\/wp\/v2\/pages\/99"}],"wp:attachment":[{"href":"https:\/\/www.topohvar.at\/topo\/wp-json\/wp\/v2\/media?parent=3462"}],"curies":[{"name":"wp","href":"https:\/\/api.w.org\/{rel}","templated":true}]}}