{"id":35747,"date":"2020-04-20T08:38:08","date_gmt":"2020-04-20T06:38:08","guid":{"rendered":"https:\/\/www.topohvar.at\/topo\/?page_id=35747"},"modified":"2021-12-01T14:08:08","modified_gmt":"2021-12-01T13:08:08","slug":"op-os-05-1","status":"publish","type":"page","link":"https:\/\/www.topohvar.at\/topo\/orte\/op\/op-os-05-1\/","title":{"rendered":"POKOJNI DOL &#8211; Objekt \u00bbSvjetionik Pokonji Dol\u00ab"},"content":{"rendered":"<p><a name=\"seite_oben\"><\/a><br \/>\n<img loading=\"lazy\" decoding=\"async\" class=\"alignnone wp-image-12839 size-full\" src=\"https:\/\/www.topohvar.at\/wp-content\/uploads\/2018\/10\/od-os-01-0.jpg\" alt=\"\" width=\"1080\" height=\"530\" srcset=\"https:\/\/www.topohvar.at\/wp-content\/uploads\/2018\/10\/od-os-01-0.jpg 1080w, https:\/\/www.topohvar.at\/wp-content\/uploads\/2018\/10\/od-os-01-0-300x147.jpg 300w, https:\/\/www.topohvar.at\/wp-content\/uploads\/2018\/10\/od-os-01-0-768x377.jpg 768w, https:\/\/www.topohvar.at\/wp-content\/uploads\/2018\/10\/od-os-01-0-1024x503.jpg 1024w\" sizes=\"auto, (max-width: 1080px) 100vw, 1080px\" \/><\/p>\n<p><strong>Ime \/ Name<br \/>\n<\/strong>Objekt \u00bbSvjetionik Pokonji Dol\u00ab<\/p>\n<p><strong>Code: <\/strong>OP-OS-05\u00a0 \u00a0 \u00a0 \u00a0 \u00a0 \u00a0 \u00a0 \u00a0 \u00a0 \u00a0 \u00a0 \u00a0 \u00a0 \u00a0 \u00a0 \u00a0 <strong>\u00a0<a href=\"https:\/\/www.topohvar.at\/orte\/op\/op-op-01-1\/\"><img loading=\"lazy\" decoding=\"async\" class=\"alignnone wp-image-12300 size-full\" src=\"https:\/\/www.topohvar.at\/wp-content\/uploads\/2018\/09\/push-vor-30.jpg\" alt=\"\" width=\"61\" height=\"30\" \/><\/a><\/strong> <strong> <a href=\"https:\/\/www.topohvar.at\/orte\/op\/op-os-04\/\"><img loading=\"lazy\" decoding=\"async\" class=\"alignnone wp-image-533 size-full\" src=\"https:\/\/www.topohvar.at\/wp-content\/uploads\/2018\/07\/push-l-30.jpg\" alt=\"\" width=\"61\" height=\"30\" \/><\/a> <a href=\"https:\/\/www.topohvar.at\/orte\/op\/\"><img loading=\"lazy\" decoding=\"async\" class=\"alignnone wp-image-535 size-full\" src=\"https:\/\/www.topohvar.at\/wp-content\/uploads\/2018\/07\/push-o-30.jpg\" alt=\"\" width=\"61\" height=\"30\" \/><\/a> <a href=\"https:\/\/www.topohvar.at\/orte\/op\/op-os-01-1\/\"><img loading=\"lazy\" decoding=\"async\" class=\"alignnone wp-image-536 size-full\" src=\"https:\/\/www.topohvar.at\/wp-content\/uploads\/2018\/07\/push-r-30.jpg\" alt=\"\" width=\"61\" height=\"30\" \/><\/a> <a href=\"https:\/\/www.topohvar.at\/orte\/op\/op-ov-01-1\/\"><img loading=\"lazy\" decoding=\"async\" class=\"alignnone wp-image-12299 size-full\" src=\"https:\/\/www.topohvar.at\/wp-content\/uploads\/2018\/09\/push-next-30.jpg\" alt=\"\" width=\"61\" height=\"30\" \/><\/a> <\/strong><\/p>\n<hr \/>\n<p><strong>Adresa \/ Adresse<br \/>\n<\/strong>Oto\u010di\u0107 Pokojni Dol<\/p>\n<p><strong>Lokacija \/ Position<a href=\"https:\/\/goo.gl\/maps\/jFdFWDS25zzpYWVR6\"><img loading=\"lazy\" decoding=\"async\" class=\"wp-image-35604 alignright\" src=\"https:\/\/www.topohvar.at\/wp-content\/uploads\/2020\/04\/2519.jpg\" alt=\"\" width=\"134\" height=\"100\" \/><\/a><br \/>\n<\/strong><a href=\"https:\/\/goo.gl\/maps\/jFdFWDS25zzpYWVR6\"><span style=\"color: #3366ff;\">Latitude: N 43,15655\u00b0\u00a0 \u00a0Longitude: E 16,45257\u00b0<\/span><\/a><strong><br \/>\n<\/strong>Visina \/ H\u00f6he: 5 m<\/p>\n<p><strong>Katastarska \u010destica <\/strong><strong>\/ Grundst\u00fccke<br \/>\n<\/strong>*550, 3909 (DKP Hvar) <div class='content-column one_half'><div style=\"padding-right:6px;\"><p><strong>Datum snimanja \/ Erfassungsdatum<br \/>\n<\/strong>27.02.2017 10:00:00<\/p>\n<hr \/>\n<p><strong>Informacije<\/strong><\/p>\n<p><strong>Svjetionik &#8222;Pokojni dol&#8220;<\/strong><\/p>\n<p>Svjetionik Pokonji Dol nalazi se na istoimenom otoku, najisto\u010dnijem otoku Pakleni Otoki. Ozna\u010dava plovni put prema luci Hvar i Paklenom kanalu izme\u0111u otoka Hvara i Paklenih otoka. Otok na kojem se nalazi je mali. Duga je i \u0161irina oko 150 m, a najvi\u0161a to\u010dka otoka samo 5 metara iznad razine vode. Svjetionik je sagra\u0111en 1872. godine. U sredini dvokatne kamene ku\u0107e nalazi se \u010detvrtasti kameni toranj u kojem se nalazi svjetlost svjetionika. U pro\u0161losti je svjetionikom upravljala svjetioni\u010dka posada, ali danas je automatizirana i daljinski upravljana.<\/p><\/div><\/div><div class='content-column one_half last_column'><div style=\"padding-right:0px;padding-left:6px;\"><p><strong>Stupanj za\u0161tite<\/strong><strong> \/ Schutzstellung<br \/>\n<\/strong>Z-6479<\/p>\n<hr \/>\n<p><strong>Info<\/strong><\/p>\n<p><strong>Leuchtturm &#8222;Pokojni dol&#8220;<\/strong><\/p>\n<p>Der Pokonji Dol Leuchtturm steht auf der gleichnamigen Insel, der \u00f6stlichsten Insel der Pakleni Otoki Inselgruppe. Es markiert die Wasserstra\u00dfe in Richtung des Hafens von Hvar und des Pakleni-Kanals zwischen der Insel Hvar und den Pakleni-Inseln. Die Insel, auf der es steht, ist klein. Es misst etwa 150 m in L\u00e4nge und Breite und der h\u00f6chste Punkt der Insel liegt nur 5 Meter \u00fcber dem Wasserspiegel. Der Leuchtturm wurde 1872 erbaut. In der Mitte des zweist\u00f6ckigen Steinhauses steht ein quadratischer Steinturm, in dem sich das Leuchtfeuer befindet. Fr\u00fcher wurde der Leuchtturm von einer Leuchtturmbesatzung betrieben, heute ist er automatisiert und ferngesteuert.<\/p><\/div><\/div><div class='clear_column'><\/div><div class='content-column one_half'><div style=\"padding-right:6px;\"><p>Svjetionik ima karakteristi\u010dne B Bl 4s (0,5 + 3,5) s 20 m 10 NM. Bijela bljeskalica u trajanju od 0,5 s pojavljuje se na svake 4 sekunde. Svjetlo je na visini od 20 m i vidljivo je 10 NM. Sjaji okolo (360 \u00b0). Osim glavnog svjetla, postoji i dodatno svjetlo koje djeluje ako glavno svjetlo ne uspije. To je vidljivo samo 5 NM. \u0160ifra svjetionika je 620 \/ E3410.<\/p><\/div><\/div><div class='content-column one_half last_column'><div style=\"padding-right:0px;padding-left:6px;\"><p>Der Leuchtturm hat die Charakteristik B Bl 4s (0,5 + 3,5) mit 20 m 10 NM. Alle 4 Sekunden erscheint ein wei\u00dfer Blitz von 0,5 s Dauer. Das Licht befindet sich in einer H\u00f6he von 20 m und ist 10 NM entfernt sichtbar. Es leuchtet rundum (360 \u00b0). Neben dem Hauptlicht gibt es auch ein Zusatzlicht, das bei Ausfall des Hauptlichts funktioniert. Dies ist nur 5 NM entfernt sichtbar. Der Beacon-Code lautet 620 \/ E3410.<\/p><\/div><\/div><div class='clear_column'><\/div><div class='content-column one_half'><div style=\"padding-right:6px;\"><p>Uz zgradu je sagra\u0111eno izvla\u010dili\u0161te za brodove. U svjetioniku se nalazi i stan od 120 \u010detvornih metara koji daje u zakup dr\u017eavna tvrtka <em>Plovput<\/em>.<\/p><\/div><\/div><div class='content-column one_half last_column'><div style=\"padding-right:0px;padding-left:6px;\"><p>Neben dem Geb\u00e4ude wurde eine Bootsluke gebaut. Der Leuchtturm beherbergt auch eine 120 Quadratmeter gro\u00dfe Wohnung, die vom staatlichen Unternehmen <em>Plovput<\/em> gemietet werden kann.<\/p><\/div><\/div><div class='clear_column'><\/div><\/p>\n<p><img loading=\"lazy\" decoding=\"async\" class=\"aligncenter size-full wp-image-35751\" src=\"https:\/\/www.topohvar.at\/wp-content\/uploads\/2020\/04\/op-os-05-5.jpg\" alt=\"\" width=\"160\" height=\"100\" \/><\/p>\n<div class='content-column one_half'><div style=\"padding-right:6px;\"><p>Zgrada je za\u0161ti\u0107eno kulturno dobro, vrsta: nepokretno kulturno dobro, klasifikacija: profana graditeljska ba\u0161tina, oznaka dobra: Z-6479<\/p><\/div><\/div><div class='content-column one_half last_column'><div style=\"padding-right:0px;padding-left:6px;\"><p>Das Geb\u00e4ude ist gesch\u00fctztes Kulturgut, Typ: unbewegliches individuelles Kulturgut, Klassifizierung: profanes architektonisches Erbe, Zahl: Z-6479<\/p><\/div><\/div><div class='clear_column'><\/div><\/p>\n<p style=\"text-align: right;\"><span style=\"color: #3366ff;\"><a style=\"color: #3366ff;\" href=\"#seite_oben\">natrag na vrh \/ Seitenanfang<\/a><\/span><\/p>\n<hr \/>\n<p><strong>Linkovi \/ Links<\/strong><\/p>\n<p><span style=\"color: #3366ff;\">&#8211;<\/span><\/p>\n","protected":false},"excerpt":{"rendered":"<p>Ime \/ Name Objekt \u00bbSvjetionik Pokonji Dol\u00ab Code: OP-OS-05\u00a0 \u00a0 \u00a0 \u00a0 \u00a0 \u00a0 \u00a0 \u00a0 \u00a0 \u00a0 \u00a0 \u00a0 \u00a0 \u00a0 \u00a0 \u00a0 \u00a0 Adresa \/ Adresse Oto\u010di\u0107 Pokojni Dol Lokacija \/ Position Latitude: N 43,15655\u00b0\u00a0 \u00a0Longitude: E 16,45257\u00b0 &hellip; <a href=\"https:\/\/www.topohvar.at\/topo\/orte\/op\/op-os-05-1\/\">Weiterlesen <span class=\"meta-nav\">&rarr;<\/span><\/a><\/p>\n","protected":false},"author":1,"featured_media":0,"parent":123,"menu_order":0,"comment_status":"closed","ping_status":"closed","template":"","meta":{"footnotes":""},"class_list":["post-35747","page","type-page","status-publish","hentry"],"_links":{"self":[{"href":"https:\/\/www.topohvar.at\/topo\/wp-json\/wp\/v2\/pages\/35747","targetHints":{"allow":["GET"]}}],"collection":[{"href":"https:\/\/www.topohvar.at\/topo\/wp-json\/wp\/v2\/pages"}],"about":[{"href":"https:\/\/www.topohvar.at\/topo\/wp-json\/wp\/v2\/types\/page"}],"author":[{"embeddable":true,"href":"https:\/\/www.topohvar.at\/topo\/wp-json\/wp\/v2\/users\/1"}],"replies":[{"embeddable":true,"href":"https:\/\/www.topohvar.at\/topo\/wp-json\/wp\/v2\/comments?post=35747"}],"version-history":[{"count":8,"href":"https:\/\/www.topohvar.at\/topo\/wp-json\/wp\/v2\/pages\/35747\/revisions"}],"predecessor-version":[{"id":54131,"href":"https:\/\/www.topohvar.at\/topo\/wp-json\/wp\/v2\/pages\/35747\/revisions\/54131"}],"up":[{"embeddable":true,"href":"https:\/\/www.topohvar.at\/topo\/wp-json\/wp\/v2\/pages\/123"}],"wp:attachment":[{"href":"https:\/\/www.topohvar.at\/topo\/wp-json\/wp\/v2\/media?parent=35747"}],"curies":[{"name":"wp","href":"https:\/\/api.w.org\/{rel}","templated":true}]}}