{"id":3579,"date":"2018-08-07T06:49:31","date_gmt":"2018-08-07T04:49:31","guid":{"rendered":"https:\/\/www.topohvar.at\/?page_id=3579"},"modified":"2021-06-29T21:06:59","modified_gmt":"2021-06-29T19:06:59","slug":"sg-mo-03-2","status":"publish","type":"page","link":"https:\/\/www.topohvar.at\/topo\/orte\/sg\/sg-mo-03-2\/","title":{"rendered":"STARI GRAD &#8211; Spomen kamen \u00bbpoginulim nogometa\u0161ima NK Jadran\u00ab"},"content":{"rendered":"<p><a name=\"seite_oben\"><\/a><br \/>\n<img loading=\"lazy\" decoding=\"async\" class=\"alignnone wp-image-3560 size-large\" src=\"https:\/\/www.topohvar.at\/wp-content\/uploads\/2018\/08\/SG-MO-03-1-1024x503.jpg\" alt=\"\" width=\"640\" height=\"314\" srcset=\"https:\/\/www.topohvar.at\/wp-content\/uploads\/2018\/08\/SG-MO-03-1-1024x503.jpg 1024w, https:\/\/www.topohvar.at\/wp-content\/uploads\/2018\/08\/SG-MO-03-1-300x147.jpg 300w, https:\/\/www.topohvar.at\/wp-content\/uploads\/2018\/08\/SG-MO-03-1-768x377.jpg 768w\" sizes=\"auto, (max-width: 640px) 100vw, 640px\" \/><\/p>\n<p><strong>Ime \/ Name<br \/>\n<\/strong>Spomen kamen \u00bbpoginulim nogometa\u0161ima NK Jadran\u00ab \/ Gedenkstein an die gefallenen Fu\u00dfballspieler<\/p>\n<p><strong>Code: <\/strong>SG-MO-03\u00a0 \u00a0 \u00a0 \u00a0 \u00a0 \u00a0 \u00a0 \u00a0 \u00a0 \u00a0 \u00a0 \u00a0 \u00a0 \u00a0 \u00a0 \u00a0 \u00a0 \u00a0\u00a0<strong><a href=\"https:\/\/www.topohvar.at\/orte\/sg\/sg-mo-02-2\/\"><img loading=\"lazy\" decoding=\"async\" class=\"alignnone wp-image-533 size-full\" src=\"https:\/\/www.topohvar.at\/wp-content\/uploads\/2018\/07\/push-l-30.jpg\" alt=\"\" width=\"61\" height=\"30\" \/><\/a> <a href=\"https:\/\/www.topohvar.at\/orte\/sg\/\"><img loading=\"lazy\" decoding=\"async\" class=\"alignnone wp-image-535 size-full\" src=\"https:\/\/www.topohvar.at\/wp-content\/uploads\/2018\/07\/push-o-30.jpg\" alt=\"\" width=\"61\" height=\"30\" \/><\/a> <a href=\"https:\/\/www.topohvar.at\/orte\/sg\/sg-mo-17-2\/\"><img loading=\"lazy\" decoding=\"async\" class=\"alignnone wp-image-536 size-full\" src=\"https:\/\/www.topohvar.at\/wp-content\/uploads\/2018\/07\/push-r-30.jpg\" alt=\"\" width=\"61\" height=\"30\" \/><\/a><\/strong><\/p>\n<hr \/>\n<p><strong>Adresa \/ Adresse<br \/>\n<\/strong>Stari Grad, nogometno igrali\u0161te<\/p>\n<p><strong>Lokacija \/ Position<a href=\"https:\/\/goo.gl\/maps\/ZyVpn97XCWKTtnCF7\"><img loading=\"lazy\" decoding=\"async\" class=\"alignright wp-image-3665\" src=\"https:\/\/www.topohvar.at\/wp-content\/uploads\/2018\/08\/0598.jpg\" alt=\"\" width=\"133\" height=\"100\" \/><\/a><br \/>\n<\/strong><span style=\"color: #3366ff;\"><a style=\"color: #3366ff;\" href=\"https:\/\/goo.gl\/maps\/ZyVpn97XCWKTtnCF7\">Latitude: N 43,18680\u00b0\u00a0 \u00a0Longitude: E 16,59964\u00b0<\/a> <\/span><strong><br \/>\n<\/strong>Visina \/ H\u00f6he: 18 m<\/p>\n<p><strong>Katastarska \u010destica \/ Grundst\u00fccke<br \/>\n<\/strong>7186<div class='content-column one_half'><div style=\"padding-right:6px;\"><p><strong>Datum snimanja \/ Erfassungsdatum<br \/>\n<\/strong>07.10.2014 16:10:39<\/p>\n<hr \/>\n<p><strong>Informacije<\/strong><\/p>\n<p>Spomen-kamen u obliku kocke izra\u0111en od bijelog kamena na nogometnom igrali\u0161tu u Starom Gradu. Spomen obilje\u017eje podignuto je 29. 11. 1979. godine u sklopu otvaranja novog igrali\u0161ta u Duolcima u znak sje\u0107anja na poginule \u010dlanove nogometnog kluba &#8222;Jadran&#8220;.<\/p><\/div><\/div><div class='content-column one_half last_column'><div style=\"padding-right:0px;padding-left:6px;\"><p><strong>Stupanj za\u0161tite \/ Schutzstellung<br \/>\n<\/strong>&#8211;<\/p>\n<hr \/>\n<p><strong>Info<\/strong><\/p>\n<p>Der w\u00fcrfelf\u00f6rmige Gedenkstein aus wei\u00dfem Stein steht am Fu\u00dfballplatz von Stari Grad. Das Denkmal wurde im Zuge der Er\u00f6ffnung des neuen Spielplatzes in Duolci in Erinnerung an die gefallenen Mitglieder des Fu\u00dfballvereins \u201eJadran&#8220; am 29. November 1979 errichtet.<\/p><\/div><\/div><div class='clear_column'><\/div><div class='content-column one_half'><div style=\"padding-right:6px;\"><p>Natpis:<\/p>\n<p>SLOBODO &#8211; SVOJ TIM OBJAVI<br \/>\nZAPI\u0160I JEDNOG ZA DRUGIM<br \/>\nNJIH<br \/>\nKOJI SU IGRU SLAVNO DO IGRALI<br \/>\nU DANIMA MRA\u010cNIM I NO\u010cIMA DUGIM<\/p><\/div><\/div><div class='content-column one_half last_column'><div style=\"padding-right:0px;padding-left:6px;\"><p>Inschrift:<\/p>\n<p>Freiheit \u2013 Deine Mannschaft,<br \/>\nverbraucht Einer nach dem Anderen,<br \/>\n&#8211;<br \/>\nwas sind schon Spiele, glorreich gespielt<br \/>\nan dunklen Tagen und langen N\u00e4chten.<\/p><\/div><\/div><div class='clear_column'><\/div><div class='content-column one_half'><div style=\"padding-right:6px;\"><p style=\"padding-left: 80px;\">ANTE KOVA\u010cEVI\u0106 MIHOVILA<br \/>\nANTE KALINI\u0106 MATIN<br \/>\nANDRE KOVA\u010cEVI\u0106 PETRA<br \/>\nBRANKO FRANETOVI\u0106 DINKA<br \/>\nDESIMIR FRANETOVI\u0106 DINKA<br \/>\nDRAGO VRANJICAN NIKOLE<br \/>\nFRANE KUZMAN MAKSIMILJANA<br \/>\nIVO LU\u010cI\u0106 LAV\u010cEVI\u0106 NIKOLE<br \/>\nJURAJ HARA\u0160I\u0106 NIKOLE<br \/>\nJAKOV ARBANAS FRANIN<br \/>\nJURAJ \u0160KARPA (CARE)<br \/>\nLUKA BOGDANI\u0106 VICKA<br \/>\nMARINKO KOVA\u010cEVI\u0106 KUZME<br \/>\nMILI BOJANI\u0106 NIKOLE<br \/>\nMARINKO BOGDANI\u0106 TOME<br \/>\nMILIVOJ STAN\u010cI\u0106 JERKA<br \/>\nPAVO \u0160KARPA BARTULA<br \/>\nPETAR BERITI\u0106 VINKA<br \/>\nSTJEPAN DUL\u010cI\u0106 DINKA<br \/>\nTOMISLAV POSINKOVI\u0106 LUKE<br \/>\nTADO DOMAN\u010cI\u0106 ANDRIJE<br \/>\nTONI KOVA\u010cEVI\u0106 VICKA<br \/>\nVLADO SMOJE ANTIN<br \/>\nVINKO FRANETOVI\u0106 BARTULA<br \/>\nVINKO DUL\u010cI\u0106 DINKA<br \/>\nVINKO VRANJICAN IVANA<\/p><\/div><\/div><div class='content-column one_half last_column'><div style=\"padding-right:0px;padding-left:6px;\"><p>1909-1944<br \/>\n1913-1945<br \/>\n1911-1944<br \/>\n1919-1943<br \/>\n1924-1943<br \/>\n1917-1943<br \/>\n1909-1942<br \/>\n1905-1942<br \/>\n1920-1943<br \/>\n1921-1942<br \/>\n1912-1942<br \/>\n1922-1942<br \/>\n1920-1942<br \/>\n1921-1942<br \/>\n1921-1942<br \/>\n1924-1942<br \/>\n1907-1942<br \/>\n1913-1942<br \/>\n1922-1942<br \/>\n1919-1942<br \/>\n1921-1942<br \/>\n1897-1942<br \/>\n1924-1942<br \/>\n1921-1942<br \/>\n1921-1942<br \/>\n1923-1943<\/p><\/div><\/div><div class='clear_column'><\/div><div class='content-column one_half'><div style=\"padding-right:6px;\"><p>POGINULIM NOGOMETA\u0160IMA U NOR-u<br \/>\nPOVODOM 40-e GODI\u0160NJICE OSNUTKA<br \/>\nNK JADRAN<\/p>\n<p>STARI GRAD 29. XI 1979. GODINE<\/p><\/div><\/div><div class='content-column one_half last_column'><div style=\"padding-right:0px;padding-left:6px;\"><p>Die gefallenen Fu\u00dfballer im Nationalen<br \/>\nBefreiungskampf zum 40 Jahrestag<br \/>\nder Gr\u00fcndung des NK Jadran<\/p>\n<p>Stari Grad, am 29. November 1979<\/p><\/div><\/div><div class='clear_column'><\/div><\/p>\n<hr \/>\n<div class='content-column one_half'><div style=\"padding-right:6px;\"><p>Godine 1936. utemeljen je nogometni klub SK Jadran, a 3. srpnja 1938. odigrao prvi utakmicu s nogometa\u0161ima SK Sloge iz Dola.<\/p><\/div><\/div><div class='content-column one_half last_column'><div style=\"padding-right:0px;padding-left:6px;\"><p>Der Fu\u00dfballverein SK Jadran wurde 1936 gegr\u00fcndet und spielte am 3. Juli 1938 das erste Spiel mit Spielern des SK Sloge aus Dol.<\/p><\/div><\/div><div class='clear_column'><\/div><\/p>\n<p style=\"text-align: right;\"><a href=\"#seite_oben\">natrag na vrh \/ Seitenanfang<\/a><\/p>\n<hr \/>\n<p><strong>Linkovi \/ Links<\/strong><\/p>\n<p><span style=\"color: #3366ff;\"><a style=\"color: #3366ff;\" href=\"https:\/\/www.topohvar.at\/topo\/orte\/sg\/sg-on-01-1\/\">Objekt \u00bbIgrali\u0161te\u00ab \/ Sportplatz<\/a><\/span><\/p>\n","protected":false},"excerpt":{"rendered":"<p>Ime \/ Name Spomen kamen \u00bbpoginulim nogometa\u0161ima NK Jadran\u00ab \/ Gedenkstein an die gefallenen Fu\u00dfballspieler Code: SG-MO-03\u00a0 \u00a0 \u00a0 \u00a0 \u00a0 \u00a0 \u00a0 \u00a0 \u00a0 \u00a0 \u00a0 \u00a0 \u00a0 \u00a0 \u00a0 \u00a0 \u00a0 \u00a0\u00a0 Adresa \/ Adresse Stari Grad, nogometno &hellip; <a href=\"https:\/\/www.topohvar.at\/topo\/orte\/sg\/sg-mo-03-2\/\">Weiterlesen <span class=\"meta-nav\">&rarr;<\/span><\/a><\/p>\n","protected":false},"author":1,"featured_media":0,"parent":99,"menu_order":0,"comment_status":"closed","ping_status":"closed","template":"","meta":{"footnotes":""},"class_list":["post-3579","page","type-page","status-publish","hentry"],"_links":{"self":[{"href":"https:\/\/www.topohvar.at\/topo\/wp-json\/wp\/v2\/pages\/3579","targetHints":{"allow":["GET"]}}],"collection":[{"href":"https:\/\/www.topohvar.at\/topo\/wp-json\/wp\/v2\/pages"}],"about":[{"href":"https:\/\/www.topohvar.at\/topo\/wp-json\/wp\/v2\/types\/page"}],"author":[{"embeddable":true,"href":"https:\/\/www.topohvar.at\/topo\/wp-json\/wp\/v2\/users\/1"}],"replies":[{"embeddable":true,"href":"https:\/\/www.topohvar.at\/topo\/wp-json\/wp\/v2\/comments?post=3579"}],"version-history":[{"count":18,"href":"https:\/\/www.topohvar.at\/topo\/wp-json\/wp\/v2\/pages\/3579\/revisions"}],"predecessor-version":[{"id":50384,"href":"https:\/\/www.topohvar.at\/topo\/wp-json\/wp\/v2\/pages\/3579\/revisions\/50384"}],"up":[{"embeddable":true,"href":"https:\/\/www.topohvar.at\/topo\/wp-json\/wp\/v2\/pages\/99"}],"wp:attachment":[{"href":"https:\/\/www.topohvar.at\/topo\/wp-json\/wp\/v2\/media?parent=3579"}],"curies":[{"name":"wp","href":"https:\/\/api.w.org\/{rel}","templated":true}]}}