{"id":3583,"date":"2018-08-07T06:50:34","date_gmt":"2018-08-07T04:50:34","guid":{"rendered":"https:\/\/www.topohvar.at\/?page_id=3583"},"modified":"2021-04-19T10:23:05","modified_gmt":"2021-04-19T08:23:05","slug":"sg-mo-05-2","status":"publish","type":"page","link":"https:\/\/www.topohvar.at\/topo\/orte\/sg\/sg-mo-05-2\/","title":{"rendered":"STARI GRAD &#8211; Bista \u00bbPetra Hektorovi\u0107a (2)\u00ab"},"content":{"rendered":"<p><a name=\"seite_oben\"><\/a><br \/>\n<img loading=\"lazy\" decoding=\"async\" class=\"alignnone wp-image-3562 size-large\" src=\"https:\/\/www.topohvar.at\/wp-content\/uploads\/2018\/08\/SG-MO-05-1-1024x503.jpg\" alt=\"\" width=\"640\" height=\"314\" srcset=\"https:\/\/www.topohvar.at\/wp-content\/uploads\/2018\/08\/SG-MO-05-1-1024x503.jpg 1024w, https:\/\/www.topohvar.at\/wp-content\/uploads\/2018\/08\/SG-MO-05-1-300x147.jpg 300w, https:\/\/www.topohvar.at\/wp-content\/uploads\/2018\/08\/SG-MO-05-1-768x377.jpg 768w\" sizes=\"auto, (max-width: 640px) 100vw, 640px\" \/><\/p>\n<p><strong>Ime \/ Name<br \/>\n<\/strong>Bista \u00bbPetra Hektorovi\u0107a (2)\u00ab \/ B\u00fcste (2) des Peter Hektorovi\u0107<\/p>\n<p><strong>Code: <\/strong>SG-MO-05\u00a0 \u00a0 \u00a0 \u00a0 \u00a0 \u00a0 \u00a0 \u00a0 \u00a0 \u00a0 \u00a0 \u00a0 \u00a0 \u00a0 \u00a0 \u00a0 \u00a0 \u00a0\u00a0<strong><a href=\"https:\/\/www.topohvar.at\/orte\/sg\/sg-mo-04-2\/\"><img loading=\"lazy\" decoding=\"async\" class=\"alignnone wp-image-533 size-full\" src=\"https:\/\/www.topohvar.at\/wp-content\/uploads\/2018\/07\/push-l-30.jpg\" alt=\"\" width=\"61\" height=\"30\" \/><\/a> <a href=\"https:\/\/www.topohvar.at\/orte\/sg\/\"><img loading=\"lazy\" decoding=\"async\" class=\"alignnone wp-image-535 size-full\" src=\"https:\/\/www.topohvar.at\/wp-content\/uploads\/2018\/07\/push-o-30.jpg\" alt=\"\" width=\"61\" height=\"30\" \/><\/a> <a href=\"https:\/\/www.topohvar.at\/orte\/sg\/sg-mo-06-2\/\"><img loading=\"lazy\" decoding=\"async\" class=\"alignnone wp-image-536 size-full\" src=\"https:\/\/www.topohvar.at\/wp-content\/uploads\/2018\/07\/push-r-30.jpg\" alt=\"\" width=\"61\" height=\"30\" \/><\/a><\/strong><\/p>\n<hr \/>\n<p><strong>Adresa \/ Adresse<br \/>\n<\/strong>Stari Grad, Obala Dr. Franjo Tu\u0111mana, ispred \u0161kola \/ vor der Schule<\/p>\n<p><strong>Lokacija \/ Position<a href=\"https:\/\/goo.gl\/maps\/G9H8ki8F5RxZyTsM8\"><img loading=\"lazy\" decoding=\"async\" class=\"alignright wp-image-3644\" src=\"https:\/\/www.topohvar.at\/wp-content\/uploads\/2018\/08\/0600-1.jpg\" alt=\"\" width=\"133\" height=\"100\" \/><\/a><br \/>\n<\/strong><span style=\"color: #3366ff;\"><a style=\"color: #3366ff;\" href=\"https:\/\/goo.gl\/maps\/G9H8ki8F5RxZyTsM8\">Latitude: N 43,18506\u00b0\u00a0 \u00a0Longitude: E 16,59856\u00b0<\/a> <\/span><strong><br \/>\n<\/strong>Visina \/ H\u00f6he: 1 m<\/p>\n<p><strong>Katastarska \u010destica \/ Grundst\u00fccke<br \/>\n<\/strong>10621\/2<div class='content-column one_half'><div style=\"padding-right:6px;\"><p><strong>Datum snimanja \/ Erfassungsdatum<br \/>\n<\/strong>09.10.2013 15:41:25<\/p>\n<hr \/>\n<p><strong>Informacije<\/strong><\/p>\n<p>Dana 3. lipnja 2011. godine, u vrtu ispred zgrade osnovne \u0161kole Petra Hektorovi\u0107a otkriti \u0107e se spomenik (poprsje na kamenom postolju) najpoznatijem Starogra\u0111aninu, pjesniku i graditelju &#8211; Petru Hektorovi\u0107u. Bista je kiparsko djelo \u010duvenog hrvatskog kipara Ivana Me\u0161trovi\u0107a.<\/p><\/div><\/div><div class='content-column one_half last_column'><div style=\"padding-right:0px;padding-left:6px;\"><p><strong>Stupanj za\u0161tite \/ Schutzstellung<br \/>\n<\/strong>&#8211;<\/p>\n<hr \/>\n<p><strong>Info<\/strong><\/p>\n<p>Am 3. Juni 2011 wird im Garten vor dem Schulgeb\u00e4ude\u00a0 Peter Hektorovi\u0107 ein Denkmal (B\u00fcste auf einem Steinsockel) f\u00fcr den ber\u00fchmtesten B\u00fcrger, Dichter und Baumeister der Altstadt &#8211; Petar Hektorovi\u0107 enth\u00fcllt. Die B\u00fcste ist eine skulpturale Arbeit des ber\u00fchmten kroatischen Bildhauers Ivan Me\u0161trovi\u0107.<\/p><\/div><\/div><div class='clear_column'><\/div><div class='content-column one_half'><div style=\"padding-right:6px;\"><p>Na dnu, ispod grba Petra Hektorovi\u0107a, nalazi se sljede\u0107i natpis:<\/p><\/div><\/div><div class='content-column one_half last_column'><div style=\"padding-right:0px;padding-left:6px;\"><p>Am Sockel, unter dem Wappen des Peter Hektorovi\u0107 befindet sich folgende Inschrift:<\/p><\/div><\/div><div class='clear_column'><\/div><\/p>\n<p style=\"text-align: center;\">PETAR HEKTOROVI\u0106<br \/>\n1487 \u2013 1572<\/p>\n<p style=\"text-align: right;\"><a href=\"#seite_oben\">natrag na vrh \/ Seitenanfang<\/a><\/p>\n<hr \/>\n<div class='content-column one_half'><div style=\"padding-right:6px;\"><p><strong>Ranije je ovdje bila spomen bista Pavlu Vranjicanu<\/strong><\/p>\n<p>Spomen bista predratnom revolucionaru Pavlu Vranjicanu, nalazi se ispred Osnovne \u0161kole Stari Grad. Visina postamenta 120 cm, visina biste 90 cm (koja nosi njegovo ime). Postament je izra\u0111en od bijelog kamena, a bista je izljevena u bronzi.<\/p><\/div><\/div><div class='content-column one_half last_column'><div style=\"padding-right:0px;padding-left:6px;\"><p><strong>Vorher stand hier die Gedenkb\u00fcste des Paul Vranjican<\/strong><\/p>\n<p>Die Gedenkb\u00fcste des Vorkriegsrevolution\u00e4rs Paul Vranjican stand vor der Grundschule in Stari Grad. Die H\u00f6he Sockels betrug 120 cm, die H\u00f6he der B\u00fcste 90 cm (nach ihm benannt). Der Sockel ist aus wei\u00dfem Stein, die B\u00fcste in Bronze gegossen.<\/p><\/div><\/div><div class='clear_column'><\/div><\/p>\n<p style=\"text-align: center;\">PAVLE VRANJICAN<br \/>\n1888-1946<\/p>\n<div class='content-column one_half'><div style=\"padding-right:6px;\"><p>Autor biste je akademski kipar Neda Grdini\u0107. Bista je postavljena 1. Maja 1979. godine prilikom proslave 150-te godi\u0161njice osnivanja Osnovne \u0161kole Stari Grad, od strane dru\u0161tveno-politi\u010dkih organizacija i Osnovne \u0161kole Stari Grad.<\/p><\/div><\/div><div class='content-column one_half last_column'><div style=\"padding-right:0px;padding-left:6px;\"><p>Geschaffen wurde die B\u00fcste durch den akademischen Bildhauer Ned Grdini\u0107. Die B\u00fcste wurde von der gesellschaftspolitischen Organisation der Grundschule Stari Grad im Mai 1979 w\u00e4hrend aus Anlass der der Feier des 150. Jahrestages der Gr\u00fcndung der Grundschule aufgestellt.<\/p><\/div><\/div><div class='clear_column'><\/div><\/p>\n<p style=\"text-align: right;\"><a href=\"#seite_oben\">natrag na vrh \/ Seitenanfang<\/a><\/p>\n<hr \/>\n<p><strong>Linkovi \/ Links<\/strong><\/p>\n<p><span style=\"color: #3366ff;\"><a style=\"color: #3366ff;\" href=\"https:\/\/www.topohvar.at\/topo\/orte\/sg\/sg-ig-13-2\/\">Grb \u00bbPetra Hektorovi\u0107a (3)\u00ab \/ Wappen des Peter\u00a0Hektorovi\u0107 (3)<\/a><br \/>\n<a style=\"color: #3366ff;\" href=\"https:\/\/www.topohvar.at\/topo\/orte\/sg\/sg-td-01-1\/\">Biv\u0161a tvr\u0111ava \u00bbTvrdalj Petra Hektorovi\u0107a\u00ab \/ ehemalige Residenz des Peter\u00a0Hektorovi\u0107<\/a><br \/>\n<a style=\"color: #3366ff;\" href=\"https:\/\/www.topohvar.at\/topo\/orte\/sg\/sg-tg-29-1\/\">Osnovna \u0161kola \/ Schule<\/a><br \/>\n<\/span><\/p>\n","protected":false},"excerpt":{"rendered":"<p>Ime \/ Name Bista \u00bbPetra Hektorovi\u0107a (2)\u00ab \/ B\u00fcste (2) des Peter Hektorovi\u0107 Code: SG-MO-05\u00a0 \u00a0 \u00a0 \u00a0 \u00a0 \u00a0 \u00a0 \u00a0 \u00a0 \u00a0 \u00a0 \u00a0 \u00a0 \u00a0 \u00a0 \u00a0 \u00a0 \u00a0\u00a0 Adresa \/ Adresse Stari Grad, Obala Dr. Franjo &hellip; <a href=\"https:\/\/www.topohvar.at\/topo\/orte\/sg\/sg-mo-05-2\/\">Weiterlesen <span class=\"meta-nav\">&rarr;<\/span><\/a><\/p>\n","protected":false},"author":1,"featured_media":0,"parent":99,"menu_order":0,"comment_status":"closed","ping_status":"closed","template":"","meta":{"footnotes":""},"class_list":["post-3583","page","type-page","status-publish","hentry"],"_links":{"self":[{"href":"https:\/\/www.topohvar.at\/topo\/wp-json\/wp\/v2\/pages\/3583","targetHints":{"allow":["GET"]}}],"collection":[{"href":"https:\/\/www.topohvar.at\/topo\/wp-json\/wp\/v2\/pages"}],"about":[{"href":"https:\/\/www.topohvar.at\/topo\/wp-json\/wp\/v2\/types\/page"}],"author":[{"embeddable":true,"href":"https:\/\/www.topohvar.at\/topo\/wp-json\/wp\/v2\/users\/1"}],"replies":[{"embeddable":true,"href":"https:\/\/www.topohvar.at\/topo\/wp-json\/wp\/v2\/comments?post=3583"}],"version-history":[{"count":15,"href":"https:\/\/www.topohvar.at\/topo\/wp-json\/wp\/v2\/pages\/3583\/revisions"}],"predecessor-version":[{"id":48159,"href":"https:\/\/www.topohvar.at\/topo\/wp-json\/wp\/v2\/pages\/3583\/revisions\/48159"}],"up":[{"embeddable":true,"href":"https:\/\/www.topohvar.at\/topo\/wp-json\/wp\/v2\/pages\/99"}],"wp:attachment":[{"href":"https:\/\/www.topohvar.at\/topo\/wp-json\/wp\/v2\/media?parent=3583"}],"curies":[{"name":"wp","href":"https:\/\/api.w.org\/{rel}","templated":true}]}}

STARI GRAD &#8211; Bista »Petra Hektorovića (2)«

<p><a name="seite_oben"></a><br />
<img loading="lazy" decoding="async" class="alignnone wp-image-3562 size-large" src="https://www.topohvar.at/wp-content/uploads/2018/08/SG-MO-05-1-1024x503.jpg" alt="" width="640" height="314" srcset="https://www.topohvar.at/wp-content/uploads/2018/08/SG-MO-05-1-1024x503.jpg 1024w, https://www.topohvar.at/wp-content/uploads/2018/08/SG-MO-05-1-300x147.jpg 300w, https://www.topohvar.at/wp-content/uploads/2018/08/SG-MO-05-1-768x377.jpg 768w" sizes="auto, (max-width: 640px) 100vw, 640px" /></p>
<p><strong>Ime / Name<br />
</strong>Bista »Petra Hektorovića (2)« / Büste (2) des Peter Hektorović</p>
<p><strong>Code: </strong>SG-MO-05                                    <strong><a href="https://www.topohvar.at/orte/sg/sg-mo-04-2/"><img loading="lazy" decoding="async" class="alignnone wp-image-533 size-full" src="https://www.topohvar.at/wp-content/uploads/2018/07/push-l-30.jpg" alt="" width="61" height="30" /></a> <a href="https://www.topohvar.at/orte/sg/"><img loading="lazy" decoding="async" class="alignnone wp-image-535 size-full" src="https://www.topohvar.at/wp-content/uploads/2018/07/push-o-30.jpg" alt="" width="61" height="30" /></a> <a href="https://www.topohvar.at/orte/sg/sg-mo-06-2/"><img loading="lazy" decoding="async" class="alignnone wp-image-536 size-full" src="https://www.topohvar.at/wp-content/uploads/2018/07/push-r-30.jpg" alt="" width="61" height="30" /></a></strong></p>
<hr />
<p><strong>Adresa / Adresse<br />
</strong>Stari Grad, Obala Dr. Franjo Tuđmana, ispred škola / vor der Schule</p>
<p><strong>Lokacija / Position<a href="https://goo.gl/maps/G9H8ki8F5RxZyTsM8"><img loading="lazy" decoding="async" class="alignright wp-image-3644" src="https://www.topohvar.at/wp-content/uploads/2018/08/0600-1.jpg" alt="" width="133" height="100" /></a><br />
</strong><span style="color: #3366ff;"><a style="color: #3366ff;" href="https://goo.gl/maps/G9H8ki8F5RxZyTsM8">Latitude: N 43,18506°   Longitude: E 16,59856°</a> </span><strong><br />
</strong>Visina / Höhe: 1 m</p>
<p><strong>Katastarska čestica / Grundstücke<br />
</strong>10621/2<div class='content-column one_half'><div style="padding-right:6px;"><p><strong>Datum snimanja / Erfassungsdatum<br />
</strong>09.10.2013 15:41:25</p>
<hr />
<p><strong>Informacije</strong></p>
<p>Dana 3. lipnja 2011. godine, u vrtu ispred zgrade osnovne škole Petra Hektorovića otkriti će se spomenik (poprsje na kamenom postolju) najpoznatijem Starograđaninu, pjesniku i graditelju &#8211; Petru Hektoroviću. Bista je kiparsko djelo čuvenog hrvatskog kipara Ivana Meštrovića.</p></div></div><div class='content-column one_half last_column'><div style="padding-right:0px;padding-left:6px;"><p><strong>Stupanj zaštite / Schutzstellung<br />
</strong>&#8211;</p>
<hr />
<p><strong>Info</strong></p>
<p>Am 3. Juni 2011 wird im Garten vor dem Schulgebäude  Peter Hektorović ein Denkmal (Büste auf einem Steinsockel) für den berühmtesten Bürger, Dichter und Baumeister der Altstadt &#8211; Petar Hektorović enthüllt. Die Büste ist eine skulpturale Arbeit des berühmten kroatischen Bildhauers Ivan Meštrović.</p></div></div><div class='clear_column'></div><div class='content-column one_half'><div style="padding-right:6px;"><p>Na dnu, ispod grba Petra Hektorovića, nalazi se sljedeći natpis:</p></div></div><div class='content-column one_half last_column'><div style="padding-right:0px;padding-left:6px;"><p>Am Sockel, unter dem Wappen des Peter Hektorović befindet sich folgende Inschrift:</p></div></div><div class='clear_column'></div></p>
<p style="text-align: center;">PETAR HEKTOROVIĆ<br />
1487 – 1572</p>
<p style="text-align: right;"><a href="#seite_oben">natrag na vrh / Seitenanfang</a></p>
<hr />
<div class='content-column one_half'><div style="padding-right:6px;"><p><strong>Ranije je ovdje bila spomen bista Pavlu Vranjicanu</strong></p>
<p>Spomen bista predratnom revolucionaru Pavlu Vranjicanu, nalazi se ispred Osnovne škole Stari Grad. Visina postamenta 120 cm, visina biste 90 cm (koja nosi njegovo ime). Postament je izrađen od bijelog kamena, a bista je izljevena u bronzi.</p></div></div><div class='content-column one_half last_column'><div style="padding-right:0px;padding-left:6px;"><p><strong>Vorher stand hier die Gedenkbüste des Paul Vranjican</strong></p>
<p>Die Gedenkbüste des Vorkriegsrevolutionärs Paul Vranjican stand vor der Grundschule in Stari Grad. Die Höhe Sockels betrug 120 cm, die Höhe der Büste 90 cm (nach ihm benannt). Der Sockel ist aus weißem Stein, die Büste in Bronze gegossen.</p></div></div><div class='clear_column'></div></p>
<p style="text-align: center;">PAVLE VRANJICAN<br />
1888-1946</p>
<div class='content-column one_half'><div style="padding-right:6px;"><p>Autor biste je akademski kipar Neda Grdinić. Bista je postavljena 1. Maja 1979. godine prilikom proslave 150-te godišnjice osnivanja Osnovne škole Stari Grad, od strane društveno-političkih organizacija i Osnovne škole Stari Grad.</p></div></div><div class='content-column one_half last_column'><div style="padding-right:0px;padding-left:6px;"><p>Geschaffen wurde die Büste durch den akademischen Bildhauer Ned Grdinić. Die Büste wurde von der gesellschaftspolitischen Organisation der Grundschule Stari Grad im Mai 1979 während aus Anlass der der Feier des 150. Jahrestages der Gründung der Grundschule aufgestellt.</p></div></div><div class='clear_column'></div></p>
<p style="text-align: right;"><a href="#seite_oben">natrag na vrh / Seitenanfang</a></p>
<hr />
<p><strong>Linkovi / Links</strong></p>
<p><span style="color: #3366ff;"><a style="color: #3366ff;" href="https://www.topohvar.at/topo/orte/sg/sg-ig-13-2/">Grb »Petra Hektorovića (3)« / Wappen des Peter Hektorović (3)</a><br />
<a style="color: #3366ff;" href="https://www.topohvar.at/topo/orte/sg/sg-td-01-1/">Bivša tvrđava »Tvrdalj Petra Hektorovića« / ehemalige Residenz des Peter Hektorović</a><br />
<a style="color: #3366ff;" href="https://www.topohvar.at/topo/orte/sg/sg-tg-29-1/">Osnovna škola / Schule</a><br />
</span></p>

<p>Ime / Name Bista »Petra Hektorovića (2)« / Büste (2) des Peter Hektorović Code: SG-MO-05                                     Adresa / Adresse Stari Grad, Obala Dr. Franjo &hellip; <a href="https://www.topohvar.at/topo/orte/sg/sg-mo-05-2/">Weiterlesen <span class="meta-nav">&rarr;</span></a></p>
