{"id":3585,"date":"2018-08-07T06:51:12","date_gmt":"2018-08-07T04:51:12","guid":{"rendered":"https:\/\/www.topohvar.at\/?page_id=3585"},"modified":"2021-04-19T10:24:38","modified_gmt":"2021-04-19T08:24:38","slug":"sg-mo-06-2","status":"publish","type":"page","link":"https:\/\/www.topohvar.at\/topo\/orte\/sg\/sg-mo-06-2\/","title":{"rendered":"STARI GRAD &#8211; Bista \u00bbIvana Lu\u010di\u0107-Lav\u010devi\u0107a\u00ab"},"content":{"rendered":"<p><a name=\"seite_oben\"><\/a><br \/>\n<img loading=\"lazy\" decoding=\"async\" class=\"alignnone wp-image-3563 size-large\" src=\"https:\/\/www.topohvar.at\/wp-content\/uploads\/2018\/08\/SG-MO-06-1-1024x503.jpg\" alt=\"\" width=\"640\" height=\"314\" srcset=\"https:\/\/www.topohvar.at\/wp-content\/uploads\/2018\/08\/SG-MO-06-1-1024x503.jpg 1024w, https:\/\/www.topohvar.at\/wp-content\/uploads\/2018\/08\/SG-MO-06-1-300x147.jpg 300w, https:\/\/www.topohvar.at\/wp-content\/uploads\/2018\/08\/SG-MO-06-1-768x377.jpg 768w\" sizes=\"auto, (max-width: 640px) 100vw, 640px\" \/><\/p>\n<p><strong>Ime \/ Name<br \/>\n<\/strong>Bista \u00bbIvana Lu\u010di\u0107-Lav\u010devi\u0107a\u00ab \/ B\u00fcste des Ivan Lu\u010di\u0107-Lav\u010devi\u0107<\/p>\n<p><strong>Code: <\/strong>SG-MO-06\u00a0 \u00a0 \u00a0 \u00a0 \u00a0 \u00a0 \u00a0 \u00a0 \u00a0 \u00a0 \u00a0 \u00a0 \u00a0 \u00a0 \u00a0 \u00a0 \u00a0 \u00a0\u00a0<strong><a href=\"https:\/\/www.topohvar.at\/orte\/sg\/sg-mo-05-2\/\"><img loading=\"lazy\" decoding=\"async\" class=\"alignnone wp-image-533 size-full\" src=\"https:\/\/www.topohvar.at\/wp-content\/uploads\/2018\/07\/push-l-30.jpg\" alt=\"\" width=\"61\" height=\"30\" \/><\/a> <a href=\"https:\/\/www.topohvar.at\/orte\/sg\/\"><img loading=\"lazy\" decoding=\"async\" class=\"alignnone wp-image-535 size-full\" src=\"https:\/\/www.topohvar.at\/wp-content\/uploads\/2018\/07\/push-o-30.jpg\" alt=\"\" width=\"61\" height=\"30\" \/><\/a> <a href=\"https:\/\/www.topohvar.at\/orte\/sg\/sg-mo-07-2\/\"><img loading=\"lazy\" decoding=\"async\" class=\"alignnone wp-image-536 size-full\" src=\"https:\/\/www.topohvar.at\/wp-content\/uploads\/2018\/07\/push-r-30.jpg\" alt=\"\" width=\"61\" height=\"30\" \/><\/a><\/strong><\/p>\n<hr \/>\n<p><strong>Adresa \/ Adresse<br \/>\n<\/strong>Stari Grad, Put Kri\u017ea 1, vinarija \/ Weinkellerei<\/p>\n<p><strong>Lokacija \/ Position<a href=\"https:\/\/goo.gl\/maps\/fXLnYaBPJvZkx3mLA\"><img loading=\"lazy\" decoding=\"async\" class=\"alignright wp-image-3646\" src=\"https:\/\/www.topohvar.at\/wp-content\/uploads\/2018\/08\/1164.jpg\" alt=\"\" width=\"133\" height=\"100\" \/><\/a><br \/>\n<\/strong><span style=\"color: #3366ff;\"><a style=\"color: #3366ff;\" href=\"https:\/\/goo.gl\/maps\/fXLnYaBPJvZkx3mLA\">Latitude: N 43,18395\u00b0\u00a0 \u00a0Longitude: E 16,60216\u00b0<\/a> <\/span><strong><br \/>\n<\/strong>Visina \/ H\u00f6he: 3 m<\/p>\n<p><strong>Katastarska \u010destica \/ Grundst\u00fccke<br \/>\n<\/strong>4452\/2<div class='content-column one_half'><div style=\"padding-right:6px;\"><p><strong>Datum snimanja \/ Erfassungsdatum<br \/>\n<\/strong>02.05.2014 14:58:06<\/p>\n<hr \/>\n<p><strong>Informacije<\/strong><\/p>\n<p>Poprsje Ivana Lu\u010di\u0107a-Lav\u010devi\u0107a stoji ispred zgrade vinarije<\/p><\/div><\/div><div class='content-column one_half last_column'><div style=\"padding-right:0px;padding-left:6px;\"><p><strong>Stupanj za\u0161tite \/ Schutzstellung<br \/>\n<\/strong>&#8211;<\/p>\n<hr \/>\n<p><strong>Info<\/strong><\/p>\n<p>Vor dem Geb\u00e4ude der Weinkellerei steht die B\u00fcste des Ivan Lu\u010di\u0107-Lav\u010devi\u0107.<\/p><\/div><\/div><div class='clear_column'><\/div><div class='content-column one_half'><div style=\"padding-right:6px;\"><p><strong>Ivan Lu\u010di\u0107-Lav\u010devi\u0107<\/strong><\/p>\n<p>Ro\u0111en 23. prosinca 1905. u Starom Gradu, ubijen 23. prosinca 1942. kod Splita. Hrvatski komunisti\u010dki, antifa\u0161isti\u010dki borac i narodni heroj.<\/p><\/div><\/div><div class='content-column one_half last_column'><div style=\"padding-right:0px;padding-left:6px;\"><p><strong>Ivan Lu\u010di\u0107-Lav\u010devi\u0107<\/strong><\/p>\n<p>Geboren am 23. Dezember 1905 in Stari Grad, get\u00f6tet am 23. Dezember\u00a0 1942 in der N\u00e4he von Split. Kroatischer Kommunist, antifaschistischer K\u00e4mpfer und Volksheld.<\/p><\/div><\/div><div class='clear_column'><\/div><div class='content-column one_half'><div style=\"padding-right:6px;\"><p>Natpis:<\/p>\n<p style=\"text-align: center;\">NARODNI HEROJ<br \/>\n<strong>IVAN LU\u010cI\u0106<\/strong><br \/>\n<strong>LAV\u010cEVI\u0106<\/strong><br \/>\n1905 &#8211; 1942<\/p><\/div><\/div><div class='content-column one_half last_column'><div style=\"padding-right:0px;padding-left:6px;\"><p>Inschrift:<\/p>\n<p style=\"text-align: center;\">Volksheld<br \/>\n<strong>Ivan Lu\u010di\u0107<\/strong><br \/>\n<strong>Lave\u010devi\u0107<\/strong><br \/>\n1905 \u2013 1942<\/p><\/div><\/div><div class='clear_column'><\/div><\/p>\n<p style=\"text-align: right;\"><a href=\"#seite_oben\">natrag na vrh \/ Seitenanfang<\/a><\/p>\n<hr \/>\n<p><strong>Linkovi \/ Links<\/strong><\/p>\n<p><span style=\"color: #3366ff;\"><a style=\"color: #3366ff;\" href=\"https:\/\/www.topohvar.at\/topo\/orte\/sg\/sg-is-20-2\/\">Spomen plo\u010da \u00bbVinarija Ivan Lu\u010di\u0107-Lav\u010devi\u0107\u00ab \/ Gedenktafel Kellerei Ivan Lu\u010di\u0107-Lav\u010devi\u0107<\/a><br \/>\n<a style=\"color: #3366ff;\" href=\"https:\/\/www.topohvar.at\/topo\/orte\/sg\/sg-tg-17-1\/\">Zgrada gospodarske \u00bbVinarija\u00ab \/ Weinkellerei<\/a><\/span><\/p>\n","protected":false},"excerpt":{"rendered":"<p>Ime \/ Name Bista \u00bbIvana Lu\u010di\u0107-Lav\u010devi\u0107a\u00ab \/ B\u00fcste des Ivan Lu\u010di\u0107-Lav\u010devi\u0107 Code: SG-MO-06\u00a0 \u00a0 \u00a0 \u00a0 \u00a0 \u00a0 \u00a0 \u00a0 \u00a0 \u00a0 \u00a0 \u00a0 \u00a0 \u00a0 \u00a0 \u00a0 \u00a0 \u00a0\u00a0 Adresa \/ Adresse Stari Grad, Put Kri\u017ea 1, vinarija \/ &hellip; <a href=\"https:\/\/www.topohvar.at\/topo\/orte\/sg\/sg-mo-06-2\/\">Weiterlesen <span class=\"meta-nav\">&rarr;<\/span><\/a><\/p>\n","protected":false},"author":1,"featured_media":0,"parent":99,"menu_order":0,"comment_status":"closed","ping_status":"closed","template":"","meta":{"footnotes":""},"class_list":["post-3585","page","type-page","status-publish","hentry"],"_links":{"self":[{"href":"https:\/\/www.topohvar.at\/topo\/wp-json\/wp\/v2\/pages\/3585","targetHints":{"allow":["GET"]}}],"collection":[{"href":"https:\/\/www.topohvar.at\/topo\/wp-json\/wp\/v2\/pages"}],"about":[{"href":"https:\/\/www.topohvar.at\/topo\/wp-json\/wp\/v2\/types\/page"}],"author":[{"embeddable":true,"href":"https:\/\/www.topohvar.at\/topo\/wp-json\/wp\/v2\/users\/1"}],"replies":[{"embeddable":true,"href":"https:\/\/www.topohvar.at\/topo\/wp-json\/wp\/v2\/comments?post=3585"}],"version-history":[{"count":11,"href":"https:\/\/www.topohvar.at\/topo\/wp-json\/wp\/v2\/pages\/3585\/revisions"}],"predecessor-version":[{"id":48160,"href":"https:\/\/www.topohvar.at\/topo\/wp-json\/wp\/v2\/pages\/3585\/revisions\/48160"}],"up":[{"embeddable":true,"href":"https:\/\/www.topohvar.at\/topo\/wp-json\/wp\/v2\/pages\/99"}],"wp:attachment":[{"href":"https:\/\/www.topohvar.at\/topo\/wp-json\/wp\/v2\/media?parent=3585"}],"curies":[{"name":"wp","href":"https:\/\/api.w.org\/{rel}","templated":true}]}}