{"id":3589,"date":"2018-08-07T06:52:21","date_gmt":"2018-08-07T04:52:21","guid":{"rendered":"https:\/\/www.topohvar.at\/?page_id=3589"},"modified":"2021-04-19T10:27:18","modified_gmt":"2021-04-19T08:27:18","slug":"sg-mo-08-2","status":"publish","type":"page","link":"https:\/\/www.topohvar.at\/topo\/orte\/sg\/sg-mo-08-2\/","title":{"rendered":"STARI GRAD &#8211; Skulptura \u00bbRanjena\u00ab"},"content":{"rendered":"<p><a name=\"seite_oben\"><\/a><br \/>\n<img loading=\"lazy\" decoding=\"async\" class=\"alignnone wp-image-3565 size-large\" src=\"https:\/\/www.topohvar.at\/wp-content\/uploads\/2018\/08\/sg-mo-08-1-1024x503.jpg\" alt=\"\" width=\"640\" height=\"314\" srcset=\"https:\/\/www.topohvar.at\/wp-content\/uploads\/2018\/08\/sg-mo-08-1-1024x503.jpg 1024w, https:\/\/www.topohvar.at\/wp-content\/uploads\/2018\/08\/sg-mo-08-1-300x147.jpg 300w, https:\/\/www.topohvar.at\/wp-content\/uploads\/2018\/08\/sg-mo-08-1-768x377.jpg 768w\" sizes=\"auto, (max-width: 640px) 100vw, 640px\" \/><\/p>\n<p><strong>Ime \/ Name<br \/>\n<\/strong>Skulptura \u00bbRanjena\u00ab \/ Skulptur \u00bbRanjena (die Verwundete)\u00ab<\/p>\n<p><strong>Code: <\/strong>SG-MO-08\u00a0 \u00a0 \u00a0 \u00a0 \u00a0 \u00a0 \u00a0 \u00a0 \u00a0 \u00a0 \u00a0 \u00a0 \u00a0 \u00a0 \u00a0 \u00a0 \u00a0 \u00a0\u00a0<strong><a href=\"https:\/\/www.topohvar.at\/orte\/sg\/sg-mo-07-2\/\"><img loading=\"lazy\" decoding=\"async\" class=\"alignnone wp-image-533 size-full\" src=\"https:\/\/www.topohvar.at\/wp-content\/uploads\/2018\/07\/push-l-30.jpg\" alt=\"\" width=\"61\" height=\"30\" \/><\/a> <a href=\"https:\/\/www.topohvar.at\/orte\/sg\/\"><img loading=\"lazy\" decoding=\"async\" class=\"alignnone wp-image-535 size-full\" src=\"https:\/\/www.topohvar.at\/wp-content\/uploads\/2018\/07\/push-o-30.jpg\" alt=\"\" width=\"61\" height=\"30\" \/><\/a> <a href=\"https:\/\/www.topohvar.at\/orte\/sg\/sg-mo-10-2\/\"><img loading=\"lazy\" decoding=\"async\" class=\"alignnone wp-image-536 size-full\" src=\"https:\/\/www.topohvar.at\/wp-content\/uploads\/2018\/07\/push-r-30.jpg\" alt=\"\" width=\"61\" height=\"30\" \/><\/a><\/strong><\/p>\n<hr \/>\n<p><strong>Adresa \/ Adresse<br \/>\n<\/strong>Stari Grad, Trg Jurja \u0160karpe<\/p>\n<p><strong>Lokacija \/ Position<a href=\"https:\/\/goo.gl\/maps\/rrkGVrwZz6cXdpWv6\"><img loading=\"lazy\" decoding=\"async\" class=\"alignright wp-image-3650\" src=\"https:\/\/www.topohvar.at\/wp-content\/uploads\/2018\/08\/0602.jpg\" alt=\"\" width=\"133\" height=\"100\" \/><\/a><br \/>\n<\/strong><span style=\"color: #3366ff;\"><a style=\"color: #3366ff;\" href=\"https:\/\/goo.gl\/maps\/rrkGVrwZz6cXdpWv6\">Latitude: N 43,18352\u00b0\u00a0 \u00a0Longitude: E 16,59957\u00b0<\/a> <\/span><strong><br \/>\n<\/strong>Visina \/ H\u00f6he: 2 m<\/p>\n<p><strong>Katastarska \u010destica \/ Grundst\u00fccke<br \/>\n<\/strong>*538\/1<div class='content-column one_half'><div style=\"padding-right:6px;\"><p><strong>Datum snimanja \/ Erfassungsdatum<br \/>\n<\/strong>13.05.2015 10:47:19<\/p>\n<hr \/>\n<p><strong>Informacije<\/strong><\/p>\n<p>Malo \u017eene kip na bazi, rad Jurja \u0160karpe, ovdje je postavljen nakon redizajna malog trga 2006. godine.<\/p>\n<p>Mali \u017eenski kip &#8222;Ranjena&#8220; (ranjene) postavljen je na pijedestal nakon \u0161to je mali trg redizajniran 2006. godine. Bron\u010dani odljev skulpture djelo je starogradskog kipara Jurja \u0160karpe.<\/p><\/div><\/div><div class='content-column one_half last_column'><div style=\"padding-right:0px;padding-left:6px;\"><p><strong>Stupanj za\u0161tite \/ Schutzstellung<br \/>\n<\/strong>&#8211;<\/p>\n<hr \/>\n<p><strong>Info<\/strong><\/p>\n<p>Die kleine Frauenstatue &#8222;Ranjena&#8220; (die Verwundete) wurde auf einem Sockel nach Neugestaltung des kleinen Platzes im Jahr 2006 hier aufgestellt. Der Bronzeguss ist ein Werk des Stari Grader Bildhauers Juraj \u0160karpe.<\/p><\/div><\/div><div class='clear_column'><\/div><\/p>\n<p style=\"text-align: center;\">Natpis: \/ Inschrift:<\/p>\n<p style=\"text-align: center;\">RANJENA<br \/>\n1921<\/p>\n<p style=\"text-align: right;\"><a href=\"#seite_oben\">natrag na vrh \/ Seitenanfang<\/a><\/p>\n<hr \/>\n<p><strong>Linkovi \/ Links<\/strong><\/p>\n<p><span style=\"color: #3366ff;\"><a style=\"color: #3366ff;\" href=\"https:\/\/www.topohvar.at\/topo\/orte\/sg\/sg-tg-35-1\/\">Ku\u0107a \u00bbRodna ku\u0107a Jurja \u0160karpe\u00ab <\/a><a style=\"color: #3366ff;\" href=\"https:\/\/www.topohvar.at\/topo\/orte\/sg\/sg-tg-35-1\/\">i biografija <\/a><a style=\"color: #3366ff;\" href=\"https:\/\/www.topohvar.at\/topo\/orte\/sg\/sg-tg-35-1\/\">\/ Geburtshaus des Georg \u0160karpe (und Biographie)<\/a><br \/>\n<a style=\"color: #3366ff;\" href=\"https:\/\/www.topohvar.at\/topo\/orte\/sg\/sg-pu-03-2\/\">Objekt \u00bbTrg Jurja \u0160karpe\u00ab \/ Platz\u00a0Juraj \u0160karpe<\/a><br \/>\n<\/span><\/p>\n","protected":false},"excerpt":{"rendered":"<p>Ime \/ Name Skulptura \u00bbRanjena\u00ab \/ Skulptur \u00bbRanjena (die Verwundete)\u00ab Code: SG-MO-08\u00a0 \u00a0 \u00a0 \u00a0 \u00a0 \u00a0 \u00a0 \u00a0 \u00a0 \u00a0 \u00a0 \u00a0 \u00a0 \u00a0 \u00a0 \u00a0 \u00a0 \u00a0\u00a0 Adresa \/ Adresse Stari Grad, Trg Jurja \u0160karpe Lokacija \/ Position &hellip; <a href=\"https:\/\/www.topohvar.at\/topo\/orte\/sg\/sg-mo-08-2\/\">Weiterlesen <span class=\"meta-nav\">&rarr;<\/span><\/a><\/p>\n","protected":false},"author":1,"featured_media":0,"parent":99,"menu_order":0,"comment_status":"closed","ping_status":"closed","template":"","meta":{"footnotes":""},"class_list":["post-3589","page","type-page","status-publish","hentry"],"_links":{"self":[{"href":"https:\/\/www.topohvar.at\/topo\/wp-json\/wp\/v2\/pages\/3589","targetHints":{"allow":["GET"]}}],"collection":[{"href":"https:\/\/www.topohvar.at\/topo\/wp-json\/wp\/v2\/pages"}],"about":[{"href":"https:\/\/www.topohvar.at\/topo\/wp-json\/wp\/v2\/types\/page"}],"author":[{"embeddable":true,"href":"https:\/\/www.topohvar.at\/topo\/wp-json\/wp\/v2\/users\/1"}],"replies":[{"embeddable":true,"href":"https:\/\/www.topohvar.at\/topo\/wp-json\/wp\/v2\/comments?post=3589"}],"version-history":[{"count":17,"href":"https:\/\/www.topohvar.at\/topo\/wp-json\/wp\/v2\/pages\/3589\/revisions"}],"predecessor-version":[{"id":48162,"href":"https:\/\/www.topohvar.at\/topo\/wp-json\/wp\/v2\/pages\/3589\/revisions\/48162"}],"up":[{"embeddable":true,"href":"https:\/\/www.topohvar.at\/topo\/wp-json\/wp\/v2\/pages\/99"}],"wp:attachment":[{"href":"https:\/\/www.topohvar.at\/topo\/wp-json\/wp\/v2\/media?parent=3589"}],"curies":[{"name":"wp","href":"https:\/\/api.w.org\/{rel}","templated":true}]}}

<p><a name="seite_oben"></a><br />
<img loading="lazy" decoding="async" class="alignnone wp-image-3565 size-large" src="https://www.topohvar.at/wp-content/uploads/2018/08/sg-mo-08-1-1024x503.jpg" alt="" width="640" height="314" srcset="https://www.topohvar.at/wp-content/uploads/2018/08/sg-mo-08-1-1024x503.jpg 1024w, https://www.topohvar.at/wp-content/uploads/2018/08/sg-mo-08-1-300x147.jpg 300w, https://www.topohvar.at/wp-content/uploads/2018/08/sg-mo-08-1-768x377.jpg 768w" sizes="auto, (max-width: 640px) 100vw, 640px" /></p>
<p><strong>Ime / Name<br />
</strong>Skulptura »Ranjena« / Skulptur »Ranjena (die Verwundete)«</p>
<p><strong>Code: </strong>SG-MO-08                                    <strong><a href="https://www.topohvar.at/orte/sg/sg-mo-07-2/"><img loading="lazy" decoding="async" class="alignnone wp-image-533 size-full" src="https://www.topohvar.at/wp-content/uploads/2018/07/push-l-30.jpg" alt="" width="61" height="30" /></a> <a href="https://www.topohvar.at/orte/sg/"><img loading="lazy" decoding="async" class="alignnone wp-image-535 size-full" src="https://www.topohvar.at/wp-content/uploads/2018/07/push-o-30.jpg" alt="" width="61" height="30" /></a> <a href="https://www.topohvar.at/orte/sg/sg-mo-10-2/"><img loading="lazy" decoding="async" class="alignnone wp-image-536 size-full" src="https://www.topohvar.at/wp-content/uploads/2018/07/push-r-30.jpg" alt="" width="61" height="30" /></a></strong></p>
<hr />
<p><strong>Adresa / Adresse<br />
</strong>Stari Grad, Trg Jurja Škarpe</p>
<p><strong>Lokacija / Position<a href="https://goo.gl/maps/rrkGVrwZz6cXdpWv6"><img loading="lazy" decoding="async" class="alignright wp-image-3650" src="https://www.topohvar.at/wp-content/uploads/2018/08/0602.jpg" alt="" width="133" height="100" /></a><br />
</strong><span style="color: #3366ff;"><a style="color: #3366ff;" href="https://goo.gl/maps/rrkGVrwZz6cXdpWv6">Latitude: N 43,18352°   Longitude: E 16,59957°</a> </span><strong><br />
</strong>Visina / Höhe: 2 m</p>
<p><strong>Katastarska čestica / Grundstücke<br />
</strong>*538/1<div class='content-column one_half'><div style="padding-right:6px;"><p><strong>Datum snimanja / Erfassungsdatum<br />
</strong>13.05.2015 10:47:19</p>
<hr />
<p><strong>Informacije</strong></p>
<p>Malo žene kip na bazi, rad Jurja Škarpe, ovdje je postavljen nakon redizajna malog trga 2006. godine.</p>
<p>Mali ženski kip &#8222;Ranjena&#8220; (ranjene) postavljen je na pijedestal nakon što je mali trg redizajniran 2006. godine. Brončani odljev skulpture djelo je starogradskog kipara Jurja Škarpe.</p></div></div><div class='content-column one_half last_column'><div style="padding-right:0px;padding-left:6px;"><p><strong>Stupanj zaštite / Schutzstellung<br />
</strong>&#8211;</p>
<hr />
<p><strong>Info</strong></p>
<p>Die kleine Frauenstatue &#8222;Ranjena&#8220; (die Verwundete) wurde auf einem Sockel nach Neugestaltung des kleinen Platzes im Jahr 2006 hier aufgestellt. Der Bronzeguss ist ein Werk des Stari Grader Bildhauers Juraj Škarpe.</p></div></div><div class='clear_column'></div></p>
<p style="text-align: center;">Natpis: / Inschrift:</p>
<p style="text-align: center;">RANJENA<br />
1921</p>
<p style="text-align: right;"><a href="#seite_oben">natrag na vrh / Seitenanfang</a></p>
<hr />
<p><strong>Linkovi / Links</strong></p>
<p><span style="color: #3366ff;"><a style="color: #3366ff;" href="https://www.topohvar.at/topo/orte/sg/sg-tg-35-1/">Kuća »Rodna kuća Jurja Škarpe« </a><a style="color: #3366ff;" href="https://www.topohvar.at/topo/orte/sg/sg-tg-35-1/">i biografija </a><a style="color: #3366ff;" href="https://www.topohvar.at/topo/orte/sg/sg-tg-35-1/">/ Geburtshaus des Georg Škarpe (und Biographie)</a><br />
<a style="color: #3366ff;" href="https://www.topohvar.at/topo/orte/sg/sg-pu-03-2/">Objekt »Trg Jurja Škarpe« / Platz Juraj Škarpe</a><br />
</span></p>

<p>Ime / Name Skulptura »Ranjena« / Skulptur »Ranjena (die Verwundete)« Code: SG-MO-08                                     Adresa / Adresse Stari Grad, Trg Jurja Škarpe Lokacija / Position &hellip; <a href="https://www.topohvar.at/topo/orte/sg/sg-mo-08-2/">Weiterlesen <span class="meta-nav">&rarr;</span></a></p>
