{"id":35987,"date":"2020-04-23T18:16:18","date_gmt":"2020-04-23T16:16:18","guid":{"rendered":"https:\/\/www.topohvar.at\/topo\/?page_id=35987"},"modified":"2021-12-02T13:28:37","modified_gmt":"2021-12-02T12:28:37","slug":"os-os-02-1","status":"publish","type":"page","link":"https:\/\/www.topohvar.at\/topo\/orte\/os\/os-os-02-1\/","title":{"rendered":"OTOK \u0160\u0106EDRO &#8211; Objekt \u00bbSvjetionik L. Lovi\u0161\u0107e (Rt Gornje Kurilo)\u00ab"},"content":{"rendered":"<p><a name=\"seite_oben\"><\/a><br \/>\n<strong><img loading=\"lazy\" decoding=\"async\" class=\"alignnone wp-image-35997 size-full\" src=\"https:\/\/www.topohvar.at\/wp-content\/uploads\/2020\/04\/os-os-02-1.jpg\" alt=\"\" width=\"640\" height=\"314\" srcset=\"https:\/\/www.topohvar.at\/wp-content\/uploads\/2020\/04\/os-os-02-1.jpg 640w, https:\/\/www.topohvar.at\/wp-content\/uploads\/2020\/04\/os-os-02-1-300x147.jpg 300w\" sizes=\"auto, (max-width: 640px) 100vw, 640px\" \/><\/strong><\/p>\n<p><strong>Ime \/ Name<br \/>\n<\/strong>Objekt \u00bbSvjetionik \/ Leuchtfeuer L. Lovi\u0161\u0107e (Rt Gornje Kurilo)\u00ab<\/p>\n<p><strong>Code: <\/strong>OS-OS-02\u00a0 \u00a0 \u00a0 \u00a0 \u00a0 \u00a0 \u00a0 \u00a0 \u00a0 \u00a0 \u00a0 \u00a0 \u00a0 \u00a0 \u00a0 \u00a0 \u00a0 \u00a0 \u00a0 \u00a0 <strong>\u00a0 <a href=\"https:\/\/www.topohvar.at\/topo\/orte\/os\/os-os-01-1\/\"><img loading=\"lazy\" decoding=\"async\" class=\"alignnone wp-image-533 size-full\" src=\"https:\/\/www.topohvar.at\/wp-content\/uploads\/2018\/07\/push-l-30.jpg\" alt=\"\" width=\"61\" height=\"30\" \/><\/a> <a href=\"https:\/\/www.topohvar.at\/orte\/os\/\"><img loading=\"lazy\" decoding=\"async\" class=\"alignnone wp-image-535 size-full\" src=\"https:\/\/www.topohvar.at\/wp-content\/uploads\/2018\/07\/push-o-30.jpg\" alt=\"\" width=\"61\" height=\"30\" \/><\/a>\u00a0<a href=\"https:\/\/www.topohvar.at\/orte\/os\/os-pk-01-1\/\"><img loading=\"lazy\" decoding=\"async\" class=\"alignnone wp-image-536 size-full\" src=\"https:\/\/www.topohvar.at\/wp-content\/uploads\/2018\/07\/push-r-30.jpg\" alt=\"\" width=\"61\" height=\"30\" \/><\/a><\/strong><\/p>\n<hr \/>\n<p><strong>Adresa \/ Adresse<br \/>\n<\/strong>Otok \u0160\u010dedro, L. Lovi\u0161\u0107e (Rt Gornje Kurilo)<\/p>\n<p><strong>Lokacija \/ Position<a href=\"https:\/\/goo.gl\/maps\/KQdbqQY7XnQd3fAh6\"><img loading=\"lazy\" decoding=\"async\" class=\"alignright wp-image-35991\" src=\"https:\/\/www.topohvar.at\/wp-content\/uploads\/2020\/04\/2578.jpg\" alt=\"\" width=\"134\" height=\"100\" \/><\/a><br \/>\n<\/strong><a href=\"https:\/\/goo.gl\/maps\/KQdbqQY7XnQd3fAh6\">Latitude: N 43,09734\u00b0\u00a0 \u00a0Longitude: E 16,70194<\/a>\u00b0 <strong><br \/>\n<\/strong>Visina \/ H\u00f6he: 10 m<\/p>\n<p><strong>Katastarska \u010destica <\/strong><strong>\/ Grundst\u00fccke<br \/>\n<\/strong>4089 (DKP Pitve) <div class='content-column one_half'><div style=\"padding-right:6px;\"><p><strong>Datum snimanja \/ Erfassungsdatum<br \/>\n<\/strong>01.01.2000 00:00:00<\/p>\n<hr \/>\n<p><strong>Informacije<\/strong><\/p>\n<p><strong>Svjetionik &#8222;L. Lovi\u0161\u0107e&#8220;<\/strong><\/p>\n<p>Svjetionik se nalazi na isto\u010dnom rtu na ulazu u zaljev Lovi\u0161\u0107e. Sastoji se od 6 m visokog, crveno obojenog \u010deli\u010dnog stupa. Me\u0111unarodni code: E3448<\/p><\/div><\/div><div class='content-column one_half last_column'><div style=\"padding-right:0px;padding-left:6px;\"><p><strong>Stupanj za\u0161tite<\/strong><strong> \/ Schutzstellung<br \/>\n<\/strong>&#8211;<\/p>\n<hr \/>\n<p><span style=\"color: #000000;\"><strong>Info<\/strong><\/span><\/p>\n<p><strong>Leuchtfeuer &#8222;L. Lovi\u0161\u0107e&#8220;<\/strong><\/p>\n<p>Das Leuchtfeuer befindet sich am \u00f6stlichen Kap bei der Einfahrt in die Bucht Lovi\u0161\u0107e. Es besteht aus einem 6 m hohen, rot lackierten Stahls\u00e4ule. Internationaler Code: E3448<\/p><\/div><\/div><div class='clear_column'><\/div><\/p>\n<p style=\"text-align: right;\"><span style=\"color: #3366ff;\"><a style=\"color: #3366ff;\" href=\"#seite_oben\">natrag na vrh \/ Seitenanfang<\/a><\/span><\/p>\n<hr \/>\n<p><strong>Linkovi \/ Links<\/strong><\/p>\n<p><span style=\"color: #3366ff;\">&#8211;<\/span><\/p>\n","protected":false},"excerpt":{"rendered":"<p>Ime \/ Name Objekt \u00bbSvjetionik \/ Leuchtfeuer L. Lovi\u0161\u0107e (Rt Gornje Kurilo)\u00ab Code: OS-OS-02\u00a0 \u00a0 \u00a0 \u00a0 \u00a0 \u00a0 \u00a0 \u00a0 \u00a0 \u00a0 \u00a0 \u00a0 \u00a0 \u00a0 \u00a0 \u00a0 \u00a0 \u00a0 \u00a0 \u00a0 \u00a0 \u00a0 Adresa \/ Adresse Otok \u0160\u010dedro, &hellip; <a href=\"https:\/\/www.topohvar.at\/topo\/orte\/os\/os-os-02-1\/\">Weiterlesen <span class=\"meta-nav\">&rarr;<\/span><\/a><\/p>\n","protected":false},"author":1,"featured_media":0,"parent":121,"menu_order":0,"comment_status":"closed","ping_status":"closed","template":"","meta":{"footnotes":""},"class_list":["post-35987","page","type-page","status-publish","hentry"],"_links":{"self":[{"href":"https:\/\/www.topohvar.at\/topo\/wp-json\/wp\/v2\/pages\/35987","targetHints":{"allow":["GET"]}}],"collection":[{"href":"https:\/\/www.topohvar.at\/topo\/wp-json\/wp\/v2\/pages"}],"about":[{"href":"https:\/\/www.topohvar.at\/topo\/wp-json\/wp\/v2\/types\/page"}],"author":[{"embeddable":true,"href":"https:\/\/www.topohvar.at\/topo\/wp-json\/wp\/v2\/users\/1"}],"replies":[{"embeddable":true,"href":"https:\/\/www.topohvar.at\/topo\/wp-json\/wp\/v2\/comments?post=35987"}],"version-history":[{"count":9,"href":"https:\/\/www.topohvar.at\/topo\/wp-json\/wp\/v2\/pages\/35987\/revisions"}],"predecessor-version":[{"id":54234,"href":"https:\/\/www.topohvar.at\/topo\/wp-json\/wp\/v2\/pages\/35987\/revisions\/54234"}],"up":[{"embeddable":true,"href":"https:\/\/www.topohvar.at\/topo\/wp-json\/wp\/v2\/pages\/121"}],"wp:attachment":[{"href":"https:\/\/www.topohvar.at\/topo\/wp-json\/wp\/v2\/media?parent=35987"}],"curies":[{"name":"wp","href":"https:\/\/api.w.org\/{rel}","templated":true}]}}