{"id":36747,"date":"2020-05-04T09:02:11","date_gmt":"2020-05-04T07:02:11","guid":{"rendered":"https:\/\/www.topohvar.at\/topo\/?page_id=36747"},"modified":"2021-08-24T17:48:57","modified_gmt":"2021-08-24T15:48:57","slug":"do-aa-03-2","status":"publish","type":"page","link":"https:\/\/www.topohvar.at\/topo\/orte\/do\/do-aa-03-2\/","title":{"rendered":"DOL &#8211; Selo \u00bbDol &#8211; Sv. Ana\u00ab"},"content":{"rendered":"<p><a name=\"seite_oben\"><\/a><br \/>\n<strong><img loading=\"lazy\" decoding=\"async\" class=\"aligncenter wp-image-36942 size-full\" src=\"https:\/\/www.topohvar.at\/wp-content\/uploads\/2020\/05\/do-aa-01-7.jpg\" alt=\"\" width=\"640\" height=\"314\" srcset=\"https:\/\/www.topohvar.at\/wp-content\/uploads\/2020\/05\/do-aa-01-7.jpg 640w, https:\/\/www.topohvar.at\/wp-content\/uploads\/2020\/05\/do-aa-01-7-300x147.jpg 300w\" sizes=\"auto, (max-width: 640px) 100vw, 640px\" \/><\/strong><\/p>\n<p><strong>Ime \/ Name<br \/>\n<\/strong>Selo \/ Dorf \u00bbDol &#8211; Sv. Ana\u00ab<\/p>\n<p><strong>Code: <\/strong>DO-AA-03\u00a0 \u00a0 \u00a0 \u00a0 \u00a0 \u00a0 \u00a0 \u00a0<a href=\"https:\/\/www.topohvar.at\/orte\/do\/do-aa-00-2\/\"><img loading=\"lazy\" decoding=\"async\" class=\"alignnone size-full wp-image-12300\" src=\"https:\/\/www.topohvar.at\/wp-content\/uploads\/2018\/09\/push-vor-30.jpg\" alt=\"\" width=\"61\" height=\"30\" \/><\/a><strong> <a href=\"https:\/\/www.topohvar.at\/orte\/do\/do-aa-02-2\/\"><img loading=\"lazy\" decoding=\"async\" class=\"alignnone wp-image-533 size-full\" src=\"https:\/\/www.topohvar.at\/wp-content\/uploads\/2018\/07\/push-l-30.jpg\" alt=\"\" width=\"61\" height=\"30\" \/><\/a> <a href=\"https:\/\/www.topohvar.at\/orte\/do\/\"><img loading=\"lazy\" decoding=\"async\" class=\"alignnone wp-image-535 size-full\" src=\"https:\/\/www.topohvar.at\/wp-content\/uploads\/2018\/07\/push-o-30.jpg\" alt=\"\" width=\"61\" height=\"30\" \/><\/a> <a href=\"https:\/\/www.topohvar.at\/orte\/do\/do-aa-04-2\/\"><img loading=\"lazy\" decoding=\"async\" class=\"alignnone wp-image-536 size-full\" src=\"https:\/\/www.topohvar.at\/wp-content\/uploads\/2018\/07\/push-r-30.jpg\" alt=\"\" width=\"61\" height=\"30\" \/><\/a> <a href=\"https:\/\/www.topohvar.at\/orte\/do\/do-ai-01-1\/\"><img loading=\"lazy\" decoding=\"async\" class=\"alignnone size-full wp-image-12299\" src=\"https:\/\/www.topohvar.at\/wp-content\/uploads\/2018\/09\/push-next-30.jpg\" alt=\"\" width=\"61\" height=\"30\" \/><\/a><\/strong><\/p>\n<hr \/>\n<p><strong>Adresa \/ Adresse<br \/>\n<\/strong>Dol, Sv. Ana<\/p>\n<p><strong>Lokacija<\/strong><strong> \/ Position<a href=\"https:\/\/goo.gl\/maps\/LLBaYfEEJLqQ7xCJ6\"><img loading=\"lazy\" decoding=\"async\" class=\"alignright wp-image-36736\" src=\"https:\/\/www.topohvar.at\/wp-content\/uploads\/2020\/05\/2621.jpg\" alt=\"\" width=\"134\" height=\"100\" \/><\/a><br \/>\n<\/strong><span style=\"color: #3366ff;\"><a style=\"color: #3366ff;\" href=\"https:\/\/goo.gl\/maps\/LLBaYfEEJLqQ7xCJ6\">Latitude: N 43,16819\u00b0\u00a0 \u00a0Longitude: E 16,62512\u00b0<\/a> <\/span><strong><br \/>\n<\/strong>Visina \/ H\u00f6he: 90\u00a0 m<\/p>\n<p><strong>Katastarska \u010destica<\/strong><strong> \/ Grundst\u00fccke<br \/>\n<\/strong>&#8211; <div class='content-column one_half'><div style=\"padding-right:6px;\"><p><strong>Datum snimanja \/ Erfassungsdatum<br \/>\n<\/strong>13.05.2013 11:00:00<\/p>\n<hr \/>\n<p><strong>Informacije<\/strong><\/p>\n<p>Svega 6 km udaljeno od Starog Grada smjestilo se selo Dol. Sastoji se od tri dijela, zapadni dio &#8211; Dol Sv. Marije srednji dio Dol Sv. Mihovil i isto\u010dni dio &#8211; Dol Sv. Ana. Nadalje, nekada\u0161nji zaselak Borovik pripada selu Dol.<\/p><\/div><\/div><div class='content-column one_half last_column'><div style=\"padding-right:0px;padding-left:6px;\"><p><strong>Stupanj za\u0161tite<\/strong><strong> \/ Schutzstellung<br \/>\n<\/strong>&#8211;<\/p>\n<hr \/>\n<p><strong>Info<\/strong><\/p>\n<p>Das Dorf Dol ist 6 km von Stari Grad entfernt. Es besteht aus drei Teilen, dem westlichen Teil &#8211; Dol Sv. Maria dem mittleren Teil Dol Sv. Mihovil und dem \u00f6stlichen Teil &#8211; Dol Sv. Ana. Weiters geh\u00f6rt der ehemalige Weiler Borovik zu Dol.<\/p><\/div><\/div><div class='clear_column'><\/div><div class='content-column one_half'><div style=\"padding-right:6px;\"><p>U dielu sv. Ana, s crkvom sv. Anna i veliki sakuplja\u010d vode u sredi\u0161tu, ima mnogo starih slikovitih ku\u0107a u uskim ulicama. Isto\u010dno od sela stajala je mala crkva svetog Dujmova, a na vrhu brda Hum jo\u0161 se uvijek mogu vidjeti ostaci stare crkve sv. Vida.<\/p><\/div><\/div><div class='content-column one_half last_column'><div style=\"padding-right:0px;padding-left:6px;\"><p>Im Ortsteil Sv. Ana, mit der Kirche der hl. Anna und einem gro\u00dfen Wassersammler im Zentrum, finden sich viele alte malerische H\u00e4user in engen Gassen. \u00d6stlich des Ortes stand einst die kleine Kirche des Heiligen Dujmo und oben auf dem H\u00fcgel Hum sieht man noch die Reste der alten Kirche zum hl. Vitus.<\/p><\/div><\/div><div class='clear_column'><\/div><img loading=\"lazy\" decoding=\"async\" class=\"aligncenter size-full wp-image-37844\" src=\"https:\/\/www.topohvar.at\/wp-content\/uploads\/2020\/05\/do-aa-03-11.jpg\" alt=\"\" width=\"695\" height=\"327\" srcset=\"https:\/\/www.topohvar.at\/wp-content\/uploads\/2020\/05\/do-aa-03-11.jpg 695w, https:\/\/www.topohvar.at\/wp-content\/uploads\/2020\/05\/do-aa-03-11-300x141.jpg 300w\" sizes=\"auto, (max-width: 695px) 100vw, 695px\" \/><\/p>\n<p style=\"text-align: right;\"><a href=\"#seite_oben\">natrag na vrh \/ Seitenanfang<\/a><\/p>\n<hr \/>\n<p><strong>Linkovi \/ Links<\/strong><\/p>\n<p><span style=\"color: #3366ff;\"><a style=\"color: #3366ff;\" href=\"https:\/\/www.topohvar.at\/topo\/orte\/do\/do-aa-00-2\/\">Selo Dol<\/a><br \/>\n<a style=\"color: #3366ff;\" href=\"http:\/\/www.tartajun.hr\/tartajun-14-broj\/\">Ivica Mo\u0161katelo, prof.: Kratak pregled povijesti Dol (Tartajun br. 14)<\/a><br \/>\n<a style=\"color: #3366ff;\" href=\"https:\/\/www.topohvar.at\/topo\/orte\/vj\/vj-ck-04-1\/\">VRBANJ &#8211; Crkvica \u00bbSv. Vid na Humu\u00ab \/ kleine Kirche des hl. Vitus am Berg Hum<\/a><br \/>\n<\/span><\/p>\n","protected":false},"excerpt":{"rendered":"<p>Ime \/ Name Selo \/ Dorf \u00bbDol &#8211; Sv. Ana\u00ab Code: DO-AA-03\u00a0 \u00a0 \u00a0 \u00a0 \u00a0 \u00a0 \u00a0 \u00a0 Adresa \/ Adresse Dol, Sv. Ana Lokacija \/ Position Latitude: N 43,16819\u00b0\u00a0 \u00a0Longitude: E 16,62512\u00b0 Visina \/ H\u00f6he: 90\u00a0 m Katastarska &hellip; <a href=\"https:\/\/www.topohvar.at\/topo\/orte\/do\/do-aa-03-2\/\">Weiterlesen <span class=\"meta-nav\">&rarr;<\/span><\/a><\/p>\n","protected":false},"author":1,"featured_media":0,"parent":68,"menu_order":0,"comment_status":"closed","ping_status":"closed","template":"","meta":{"footnotes":""},"class_list":["post-36747","page","type-page","status-publish","hentry"],"_links":{"self":[{"href":"https:\/\/www.topohvar.at\/topo\/wp-json\/wp\/v2\/pages\/36747","targetHints":{"allow":["GET"]}}],"collection":[{"href":"https:\/\/www.topohvar.at\/topo\/wp-json\/wp\/v2\/pages"}],"about":[{"href":"https:\/\/www.topohvar.at\/topo\/wp-json\/wp\/v2\/types\/page"}],"author":[{"embeddable":true,"href":"https:\/\/www.topohvar.at\/topo\/wp-json\/wp\/v2\/users\/1"}],"replies":[{"embeddable":true,"href":"https:\/\/www.topohvar.at\/topo\/wp-json\/wp\/v2\/comments?post=36747"}],"version-history":[{"count":8,"href":"https:\/\/www.topohvar.at\/topo\/wp-json\/wp\/v2\/pages\/36747\/revisions"}],"predecessor-version":[{"id":51493,"href":"https:\/\/www.topohvar.at\/topo\/wp-json\/wp\/v2\/pages\/36747\/revisions\/51493"}],"up":[{"embeddable":true,"href":"https:\/\/www.topohvar.at\/topo\/wp-json\/wp\/v2\/pages\/68"}],"wp:attachment":[{"href":"https:\/\/www.topohvar.at\/topo\/wp-json\/wp\/v2\/media?parent=36747"}],"curies":[{"name":"wp","href":"https:\/\/api.w.org\/{rel}","templated":true}]}}

<p><a name="seite_oben"></a><br />
<strong><img loading="lazy" decoding="async" class="aligncenter wp-image-36942 size-full" src="https://www.topohvar.at/wp-content/uploads/2020/05/do-aa-01-7.jpg" alt="" width="640" height="314" srcset="https://www.topohvar.at/wp-content/uploads/2020/05/do-aa-01-7.jpg 640w, https://www.topohvar.at/wp-content/uploads/2020/05/do-aa-01-7-300x147.jpg 300w" sizes="auto, (max-width: 640px) 100vw, 640px" /></strong></p>
<p><strong>Ime / Name<br />
</strong>Selo / Dorf »Dol &#8211; Sv. Ana«</p>
<p><strong>Code: </strong>DO-AA-03               <a href="https://www.topohvar.at/orte/do/do-aa-00-2/"><img loading="lazy" decoding="async" class="alignnone size-full wp-image-12300" src="https://www.topohvar.at/wp-content/uploads/2018/09/push-vor-30.jpg" alt="" width="61" height="30" /></a><strong> <a href="https://www.topohvar.at/orte/do/do-aa-02-2/"><img loading="lazy" decoding="async" class="alignnone wp-image-533 size-full" src="https://www.topohvar.at/wp-content/uploads/2018/07/push-l-30.jpg" alt="" width="61" height="30" /></a> <a href="https://www.topohvar.at/orte/do/"><img loading="lazy" decoding="async" class="alignnone wp-image-535 size-full" src="https://www.topohvar.at/wp-content/uploads/2018/07/push-o-30.jpg" alt="" width="61" height="30" /></a> <a href="https://www.topohvar.at/orte/do/do-aa-04-2/"><img loading="lazy" decoding="async" class="alignnone wp-image-536 size-full" src="https://www.topohvar.at/wp-content/uploads/2018/07/push-r-30.jpg" alt="" width="61" height="30" /></a> <a href="https://www.topohvar.at/orte/do/do-ai-01-1/"><img loading="lazy" decoding="async" class="alignnone size-full wp-image-12299" src="https://www.topohvar.at/wp-content/uploads/2018/09/push-next-30.jpg" alt="" width="61" height="30" /></a></strong></p>
<hr />
<p><strong>Adresa / Adresse<br />
</strong>Dol, Sv. Ana</p>
<p><strong>Lokacija</strong><strong> / Position<a href="https://goo.gl/maps/LLBaYfEEJLqQ7xCJ6"><img loading="lazy" decoding="async" class="alignright wp-image-36736" src="https://www.topohvar.at/wp-content/uploads/2020/05/2621.jpg" alt="" width="134" height="100" /></a><br />
</strong><span style="color: #3366ff;"><a style="color: #3366ff;" href="https://goo.gl/maps/LLBaYfEEJLqQ7xCJ6">Latitude: N 43,16819°   Longitude: E 16,62512°</a> </span><strong><br />
</strong>Visina / Höhe: 90  m</p>
<p><strong>Katastarska čestica</strong><strong> / Grundstücke<br />
</strong>&#8211; <div class='content-column one_half'><div style="padding-right:6px;"><p><strong>Datum snimanja / Erfassungsdatum<br />
</strong>13.05.2013 11:00:00</p>
<hr />
<p><strong>Informacije</strong></p>
<p>Svega 6 km udaljeno od Starog Grada smjestilo se selo Dol. Sastoji se od tri dijela, zapadni dio &#8211; Dol Sv. Marije srednji dio Dol Sv. Mihovil i istočni dio &#8211; Dol Sv. Ana. Nadalje, nekadašnji zaselak Borovik pripada selu Dol.</p></div></div><div class='content-column one_half last_column'><div style="padding-right:0px;padding-left:6px;"><p><strong>Stupanj zaštite</strong><strong> / Schutzstellung<br />
</strong>&#8211;</p>
<hr />
<p><strong>Info</strong></p>
<p>Das Dorf Dol ist 6 km von Stari Grad entfernt. Es besteht aus drei Teilen, dem westlichen Teil &#8211; Dol Sv. Maria dem mittleren Teil Dol Sv. Mihovil und dem östlichen Teil &#8211; Dol Sv. Ana. Weiters gehört der ehemalige Weiler Borovik zu Dol.</p></div></div><div class='clear_column'></div><div class='content-column one_half'><div style="padding-right:6px;"><p>U dielu sv. Ana, s crkvom sv. Anna i veliki sakupljač vode u središtu, ima mnogo starih slikovitih kuća u uskim ulicama. Istočno od sela stajala je mala crkva svetog Dujmova, a na vrhu brda Hum još se uvijek mogu vidjeti ostaci stare crkve sv. Vida.</p></div></div><div class='content-column one_half last_column'><div style="padding-right:0px;padding-left:6px;"><p>Im Ortsteil Sv. Ana, mit der Kirche der hl. Anna und einem großen Wassersammler im Zentrum, finden sich viele alte malerische Häuser in engen Gassen. Östlich des Ortes stand einst die kleine Kirche des Heiligen Dujmo und oben auf dem Hügel Hum sieht man noch die Reste der alten Kirche zum hl. Vitus.</p></div></div><div class='clear_column'></div><img loading="lazy" decoding="async" class="aligncenter size-full wp-image-37844" src="https://www.topohvar.at/wp-content/uploads/2020/05/do-aa-03-11.jpg" alt="" width="695" height="327" srcset="https://www.topohvar.at/wp-content/uploads/2020/05/do-aa-03-11.jpg 695w, https://www.topohvar.at/wp-content/uploads/2020/05/do-aa-03-11-300x141.jpg 300w" sizes="auto, (max-width: 695px) 100vw, 695px" /></p>
<p style="text-align: right;"><a href="#seite_oben">natrag na vrh / Seitenanfang</a></p>
<hr />
<p><strong>Linkovi / Links</strong></p>
<p><span style="color: #3366ff;"><a style="color: #3366ff;" href="https://www.topohvar.at/topo/orte/do/do-aa-00-2/">Selo Dol</a><br />
<a style="color: #3366ff;" href="http://www.tartajun.hr/tartajun-14-broj/">Ivica Moškatelo, prof.: Kratak pregled povijesti Dol (Tartajun br. 14)</a><br />
<a style="color: #3366ff;" href="https://www.topohvar.at/topo/orte/vj/vj-ck-04-1/">VRBANJ &#8211; Crkvica »Sv. Vid na Humu« / kleine Kirche des hl. Vitus am Berg Hum</a><br />
</span></p>

<p>Ime / Name Selo / Dorf »Dol &#8211; Sv. Ana« Code: DO-AA-03                Adresa / Adresse Dol, Sv. Ana Lokacija / Position Latitude: N 43,16819°   Longitude: E 16,62512° Visina / Höhe: 90  m Katastarska &hellip; <a href="https://www.topohvar.at/topo/orte/do/do-aa-03-2/">Weiterlesen <span class="meta-nav">&rarr;</span></a></p>
