{"id":37510,"date":"2020-05-21T07:45:55","date_gmt":"2020-05-21T05:45:55","guid":{"rendered":"https:\/\/www.topohvar.at\/topo\/?page_id=37510"},"modified":"2022-11-15T18:53:17","modified_gmt":"2022-11-15T17:53:17","slug":"hv-ob-16-1","status":"publish","type":"page","link":"https:\/\/www.topohvar.at\/topo\/orte\/hv\/hv-ob-16-1\/","title":{"rendered":"HVAR &#8211; Objekt \u00bbMozaik &#8211; Otisak prsta\u00ab"},"content":{"rendered":"<p><a name=\"seite_oben\"><\/a><br \/>\n<img loading=\"lazy\" decoding=\"async\" class=\"alignnone wp-image-38752 size-full\" src=\"https:\/\/www.topohvar.at\/wp-content\/uploads\/2020\/06\/hv-ob-16-11.jpg\" alt=\"\" width=\"1080\" height=\"530\" srcset=\"https:\/\/www.topohvar.at\/wp-content\/uploads\/2020\/06\/hv-ob-16-11.jpg 1080w, https:\/\/www.topohvar.at\/wp-content\/uploads\/2020\/06\/hv-ob-16-11-300x147.jpg 300w, https:\/\/www.topohvar.at\/wp-content\/uploads\/2020\/06\/hv-ob-16-11-1024x503.jpg 1024w, https:\/\/www.topohvar.at\/wp-content\/uploads\/2020\/06\/hv-ob-16-11-768x377.jpg 768w\" sizes=\"auto, (max-width: 1080px) 100vw, 1080px\" \/><\/p>\n<p><strong>Ime \/ Name<br \/>\n<\/strong>Objekt \u00bbMozaik &#8211; Otisak prsta\u00ab \/ Mosaik &#8211; Fingerabdruck<\/p>\n<p><strong>Code: <\/strong>HV-OB-16\u00a0 \u00a0 \u00a0 \u00a0 \u00a0 \u00a0 \u00a0 \u00a0 \u00a0 \u00a0 \u00a0 \u00a0 \u00a0 \u00a0 \u00a0 \u00a0<a href=\"https:\/\/www.topohvar.at\/hv-og-01-1\/\"><img loading=\"lazy\" decoding=\"async\" class=\"alignnone wp-image-12300 size-full\" src=\"https:\/\/www.topohvar.at\/wp-content\/uploads\/2018\/09\/push-vor-30.jpg\" alt=\"\" width=\"61\" height=\"30\" \/><\/a>\u00a0<strong><a href=\"https:\/\/www.topohvar.at\/orte\/hv\/hv-ob-04-1\/\"><img loading=\"lazy\" decoding=\"async\" class=\"alignnone wp-image-533 size-full\" src=\"https:\/\/www.topohvar.at\/wp-content\/uploads\/2018\/07\/push-l-30.jpg\" alt=\"\" width=\"61\" height=\"30\" \/><\/a> <a href=\"https:\/\/www.topohvar.at\/orte\/hv\/\"><img loading=\"lazy\" decoding=\"async\" class=\"alignnone wp-image-535 size-full\" src=\"https:\/\/www.topohvar.at\/wp-content\/uploads\/2018\/07\/push-o-30.jpg\" alt=\"\" width=\"61\" height=\"30\" \/><\/a> <a href=\"https:\/\/www.topohvar.at\/orte\/hv\/hv-ob-17-1\/\"><img loading=\"lazy\" decoding=\"async\" class=\"alignnone wp-image-536 size-full\" src=\"https:\/\/www.topohvar.at\/wp-content\/uploads\/2018\/07\/push-r-30.jpg\" alt=\"\" width=\"61\" height=\"30\" \/><\/a> <a href=\"https:\/\/www.topohvar.at\/hv-os-04-1\/\"><img loading=\"lazy\" decoding=\"async\" class=\"alignnone wp-image-12299 size-full\" src=\"https:\/\/www.topohvar.at\/wp-content\/uploads\/2018\/09\/push-next-30.jpg\" alt=\"\" width=\"61\" height=\"30\" \/><\/a><\/strong><strong>\u00a0<\/strong><\/p>\n<hr \/>\n<p><strong>Adresa \/ Adresse<br \/>\n<\/strong>Grad Hvar,\u00a0Park Veli \u0111ardin<\/p>\n<p><strong>Lokacija<\/strong><strong> \/ Position<a href=\"https:\/\/goo.gl\/maps\/6WkRpMA7vFGaPT9Z8\"><img loading=\"lazy\" decoding=\"async\" class=\"alignright wp-image-16086\" src=\"https:\/\/www.topohvar.at\/wp-content\/uploads\/2019\/01\/0289.jpg\" alt=\"\" width=\"134\" height=\"100\" \/><\/a><br \/>\n<\/strong><span style=\"color: #3366ff;\"><a style=\"color: #3366ff;\" href=\"https:\/\/goo.gl\/maps\/6WkRpMA7vFGaPT9Z8\">Latitude: N 43,17247\u00b0\u00a0 \u00a0Longitude: E 16,44078\u00b0<\/a> <\/span><strong><br \/>\n<\/strong>Visina \/ H\u00f6he: 2 m<\/p>\n<p><strong>Katastarska <\/strong><strong>\u010d<\/strong><strong>estica <\/strong><strong>\/ Grundst\u00fccke<br \/>\n<\/strong>4537\/1<div class='content-column one_half'><div style=\"padding-right:6px;\"><p><strong>Datum snimanja \/ Erfassungsdatum<br \/>\n<\/strong>20.06.2020 15:52:00<\/p>\n<hr \/>\n<p><strong>Informacije<\/strong><\/p>\n<p>Podni mozaik \u201eOtisak prsta\u201c autorice Tonke Alujevi\u0107, posve\u0107en hvarskom izumitelju i ocu daktiloskopije Ivanu Vu\u010deti\u0107u, je u gradskom parku (Veli \u0111ardin) od 2018. godine.<\/p><\/div><\/div><div class='content-column one_half last_column'><div style=\"padding-right:0px;padding-left:6px;\"><p><strong>Stupanj za\u0161tite<\/strong><strong> \/ Schutzstellung<br \/>\n<\/strong>&#8211;<\/p>\n<hr \/>\n<p><strong>Info<\/strong><\/p>\n<p>Das Bodenmosaik &#8222;Fingerprint&#8220; von Tonka Alujevi\u0107, das dem Erfinder und Vater der Daktyloskopie Ivan Vu\u010deti\u0107 in Hvar gewidmet ist, befindet sich seit dem Jahr 2018 im Stadtpark (Veli \u0111ardin).<\/p><\/div><\/div><div class='clear_column'><\/div><div class='content-column one_half'><div style=\"padding-right:6px;\"><p>Postavljen ispred biste velikog inovatora, 10 kvadratnih metara mozaik pisca, novinara i svjetskog putnika Tonka Alujevi\u0107a. Izra\u0111en je od mramora, murano stakla i kamena, a u prikazanim papilarnim linijama utisnute su i kockice, franje i trija, gotovo zaboravljena anti\u010dka igra \u2013 \u0161to je poveznica s djetinjstvom umjetnice ro\u0111ene i odrasle u Hvaru.<\/p><\/div><\/div><div class='content-column one_half last_column'><div style=\"padding-right:0px;padding-left:6px;\"><p>Das 10 Quadratmeter gro\u00dfe Mosaik der Schriftstellerin, Journalistin und Weltreisenden Tonka Alujevi\u0107 aus Marmor, Muranoglas und Stein befindet sich vor der B\u00fcste des gro\u00dfen Innovators. Die abgebildeten papill\u00e4ren Linien sind mit W\u00fcrfeln, Francis und Trios gepr\u00e4gt, einem fast vergessenen alten Spiel &#8211; eine Verbindung von der Geburt bis zum Erwachsenenalter der in Hvar geborenen und aufgewachsenen K\u00fcnstlerin.<\/p><\/div><\/div><div class='clear_column'><\/div><\/p>\n<p style=\"text-align: right;\"><span style=\"color: #3366ff;\"><a style=\"color: #3366ff;\" href=\"#seite_oben\">natrag na vrh \/ Seitenanfang<\/a><\/span><\/p>\n<hr \/>\n<p>&nbsp;<\/p>\n<p><strong>Linkovi \/ Links<\/strong><\/p>\n<p><span style=\"color: #3366ff;\"><a style=\"color: #3366ff;\" href=\"https:\/\/www.topohvar.at\/topo\/orte\/hv\/hv-mo-04-1\/ \u200e\">Bista \/ B\u00fcste \u00bbIvan Vu\u010deti\u0107\u00ab<\/a><br \/>\n<a style=\"color: #3366ff;\" href=\"https:\/\/www.topohvar.at\/orte\/hv\/hv-tg-68-1\/\">Ku\u0107a \/ Haus Vu\u010deti\u0107<\/a><a style=\"color: #3366ff;\" href=\"https:\/\/www.topohvar.at\/orte\/hv\/hv-is-39-1\/\"><br \/>\n<\/a><a style=\"color: #3366ff;\" href=\"https:\/\/www.topohvar.at\/orte\/hv\/hv-is-21-1\/\">Spomen-plo\u010da na ku\u0107i Vu\u010deti\u0107\u00ab \/ Gedenktafel am Haus Vu\u010deti\u0107<\/a><a style=\"color: #3366ff;\" href=\"https:\/\/www.topohvar.at\/orte\/hv\/hv-is-39-1\/\"><br \/>\n<\/a><a style=\"color: #3366ff;\" href=\"https:\/\/www.topohvar.at\/orte\/hv\/hv-is-24-1\/\">Spomen plo\u010da <\/a><a style=\"color: #3366ff;\" href=\"https:\/\/www.topohvar.at\/orte\/hv\/hv-is-24-1\/\">\u00bbIvan Vu\u010deti\u0107\u00ab<\/a><a style=\"color: #3366ff;\" href=\"https:\/\/www.topohvar.at\/orte\/hv\/hv-is-24-1\/\"> na Rivi \/ Gedenktafel \u00bbIvan Vu\u010deti\u0107\u00ab auf der Riva<\/a><br \/>\n<a style=\"color: #3366ff;\" href=\"https:\/\/www.topohvar.at\/orte\/hv\/hv-ov-01-1\/\">Objekt \u00bbPark Veli \u0111ardin\u00ab<\/a><\/span><\/p>\n<p>&nbsp;<\/p>\n<p>&nbsp;<\/p>\n","protected":false},"excerpt":{"rendered":"<p>Ime \/ Name Objekt \u00bbMozaik &#8211; Otisak prsta\u00ab \/ Mosaik &#8211; Fingerabdruck Code: HV-OB-16\u00a0 \u00a0 \u00a0 \u00a0 \u00a0 \u00a0 \u00a0 \u00a0 \u00a0 \u00a0 \u00a0 \u00a0 \u00a0 \u00a0 \u00a0 \u00a0\u00a0 \u00a0 Adresa \/ Adresse Grad Hvar,\u00a0Park Veli \u0111ardin Lokacija \/ Position &hellip; <a href=\"https:\/\/www.topohvar.at\/topo\/orte\/hv\/hv-ob-16-1\/\">Weiterlesen <span class=\"meta-nav\">&rarr;<\/span><\/a><\/p>\n","protected":false},"author":1,"featured_media":0,"parent":80,"menu_order":0,"comment_status":"closed","ping_status":"closed","template":"","meta":{"footnotes":""},"class_list":["post-37510","page","type-page","status-publish","hentry"],"_links":{"self":[{"href":"https:\/\/www.topohvar.at\/topo\/wp-json\/wp\/v2\/pages\/37510","targetHints":{"allow":["GET"]}}],"collection":[{"href":"https:\/\/www.topohvar.at\/topo\/wp-json\/wp\/v2\/pages"}],"about":[{"href":"https:\/\/www.topohvar.at\/topo\/wp-json\/wp\/v2\/types\/page"}],"author":[{"embeddable":true,"href":"https:\/\/www.topohvar.at\/topo\/wp-json\/wp\/v2\/users\/1"}],"replies":[{"embeddable":true,"href":"https:\/\/www.topohvar.at\/topo\/wp-json\/wp\/v2\/comments?post=37510"}],"version-history":[{"count":8,"href":"https:\/\/www.topohvar.at\/topo\/wp-json\/wp\/v2\/pages\/37510\/revisions"}],"predecessor-version":[{"id":61840,"href":"https:\/\/www.topohvar.at\/topo\/wp-json\/wp\/v2\/pages\/37510\/revisions\/61840"}],"up":[{"embeddable":true,"href":"https:\/\/www.topohvar.at\/topo\/wp-json\/wp\/v2\/pages\/80"}],"wp:attachment":[{"href":"https:\/\/www.topohvar.at\/topo\/wp-json\/wp\/v2\/media?parent=37510"}],"curies":[{"name":"wp","href":"https:\/\/api.w.org\/{rel}","templated":true}]}}