{"id":38094,"date":"2020-06-08T09:11:46","date_gmt":"2020-06-08T07:11:46","guid":{"rendered":"https:\/\/www.topohvar.at\/topo\/?page_id=38094"},"modified":"2024-09-05T16:52:38","modified_gmt":"2024-09-05T14:52:38","slug":"va-tg-03-1","status":"publish","type":"page","link":"https:\/\/www.topohvar.at\/topo\/orte\/va\/va-tg-03-1\/","title":{"rendered":"VRBOSKA &#8211; Javna zgrada \u00bbDru\u0161tveni dom Vrboska\u00ab"},"content":{"rendered":"<p><a name=\"seite_oben\"><\/a><br \/>\n<strong><img loading=\"lazy\" decoding=\"async\" class=\"alignnone wp-image-38598 size-full\" src=\"https:\/\/www.topohvar.at\/wp-content\/uploads\/2020\/06\/va-tg-03-11.jpg\" alt=\"\" width=\"1080\" height=\"530\" srcset=\"https:\/\/www.topohvar.at\/wp-content\/uploads\/2020\/06\/va-tg-03-11.jpg 1080w, https:\/\/www.topohvar.at\/wp-content\/uploads\/2020\/06\/va-tg-03-11-300x147.jpg 300w, https:\/\/www.topohvar.at\/wp-content\/uploads\/2020\/06\/va-tg-03-11-1024x503.jpg 1024w, https:\/\/www.topohvar.at\/wp-content\/uploads\/2020\/06\/va-tg-03-11-768x377.jpg 768w\" sizes=\"auto, (max-width: 1080px) 100vw, 1080px\" \/><\/strong><\/p>\n<p><strong>Ime \/ Name<br \/>\n<\/strong>Javna zgrada \u00bbDru\u0161tveni dom Vrboska\u00ab \/ Sozialheim Vrboska<\/p>\n<p><strong>Code: <\/strong>VA-TG-03\u00a0 \u00a0 \u00a0 \u00a0 \u00a0 \u00a0 \u00a0 \u00a0<strong>\u00a0 \u00a0 \u00a0 \u00a0 \u00a0 \u00a0 \u00a0 \u00a0 \u00a0 \u00a0<a href=\"https:\/\/www.topohvar.at\/orte\/va\/va-tg-06-1\/\"><img loading=\"lazy\" decoding=\"async\" class=\"alignnone wp-image-533 size-full\" src=\"https:\/\/www.topohvar.at\/wp-content\/uploads\/2018\/07\/push-l-30.jpg\" alt=\"\" width=\"61\" height=\"30\" \/><\/a>\u00a0<a href=\"https:\/\/www.topohvar.at\/orte\/va\/\"><img loading=\"lazy\" decoding=\"async\" class=\"alignnone wp-image-535 size-full\" src=\"https:\/\/www.topohvar.at\/wp-content\/uploads\/2018\/07\/push-o-30.jpg\" alt=\"\" width=\"61\" height=\"30\" \/><\/a>\u00a0<a href=\"https:\/\/www.topohvar.at\/orte\/va\/va-tg-07-1\/\"><img loading=\"lazy\" decoding=\"async\" class=\"alignnone wp-image-536 size-full\" src=\"https:\/\/www.topohvar.at\/wp-content\/uploads\/2018\/07\/push-r-30.jpg\" alt=\"\" width=\"61\" height=\"30\" \/><\/a><\/strong><\/p>\n<hr \/>\n<p><strong>Adresa \/ Adresse<br \/>\n<\/strong>Vrboska, Riva<\/p>\n<p><strong>Lokalna polo\u017eaj \/ Position<a href=\"https:\/\/goo.gl\/maps\/wsWWrBnid3BwLXRu8\"><img loading=\"lazy\" decoding=\"async\" class=\"alignright wp-image-38100\" src=\"https:\/\/www.topohvar.at\/wp-content\/uploads\/2020\/06\/2638.jpg\" alt=\"\" width=\"134\" height=\"100\" \/><\/a><br \/>\n<\/strong><a href=\"https:\/\/goo.gl\/maps\/wsWWrBnid3BwLXRu8\"><span style=\"color: #3366ff;\">Latitude: N 43,18136\u00b0\u00a0 \u00a0 Longitude: E 16,67195\u00b0\u00a0<\/span><\/a><strong><br \/>\n<\/strong>Visina \/ H\u00f6he: 1 m<\/p>\n<p><strong>Zemlji\u0161te \/ Grundst\u00fccke<br \/>\n<\/strong>*375<div class='content-column one_half'><div style=\"padding-right:6px;\"><p><strong>Datum snimanja \/ Erfassungsdatum<br \/>\n<\/strong>19.06.2020 09:13:00<\/p>\n<hr \/>\n<p><strong>Informacije<\/strong><\/p>\n<p>ZGRADA LUKOVA<\/p>\n<p>Povijest multifunkcionalne zgrade<\/p><\/div><\/div><div class='content-column one_half last_column'><div style=\"padding-right:0px;padding-left:6px;\"><p><strong>Za\u0161titni polo\u017eaj \/ Schutzstellung<br \/>\n<\/strong>&#8211;<\/p>\n<hr \/>\n<p><strong>Info<\/strong><\/p>\n<p>LUKOVA-GEB\u00c4UDE<\/p>\n<p>Die Geschichte eines multifunktionalen Geb\u00e4udes<\/p><\/div><\/div><div class='clear_column'><\/div><div class='content-column one_half'><div style=\"padding-right:6px;\"><p>Prolazimo uz ovu zgradu kao da je nema. A ima i ona jednu povijest, iako ne tako staru kao puno druge zgrade Vrboske. Starije generacije se jo\u0161 sje\u010daju kad je svaki luk predstavio ulaz u neki u ono doba vlastiti svijet.<\/p><\/div><\/div><div class='content-column one_half last_column'><div style=\"padding-right:0px;padding-left:6px;\"><p>Wir gehen an diesem Geb\u00e4ude vorbei, als ob es nicht da w\u00e4re. Aber es hat auch eine Geschichte, wenn auch nicht eine so alte wie viele andere Geb\u00e4ude in Vrboska. \u00c4ltere Generationen erinnern sich noch daran, wie damals jeder Bogen den Eingang zu einer eigenen Welt darstellte.<\/p><\/div><\/div><div class='clear_column'><\/div><div class='content-column one_half'><div style=\"padding-right:6px;\"><p>I\u0161lo se u zadrugu. U jednom du\u010danu iza luka se moglo kupovati ono za \u0161to se danas mora i\u010di u Stari Grad, po \u010davli\u010de npr.<\/p><\/div><\/div><div class='content-column one_half last_column'><div style=\"padding-right:0px;padding-left:6px;\"><p>Wir gingen zur Genossenschaft. In dem Gesch\u00e4ft hinter dem Hafen konnte man Dinge kaufen, f\u00fcr die man heute nach Stari Grad fahren muss, zum Beispiel N\u00e4gel.<\/p><\/div><\/div><div class='clear_column'><\/div><div class='content-column one_half'><div style=\"padding-right:6px;\"><p>Iza drugog luka je jedan lik prodavao uz ostalo takozvane &#8222;cici\u0161pici&#8220;, tj. lizaljke za koje su djeca ludovale. Uzrok za po koju dana\u0161nju bezubu \u010deljust.<\/p><\/div><\/div><div class='content-column one_half last_column'><div style=\"padding-right:0px;padding-left:6px;\"><p>Hinter dem zweiten Bogen verkaufte eine Figur unter anderem sogenannte \u201eTsi\u0161pici\u201c, also Lutscher, nach denen Kinder verr\u00fcckt waren. Der Grund f\u00fcr den heutigen zahnlosen Kiefer.<\/p><\/div><\/div><div class='clear_column'><\/div><div class='content-column one_half'><div style=\"padding-right:6px;\"><p>Jedan tre\u0107i ulaz je vodio do jedne stepenice preko koje se i\u0161lo na gornji kat u jedan sveti ured gdje je vladao tada onaj mladi Aljo\u0161a. Nao\u010dale modernog dizajna, ultrauske jeans i kutija cigareta su mu bili trajni rekviziti. Stari ljudi su ga cijenili. Znao je sve i sva\u0161ta o zakonima i propisima SFRJa, ipak je gledao najprije na ljude pa probao pribli\u017eavati te zakone tim ljudima a ne obrnuto. Taj ured sa visokim plafonima na tom katu je nosio ne\u0161to posebno u sebi, neku nedodirljivost. Suprotno tome na istom katu multifunkcionalna prostorija koja se za vikend pretvorila u kino. Ludnica! Kad su navalili i mladi i stari, nije bilo podjela, svi po drvenim stolicama. \u017dvake i kikiriki su i tada letili po podu, vicove, smijeh, komentare, sve je stalo kada je vrpca celuloidne filmske trake se po\u010dela mukotrpno odmatati. Kad je svijet u\u0161ao u tu preglednu dvoranu mista, kad je John Wayne u crnobijeloj boji pokazao \u0161ta je divlji zapad. Donja \u010deljust je skoro pala iz zgloba kad su kosmonauti ili astronauti u boji prikazali neki svijet daleko nad globusom. Ajme meni kad je film tehni\u010dki za\u0161tekao, kinematografa je rulja sa zvi\u017edu\u010dima poslala u&#8230; To vrijeme su mladi premostili sa jednom vrstom inonovativnom kombinacijom drvene pra\u010dke i \u0161tipaljkom s kojom su ga\u0111ali u mraku sa upaljenim \u0161ibicama u \u010dupicu drugih gledatelja. Tu su se &#8222;rodili&#8220; prvi inovatori, majstori i in\u017eenjeri mista.<\/p><\/div><\/div><div class='content-column one_half last_column'><div style=\"padding-right:0px;padding-left:6px;\"><p>Ein dritter Eingang f\u00fchrte zu einer Treppe, die in die obere Etage zu einem heiligen B\u00fcro f\u00fchrte, in dem der damals junge Alyo\u0161 regierte. Eine Brille in modernem Design, ultraenge Jeans und eine Schachtel Zigaretten waren seine st\u00e4ndigen Requisiten. Die alten Leute wussten es zu sch\u00e4tzen. Er wusste alles und jedes \u00fcber die Gesetze und Vorschriften der SFRJ, doch er schaute zuerst auf die Menschen und versuchte, ihnen diese Gesetze n\u00e4her zu bringen und nicht umgekehrt. Dieses B\u00fcro mit den hohen Decken auf dieser Etage hatte etwas Besonderes, eine gewisse Unber\u00fchrbarkeit. Andererseits gibt es auf derselben Etage einen Multifunktionsraum, der sich f\u00fcr das Wochenende in ein Kino verwandelt. Irrenhaus! Als Jung und Alt hereinst\u00fcrmten, gab es keine Trennung, alle sa\u00dfen auf Holzst\u00fchlen. Kaugummi und Erdn\u00fcsse flogen noch immer \u00fcber den Boden, Witze, Gel\u00e4chter, Kommentare, alles h\u00f6rte auf, als sich das Band des Zelluloidfilmstreifens m\u00fchsam abzuwickeln begann. Als die Welt diese Nebelhalle betrat, als John Wayne in Schwarzwei\u00df zeigte, was der Wilde Westen war. Der Unterkiefer fiel fast aus den Gelenken, als die Kosmonauten oder Astronauten eine Welt weit \u00fcber dem Erdball in Farbe abbildeten. Als der Film leider technisch scheiterte, wurde der Kameramann von einem Mob mit Trillerpfeifen losgeschickt &#8230; Damals \u00fcberbr\u00fcckten junge Leute die L\u00fccke mit einer Art innovativer Kombination aus einer Holzschleuder und einer Stecknadel, mit der sie im Dunkeln drehten mit brennenden Streichh\u00f6lzern an den Hufen anderer Zuschauer. Dort wurden die ersten Erfinder, Meister und Ingenieure des Nebels \u201egeboren\u201c.<\/p><\/div><\/div><div class='clear_column'><\/div><div class='content-column one_half'><div style=\"padding-right:6px;\"><p>I ne zaboravimo na zapadnoj strani zgrade onog dragocijenjenog frizera&#8230; Lorenco se zvao ako se ne varamo.<\/p><\/div><\/div><div class='content-column one_half last_column'><div style=\"padding-right:0px;padding-left:6px;\"><p>Und vergessen wir nicht den kostbaren Friseur an der Westseite des Geb\u00e4udes &#8230; Lorenzo war sein Name, wenn wir uns nicht irren.<\/p><\/div><\/div><div class='clear_column'><\/div><\/p>\n<p style=\"text-align: center;\"><em>Izvor: \/ Quelle: Facebook<\/em><\/p>\n<p style=\"text-align: right;\"><span style=\"color: #3366ff;\"><a style=\"color: #3366ff;\" href=\"#seite_oben\">natrag na vrh \/ Seitenanfang<\/a><\/span><\/p>\n<p>&nbsp;<\/p>\n<p>&nbsp;<\/p>\n<hr \/>\n<p><strong>Linkovi \/ Links<\/strong><\/p>\n<p><span style=\"color: #3366ff;\">&#8211;<\/span><\/p>\n","protected":false},"excerpt":{"rendered":"<p>Ime \/ Name Javna zgrada \u00bbDru\u0161tveni dom Vrboska\u00ab \/ Sozialheim Vrboska Code: VA-TG-03\u00a0 \u00a0 \u00a0 \u00a0 \u00a0 \u00a0 \u00a0 \u00a0\u00a0 \u00a0 \u00a0 \u00a0 \u00a0 \u00a0 \u00a0 \u00a0 \u00a0 \u00a0\u00a0\u00a0 Adresa \/ Adresse Vrboska, Riva Lokalna polo\u017eaj \/ Position Latitude: N &hellip; <a href=\"https:\/\/www.topohvar.at\/topo\/orte\/va\/va-tg-03-1\/\">Weiterlesen <span class=\"meta-nav\">&rarr;<\/span><\/a><\/p>\n","protected":false},"author":1,"featured_media":0,"parent":109,"menu_order":0,"comment_status":"closed","ping_status":"closed","template":"","meta":{"footnotes":""},"class_list":["post-38094","page","type-page","status-publish","hentry"],"_links":{"self":[{"href":"https:\/\/www.topohvar.at\/topo\/wp-json\/wp\/v2\/pages\/38094","targetHints":{"allow":["GET"]}}],"collection":[{"href":"https:\/\/www.topohvar.at\/topo\/wp-json\/wp\/v2\/pages"}],"about":[{"href":"https:\/\/www.topohvar.at\/topo\/wp-json\/wp\/v2\/types\/page"}],"author":[{"embeddable":true,"href":"https:\/\/www.topohvar.at\/topo\/wp-json\/wp\/v2\/users\/1"}],"replies":[{"embeddable":true,"href":"https:\/\/www.topohvar.at\/topo\/wp-json\/wp\/v2\/comments?post=38094"}],"version-history":[{"count":9,"href":"https:\/\/www.topohvar.at\/topo\/wp-json\/wp\/v2\/pages\/38094\/revisions"}],"predecessor-version":[{"id":69589,"href":"https:\/\/www.topohvar.at\/topo\/wp-json\/wp\/v2\/pages\/38094\/revisions\/69589"}],"up":[{"embeddable":true,"href":"https:\/\/www.topohvar.at\/topo\/wp-json\/wp\/v2\/pages\/109"}],"wp:attachment":[{"href":"https:\/\/www.topohvar.at\/topo\/wp-json\/wp\/v2\/media?parent=38094"}],"curies":[{"name":"wp","href":"https:\/\/api.w.org\/{rel}","templated":true}]}}