{"id":38150,"date":"2020-06-08T18:43:35","date_gmt":"2020-06-08T16:43:35","guid":{"rendered":"https:\/\/www.topohvar.at\/topo\/?page_id=38150"},"modified":"2024-10-19T17:15:51","modified_gmt":"2024-10-19T15:15:51","slug":"sg-ob-07-2","status":"publish","type":"page","link":"https:\/\/www.topohvar.at\/topo\/orte\/sg\/sg-ob-07-2\/","title":{"rendered":"STARI GRAD &#8211; Objekt \u00bbKameni turan\u00ab"},"content":{"rendered":"<p style=\"padding-left: 40px;\"><a name=\"seite_oben\"><\/a><br \/>\n<img loading=\"lazy\" decoding=\"async\" class=\"alignnone wp-image-38825 size-full\" src=\"https:\/\/www.topohvar.at\/wp-content\/uploads\/2020\/07\/sg-ob-07-1.jpg\" alt=\"\" width=\"1080\" height=\"530\" srcset=\"https:\/\/www.topohvar.at\/wp-content\/uploads\/2020\/07\/sg-ob-07-1.jpg 1080w, https:\/\/www.topohvar.at\/wp-content\/uploads\/2020\/07\/sg-ob-07-1-300x147.jpg 300w, https:\/\/www.topohvar.at\/wp-content\/uploads\/2020\/07\/sg-ob-07-1-1024x503.jpg 1024w, https:\/\/www.topohvar.at\/wp-content\/uploads\/2020\/07\/sg-ob-07-1-768x377.jpg 768w\" sizes=\"auto, (max-width: 1080px) 100vw, 1080px\" \/><\/p>\n<p><strong>Ime \/ Name<br \/>\n<\/strong>Objekt \u00bbKameni turan\u00ab \/ steinernes Podest f\u00fcr Weinpresse<\/p>\n<p><strong>Code: <\/strong>SG-OB-07\u00a0 \u00a0 \u00a0 \u00a0 \u00a0 \u00a0 \u00a0 \u00a0 \u00a0 \u00a0 \u00a0 \u00a0 \u00a0 \u00a0 \u00a0 \u00a0 \u00a0 \u00a0<a href=\"https:\/\/www.topohvar.at\/orte\/sg\/sg-pk-06-2\/\"><img loading=\"lazy\" decoding=\"async\" class=\"alignnone wp-image-12300 size-full\" src=\"https:\/\/www.topohvar.at\/wp-content\/uploads\/2018\/09\/push-vor-30.jpg\" alt=\"\" width=\"61\" height=\"30\" \/><\/a>\u00a0<strong><a href=\"https:\/\/www.topohvar.at\/orte\/sg\/sg-ob-01-2\/\"><img loading=\"lazy\" decoding=\"async\" class=\"alignnone wp-image-533 size-full\" src=\"https:\/\/www.topohvar.at\/wp-content\/uploads\/2018\/07\/push-l-30.jpg\" alt=\"\" width=\"61\" height=\"30\" \/><\/a> <a href=\"https:\/\/www.topohvar.at\/orte\/sg\/\"><img loading=\"lazy\" decoding=\"async\" class=\"alignnone wp-image-535 size-full\" src=\"https:\/\/www.topohvar.at\/wp-content\/uploads\/2018\/07\/push-o-30.jpg\" alt=\"\" width=\"61\" height=\"30\" \/><\/a> <a href=\"https:\/\/www.topohvar.at\/orte\/sg\/sg-ob-16-1\/\"><img loading=\"lazy\" decoding=\"async\" class=\"alignnone wp-image-536 size-full\" src=\"https:\/\/www.topohvar.at\/wp-content\/uploads\/2018\/07\/push-r-30.jpg\" alt=\"\" width=\"61\" height=\"30\" \/><\/a> <a href=\"https:\/\/www.topohvar.at\/orte\/sg\/sg-os-01-2\/\"><img loading=\"lazy\" decoding=\"async\" class=\"alignnone wp-image-12299 size-full\" src=\"https:\/\/www.topohvar.at\/wp-content\/uploads\/2018\/09\/push-next-30.jpg\" alt=\"\" width=\"61\" height=\"30\" \/><\/a><\/strong><\/p>\n<hr \/>\n<p><strong>Adresa \/ Adresse<br \/>\n<\/strong>Stari Grad, Srinjo- \/ Duolnjo kola<\/p>\n<p><strong>Lokacija \/ Position<a href=\"https:\/\/goo.gl\/maps\/qVuZXTkYVGuuNvtN8\"><img loading=\"lazy\" decoding=\"async\" class=\"alignright wp-image-38826\" src=\"https:\/\/www.topohvar.at\/wp-content\/uploads\/2020\/07\/2674.jpg\" alt=\"\" width=\"134\" height=\"100\" \/><\/a><br \/>\n<\/strong><span style=\"color: #3366ff;\"><a style=\"color: #3366ff;\" href=\"https:\/\/goo.gl\/maps\/qVuZXTkYVGuuNvtN8\">Latitude: N 43,18386\u00b0\u00a0 \u00a0Longitude: E 16,59702\u00b0 <\/a><\/span><strong><br \/>\n<\/strong>Visina \/ H\u00f6he: 2 m<\/p>\n<p><strong>Katastarska \u010destica \/ Grundst\u00fccke<br \/>\n<\/strong>10588<div class='content-column one_half'><div style=\"padding-right:6px;\"><p><strong>Datum snimanja \/ Erfassungsdatum<br \/>\n<\/strong>20.06.2020 14:20:00<\/p>\n<hr \/>\n<p><strong>Informacije<\/strong><\/p>\n<p>U prolazu koji spaja Srinju i Duolnju kolu kod ku\u0107e Milati\u0107, nalaze se ostaci ovoga impozantnog &#8218;turna&#8216;. Prema kazivanju barba Ivota Milati\u0107a, prostor je nakada bio u vlasni\u0161tvu starogrojskih vlastelina Vrankovi\u0107a, koji su upravno na tome mjestu imalu veliku konobu u kojoj se , izme\u0111u ostalog, pravilo i \u010duvalo \u010duveno starogrojsko vino. Odatle i &#8218;turan&#8216; (turan &#8211; tijesak, pre\u0161a, od lat. torreo &#8211; tije\u0161titi, istiskivati, iscije\u0111ivati).<\/p><\/div><\/div><div class='content-column one_half last_column'><div style=\"padding-right:0px;padding-left:6px;\"><p><strong>Stupanj za\u0161tite \/ Schutzstellung<br \/>\n<\/strong>&#8211;<\/p>\n<hr \/>\n<p><strong>Info<\/strong><\/p>\n<p>In der Passage, die die Srinja und die Duolnja kola in der N\u00e4he des Milati\u0107-Hauses verbindet, befinden sich die \u00dcberreste einer beeindruckenden \u201eWeinpresse\u201c. Laut dem Friseur Ivo Milati\u0107 geh\u00f6rte das Gebiet einst den Stari Grader Herrn Vrankovi\u0107, die an diesem Ort eine gro\u00dfe Taverne hatten, in der unter anderem der ber\u00fchmte Stari Grader Wein hergestellt und gelagert wurde. Daher der &#8218;Turan&#8216; (Turan &#8211; dr\u00fccken, dr\u00fccken, von lat. torreo &#8211; treten, quetschen, dr\u00fccken).<\/p><\/div><\/div><div class='clear_column'><\/div><\/p>\n<p style=\"text-align: center;\"><em>(Izvor \/ Quelle: Novosti, Grad Stari Grad, 05.11.2006)<\/em><\/p>\n<p style=\"text-align: right;\"><a href=\"#seite_oben\">natrag na vrh \/ Seitenanfang<\/a><\/p>\n<hr \/>\n<p><strong>Linkovi \/ Links<\/strong><\/p>\n<p>&#8211;<\/p>\n","protected":false},"excerpt":{"rendered":"<p>Ime \/ Name Objekt \u00bbKameni turan\u00ab \/ steinernes Podest f\u00fcr Weinpresse Code: SG-OB-07\u00a0 \u00a0 \u00a0 \u00a0 \u00a0 \u00a0 \u00a0 \u00a0 \u00a0 \u00a0 \u00a0 \u00a0 \u00a0 \u00a0 \u00a0 \u00a0 \u00a0 \u00a0\u00a0 Adresa \/ Adresse Stari Grad, Srinjo- \/ Duolnjo kola Lokacija &hellip; <a href=\"https:\/\/www.topohvar.at\/topo\/orte\/sg\/sg-ob-07-2\/\">Weiterlesen <span class=\"meta-nav\">&rarr;<\/span><\/a><\/p>\n","protected":false},"author":1,"featured_media":0,"parent":99,"menu_order":0,"comment_status":"closed","ping_status":"closed","template":"","meta":{"footnotes":""},"class_list":["post-38150","page","type-page","status-publish","hentry"],"_links":{"self":[{"href":"https:\/\/www.topohvar.at\/topo\/wp-json\/wp\/v2\/pages\/38150","targetHints":{"allow":["GET"]}}],"collection":[{"href":"https:\/\/www.topohvar.at\/topo\/wp-json\/wp\/v2\/pages"}],"about":[{"href":"https:\/\/www.topohvar.at\/topo\/wp-json\/wp\/v2\/types\/page"}],"author":[{"embeddable":true,"href":"https:\/\/www.topohvar.at\/topo\/wp-json\/wp\/v2\/users\/1"}],"replies":[{"embeddable":true,"href":"https:\/\/www.topohvar.at\/topo\/wp-json\/wp\/v2\/comments?post=38150"}],"version-history":[{"count":12,"href":"https:\/\/www.topohvar.at\/topo\/wp-json\/wp\/v2\/pages\/38150\/revisions"}],"predecessor-version":[{"id":69758,"href":"https:\/\/www.topohvar.at\/topo\/wp-json\/wp\/v2\/pages\/38150\/revisions\/69758"}],"up":[{"embeddable":true,"href":"https:\/\/www.topohvar.at\/topo\/wp-json\/wp\/v2\/pages\/99"}],"wp:attachment":[{"href":"https:\/\/www.topohvar.at\/topo\/wp-json\/wp\/v2\/media?parent=38150"}],"curies":[{"name":"wp","href":"https:\/\/api.w.org\/{rel}","templated":true}]}}