{"id":38444,"date":"2020-06-18T09:57:31","date_gmt":"2020-06-18T07:57:31","guid":{"rendered":"https:\/\/www.topohvar.at\/topo\/?page_id=38444"},"modified":"2022-11-17T12:16:15","modified_gmt":"2022-11-17T11:16:15","slug":"je-ob-06-1","status":"publish","type":"page","link":"https:\/\/www.topohvar.at\/topo\/orte\/je\/je-ob-06-1\/","title":{"rendered":"JELSA &#8211; Objekt \u00bbEU projekt &#8222;WomCom&#8220;\u00ab"},"content":{"rendered":"<p><a name=\"seite_oben\"><\/a><br \/>\n<strong><img loading=\"lazy\" decoding=\"async\" class=\"alignnone wp-image-38446 size-full\" src=\"https:\/\/www.topohvar.at\/wp-content\/uploads\/2020\/06\/je-ob-06-2.jpg\" alt=\"\" width=\"1080\" height=\"530\" srcset=\"https:\/\/www.topohvar.at\/wp-content\/uploads\/2020\/06\/je-ob-06-2.jpg 1080w, https:\/\/www.topohvar.at\/wp-content\/uploads\/2020\/06\/je-ob-06-2-300x147.jpg 300w, https:\/\/www.topohvar.at\/wp-content\/uploads\/2020\/06\/je-ob-06-2-1024x503.jpg 1024w, https:\/\/www.topohvar.at\/wp-content\/uploads\/2020\/06\/je-ob-06-2-768x377.jpg 768w\" sizes=\"auto, (max-width: 1080px) 100vw, 1080px\" \/><\/strong><\/p>\n<p><strong>Ime \/ Name<br \/>\n<\/strong>Objekt \u00bbEU projekt &#8222;WomCom&#8220;\u00ab<\/p>\n<p><strong>Code: <\/strong>JE-OB-06\u00a0 \u00a0 \u00a0 \u00a0 \u00a0 \u00a0 \u00a0 \u00a0 \u00a0 \u00a0 \u00a0 \u00a0 \u00a0 \u00a0 \u00a0 \u00a0 \u00a0 \u00a0 \u00a0 \u00a0<strong>\u00a0<a href=\"https:\/\/www.topohvar.at\/orte\/je\/je-og-01-1\/\"><img loading=\"lazy\" decoding=\"async\" class=\"alignnone wp-image-12300 size-full\" src=\"https:\/\/www.topohvar.at\/wp-content\/uploads\/2018\/09\/push-vor-30.jpg\" alt=\"\" width=\"61\" height=\"30\" \/><\/a><\/strong>\u00a0<strong><a href=\"https:\/\/www.topohvar.at\/orte\/je\/je-ob-05-1\/\"><img loading=\"lazy\" decoding=\"async\" class=\"alignnone wp-image-533 size-full\" src=\"https:\/\/www.topohvar.at\/wp-content\/uploads\/2018\/07\/push-l-30.jpg\" alt=\"\" width=\"61\" height=\"30\" \/><\/a> <a href=\"https:\/\/www.topohvar.at\/orte\/je\/\"><img loading=\"lazy\" decoding=\"async\" class=\"alignnone wp-image-535 size-full\" src=\"https:\/\/www.topohvar.at\/wp-content\/uploads\/2018\/07\/push-o-30.jpg\" alt=\"\" width=\"61\" height=\"30\" \/><\/a> <a href=\"https:\/\/www.topohvar.at\/orte\/je\/je-ob-07-1\/\"><img loading=\"lazy\" decoding=\"async\" class=\"alignnone wp-image-536 size-full\" src=\"https:\/\/www.topohvar.at\/wp-content\/uploads\/2018\/07\/push-r-30.jpg\" alt=\"\" width=\"61\" height=\"30\" \/><\/a> <a href=\"https:\/\/www.topohvar.at\/orte\/je\/je-os-01-1\/\"><img loading=\"lazy\" decoding=\"async\" class=\"alignnone wp-image-12299 size-full\" src=\"https:\/\/www.topohvar.at\/wp-content\/uploads\/2018\/09\/push-next-30.jpg\" alt=\"\" width=\"61\" height=\"30\" \/><\/a>\u00a0<\/strong><\/p>\n<hr \/>\n<p><strong>Adresa \/ Adresse<br \/>\n<\/strong>Jelsa, \u0160etali\u0161te Sv. Liberata<\/p>\n<p><strong>Lokacija \/ Position<a href=\"https:\/\/goo.gl\/maps\/sQ498wNpiPVaGbzd6\"><img loading=\"lazy\" decoding=\"async\" class=\"alignright wp-image-38445\" src=\"https:\/\/www.topohvar.at\/wp-content\/uploads\/2020\/06\/2644.jpg\" alt=\"\" width=\"134\" height=\"100\" \/><\/a><br \/>\n<\/strong><span style=\"color: #3366ff;\"><a style=\"color: #3366ff;\" href=\"https:\/\/goo.gl\/maps\/sQ498wNpiPVaGbzd6\">Latitude: N 43,16147\u00b0\u00a0 \u00a0Longitude: E 16,69691\u00b0<\/a><\/span> <strong><br \/>\n<\/strong>Visina \/ H\u00f6he: 1 m<\/p>\n<p><strong>Katastarska \u010destica \/ Grundst\u00fccke<br \/>\n<\/strong>1728\/1<div class='content-column one_half'><div style=\"padding-right:6px;\"><p><strong>Datum snimanja \/ Erfassungsdatum<br \/>\n<\/strong>17.06.2020 18:55:00<\/p>\n<hr \/>\n<p><strong>Informacije<\/strong><\/p>\n<p>EU projekt &#8222;WomCom&#8220; namijenjen je mladim \u017eenama &#8222;manje \u0161anse&#8220; koje su izlo\u017eene nekoliko oblika diskriminacije. Stoga moraju pobolj\u0161ati svoje komunikacijske vje\u0161tine (na primjer, putem asertivne komunikacijske metode) i imati vi\u0161e prilika za susret s drugim \u017eenama i razmjenu iskustava. To se mo\u017ee posti\u0107i stvaranjem zidnih slika na temu \u017eenske solidarnosti. Cilj projekta je promicanje suradnje za inovacije i razmjena najboljih praksi, kao i ja\u010danje kapaciteta za mlade u susjednim zemljama i zemljama pro\u0161irenja.<\/p><\/div><\/div><div class='content-column one_half last_column'><div style=\"padding-right:0px;padding-left:6px;\"><p><strong>Stupanj za\u0161tite \/ Schutzstellung<br \/>\n<\/strong>&#8211;<\/p>\n<hr \/>\n<p><strong>Info<\/strong><\/p>\n<p>Das EU-Projekt &#8222;WomCom&#8220; richtet sich an junge Frauen mit \u201eweniger Chancen\u201c, die mehreren Formen der Diskriminierung ausgesetzt sind. Daher m\u00fcssen sie ihre Kommunikationsf\u00e4higkeiten verbessern (zum Beispiel \u00fcber die durchsetzungsf\u00e4hige Kommunikationsmethode) und mehr M\u00f6glichkeiten erhalten, sich mit anderen Frauen zu treffen und Erfahrungen auszutauschen. Dies kann durch die Realisierung von Wandgem\u00e4lden zum Thema Frauensolidarit\u00e4t erreicht werden. Das Projekt zielt darauf ab, die Zusammenarbeit f\u00fcr Innovation und den Austausch bew\u00e4hrter Verfahren sowie den Kapazit\u00e4tsaufbau f\u00fcr Jugendliche in Nachbar- und Erweiterungsl\u00e4ndern zu f\u00f6rdern.<\/p><\/div><\/div><div class='clear_column'><\/div><div class='content-column one_half'><div style=\"padding-right:6px;\"><p><img loading=\"lazy\" decoding=\"async\" class=\"alignnone size-medium wp-image-38449 aligncenter\" src=\"https:\/\/www.topohvar.at\/wp-content\/uploads\/2020\/06\/je-ob-06-1-284x300.jpg\" alt=\"\" width=\"284\" height=\"300\" srcset=\"https:\/\/www.topohvar.at\/wp-content\/uploads\/2020\/06\/je-ob-06-1-284x300.jpg 284w, https:\/\/www.topohvar.at\/wp-content\/uploads\/2020\/06\/je-ob-06-1-768x812.jpg 768w, https:\/\/www.topohvar.at\/wp-content\/uploads\/2020\/06\/je-ob-06-1.jpg 901w\" sizes=\"auto, (max-width: 284px) 100vw, 284px\" \/><\/p><\/div><\/div><div class='content-column one_half last_column'><div style=\"padding-right:0px;padding-left:6px;\"><p><img loading=\"lazy\" decoding=\"async\" class=\"aligncenter size-full wp-image-61921\" src=\"https:\/\/www.topohvar.at\/wp-content\/uploads\/2022\/11\/je-ob-06-16.jpg\" alt=\"\" width=\"417\" height=\"300\" srcset=\"https:\/\/www.topohvar.at\/wp-content\/uploads\/2022\/11\/je-ob-06-16.jpg 417w, https:\/\/www.topohvar.at\/wp-content\/uploads\/2022\/11\/je-ob-06-16-300x216.jpg 300w\" sizes=\"auto, (max-width: 417px) 100vw, 417px\" \/><\/p><\/div><\/div><div class='clear_column'><\/div><div class='content-column one_half'><div style=\"padding-right:6px;\"><p>To je obja\u0161njeno na plo\u010di:<br \/>\nOvaj mural nastao je u sklopu programa ERASMUS + &#8211; projekta &#8222;\u017denska komunikacija za solidarnost &#8211; WomCom&#8220;. Sli\u010dni murali oslikani su u ovom projektu u: Gro\u010dka \/ Beograd, Srbija. Kru\u0161evac, Srbija. Jelsa \/ Hvar, Hrvatska. Padova, Italija. Strasbourg, Francuska. Mostar, Bosna i Hercegovina.<\/p><\/div><\/div><div class='content-column one_half last_column'><div style=\"padding-right:0px;padding-left:6px;\"><p>Dazu wird erkl\u00e4rt:<br \/>\nDieses Wandbild wurde im Rahmen des ERASMUS + Programms &#8211; Projekt \u201eFrauenkommunikation f\u00fcr Solidarit\u00e4t &#8211; WomCom\u201c erstellt. In diesem Projekt wurden \u00e4hnliche Wandbilder gemalt in: Gro\u010dka\/Belgrad, Serbien. Kru\u0161evac, Serbien. Jelsa \/ Hvar, Kroatien. Padua, Italien. Strasbourg, Frankreich. Mostar, Bosnien und Herzegowina.<\/p><\/div><\/div><div class='clear_column'><\/div><div class='content-column one_half'><div style=\"padding-right:6px;\"><p>\u201ePodr\u0161ka Europske komisije stvaranju ovog murala ne zna\u010di odobravanje sadr\u017eaja, \u0161to samo odra\u017eava stavove autora. Komisija se ne mo\u017ee smatrati odgovornom za kori\u0161tenje informacija sadr\u017eanih u njima. &#8220;<\/p><\/div><\/div><div class='content-column one_half last_column'><div style=\"padding-right:0px;padding-left:6px;\"><p>\u201eDie Unterst\u00fctzung der Europ\u00e4ischen Kommission f\u00fcr die Erstellung dieses Wandgem\u00e4ldes bedeutet keine Billigung des Inhalts, der nur die Ansichten der Autoren widerspiegelt. Die Kommission kann nicht f\u00fcr die Verwendung der darin enthaltenen Informationen verantwortlich gemacht werden.\u201c<\/p><\/div><\/div><div class='clear_column'><\/div><div class='content-column one_half'><div style=\"padding-right:6px;\"><p>Sufinancirano iz programa Erasmus+ Europske unije<br \/>\nGEMEINDE JELSA<\/p><\/div><\/div><div class='content-column one_half last_column'><div style=\"padding-right:0px;padding-left:6px;\"><p>Kofinanziert vom Erasmus+ Programm der Europ\u00e4ischen Union<br \/>\nOP\u0106INA JELSA<\/p><\/div><\/div><div class='clear_column'><\/div><\/p>\n<p style=\"text-align: right;\"><span style=\"color: #3366ff;\"><a style=\"color: #3366ff;\" href=\"#seite_oben\">natrag na vrh \/ Seitenanfang<\/a><\/span><\/p>\n<hr \/>\n<p><strong>Linkovi \/ Links<\/strong><\/p>\n<p><span style=\"color: #3366ff;\">&#8211;<\/span><\/p>\n","protected":false},"excerpt":{"rendered":"<p>Ime \/ Name Objekt \u00bbEU projekt &#8222;WomCom&#8220;\u00ab Code: JE-OB-06\u00a0 \u00a0 \u00a0 \u00a0 \u00a0 \u00a0 \u00a0 \u00a0 \u00a0 \u00a0 \u00a0 \u00a0 \u00a0 \u00a0 \u00a0 \u00a0 \u00a0 \u00a0 \u00a0 \u00a0\u00a0\u00a0 \u00a0 Adresa \/ Adresse Jelsa, \u0160etali\u0161te Sv. Liberata Lokacija \/ Position Latitude: &hellip; <a href=\"https:\/\/www.topohvar.at\/topo\/orte\/je\/je-ob-06-1\/\">Weiterlesen <span class=\"meta-nav\">&rarr;<\/span><\/a><\/p>\n","protected":false},"author":1,"featured_media":0,"parent":85,"menu_order":0,"comment_status":"closed","ping_status":"closed","template":"","meta":{"footnotes":""},"class_list":["post-38444","page","type-page","status-publish","hentry"],"_links":{"self":[{"href":"https:\/\/www.topohvar.at\/topo\/wp-json\/wp\/v2\/pages\/38444","targetHints":{"allow":["GET"]}}],"collection":[{"href":"https:\/\/www.topohvar.at\/topo\/wp-json\/wp\/v2\/pages"}],"about":[{"href":"https:\/\/www.topohvar.at\/topo\/wp-json\/wp\/v2\/types\/page"}],"author":[{"embeddable":true,"href":"https:\/\/www.topohvar.at\/topo\/wp-json\/wp\/v2\/users\/1"}],"replies":[{"embeddable":true,"href":"https:\/\/www.topohvar.at\/topo\/wp-json\/wp\/v2\/comments?post=38444"}],"version-history":[{"count":11,"href":"https:\/\/www.topohvar.at\/topo\/wp-json\/wp\/v2\/pages\/38444\/revisions"}],"predecessor-version":[{"id":61923,"href":"https:\/\/www.topohvar.at\/topo\/wp-json\/wp\/v2\/pages\/38444\/revisions\/61923"}],"up":[{"embeddable":true,"href":"https:\/\/www.topohvar.at\/topo\/wp-json\/wp\/v2\/pages\/85"}],"wp:attachment":[{"href":"https:\/\/www.topohvar.at\/topo\/wp-json\/wp\/v2\/media?parent=38444"}],"curies":[{"name":"wp","href":"https:\/\/api.w.org\/{rel}","templated":true}]}}