{"id":3846,"date":"2018-08-08T06:52:19","date_gmt":"2018-08-08T04:52:19","guid":{"rendered":"https:\/\/www.topohvar.at\/?page_id=3846"},"modified":"2021-09-24T09:30:41","modified_gmt":"2021-09-24T07:30:41","slug":"sg-ov-01-2","status":"publish","type":"page","link":"https:\/\/www.topohvar.at\/topo\/orte\/sg\/sg-ov-01-2\/","title":{"rendered":"STARI GRAD &#8211; Objekt \u00bbPark Vorba\u00ab"},"content":{"rendered":"<p><a name=\"seite_oben\"><\/a><br \/>\n<img loading=\"lazy\" decoding=\"async\" class=\"alignnone wp-image-3801 size-large\" src=\"https:\/\/www.topohvar.at\/wp-content\/uploads\/2018\/08\/sg-ov-01-1-1024x503.jpg\" alt=\"\" width=\"640\" height=\"314\" srcset=\"https:\/\/www.topohvar.at\/wp-content\/uploads\/2018\/08\/sg-ov-01-1-1024x503.jpg 1024w, https:\/\/www.topohvar.at\/wp-content\/uploads\/2018\/08\/sg-ov-01-1-300x147.jpg 300w, https:\/\/www.topohvar.at\/wp-content\/uploads\/2018\/08\/sg-ov-01-1-768x377.jpg 768w\" sizes=\"auto, (max-width: 640px) 100vw, 640px\" \/><\/p>\n<p><strong>Ime \/ Name<br \/>\n<\/strong>Objekt \u00bbPark Vorba\u00ab<\/p>\n<p><strong>Code: <\/strong>SG-OV-01\u00a0 \u00a0 \u00a0 \u00a0 \u00a0 \u00a0 \u00a0 \u00a0 \u00a0 \u00a0 \u00a0 \u00a0 \u00a0 \u00a0 \u00a0 \u00a0 \u00a0 \u00a0<a href=\"https:\/\/www.topohvar.at\/orte\/sg\/sg-pu-09-1\/\"><img loading=\"lazy\" decoding=\"async\" class=\"alignnone wp-image-12300 size-full\" src=\"https:\/\/www.topohvar.at\/wp-content\/uploads\/2018\/09\/push-vor-30.jpg\" alt=\"\" width=\"61\" height=\"30\" \/><\/a>\u00a0<strong><a href=\"https:\/\/www.topohvar.at\/orte\/sg\/sg-pk-06-2\/\"><img loading=\"lazy\" decoding=\"async\" class=\"alignnone wp-image-533 size-full\" src=\"https:\/\/www.topohvar.at\/wp-content\/uploads\/2018\/07\/push-l-30.jpg\" alt=\"\" width=\"61\" height=\"30\" \/><\/a> <a href=\"https:\/\/www.topohvar.at\/orte\/sg\/\"><img loading=\"lazy\" decoding=\"async\" class=\"alignnone wp-image-535 size-full\" src=\"https:\/\/www.topohvar.at\/wp-content\/uploads\/2018\/07\/push-o-30.jpg\" alt=\"\" width=\"61\" height=\"30\" \/><\/a> <a href=\"https:\/\/www.topohvar.at\/orte\/sg\/sg-ov-02-2\/\"><img loading=\"lazy\" decoding=\"async\" class=\"alignnone wp-image-536 size-full\" src=\"https:\/\/www.topohvar.at\/wp-content\/uploads\/2018\/07\/push-r-30.jpg\" alt=\"\" width=\"61\" height=\"30\" \/><\/a> <a href=\"https:\/\/www.topohvar.at\/orte\/sg\/sg-og-01-2\/\"><img loading=\"lazy\" decoding=\"async\" class=\"alignnone wp-image-12299 size-full\" src=\"https:\/\/www.topohvar.at\/wp-content\/uploads\/2018\/09\/push-next-30.jpg\" alt=\"\" width=\"61\" height=\"30\" \/><\/a><\/strong><\/p>\n<hr \/>\n<p><strong>Adresa \/ Adresse<br \/>\n<\/strong>Stari Grad, Park Vorba<\/p>\n<p><strong>Lokacija \/ Position<img loading=\"lazy\" decoding=\"async\" class=\"alignright wp-image-3887\" src=\"https:\/\/www.topohvar.at\/wp-content\/uploads\/2018\/08\/1466.jpg\" alt=\"\" width=\"134\" height=\"100\" \/><br \/>\n<\/strong><span style=\"color: #3366ff;\"><a style=\"color: #3366ff;\" href=\"https:\/\/goo.gl\/maps\/aoY2iPBMUCntEuic6\">Latitude: N 43,18462\u00b0\u00a0 \u00a0Longitude: E 16,60076\u00b0<\/a> <\/span><strong><br \/>\n<\/strong>Visina \/ H\u00f6he: 1 m<\/p>\n<p><strong>Katastarska \u010destica \/ Grundst\u00fccke<br \/>\n<\/strong>7111<div class='content-column one_half'><div style=\"padding-right:6px;\"><p><strong>Datum snimanja \/ Erfassungsdatum<br \/>\n<\/strong>08.05.2017 10:42:00<\/p>\n<hr \/>\n<p><strong>Informacije<\/strong><\/p>\n<p>Dnu zaljeva je javni vrt Vorba, kojega je obnovio velikom vrtlarskom stru\u010dnjaku Petru Biankiniju. On je uredio i vrt uz ku\u0107u svoje obitelji te perivoj Jurjevac. To se uistinu i dogodilo 1892. god. Na\u010dinjena su \u010detiri kamena mosta i na jednom od njih uklesana je godina nastanka \u2013 1892. Iz tog vremena ostali su alepski borovi (Pinus halepensis Mill.), juke (Yucca gloriosa L.) te kanarske palme (Phoenix canariensis Chabaud).<\/p><\/div><\/div><div class='content-column one_half last_column'><div style=\"padding-right:0px;padding-left:6px;\"><p><strong>Stupanj za\u0161tite \/ Schutzstellung<br \/>\n<\/strong>&#8211;<\/p>\n<hr \/>\n<p><strong>Info<\/strong><\/p>\n<p>Am Ende der Bucht befindet sich der \u00d6ffentliche Park Vorba, der vom bedeutenden Gartenexperten Petar Biancini angelegt wurde. Er arrangierte den Garten neben dem Haus seiner Familie und dem Jurjevac-Garten. Das geschah im Jahre 1892. Vier Steinbr\u00fccken wurden gebaut. Eine davon geht auf das Jahr 1892 zur\u00fcck. Aus dieser Zeit stammen die Aleppokiefern (Pinus halepensis Mill.), Yukas (Yucca gloriosa L.) und Kanarienpalmen (Phoenix canariensis Chabaud).<\/p><\/div><\/div><div class='clear_column'><\/div><div class='content-column one_half'><div style=\"padding-right:6px;\"><p>Gradski park \u00abVorba\u00bb je spomenik parkovne arhitekture.<\/p><\/div><\/div><div class='content-column one_half last_column'><div style=\"padding-right:0px;padding-left:6px;\"><p>Der Stadtpark \u00abVorba\u00bb ist ein Denkmal der Parkarchitektur.<\/p><\/div><\/div><div class='clear_column'><\/div><div class='content-column one_half'><div style=\"padding-right:6px;\"><p>Na sjevernoj strani parka nalazi se potok Vir koji se &#8211; dolaze\u0107i iz Dola &#8211; ovdje ulijeva u more.<\/p><\/div><\/div><div class='content-column one_half last_column'><div style=\"padding-right:0px;padding-left:6px;\"><p>An der Nordseite des Parks befindet sich der Bach Vir, der &#8211; von Dol her kommend &#8211; hier in das Meer m\u00fcndet.<\/p><\/div><\/div><div class='clear_column'><\/div><\/p>\n<p style=\"text-align: right;\"><a href=\"#seite_oben\">natrag na vrh \/ Seitenanfang<\/a><\/p>\n<hr \/>\n<p><strong>Linkovi \/ Links<\/strong><\/p>\n<p><span style=\"color: #3366ff;\"><a style=\"color: #3366ff;\" href=\"https:\/\/www.topohvar.at\/topo\/orte\/sg\/sg-mo-11-2\/\">Spomenik \u00bbStari Grad 2400 godina\u00ab\/ Denkmal 2400 Jahre Stari Grad<\/a><br \/>\n<a style=\"color: #3366ff;\" href=\"https:\/\/www.topohvar.at\/topo\/orte\/sg\/sg-is-44-2\/\">Spomen plo\u010da \u00bbu Parku Vorba \u2013 Maslice\u00ab \/ Gedenktafel Olivenb\u00e4ume im Park Vorba<\/a><br \/>\n<a style=\"color: #3366ff;\" href=\"https:\/\/www.topohvar.at\/topo\/orte\/sg\/sg-ip-02-2\/\">Informativna plo\u010da \u00bbStari Grad \/ Povijest \/ Plan\u00ab \/ Infotafel &#8211; Geschichte und Plan der Stadt Stari Grad<\/a><br \/>\n<a style=\"color: #3366ff;\" href=\"https:\/\/www.topohvar.at\/topo\/orte\/sg\/sg-on-04-1\/\">Dje\u010dje igrali\u0161te \/ Kinderspielplatz Park Vorba<\/a><br \/>\n<a style=\"color: #3366ff;\" href=\"https:\/\/www.topohvar.at\/orte\/sg\/sg-on-05-1\/\">Objekt \u00bbOprema za fitnes\u00ab \/ Fitnessparcour<\/a><br \/>\n<a style=\"color: #3366ff;\" href=\"https:\/\/www.topohvar.at\/topo\/orte\/sg\/sg-ob-11-1\/\">Servis bicikla (2) \/ Radservicestation (2)<\/a><br \/>\n<\/span><\/p>\n","protected":false},"excerpt":{"rendered":"<p>Ime \/ Name Objekt \u00bbPark Vorba\u00ab Code: SG-OV-01\u00a0 \u00a0 \u00a0 \u00a0 \u00a0 \u00a0 \u00a0 \u00a0 \u00a0 \u00a0 \u00a0 \u00a0 \u00a0 \u00a0 \u00a0 \u00a0 \u00a0 \u00a0\u00a0 Adresa \/ Adresse Stari Grad, Park Vorba Lokacija \/ Position Latitude: N 43,18462\u00b0\u00a0 \u00a0Longitude: E &hellip; <a href=\"https:\/\/www.topohvar.at\/topo\/orte\/sg\/sg-ov-01-2\/\">Weiterlesen <span class=\"meta-nav\">&rarr;<\/span><\/a><\/p>\n","protected":false},"author":1,"featured_media":0,"parent":99,"menu_order":0,"comment_status":"closed","ping_status":"closed","template":"","meta":{"footnotes":""},"class_list":["post-3846","page","type-page","status-publish","hentry"],"_links":{"self":[{"href":"https:\/\/www.topohvar.at\/topo\/wp-json\/wp\/v2\/pages\/3846","targetHints":{"allow":["GET"]}}],"collection":[{"href":"https:\/\/www.topohvar.at\/topo\/wp-json\/wp\/v2\/pages"}],"about":[{"href":"https:\/\/www.topohvar.at\/topo\/wp-json\/wp\/v2\/types\/page"}],"author":[{"embeddable":true,"href":"https:\/\/www.topohvar.at\/topo\/wp-json\/wp\/v2\/users\/1"}],"replies":[{"embeddable":true,"href":"https:\/\/www.topohvar.at\/topo\/wp-json\/wp\/v2\/comments?post=3846"}],"version-history":[{"count":22,"href":"https:\/\/www.topohvar.at\/topo\/wp-json\/wp\/v2\/pages\/3846\/revisions"}],"predecessor-version":[{"id":51871,"href":"https:\/\/www.topohvar.at\/topo\/wp-json\/wp\/v2\/pages\/3846\/revisions\/51871"}],"up":[{"embeddable":true,"href":"https:\/\/www.topohvar.at\/topo\/wp-json\/wp\/v2\/pages\/99"}],"wp:attachment":[{"href":"https:\/\/www.topohvar.at\/topo\/wp-json\/wp\/v2\/media?parent=3846"}],"curies":[{"name":"wp","href":"https:\/\/api.w.org\/{rel}","templated":true}]}}

<p><a name="seite_oben"></a><br />
<img loading="lazy" decoding="async" class="alignnone wp-image-3801 size-large" src="https://www.topohvar.at/wp-content/uploads/2018/08/sg-ov-01-1-1024x503.jpg" alt="" width="640" height="314" srcset="https://www.topohvar.at/wp-content/uploads/2018/08/sg-ov-01-1-1024x503.jpg 1024w, https://www.topohvar.at/wp-content/uploads/2018/08/sg-ov-01-1-300x147.jpg 300w, https://www.topohvar.at/wp-content/uploads/2018/08/sg-ov-01-1-768x377.jpg 768w" sizes="auto, (max-width: 640px) 100vw, 640px" /></p>
<p><strong>Ime / Name<br />
</strong>Objekt »Park Vorba«</p>
<p><strong>Code: </strong>SG-OV-01                                   <a href="https://www.topohvar.at/orte/sg/sg-pu-09-1/"><img loading="lazy" decoding="async" class="alignnone wp-image-12300 size-full" src="https://www.topohvar.at/wp-content/uploads/2018/09/push-vor-30.jpg" alt="" width="61" height="30" /></a> <strong><a href="https://www.topohvar.at/orte/sg/sg-pk-06-2/"><img loading="lazy" decoding="async" class="alignnone wp-image-533 size-full" src="https://www.topohvar.at/wp-content/uploads/2018/07/push-l-30.jpg" alt="" width="61" height="30" /></a> <a href="https://www.topohvar.at/orte/sg/"><img loading="lazy" decoding="async" class="alignnone wp-image-535 size-full" src="https://www.topohvar.at/wp-content/uploads/2018/07/push-o-30.jpg" alt="" width="61" height="30" /></a> <a href="https://www.topohvar.at/orte/sg/sg-ov-02-2/"><img loading="lazy" decoding="async" class="alignnone wp-image-536 size-full" src="https://www.topohvar.at/wp-content/uploads/2018/07/push-r-30.jpg" alt="" width="61" height="30" /></a> <a href="https://www.topohvar.at/orte/sg/sg-og-01-2/"><img loading="lazy" decoding="async" class="alignnone wp-image-12299 size-full" src="https://www.topohvar.at/wp-content/uploads/2018/09/push-next-30.jpg" alt="" width="61" height="30" /></a></strong></p>
<hr />
<p><strong>Adresa / Adresse<br />
</strong>Stari Grad, Park Vorba</p>
<p><strong>Lokacija / Position<img loading="lazy" decoding="async" class="alignright wp-image-3887" src="https://www.topohvar.at/wp-content/uploads/2018/08/1466.jpg" alt="" width="134" height="100" /><br />
</strong><span style="color: #3366ff;"><a style="color: #3366ff;" href="https://goo.gl/maps/aoY2iPBMUCntEuic6">Latitude: N 43,18462°   Longitude: E 16,60076°</a> </span><strong><br />
</strong>Visina / Höhe: 1 m</p>
<p><strong>Katastarska čestica / Grundstücke<br />
</strong>7111<div class='content-column one_half'><div style="padding-right:6px;"><p><strong>Datum snimanja / Erfassungsdatum<br />
</strong>08.05.2017 10:42:00</p>
<hr />
<p><strong>Informacije</strong></p>
<p>Dnu zaljeva je javni vrt Vorba, kojega je obnovio velikom vrtlarskom stručnjaku Petru Biankiniju. On je uredio i vrt uz kuću svoje obitelji te perivoj Jurjevac. To se uistinu i dogodilo 1892. god. Načinjena su četiri kamena mosta i na jednom od njih uklesana je godina nastanka – 1892. Iz tog vremena ostali su alepski borovi (Pinus halepensis Mill.), juke (Yucca gloriosa L.) te kanarske palme (Phoenix canariensis Chabaud).</p></div></div><div class='content-column one_half last_column'><div style="padding-right:0px;padding-left:6px;"><p><strong>Stupanj zaštite / Schutzstellung<br />
</strong>&#8211;</p>
<hr />
<p><strong>Info</strong></p>
<p>Am Ende der Bucht befindet sich der Öffentliche Park Vorba, der vom bedeutenden Gartenexperten Petar Biancini angelegt wurde. Er arrangierte den Garten neben dem Haus seiner Familie und dem Jurjevac-Garten. Das geschah im Jahre 1892. Vier Steinbrücken wurden gebaut. Eine davon geht auf das Jahr 1892 zurück. Aus dieser Zeit stammen die Aleppokiefern (Pinus halepensis Mill.), Yukas (Yucca gloriosa L.) und Kanarienpalmen (Phoenix canariensis Chabaud).</p></div></div><div class='clear_column'></div><div class='content-column one_half'><div style="padding-right:6px;"><p>Gradski park «Vorba» je spomenik parkovne arhitekture.</p></div></div><div class='content-column one_half last_column'><div style="padding-right:0px;padding-left:6px;"><p>Der Stadtpark «Vorba» ist ein Denkmal der Parkarchitektur.</p></div></div><div class='clear_column'></div><div class='content-column one_half'><div style="padding-right:6px;"><p>Na sjevernoj strani parka nalazi se potok Vir koji se &#8211; dolazeći iz Dola &#8211; ovdje ulijeva u more.</p></div></div><div class='content-column one_half last_column'><div style="padding-right:0px;padding-left:6px;"><p>An der Nordseite des Parks befindet sich der Bach Vir, der &#8211; von Dol her kommend &#8211; hier in das Meer mündet.</p></div></div><div class='clear_column'></div></p>
<p style="text-align: right;"><a href="#seite_oben">natrag na vrh / Seitenanfang</a></p>
<hr />
<p><strong>Linkovi / Links</strong></p>
<p><span style="color: #3366ff;"><a style="color: #3366ff;" href="https://www.topohvar.at/topo/orte/sg/sg-mo-11-2/">Spomenik »Stari Grad 2400 godina«/ Denkmal 2400 Jahre Stari Grad</a><br />
<a style="color: #3366ff;" href="https://www.topohvar.at/topo/orte/sg/sg-is-44-2/">Spomen ploča »u Parku Vorba – Maslice« / Gedenktafel Olivenbäume im Park Vorba</a><br />
<a style="color: #3366ff;" href="https://www.topohvar.at/topo/orte/sg/sg-ip-02-2/">Informativna ploča »Stari Grad / Povijest / Plan« / Infotafel &#8211; Geschichte und Plan der Stadt Stari Grad</a><br />
<a style="color: #3366ff;" href="https://www.topohvar.at/topo/orte/sg/sg-on-04-1/">Dječje igralište / Kinderspielplatz Park Vorba</a><br />
<a style="color: #3366ff;" href="https://www.topohvar.at/orte/sg/sg-on-05-1/">Objekt »Oprema za fitnes« / Fitnessparcour</a><br />
<a style="color: #3366ff;" href="https://www.topohvar.at/topo/orte/sg/sg-ob-11-1/">Servis bicikla (2) / Radservicestation (2)</a><br />
</span></p>
