{"id":39059,"date":"2020-07-03T08:55:22","date_gmt":"2020-07-03T06:55:22","guid":{"rendered":"https:\/\/www.topohvar.at\/topo\/?page_id=39059"},"modified":"2021-05-12T06:33:44","modified_gmt":"2021-05-12T04:33:44","slug":"po-tr-06-1","status":"publish","type":"page","link":"https:\/\/www.topohvar.at\/topo\/orte\/po\/po-tr-06-1\/","title":{"rendered":"POLJICA &#8211; Trim \u00bbPO-TR-06\u00ab"},"content":{"rendered":"<p><a name=\"seite_oben\"><\/a><br \/>\n<strong><img loading=\"lazy\" decoding=\"async\" class=\"alignnone wp-image-39062 size-full\" src=\"https:\/\/www.topohvar.at\/wp-content\/uploads\/2020\/07\/po-tr-06-0.jpg\" alt=\"\" width=\"1080\" height=\"530\" srcset=\"https:\/\/www.topohvar.at\/wp-content\/uploads\/2020\/07\/po-tr-06-0.jpg 1080w, https:\/\/www.topohvar.at\/wp-content\/uploads\/2020\/07\/po-tr-06-0-300x147.jpg 300w, https:\/\/www.topohvar.at\/wp-content\/uploads\/2020\/07\/po-tr-06-0-1024x503.jpg 1024w, https:\/\/www.topohvar.at\/wp-content\/uploads\/2020\/07\/po-tr-06-0-768x377.jpg 768w\" sizes=\"auto, (max-width: 1080px) 100vw, 1080px\" \/><\/strong><\/p>\n<p><strong>Ime \/ Name<br \/>\n<\/strong>Trim \u00bbPO-TR-06\u00ab<\/p>\n<p><strong>Code: <\/strong>PO-TR-06\u00a0 \u00a0 \u00a0 \u00a0 \u00a0 \u00a0 \u00a0 \u00a0 \u00a0 \u00a0 \u00a0 \u00a0 \u00a0 \u00a0 \u00a0 \u00a0 \u00a0 \u00a0 \u00a0 \u00a0\u00a0<strong> <a href=\"https:\/\/www.topohvar.at\/orte\/po\/po-tr-00-1\/\"><img loading=\"lazy\" decoding=\"async\" class=\"alignnone wp-image-12300 size-full\" src=\"https:\/\/www.topohvar.at\/wp-content\/uploads\/2018\/09\/push-vor-30.jpg\" alt=\"\" width=\"61\" height=\"30\" \/><\/a> <a href=\"https:\/\/www.topohvar.at\/orte\/po\/po-tr-08-1\/\"><img loading=\"lazy\" decoding=\"async\" class=\"alignnone wp-image-533 size-full\" src=\"https:\/\/www.topohvar.at\/wp-content\/uploads\/2018\/07\/push-l-30.jpg\" alt=\"\" width=\"61\" height=\"30\" \/><\/a>\u00a0<a href=\"https:\/\/www.topohvar.at\/orte\/po\/\"><img loading=\"lazy\" decoding=\"async\" class=\"alignnone wp-image-535 size-full\" src=\"https:\/\/www.topohvar.at\/wp-content\/uploads\/2018\/07\/push-o-30.jpg\" alt=\"\" width=\"61\" height=\"30\" \/><\/a> <a href=\"https:\/\/www.topohvar.at\/orte\/po\/po-tr-07-1\/\"><img loading=\"lazy\" decoding=\"async\" class=\"alignnone wp-image-536 size-full\" src=\"https:\/\/www.topohvar.at\/wp-content\/uploads\/2018\/07\/push-r-30.jpg\" alt=\"\" width=\"61\" height=\"30\" \/><\/a> <\/strong><\/p>\n<hr \/>\n<p><strong>Adresa \/ Adresse<br \/>\n<\/strong>U selu \/ Im Ort Poljica<\/p>\n<p><strong>Lokacija \/ Position<a href=\"https:\/\/goo.gl\/maps\/DGSubZ5W6j5QqKpv6\"><img loading=\"lazy\" decoding=\"async\" class=\"alignright wp-image-39061\" src=\"https:\/\/www.topohvar.at\/wp-content\/uploads\/2020\/07\/2688.jpg\" alt=\"\" width=\"134\" height=\"100\" \/><\/a><br \/>\n<\/strong><span style=\"color: #3366ff;\"><a style=\"color: #3366ff;\" href=\"https:\/\/goo.gl\/maps\/DGSubZ5W6j5QqKpv6\">Latitude: N 43,14816\u00b0\u00a0 \u00a0Longitude: E 16,79530\u00b0 <\/a><\/span><strong><br \/>\n<\/strong>Visina \/ H\u00f6he: 160 m<\/p>\n<p><strong>Katastarska \u010destica \/ Grundst\u00fccke<br \/>\n<\/strong>440\/2 (DKP Zastra\u017ei\u0161\u0107e) <div class='content-column one_half'><div style=\"padding-right:6px;\"><p><strong>Datum snimanja \/ Erfassungsdatum<br \/>\n<\/strong>21.06.2020 11:33:47<\/p>\n<hr \/>\n<p><strong>Informacije<\/strong><\/p>\n<p>Trim se nalazi na istoku Poljica. Njegove dvije do tri razine su neujedna\u010dene i mogu se posti\u0107i razinama. U kru\u017enoj unutra\u0161njosti nalazi se zidna ni\u0161a. Trim je dobro o\u010duvana ali se vi\u0161e ne koristi.<\/p><\/div><\/div><div class='content-column one_half last_column'><div style=\"padding-right:0px;padding-left:6px;\"><p><strong>Stupanj za\u0161tite \/ Schutzstellung<br \/>\n<\/strong>&#8211;<\/p>\n<hr \/>\n<p><strong>Info<\/strong><\/p>\n<p>Der Trim befindet sich im Osten der Ortschaft Poljica. Seine zwei bis drei Stufen sind ungleichm\u00e4\u00dfig ausgebildet und \u00fcber Stufen erreichbar. Im kreisrunden Inneren befindet sich eine Wandnische. Der Trim ist gut erhalten, wird aber nicht mehr genutzt.<\/p><\/div><\/div><div class='clear_column'><\/div><div class='content-column one_half'><div style=\"padding-right:6px;\"><div id=\"attachment_39063\" style=\"width: 310px\" class=\"wp-caption aligncenter\"><img loading=\"lazy\" decoding=\"async\" aria-describedby=\"caption-attachment-39063\" class=\"wp-image-39063 size-medium\" src=\"https:\/\/www.topohvar.at\/wp-content\/uploads\/2020\/07\/po-tr-06-10-300x300.jpg\" alt=\"\" width=\"300\" height=\"300\" srcset=\"https:\/\/www.topohvar.at\/wp-content\/uploads\/2020\/07\/po-tr-06-10-300x300.jpg 300w, https:\/\/www.topohvar.at\/wp-content\/uploads\/2020\/07\/po-tr-06-10-150x150.jpg 150w, https:\/\/www.topohvar.at\/wp-content\/uploads\/2020\/07\/po-tr-06-10.jpg 450w\" sizes=\"auto, (max-width: 300px) 100vw, 300px\" \/><p id=\"caption-attachment-39063\" class=\"wp-caption-text\">Ulaz \/ Eingang<\/p><\/div><\/div><\/div><div class='content-column one_half last_column'><div style=\"padding-right:0px;padding-left:6px;\"><div id=\"attachment_39064\" style=\"width: 310px\" class=\"wp-caption aligncenter\"><img loading=\"lazy\" decoding=\"async\" aria-describedby=\"caption-attachment-39064\" class=\"wp-image-39064 size-medium\" src=\"https:\/\/www.topohvar.at\/wp-content\/uploads\/2020\/07\/po-tr-06-11-300x300.jpg\" alt=\"\" width=\"300\" height=\"300\" srcset=\"https:\/\/www.topohvar.at\/wp-content\/uploads\/2020\/07\/po-tr-06-11-300x300.jpg 300w, https:\/\/www.topohvar.at\/wp-content\/uploads\/2020\/07\/po-tr-06-11-150x150.jpg 150w, https:\/\/www.topohvar.at\/wp-content\/uploads\/2020\/07\/po-tr-06-11.jpg 450w\" sizes=\"auto, (max-width: 300px) 100vw, 300px\" \/><p id=\"caption-attachment-39064\" class=\"wp-caption-text\">Sjeverna strana \/ Nordseite<\/p><\/div><\/div><\/div><div class='clear_column'><\/div><div class='content-column one_half'><div style=\"padding-right:6px;\"><p>Dana 21.06.2020 trim je posje\u0107en i prona\u0111en je sljede\u0107i<\/p>\n<p>Lokacija: livada, vrba<br \/>\nPodzemlje: sklon<br \/>\nSklop: kameni zid<br \/>\nUpotreba: ne koristi<br \/>\nStanje izgradnje: dobro sa\u010duvan<br \/>\nBroj prstenova trima: tri prstena<br \/>\nDodatni kameni prsten: nema kamenog prstena<br \/>\nStepeni\u0161te: stube<br \/>\nOblik kamena: uglast<br \/>\nPodru\u010dje ispred ulaza: lako dostupni<br \/>\nVrata na stranicu: I (80\u00b0)<br \/>\nPromjer trima (cm): 520<br \/>\nVisina trima (cm): 320<br \/>\nVisina prstena (cm): prsten 1: 160 , prsten 2: 200 , prsten 3: 250<br \/>\nDebljina zida (cm): 110<br \/>\n\u0160irina vrata (cm): 70<br \/>\nVisina vrata (cm): 120<br \/>\n\u0160irina unutra (cm): 300<br \/>\nVisina unutra (cm): 300<br \/>\nVolumen iznutra (m3): 12,74<br \/>\nni\u0161a 1 (P\/\u0160\/V\/D) (cm): 100 \/ 30 \/ 25 \/ 40<\/p><\/div><\/div><div class='content-column one_half last_column'><div style=\"padding-right:0px;padding-left:6px;\"><p>Am 21.06.2020 wurde der Trim besucht und untersucht<\/p>\n<p>Standort: Wiese, Weide<br \/>\nUntergrund: geneigt<br \/>\nVerbunden mit: Steinmauer<br \/>\nNutzung: ungenutzt<br \/>\nZustand: gut erhalten<br \/>\nRinge\/Stufen des Trim: dreistufig<br \/>\nZus\u00e4tzlicher Steinring: kein Steinring<br \/>\nStiege: Stufen<br \/>\nSteinform: kantig<br \/>\nEingangsbereich: frei<br \/>\nEingangsseite: O (80\u00b0)<br \/>\nTrimdurchmesser (cm): 520<br \/>\nTrimh\u00f6he (cm): 320<br \/>\nStufen\/Ringh\u00f6he (cm): Ring 1: 160 , Ring 2: 200 , Ring 3: 250<br \/>\nWandst\u00e4rke: 110<br \/>\nT\u00fcrbreite (cm): 70<br \/>\nT\u00fcrh\u00f6he (cm): 120<br \/>\nInnenraumbreite (cm): 300<br \/>\nInnenraumh\u00f6he (cm): 300<br \/>\nRaumvolumen (m3): 12,74<br \/>\nNische 1 (P\/B\/H\/T) (cm): 100 \/ 30 \/ 25 \/ 40<\/p><\/div><\/div><div class='clear_column'><\/div><\/p>\n<p><img loading=\"lazy\" decoding=\"async\" class=\"aligncenter size-full wp-image-39363\" src=\"https:\/\/www.topohvar.at\/wp-content\/uploads\/2020\/07\/po-tr-06-sca.jpg\" alt=\"\" width=\"1072\" height=\"1636\" srcset=\"https:\/\/www.topohvar.at\/wp-content\/uploads\/2020\/07\/po-tr-06-sca.jpg 1072w, https:\/\/www.topohvar.at\/wp-content\/uploads\/2020\/07\/po-tr-06-sca-197x300.jpg 197w, https:\/\/www.topohvar.at\/wp-content\/uploads\/2020\/07\/po-tr-06-sca-671x1024.jpg 671w, https:\/\/www.topohvar.at\/wp-content\/uploads\/2020\/07\/po-tr-06-sca-768x1172.jpg 768w, https:\/\/www.topohvar.at\/wp-content\/uploads\/2020\/07\/po-tr-06-sca-1006x1536.jpg 1006w\" sizes=\"auto, (max-width: 1072px) 100vw, 1072px\" \/><\/p>\n<p style=\"text-align: right;\"><a href=\"#seite_oben\">natrag na vrh \/ Seitenanfang<\/a><\/p>\n<hr \/>\n<p><strong>Linkovi \/ Links<\/strong><\/p>\n<p>&#8211;<\/p>\n","protected":false},"excerpt":{"rendered":"<p>Ime \/ Name Trim \u00bbPO-TR-06\u00ab Code: PO-TR-06\u00a0 \u00a0 \u00a0 \u00a0 \u00a0 \u00a0 \u00a0 \u00a0 \u00a0 \u00a0 \u00a0 \u00a0 \u00a0 \u00a0 \u00a0 \u00a0 \u00a0 \u00a0 \u00a0 \u00a0\u00a0 \u00a0 Adresa \/ Adresse U selu \/ Im Ort Poljica Lokacija \/ Position Latitude: &hellip; <a href=\"https:\/\/www.topohvar.at\/topo\/orte\/po\/po-tr-06-1\/\">Weiterlesen <span class=\"meta-nav\">&rarr;<\/span><\/a><\/p>\n","protected":false},"author":1,"featured_media":0,"parent":91,"menu_order":0,"comment_status":"closed","ping_status":"closed","template":"","meta":{"footnotes":""},"class_list":["post-39059","page","type-page","status-publish","hentry"],"_links":{"self":[{"href":"https:\/\/www.topohvar.at\/topo\/wp-json\/wp\/v2\/pages\/39059","targetHints":{"allow":["GET"]}}],"collection":[{"href":"https:\/\/www.topohvar.at\/topo\/wp-json\/wp\/v2\/pages"}],"about":[{"href":"https:\/\/www.topohvar.at\/topo\/wp-json\/wp\/v2\/types\/page"}],"author":[{"embeddable":true,"href":"https:\/\/www.topohvar.at\/topo\/wp-json\/wp\/v2\/users\/1"}],"replies":[{"embeddable":true,"href":"https:\/\/www.topohvar.at\/topo\/wp-json\/wp\/v2\/comments?post=39059"}],"version-history":[{"count":13,"href":"https:\/\/www.topohvar.at\/topo\/wp-json\/wp\/v2\/pages\/39059\/revisions"}],"predecessor-version":[{"id":49067,"href":"https:\/\/www.topohvar.at\/topo\/wp-json\/wp\/v2\/pages\/39059\/revisions\/49067"}],"up":[{"embeddable":true,"href":"https:\/\/www.topohvar.at\/topo\/wp-json\/wp\/v2\/pages\/91"}],"wp:attachment":[{"href":"https:\/\/www.topohvar.at\/topo\/wp-json\/wp\/v2\/media?parent=39059"}],"curies":[{"name":"wp","href":"https:\/\/api.w.org\/{rel}","templated":true}]}}

<p><a name="seite_oben"></a><br />
<strong><img loading="lazy" decoding="async" class="alignnone wp-image-39062 size-full" src="https://www.topohvar.at/wp-content/uploads/2020/07/po-tr-06-0.jpg" alt="" width="1080" height="530" srcset="https://www.topohvar.at/wp-content/uploads/2020/07/po-tr-06-0.jpg 1080w, https://www.topohvar.at/wp-content/uploads/2020/07/po-tr-06-0-300x147.jpg 300w, https://www.topohvar.at/wp-content/uploads/2020/07/po-tr-06-0-1024x503.jpg 1024w, https://www.topohvar.at/wp-content/uploads/2020/07/po-tr-06-0-768x377.jpg 768w" sizes="auto, (max-width: 1080px) 100vw, 1080px" /></strong></p>
<p><strong>Ime / Name<br />
</strong>Trim »PO-TR-06«</p>
<p><strong>Code: </strong>PO-TR-06                                        <strong> <a href="https://www.topohvar.at/orte/po/po-tr-00-1/"><img loading="lazy" decoding="async" class="alignnone wp-image-12300 size-full" src="https://www.topohvar.at/wp-content/uploads/2018/09/push-vor-30.jpg" alt="" width="61" height="30" /></a> <a href="https://www.topohvar.at/orte/po/po-tr-08-1/"><img loading="lazy" decoding="async" class="alignnone wp-image-533 size-full" src="https://www.topohvar.at/wp-content/uploads/2018/07/push-l-30.jpg" alt="" width="61" height="30" /></a> <a href="https://www.topohvar.at/orte/po/"><img loading="lazy" decoding="async" class="alignnone wp-image-535 size-full" src="https://www.topohvar.at/wp-content/uploads/2018/07/push-o-30.jpg" alt="" width="61" height="30" /></a> <a href="https://www.topohvar.at/orte/po/po-tr-07-1/"><img loading="lazy" decoding="async" class="alignnone wp-image-536 size-full" src="https://www.topohvar.at/wp-content/uploads/2018/07/push-r-30.jpg" alt="" width="61" height="30" /></a> </strong></p>
<hr />
<p><strong>Adresa / Adresse<br />
</strong>U selu / Im Ort Poljica</p>
<p><strong>Lokacija / Position<a href="https://goo.gl/maps/DGSubZ5W6j5QqKpv6"><img loading="lazy" decoding="async" class="alignright wp-image-39061" src="https://www.topohvar.at/wp-content/uploads/2020/07/2688.jpg" alt="" width="134" height="100" /></a><br />
</strong><span style="color: #3366ff;"><a style="color: #3366ff;" href="https://goo.gl/maps/DGSubZ5W6j5QqKpv6">Latitude: N 43,14816°   Longitude: E 16,79530° </a></span><strong><br />
</strong>Visina / Höhe: 160 m</p>
<p><strong>Katastarska čestica / Grundstücke<br />
</strong>440/2 (DKP Zastražišće) <div class='content-column one_half'><div style="padding-right:6px;"><p><strong>Datum snimanja / Erfassungsdatum<br />
</strong>21.06.2020 11:33:47</p>
<hr />
<p><strong>Informacije</strong></p>
<p>Trim se nalazi na istoku Poljica. Njegove dvije do tri razine su neujednačene i mogu se postići razinama. U kružnoj unutrašnjosti nalazi se zidna niša. Trim je dobro očuvana ali se više ne koristi.</p></div></div><div class='content-column one_half last_column'><div style="padding-right:0px;padding-left:6px;"><p><strong>Stupanj zaštite / Schutzstellung<br />
</strong>&#8211;</p>
<hr />
<p><strong>Info</strong></p>
<p>Der Trim befindet sich im Osten der Ortschaft Poljica. Seine zwei bis drei Stufen sind ungleichmäßig ausgebildet und über Stufen erreichbar. Im kreisrunden Inneren befindet sich eine Wandnische. Der Trim ist gut erhalten, wird aber nicht mehr genutzt.</p></div></div><div class='clear_column'></div><div class='content-column one_half'><div style="padding-right:6px;"><div id="attachment_39063" style="width: 310px" class="wp-caption aligncenter"><img loading="lazy" decoding="async" aria-describedby="caption-attachment-39063" class="wp-image-39063 size-medium" src="https://www.topohvar.at/wp-content/uploads/2020/07/po-tr-06-10-300x300.jpg" alt="" width="300" height="300" srcset="https://www.topohvar.at/wp-content/uploads/2020/07/po-tr-06-10-300x300.jpg 300w, https://www.topohvar.at/wp-content/uploads/2020/07/po-tr-06-10-150x150.jpg 150w, https://www.topohvar.at/wp-content/uploads/2020/07/po-tr-06-10.jpg 450w" sizes="auto, (max-width: 300px) 100vw, 300px" /><p id="caption-attachment-39063" class="wp-caption-text">Ulaz / Eingang</p></div></div></div><div class='content-column one_half last_column'><div style="padding-right:0px;padding-left:6px;"><div id="attachment_39064" style="width: 310px" class="wp-caption aligncenter"><img loading="lazy" decoding="async" aria-describedby="caption-attachment-39064" class="wp-image-39064 size-medium" src="https://www.topohvar.at/wp-content/uploads/2020/07/po-tr-06-11-300x300.jpg" alt="" width="300" height="300" srcset="https://www.topohvar.at/wp-content/uploads/2020/07/po-tr-06-11-300x300.jpg 300w, https://www.topohvar.at/wp-content/uploads/2020/07/po-tr-06-11-150x150.jpg 150w, https://www.topohvar.at/wp-content/uploads/2020/07/po-tr-06-11.jpg 450w" sizes="auto, (max-width: 300px) 100vw, 300px" /><p id="caption-attachment-39064" class="wp-caption-text">Sjeverna strana / Nordseite</p></div></div></div><div class='clear_column'></div><div class='content-column one_half'><div style="padding-right:6px;"><p>Dana 21.06.2020 trim je posjećen i pronađen je sljedeći</p>
<p>Lokacija: livada, vrba<br />
Podzemlje: sklon<br />
Sklop: kameni zid<br />
Upotreba: ne koristi<br />
Stanje izgradnje: dobro sačuvan<br />
Broj prstenova trima: tri prstena<br />
Dodatni kameni prsten: nema kamenog prstena<br />
Stepenište: stube<br />
Oblik kamena: uglast<br />
Područje ispred ulaza: lako dostupni<br />
Vrata na stranicu: I (80°)<br />
Promjer trima (cm): 520<br />
Visina trima (cm): 320<br />
Visina prstena (cm): prsten 1: 160 , prsten 2: 200 , prsten 3: 250<br />
Debljina zida (cm): 110<br />
Širina vrata (cm): 70<br />
Visina vrata (cm): 120<br />
Širina unutra (cm): 300<br />
Visina unutra (cm): 300<br />
Volumen iznutra (m3): 12,74<br />
niša 1 (P/Š/V/D) (cm): 100 / 30 / 25 / 40</p></div></div><div class='content-column one_half last_column'><div style="padding-right:0px;padding-left:6px;"><p>Am 21.06.2020 wurde der Trim besucht und untersucht</p>
<p>Standort: Wiese, Weide<br />
Untergrund: geneigt<br />
Verbunden mit: Steinmauer<br />
Nutzung: ungenutzt<br />
Zustand: gut erhalten<br />
Ringe/Stufen des Trim: dreistufig<br />
Zusätzlicher Steinring: kein Steinring<br />
Stiege: Stufen<br />
Steinform: kantig<br />
Eingangsbereich: frei<br />
Eingangsseite: O (80°)<br />
Trimdurchmesser (cm): 520<br />
Trimhöhe (cm): 320<br />
Stufen/Ringhöhe (cm): Ring 1: 160 , Ring 2: 200 , Ring 3: 250<br />
Wandstärke: 110<br />
Türbreite (cm): 70<br />
Türhöhe (cm): 120<br />
Innenraumbreite (cm): 300<br />
Innenraumhöhe (cm): 300<br />
Raumvolumen (m3): 12,74<br />
Nische 1 (P/B/H/T) (cm): 100 / 30 / 25 / 40</p></div></div><div class='clear_column'></div></p>
<p><img loading="lazy" decoding="async" class="aligncenter size-full wp-image-39363" src="https://www.topohvar.at/wp-content/uploads/2020/07/po-tr-06-sca.jpg" alt="" width="1072" height="1636" srcset="https://www.topohvar.at/wp-content/uploads/2020/07/po-tr-06-sca.jpg 1072w, https://www.topohvar.at/wp-content/uploads/2020/07/po-tr-06-sca-197x300.jpg 197w, https://www.topohvar.at/wp-content/uploads/2020/07/po-tr-06-sca-671x1024.jpg 671w, https://www.topohvar.at/wp-content/uploads/2020/07/po-tr-06-sca-768x1172.jpg 768w, https://www.topohvar.at/wp-content/uploads/2020/07/po-tr-06-sca-1006x1536.jpg 1006w" sizes="auto, (max-width: 1072px) 100vw, 1072px" /></p>
<p style="text-align: right;"><a href="#seite_oben">natrag na vrh / Seitenanfang</a></p>
<hr />
<p><strong>Linkovi / Links</strong></p>
<p>&#8211;</p>
