{"id":39127,"date":"2020-07-03T18:27:34","date_gmt":"2020-07-03T16:27:34","guid":{"rendered":"https:\/\/www.topohvar.at\/topo\/?page_id=39127"},"modified":"2021-05-12T06:20:10","modified_gmt":"2021-05-12T04:20:10","slug":"po-tr-13-1","status":"publish","type":"page","link":"https:\/\/www.topohvar.at\/topo\/orte\/po\/po-tr-13-1\/","title":{"rendered":"POLJICA &#8211; Trim \u00bbPO-TR-13\u00ab"},"content":{"rendered":"<p><a name=\"seite_oben\"><\/a><br \/>\n<strong><img loading=\"lazy\" decoding=\"async\" class=\"alignnone wp-image-39134 size-full\" src=\"https:\/\/www.topohvar.at\/wp-content\/uploads\/2020\/07\/po-tr-13-13.jpg\" alt=\"\" width=\"1080\" height=\"530\" srcset=\"https:\/\/www.topohvar.at\/wp-content\/uploads\/2020\/07\/po-tr-13-13.jpg 1080w, https:\/\/www.topohvar.at\/wp-content\/uploads\/2020\/07\/po-tr-13-13-300x147.jpg 300w, https:\/\/www.topohvar.at\/wp-content\/uploads\/2020\/07\/po-tr-13-13-1024x503.jpg 1024w, https:\/\/www.topohvar.at\/wp-content\/uploads\/2020\/07\/po-tr-13-13-768x377.jpg 768w\" sizes=\"auto, (max-width: 1080px) 100vw, 1080px\" \/><\/strong><\/p>\n<p><strong>Ime \/ Name<br \/>\n<\/strong>Trim \u00bbPO-TR-13\u00ab<\/p>\n<p><strong>Code: <\/strong>PO-TR-13\u00a0 \u00a0 \u00a0 \u00a0 \u00a0 \u00a0 \u00a0 \u00a0 \u00a0 \u00a0 \u00a0 \u00a0 \u00a0 \u00a0 \u00a0 \u00a0 \u00a0 \u00a0 \u00a0 \u00a0\u00a0<strong> <a href=\"https:\/\/www.topohvar.at\/orte\/po\/po-tr-00-1\/\"><img loading=\"lazy\" decoding=\"async\" class=\"alignnone wp-image-12300 size-full\" src=\"https:\/\/www.topohvar.at\/wp-content\/uploads\/2018\/09\/push-vor-30.jpg\" alt=\"\" width=\"61\" height=\"30\" \/><\/a> <a href=\"https:\/\/www.topohvar.at\/orte\/po\/po-tr-12-1\/\"><img loading=\"lazy\" decoding=\"async\" class=\"alignnone wp-image-533 size-full\" src=\"https:\/\/www.topohvar.at\/wp-content\/uploads\/2018\/07\/push-l-30.jpg\" alt=\"\" width=\"61\" height=\"30\" \/><\/a>\u00a0<a href=\"https:\/\/www.topohvar.at\/orte\/po\/\"><img loading=\"lazy\" decoding=\"async\" class=\"alignnone wp-image-535 size-full\" src=\"https:\/\/www.topohvar.at\/wp-content\/uploads\/2018\/07\/push-o-30.jpg\" alt=\"\" width=\"61\" height=\"30\" \/><\/a> <a href=\"https:\/\/www.topohvar.at\/orte\/po\/po-tr-14-1\/\"><img loading=\"lazy\" decoding=\"async\" class=\"alignnone wp-image-536 size-full\" src=\"https:\/\/www.topohvar.at\/wp-content\/uploads\/2018\/07\/push-r-30.jpg\" alt=\"\" width=\"61\" height=\"30\" \/><\/a> <\/strong><\/p>\n<hr \/>\n<p><strong>Adresa \/ Adresse<br \/>\n<\/strong>Poljica, zapadno od mjesta \/ westlich des Ortes<\/p>\n<p><strong>Lokacija \/ Position<a href=\"https:\/\/goo.gl\/maps\/DC5E4uAF9W2VPusKA\"><img loading=\"lazy\" decoding=\"async\" class=\"alignright wp-image-39128\" src=\"https:\/\/www.topohvar.at\/wp-content\/uploads\/2020\/07\/2699.jpg\" alt=\"\" width=\"134\" height=\"100\" \/><\/a><br \/>\n<\/strong><span style=\"color: #3366ff;\"><a style=\"color: #3366ff;\" href=\"https:\/\/goo.gl\/maps\/DC5E4uAF9W2VPusKA\">Latitude: N 43,15060\u00b0\u00a0 \u00a0Longitude: E 16,78369\u00b0 <\/a><\/span><strong><br \/>\n<\/strong>Visina \/ H\u00f6he: 162 m<\/p>\n<p><strong>Katastarska \u010destica \/ Grundst\u00fccke<br \/>\n<\/strong>219 (DKP Zastra\u017ei\u0161\u0107e) <div class='content-column one_half'><div style=\"padding-right:6px;\"><p><strong>Datum snimanja \/ Erfassungsdatum<br \/>\n<\/strong>23.06.2020 11:55:14<\/p>\n<hr \/>\n<p><strong>Informacije<\/strong><\/p>\n<p>Prekrasan, veliki trim smje\u0161ten je u nekada\u0161njem vrtu, zapadno od sela Poljica. Ugra\u0111en je u kamene zidove koji se mogu penjati preko konzolnih stuba. Trim je vrlo dobro o\u010duvan i jo\u0161 se uvijek koristi. Velika kamena plo\u010da pored ulaza slu\u017ei kao stol. U kru\u017enoj unutra\u0161njosti nalazi se zidna ni\u0161a.<\/p><\/div><\/div><div class='content-column one_half last_column'><div style=\"padding-right:0px;padding-left:6px;\"><p><strong>Stupanj za\u0161tite \/ Schutzstellung<br \/>\n<\/strong>&#8211;<\/p>\n<hr \/>\n<p><strong>Info<\/strong><\/p>\n<p>Der sch\u00f6ne, gro\u00dfe Trim befindet sich in einem ehemaligen Garten, westlich der Ortschaft Poljica. Er ist in Steinmauern integriert, die \u00fcber Kragstufen ersteigbar sind. Der Trim \u00a0ist sehr gut erhalten und wird noch genutzt. Neben dem Eingang dient eine gro\u00dfe Steinplatte als Tisch. Im kreisrunden Innenraum befindet sich eine Wandnische.<\/p><\/div><\/div><div class='clear_column'><\/div><div class='content-column one_half'><div style=\"padding-right:6px;\"><div id=\"attachment_39133\" style=\"width: 310px\" class=\"wp-caption aligncenter\"><img loading=\"lazy\" decoding=\"async\" aria-describedby=\"caption-attachment-39133\" class=\"wp-image-39133 size-medium\" src=\"https:\/\/www.topohvar.at\/wp-content\/uploads\/2020\/07\/po-tr-13-15-300x300.jpg\" alt=\"\" width=\"300\" height=\"300\" srcset=\"https:\/\/www.topohvar.at\/wp-content\/uploads\/2020\/07\/po-tr-13-15-300x300.jpg 300w, https:\/\/www.topohvar.at\/wp-content\/uploads\/2020\/07\/po-tr-13-15-150x150.jpg 150w, https:\/\/www.topohvar.at\/wp-content\/uploads\/2020\/07\/po-tr-13-15.jpg 450w\" sizes=\"auto, (max-width: 300px) 100vw, 300px\" \/><p id=\"caption-attachment-39133\" class=\"wp-caption-text\">Ulaz \/ Eingang<\/p><\/div><\/div><\/div><div class='content-column one_half last_column'><div style=\"padding-right:0px;padding-left:6px;\"><div id=\"attachment_39132\" style=\"width: 310px\" class=\"wp-caption aligncenter\"><img loading=\"lazy\" decoding=\"async\" aria-describedby=\"caption-attachment-39132\" class=\"wp-image-39132 size-medium\" src=\"https:\/\/www.topohvar.at\/wp-content\/uploads\/2020\/07\/po-tr-13-14-300x300.jpg\" alt=\"\" width=\"300\" height=\"300\" srcset=\"https:\/\/www.topohvar.at\/wp-content\/uploads\/2020\/07\/po-tr-13-14-300x300.jpg 300w, https:\/\/www.topohvar.at\/wp-content\/uploads\/2020\/07\/po-tr-13-14-150x150.jpg 150w, https:\/\/www.topohvar.at\/wp-content\/uploads\/2020\/07\/po-tr-13-14.jpg 450w\" sizes=\"auto, (max-width: 300px) 100vw, 300px\" \/><p id=\"caption-attachment-39132\" class=\"wp-caption-text\">Zapadna strana \/ Westseite<\/p><\/div><\/div><\/div><div class='clear_column'><\/div><div class='content-column one_half'><div style=\"padding-right:6px;\"><p>Dana 23.06.2020 trim je posje\u0107en i prona\u0111en je sljede\u0107i<\/p>\n<p>Lokacija: livada, vrba<br \/>\nPodzemlje: ravan<br \/>\nSklop: kameni zid<br \/>\nUpotreba: koristi<br \/>\nStanje izgradnje: vrlo dobro uzdr\u017eati<br \/>\nBroj prstenova trima: tri prstena<br \/>\nDodatni kameni prsten: kameni prsten djelomi\u010dno<br \/>\nStepeni\u0161te: nema stepenica<br \/>\nOblik kamena: uglast<br \/>\nPodru\u010dje ispred ulaza: lako dostupni<br \/>\nVrata na stranicu: Z (260\u00b0)<br \/>\nPromjer trima (cm): 500<br \/>\nVisina trima (cm): 330<br \/>\nVisina prstena (cm):<br \/>\nprsten 1: 185 , prsten 2: 260 , prsten 3: 320<br \/>\nDebljina zida (cm): 120<br \/>\n\u0160irina vrata (cm): 95<br \/>\nVisina vrata (cm): 130<br \/>\n\u0160irina unutra (cm): 250 &#8211; 260<br \/>\nVisina unutra (cm): 310<br \/>\nVolumen iznutra (m3): 9,8<br \/>\nni\u0161a 1 (P\/\u0160\/V\/D) (cm): 110 \/ 30 \/ 40 \/ 60<\/p><\/div><\/div><div class='content-column one_half last_column'><div style=\"padding-right:0px;padding-left:6px;\"><p>Am 23.06.2020 wurde der Trim besucht und untersucht<\/p>\n<p>Standort: Wiese, Weide<br \/>\nUntergrund: eben<br \/>\nVerbunden mit: Steinmauer<br \/>\nNutzung: genutzt<br \/>\nZustand: sehr gut erhalten<br \/>\nRinge\/Stufen des Trim: dreistufig<br \/>\nZus\u00e4tzlicher Steinring: Steinring teilweise<br \/>\nStiege: keine Stufen<br \/>\nSteinform: kantig<br \/>\nEingangsbereich: frei<br \/>\nEingangsseite: W (260\u00b0)<br \/>\nTrimdurchmesser (cm): 500<br \/>\nTrimh\u00f6he (cm): 330<br \/>\nStufen\/Ringh\u00f6he (cm):<br \/>\nRing 1: 185 , Ring 2: 260 , Ring 3: 320<br \/>\nWandst\u00e4rke: 120<br \/>\nT\u00fcrbreite (cm): 95<br \/>\nT\u00fcrh\u00f6he (cm): 130<br \/>\nInnenraumbreite (cm): 250 &#8211; 260<br \/>\nInnenraumh\u00f6he (cm): 310<br \/>\nRaumvolumen (m3): 9,8<br \/>\nNische 1 (P\/B\/H\/T) (cm): 110 \/ 30 \/ 40 \/ 60<\/p><\/div><\/div><div class='clear_column'><\/div><\/p>\n<p><img loading=\"lazy\" decoding=\"async\" class=\"aligncenter size-full wp-image-39370\" src=\"https:\/\/www.topohvar.at\/wp-content\/uploads\/2020\/07\/po-tr-13-sca.jpg\" alt=\"\" width=\"1077\" height=\"1639\" srcset=\"https:\/\/www.topohvar.at\/wp-content\/uploads\/2020\/07\/po-tr-13-sca.jpg 1077w, https:\/\/www.topohvar.at\/wp-content\/uploads\/2020\/07\/po-tr-13-sca-197x300.jpg 197w, https:\/\/www.topohvar.at\/wp-content\/uploads\/2020\/07\/po-tr-13-sca-673x1024.jpg 673w, https:\/\/www.topohvar.at\/wp-content\/uploads\/2020\/07\/po-tr-13-sca-768x1169.jpg 768w, https:\/\/www.topohvar.at\/wp-content\/uploads\/2020\/07\/po-tr-13-sca-1009x1536.jpg 1009w\" sizes=\"auto, (max-width: 1077px) 100vw, 1077px\" \/><\/p>\n<p style=\"text-align: right;\"><a href=\"#seite_oben\">natrag na vrh \/ Seitenanfang<\/a><\/p>\n<hr \/>\n<p><strong>Linkovi \/ Links<\/strong><\/p>\n<p>&#8211;<\/p>\n","protected":false},"excerpt":{"rendered":"<p>Ime \/ Name Trim \u00bbPO-TR-13\u00ab Code: PO-TR-13\u00a0 \u00a0 \u00a0 \u00a0 \u00a0 \u00a0 \u00a0 \u00a0 \u00a0 \u00a0 \u00a0 \u00a0 \u00a0 \u00a0 \u00a0 \u00a0 \u00a0 \u00a0 \u00a0 \u00a0\u00a0 \u00a0 Adresa \/ Adresse Poljica, zapadno od mjesta \/ westlich des Ortes Lokacija \/ &hellip; <a href=\"https:\/\/www.topohvar.at\/topo\/orte\/po\/po-tr-13-1\/\">Weiterlesen <span class=\"meta-nav\">&rarr;<\/span><\/a><\/p>\n","protected":false},"author":1,"featured_media":0,"parent":91,"menu_order":0,"comment_status":"closed","ping_status":"closed","template":"","meta":{"footnotes":""},"class_list":["post-39127","page","type-page","status-publish","hentry"],"_links":{"self":[{"href":"https:\/\/www.topohvar.at\/topo\/wp-json\/wp\/v2\/pages\/39127","targetHints":{"allow":["GET"]}}],"collection":[{"href":"https:\/\/www.topohvar.at\/topo\/wp-json\/wp\/v2\/pages"}],"about":[{"href":"https:\/\/www.topohvar.at\/topo\/wp-json\/wp\/v2\/types\/page"}],"author":[{"embeddable":true,"href":"https:\/\/www.topohvar.at\/topo\/wp-json\/wp\/v2\/users\/1"}],"replies":[{"embeddable":true,"href":"https:\/\/www.topohvar.at\/topo\/wp-json\/wp\/v2\/comments?post=39127"}],"version-history":[{"count":12,"href":"https:\/\/www.topohvar.at\/topo\/wp-json\/wp\/v2\/pages\/39127\/revisions"}],"predecessor-version":[{"id":49052,"href":"https:\/\/www.topohvar.at\/topo\/wp-json\/wp\/v2\/pages\/39127\/revisions\/49052"}],"up":[{"embeddable":true,"href":"https:\/\/www.topohvar.at\/topo\/wp-json\/wp\/v2\/pages\/91"}],"wp:attachment":[{"href":"https:\/\/www.topohvar.at\/topo\/wp-json\/wp\/v2\/media?parent=39127"}],"curies":[{"name":"wp","href":"https:\/\/api.w.org\/{rel}","templated":true}]}}

<p><a name="seite_oben"></a><br />
<strong><img loading="lazy" decoding="async" class="alignnone wp-image-39134 size-full" src="https://www.topohvar.at/wp-content/uploads/2020/07/po-tr-13-13.jpg" alt="" width="1080" height="530" srcset="https://www.topohvar.at/wp-content/uploads/2020/07/po-tr-13-13.jpg 1080w, https://www.topohvar.at/wp-content/uploads/2020/07/po-tr-13-13-300x147.jpg 300w, https://www.topohvar.at/wp-content/uploads/2020/07/po-tr-13-13-1024x503.jpg 1024w, https://www.topohvar.at/wp-content/uploads/2020/07/po-tr-13-13-768x377.jpg 768w" sizes="auto, (max-width: 1080px) 100vw, 1080px" /></strong></p>
<p><strong>Ime / Name<br />
</strong>Trim »PO-TR-13«</p>
<p><strong>Code: </strong>PO-TR-13                                        <strong> <a href="https://www.topohvar.at/orte/po/po-tr-00-1/"><img loading="lazy" decoding="async" class="alignnone wp-image-12300 size-full" src="https://www.topohvar.at/wp-content/uploads/2018/09/push-vor-30.jpg" alt="" width="61" height="30" /></a> <a href="https://www.topohvar.at/orte/po/po-tr-12-1/"><img loading="lazy" decoding="async" class="alignnone wp-image-533 size-full" src="https://www.topohvar.at/wp-content/uploads/2018/07/push-l-30.jpg" alt="" width="61" height="30" /></a> <a href="https://www.topohvar.at/orte/po/"><img loading="lazy" decoding="async" class="alignnone wp-image-535 size-full" src="https://www.topohvar.at/wp-content/uploads/2018/07/push-o-30.jpg" alt="" width="61" height="30" /></a> <a href="https://www.topohvar.at/orte/po/po-tr-14-1/"><img loading="lazy" decoding="async" class="alignnone wp-image-536 size-full" src="https://www.topohvar.at/wp-content/uploads/2018/07/push-r-30.jpg" alt="" width="61" height="30" /></a> </strong></p>
<hr />
<p><strong>Adresa / Adresse<br />
</strong>Poljica, zapadno od mjesta / westlich des Ortes</p>
<p><strong>Lokacija / Position<a href="https://goo.gl/maps/DC5E4uAF9W2VPusKA"><img loading="lazy" decoding="async" class="alignright wp-image-39128" src="https://www.topohvar.at/wp-content/uploads/2020/07/2699.jpg" alt="" width="134" height="100" /></a><br />
</strong><span style="color: #3366ff;"><a style="color: #3366ff;" href="https://goo.gl/maps/DC5E4uAF9W2VPusKA">Latitude: N 43,15060°   Longitude: E 16,78369° </a></span><strong><br />
</strong>Visina / Höhe: 162 m</p>
<p><strong>Katastarska čestica / Grundstücke<br />
</strong>219 (DKP Zastražišće) <div class='content-column one_half'><div style="padding-right:6px;"><p><strong>Datum snimanja / Erfassungsdatum<br />
</strong>23.06.2020 11:55:14</p>
<hr />
<p><strong>Informacije</strong></p>
<p>Prekrasan, veliki trim smješten je u nekadašnjem vrtu, zapadno od sela Poljica. Ugrađen je u kamene zidove koji se mogu penjati preko konzolnih stuba. Trim je vrlo dobro očuvan i još se uvijek koristi. Velika kamena ploča pored ulaza služi kao stol. U kružnoj unutrašnjosti nalazi se zidna niša.</p></div></div><div class='content-column one_half last_column'><div style="padding-right:0px;padding-left:6px;"><p><strong>Stupanj zaštite / Schutzstellung<br />
</strong>&#8211;</p>
<hr />
<p><strong>Info</strong></p>
<p>Der schöne, große Trim befindet sich in einem ehemaligen Garten, westlich der Ortschaft Poljica. Er ist in Steinmauern integriert, die über Kragstufen ersteigbar sind. Der Trim  ist sehr gut erhalten und wird noch genutzt. Neben dem Eingang dient eine große Steinplatte als Tisch. Im kreisrunden Innenraum befindet sich eine Wandnische.</p></div></div><div class='clear_column'></div><div class='content-column one_half'><div style="padding-right:6px;"><div id="attachment_39133" style="width: 310px" class="wp-caption aligncenter"><img loading="lazy" decoding="async" aria-describedby="caption-attachment-39133" class="wp-image-39133 size-medium" src="https://www.topohvar.at/wp-content/uploads/2020/07/po-tr-13-15-300x300.jpg" alt="" width="300" height="300" srcset="https://www.topohvar.at/wp-content/uploads/2020/07/po-tr-13-15-300x300.jpg 300w, https://www.topohvar.at/wp-content/uploads/2020/07/po-tr-13-15-150x150.jpg 150w, https://www.topohvar.at/wp-content/uploads/2020/07/po-tr-13-15.jpg 450w" sizes="auto, (max-width: 300px) 100vw, 300px" /><p id="caption-attachment-39133" class="wp-caption-text">Ulaz / Eingang</p></div></div></div><div class='content-column one_half last_column'><div style="padding-right:0px;padding-left:6px;"><div id="attachment_39132" style="width: 310px" class="wp-caption aligncenter"><img loading="lazy" decoding="async" aria-describedby="caption-attachment-39132" class="wp-image-39132 size-medium" src="https://www.topohvar.at/wp-content/uploads/2020/07/po-tr-13-14-300x300.jpg" alt="" width="300" height="300" srcset="https://www.topohvar.at/wp-content/uploads/2020/07/po-tr-13-14-300x300.jpg 300w, https://www.topohvar.at/wp-content/uploads/2020/07/po-tr-13-14-150x150.jpg 150w, https://www.topohvar.at/wp-content/uploads/2020/07/po-tr-13-14.jpg 450w" sizes="auto, (max-width: 300px) 100vw, 300px" /><p id="caption-attachment-39132" class="wp-caption-text">Zapadna strana / Westseite</p></div></div></div><div class='clear_column'></div><div class='content-column one_half'><div style="padding-right:6px;"><p>Dana 23.06.2020 trim je posjećen i pronađen je sljedeći</p>
<p>Lokacija: livada, vrba<br />
Podzemlje: ravan<br />
Sklop: kameni zid<br />
Upotreba: koristi<br />
Stanje izgradnje: vrlo dobro uzdržati<br />
Broj prstenova trima: tri prstena<br />
Dodatni kameni prsten: kameni prsten djelomično<br />
Stepenište: nema stepenica<br />
Oblik kamena: uglast<br />
Područje ispred ulaza: lako dostupni<br />
Vrata na stranicu: Z (260°)<br />
Promjer trima (cm): 500<br />
Visina trima (cm): 330<br />
Visina prstena (cm):<br />
prsten 1: 185 , prsten 2: 260 , prsten 3: 320<br />
Debljina zida (cm): 120<br />
Širina vrata (cm): 95<br />
Visina vrata (cm): 130<br />
Širina unutra (cm): 250 &#8211; 260<br />
Visina unutra (cm): 310<br />
Volumen iznutra (m3): 9,8<br />
niša 1 (P/Š/V/D) (cm): 110 / 30 / 40 / 60</p></div></div><div class='content-column one_half last_column'><div style="padding-right:0px;padding-left:6px;"><p>Am 23.06.2020 wurde der Trim besucht und untersucht</p>
<p>Standort: Wiese, Weide<br />
Untergrund: eben<br />
Verbunden mit: Steinmauer<br />
Nutzung: genutzt<br />
Zustand: sehr gut erhalten<br />
Ringe/Stufen des Trim: dreistufig<br />
Zusätzlicher Steinring: Steinring teilweise<br />
Stiege: keine Stufen<br />
Steinform: kantig<br />
Eingangsbereich: frei<br />
Eingangsseite: W (260°)<br />
Trimdurchmesser (cm): 500<br />
Trimhöhe (cm): 330<br />
Stufen/Ringhöhe (cm):<br />
Ring 1: 185 , Ring 2: 260 , Ring 3: 320<br />
Wandstärke: 120<br />
Türbreite (cm): 95<br />
Türhöhe (cm): 130<br />
Innenraumbreite (cm): 250 &#8211; 260<br />
Innenraumhöhe (cm): 310<br />
Raumvolumen (m3): 9,8<br />
Nische 1 (P/B/H/T) (cm): 110 / 30 / 40 / 60</p></div></div><div class='clear_column'></div></p>
<p><img loading="lazy" decoding="async" class="aligncenter size-full wp-image-39370" src="https://www.topohvar.at/wp-content/uploads/2020/07/po-tr-13-sca.jpg" alt="" width="1077" height="1639" srcset="https://www.topohvar.at/wp-content/uploads/2020/07/po-tr-13-sca.jpg 1077w, https://www.topohvar.at/wp-content/uploads/2020/07/po-tr-13-sca-197x300.jpg 197w, https://www.topohvar.at/wp-content/uploads/2020/07/po-tr-13-sca-673x1024.jpg 673w, https://www.topohvar.at/wp-content/uploads/2020/07/po-tr-13-sca-768x1169.jpg 768w, https://www.topohvar.at/wp-content/uploads/2020/07/po-tr-13-sca-1009x1536.jpg 1009w" sizes="auto, (max-width: 1077px) 100vw, 1077px" /></p>
<p style="text-align: right;"><a href="#seite_oben">natrag na vrh / Seitenanfang</a></p>
<hr />
<p><strong>Linkovi / Links</strong></p>
<p>&#8211;</p>
