{"id":39522,"date":"2020-08-01T18:14:57","date_gmt":"2020-08-01T16:14:57","guid":{"rendered":"https:\/\/www.topohvar.at\/topo\/?page_id=39522"},"modified":"2021-12-05T18:30:50","modified_gmt":"2021-12-05T17:30:50","slug":"za-tr-25-1","status":"publish","type":"page","link":"https:\/\/www.topohvar.at\/topo\/orte\/za\/za-tr-25-1\/","title":{"rendered":"ZASTRA\u017dI\u0160\u0106E &#8211; Trim \u00bbZA-TR-25\u00ab"},"content":{"rendered":"<p><a name=\"seite_oben\"><\/a><br \/>\n<strong><img loading=\"lazy\" decoding=\"async\" class=\"aligncenter wp-image-39525 size-full\" src=\"https:\/\/www.topohvar.at\/wp-content\/uploads\/2020\/08\/za-tr-25-2.jpg\" alt=\"\" width=\"1080\" height=\"530\" srcset=\"https:\/\/www.topohvar.at\/wp-content\/uploads\/2020\/08\/za-tr-25-2.jpg 1080w, https:\/\/www.topohvar.at\/wp-content\/uploads\/2020\/08\/za-tr-25-2-300x147.jpg 300w, https:\/\/www.topohvar.at\/wp-content\/uploads\/2020\/08\/za-tr-25-2-1024x503.jpg 1024w, https:\/\/www.topohvar.at\/wp-content\/uploads\/2020\/08\/za-tr-25-2-768x377.jpg 768w\" sizes=\"auto, (max-width: 1080px) 100vw, 1080px\" \/><\/strong><\/p>\n<p><strong>Ime \/ Name<br \/>\n<\/strong>Trim \u00bbZA-TR-25\u00ab<\/p>\n<p><strong>Code: <\/strong>ZA-TR-25\u00a0 \u00a0 \u00a0 \u00a0 \u00a0 \u00a0 \u00a0 \u00a0 \u00a0 \u00a0 \u00a0 \u00a0 \u00a0 \u00a0 \u00a0 \u00a0 \u00a0 \u00a0 \u00a0 \u00a0 <a href=\"https:\/\/www.topohvar.at\/orte\/za\/za-tr-00-00\/\"><img loading=\"lazy\" decoding=\"async\" class=\"alignnone wp-image-12300 size-full\" src=\"https:\/\/www.topohvar.at\/wp-content\/uploads\/2018\/09\/push-vor-30.jpg\" alt=\"\" width=\"61\" height=\"30\" \/><\/a><strong>\u00a0<a href=\"https:\/\/www.topohvar.at\/orte\/za\/za-tr-92-1\/\"><img loading=\"lazy\" decoding=\"async\" class=\"alignnone wp-image-533 size-full\" src=\"https:\/\/www.topohvar.at\/wp-content\/uploads\/2018\/07\/push-l-30.jpg\" alt=\"\" width=\"61\" height=\"30\" \/><\/a> <a href=\"https:\/\/www.topohvar.at\/orte\/za\/\"><img loading=\"lazy\" decoding=\"async\" class=\"alignnone wp-image-535 size-full\" src=\"https:\/\/www.topohvar.at\/wp-content\/uploads\/2018\/07\/push-o-30.jpg\" alt=\"\" width=\"61\" height=\"30\" \/><\/a> <a href=\"https:\/\/www.topohvar.at\/orte\/za\/za-tr-10-1\/\"><img loading=\"lazy\" decoding=\"async\" class=\"alignnone wp-image-536 size-full\" src=\"https:\/\/www.topohvar.at\/wp-content\/uploads\/2018\/07\/push-r-30.jpg\" alt=\"\" width=\"61\" height=\"30\" \/><\/a><\/strong><\/p>\n<hr \/>\n<p><strong>Adresa \/ Adresse<br \/>\n<\/strong>Zastra\u017ei\u0161\u0107e, Vrh<\/p>\n<p><strong>Lokacija \/ Position<a href=\"https:\/\/goo.gl\/maps\/2Dz5Eti43m2s2tK68\"><img loading=\"lazy\" decoding=\"async\" class=\"alignright wp-image-39523\" src=\"https:\/\/www.topohvar.at\/wp-content\/uploads\/2020\/08\/2704.jpg\" alt=\"\" width=\"134\" height=\"100\" \/><\/a><br \/>\n<\/strong><span style=\"color: #3366ff;\"><a style=\"color: #3366ff;\" href=\"https:\/\/goo.gl\/maps\/2Dz5Eti43m2s2tK68\">Latitude: N 43,13627\u00b0\u00a0 \u00a0Longitude: E 16,82153\u00b0 <\/a><\/span><strong><br \/>\n<\/strong>Visina \/ H\u00f6he: 308 m<\/p>\n<p><strong>Katastarska \u010destica \/ Grundst\u00fccke<br \/>\n<\/strong>826\/4 <div class='content-column one_half'><div style=\"padding-right:6px;\"><p><strong>Datum snimanja \/ Erfassungsdatum<br \/>\n<\/strong>22.07.2020 11:57:40<\/p>\n<hr \/>\n<p><strong>Informacije<\/strong><\/p>\n<p>Trim se nalazi na stazi koja se odvaja od glavne ceste DC-116 isto\u010dno od Grudca i vodi gore prema Humca. Stepenasti trim s dvije stepenice ima malo dvori\u0161te ispred ulaza, koje je okru\u017eeno zidinama. U dvori\u0161tu je plasti\u010dna kabina. Kru\u017ena unutra\u0161njost neobi\u010dno je visoka. Trim je dobro o\u010duvan i jo\u0161 se uvijek koristi.<\/p><\/div><\/div><div class='content-column one_half last_column'><div style=\"padding-right:0px;padding-left:6px;\"><p><strong>Stupanj za\u0161tite \/ Schutzstellung<br \/>\n<\/strong>&#8211;<\/p>\n<hr \/>\n<p><strong>Info<\/strong><\/p>\n<p>Der Trim befindet sich am Weg, der \u00f6stlich von Grudac von der Hauptstra\u00dfe DC-116 abzweigt und hinauf nach Humac f\u00fchrt. Der zweistufige Trim hat vor seinen Eingang einen kleinen Hof, der mit Mauern umgrenzt wird. Im Hof steht eine Plastikkabine. Der kreisrunde Innenraum ist ungew\u00f6hnlich hoch. Der Trim ist gut erhalten und wird noch genutzt.<\/p><\/div><\/div><div class='clear_column'><\/div><div class='content-column one_half'><div style=\"padding-right:6px;\"><div id=\"attachment_39524\" style=\"width: 310px\" class=\"wp-caption aligncenter\"><img loading=\"lazy\" decoding=\"async\" aria-describedby=\"caption-attachment-39524\" class=\"wp-image-39524 size-medium\" src=\"https:\/\/www.topohvar.at\/wp-content\/uploads\/2020\/08\/za-tr-25-0-300x300.jpg\" alt=\"\" width=\"300\" height=\"300\" srcset=\"https:\/\/www.topohvar.at\/wp-content\/uploads\/2020\/08\/za-tr-25-0-300x300.jpg 300w, https:\/\/www.topohvar.at\/wp-content\/uploads\/2020\/08\/za-tr-25-0-150x150.jpg 150w, https:\/\/www.topohvar.at\/wp-content\/uploads\/2020\/08\/za-tr-25-0.jpg 450w\" sizes=\"auto, (max-width: 300px) 100vw, 300px\" \/><p id=\"caption-attachment-39524\" class=\"wp-caption-text\">Ulaz \/ Eingang<\/p><\/div><\/div><\/div><div class='content-column one_half last_column'><div style=\"padding-right:0px;padding-left:6px;\"><div id=\"attachment_39526\" style=\"width: 310px\" class=\"wp-caption aligncenter\"><img loading=\"lazy\" decoding=\"async\" aria-describedby=\"caption-attachment-39526\" class=\"wp-image-39526 size-medium\" src=\"https:\/\/www.topohvar.at\/wp-content\/uploads\/2020\/08\/za-tr-25-14-300x300.jpg\" alt=\"\" width=\"300\" height=\"300\" srcset=\"https:\/\/www.topohvar.at\/wp-content\/uploads\/2020\/08\/za-tr-25-14-300x300.jpg 300w, https:\/\/www.topohvar.at\/wp-content\/uploads\/2020\/08\/za-tr-25-14-150x150.jpg 150w, https:\/\/www.topohvar.at\/wp-content\/uploads\/2020\/08\/za-tr-25-14.jpg 450w\" sizes=\"auto, (max-width: 300px) 100vw, 300px\" \/><p id=\"caption-attachment-39526\" class=\"wp-caption-text\">Isto\u010dna strana \/ Ostseite<\/p><\/div><\/div><\/div><div class='clear_column'><\/div><div class='content-column one_half'><div style=\"padding-right:6px;\"><p>Dana 22.07.2020. trim je posje\u0107en i ustanovljeno je sljede\u0107e:<\/p>\n<p>Lokacija: livada, pa\u0161njak<br \/>\nPodloga: nako\u0161ena<br \/>\nPovezan s: kamenim zidom<br \/>\nUpotreba: malo se koristi<br \/>\nStanje: dobro sa\u010duvan<br \/>\nBroj stepenice trima: 2<br \/>\nDodatni kameni prsten: nema kamenog prstena<br \/>\nStepeni\u0161te: nema<br \/>\nOblik kamena: uglast<br \/>\nPodru\u010dje ispred ulaza: lako dostupno<br \/>\nOrijentacija ulaza: Z (280\u00b0)<br \/>\nPromjer trima (cm): 410<br \/>\nVisina trima (cm): 320<br \/>\nVisina stepenice (cm): stepenica 1: 210, stepenica 2: 300<br \/>\nDebljina zida (cm): 100<br \/>\n\u0160irina vrata (cm): 90<br \/>\nVisina vrata (cm): 125<br \/>\n\u0160irina unutra (cm): 210<br \/>\nVisina unutra (cm): 300<br \/>\nVolumen iznutra (m3): 6,25<br \/>\nNema ni\u0161e<\/p><\/div><\/div><div class='content-column one_half last_column'><div style=\"padding-right:0px;padding-left:6px;\"><p>Am 22.07.2020 wurde der Trim besucht und n\u00e4her untersucht:<\/p>\n<p>Standort: Wiese, Weide<br \/>\nUntergrund: geneigt<br \/>\nVerbunden mit: Steinmauer<br \/>\nNutzung: kaum genutzt<br \/>\nZustand: gut erhalten<br \/>\nAnzahl der Stufen des Trims: 2<br \/>\nZus\u00e4tzlicher Steinring: kein Steinring<br \/>\nStiege: keine<br \/>\nSteinform: kantig<br \/>\nEingangsbereich: frei<br \/>\nEingangsseite: W (280\u00b0)<br \/>\nTrimdurchmesser (cm): 410<br \/>\nTrimh\u00f6he (cm): 320<br \/>\nStufenh\u00f6he (cm): Stufe 1: 210, Stufe 2: 300<br \/>\nWandst\u00e4rke (cm): 100<br \/>\nT\u00fcrbreite (cm): 90<br \/>\nT\u00fcrh\u00f6he (cm): 125<br \/>\nInnenraumbreite (cm): 210<br \/>\nInnenraumh\u00f6he (cm): 300<br \/>\nRaumvolumen (m3): 6,25<br \/>\nKeine Nische<\/p><\/div><\/div><div class='clear_column'><\/div><\/p>\n<p><img loading=\"lazy\" decoding=\"async\" class=\"aligncenter size-full wp-image-40135\" src=\"https:\/\/www.topohvar.at\/wp-content\/uploads\/2020\/08\/za-tr-25-sca.jpg\" alt=\"\" width=\"640\" height=\"970\" srcset=\"https:\/\/www.topohvar.at\/wp-content\/uploads\/2020\/08\/za-tr-25-sca.jpg 640w, https:\/\/www.topohvar.at\/wp-content\/uploads\/2020\/08\/za-tr-25-sca-198x300.jpg 198w\" sizes=\"auto, (max-width: 640px) 100vw, 640px\" \/><\/p>\n<div id=\"attachment_40404\" style=\"width: 1090px\" class=\"wp-caption aligncenter\"><img loading=\"lazy\" decoding=\"async\" aria-describedby=\"caption-attachment-40404\" class=\"wp-image-40404 size-full\" src=\"https:\/\/www.topohvar.at\/wp-content\/uploads\/2020\/08\/za-tr-25-3.jpg\" alt=\"\" width=\"1080\" height=\"530\" srcset=\"https:\/\/www.topohvar.at\/wp-content\/uploads\/2020\/08\/za-tr-25-3.jpg 1080w, https:\/\/www.topohvar.at\/wp-content\/uploads\/2020\/08\/za-tr-25-3-300x147.jpg 300w, https:\/\/www.topohvar.at\/wp-content\/uploads\/2020\/08\/za-tr-25-3-1024x503.jpg 1024w, https:\/\/www.topohvar.at\/wp-content\/uploads\/2020\/08\/za-tr-25-3-768x377.jpg 768w\" sizes=\"auto, (max-width: 1080px) 100vw, 1080px\" \/><p id=\"caption-attachment-40404\" class=\"wp-caption-text\">Sjeverna strana trima \/ Nordseite des Trim<\/p><\/div>\n<p style=\"text-align: right;\"><a href=\"#seite_oben\">natrag na vrh \/ Seitenanfang<\/a><\/p>\n<hr \/>\n<p><strong>Linkovi \/ Links<\/strong><\/p>\n<p>&#8211;<\/p>\n","protected":false},"excerpt":{"rendered":"<p>Ime \/ Name Trim \u00bbZA-TR-25\u00ab Code: ZA-TR-25\u00a0 \u00a0 \u00a0 \u00a0 \u00a0 \u00a0 \u00a0 \u00a0 \u00a0 \u00a0 \u00a0 \u00a0 \u00a0 \u00a0 \u00a0 \u00a0 \u00a0 \u00a0 \u00a0 \u00a0 \u00a0 Adresa \/ Adresse Zastra\u017ei\u0161\u0107e, Vrh Lokacija \/ Position Latitude: N 43,13627\u00b0\u00a0 \u00a0Longitude: E &hellip; <a href=\"https:\/\/www.topohvar.at\/topo\/orte\/za\/za-tr-25-1\/\">Weiterlesen <span class=\"meta-nav\">&rarr;<\/span><\/a><\/p>\n","protected":false},"author":1,"featured_media":0,"parent":115,"menu_order":0,"comment_status":"closed","ping_status":"closed","template":"","meta":{"footnotes":""},"class_list":["post-39522","page","type-page","status-publish","hentry"],"_links":{"self":[{"href":"https:\/\/www.topohvar.at\/topo\/wp-json\/wp\/v2\/pages\/39522","targetHints":{"allow":["GET"]}}],"collection":[{"href":"https:\/\/www.topohvar.at\/topo\/wp-json\/wp\/v2\/pages"}],"about":[{"href":"https:\/\/www.topohvar.at\/topo\/wp-json\/wp\/v2\/types\/page"}],"author":[{"embeddable":true,"href":"https:\/\/www.topohvar.at\/topo\/wp-json\/wp\/v2\/users\/1"}],"replies":[{"embeddable":true,"href":"https:\/\/www.topohvar.at\/topo\/wp-json\/wp\/v2\/comments?post=39522"}],"version-history":[{"count":10,"href":"https:\/\/www.topohvar.at\/topo\/wp-json\/wp\/v2\/pages\/39522\/revisions"}],"predecessor-version":[{"id":54813,"href":"https:\/\/www.topohvar.at\/topo\/wp-json\/wp\/v2\/pages\/39522\/revisions\/54813"}],"up":[{"embeddable":true,"href":"https:\/\/www.topohvar.at\/topo\/wp-json\/wp\/v2\/pages\/115"}],"wp:attachment":[{"href":"https:\/\/www.topohvar.at\/topo\/wp-json\/wp\/v2\/media?parent=39522"}],"curies":[{"name":"wp","href":"https:\/\/api.w.org\/{rel}","templated":true}]}}

ZASTRAŽIŠĆE &#8211; Trim »ZA-TR-25«

<p><a name="seite_oben"></a><br />
<strong><img loading="lazy" decoding="async" class="aligncenter wp-image-39525 size-full" src="https://www.topohvar.at/wp-content/uploads/2020/08/za-tr-25-2.jpg" alt="" width="1080" height="530" srcset="https://www.topohvar.at/wp-content/uploads/2020/08/za-tr-25-2.jpg 1080w, https://www.topohvar.at/wp-content/uploads/2020/08/za-tr-25-2-300x147.jpg 300w, https://www.topohvar.at/wp-content/uploads/2020/08/za-tr-25-2-1024x503.jpg 1024w, https://www.topohvar.at/wp-content/uploads/2020/08/za-tr-25-2-768x377.jpg 768w" sizes="auto, (max-width: 1080px) 100vw, 1080px" /></strong></p>
<p><strong>Ime / Name<br />
</strong>Trim »ZA-TR-25«</p>
<p><strong>Code: </strong>ZA-TR-25                                        <a href="https://www.topohvar.at/orte/za/za-tr-00-00/"><img loading="lazy" decoding="async" class="alignnone wp-image-12300 size-full" src="https://www.topohvar.at/wp-content/uploads/2018/09/push-vor-30.jpg" alt="" width="61" height="30" /></a><strong> <a href="https://www.topohvar.at/orte/za/za-tr-92-1/"><img loading="lazy" decoding="async" class="alignnone wp-image-533 size-full" src="https://www.topohvar.at/wp-content/uploads/2018/07/push-l-30.jpg" alt="" width="61" height="30" /></a> <a href="https://www.topohvar.at/orte/za/"><img loading="lazy" decoding="async" class="alignnone wp-image-535 size-full" src="https://www.topohvar.at/wp-content/uploads/2018/07/push-o-30.jpg" alt="" width="61" height="30" /></a> <a href="https://www.topohvar.at/orte/za/za-tr-10-1/"><img loading="lazy" decoding="async" class="alignnone wp-image-536 size-full" src="https://www.topohvar.at/wp-content/uploads/2018/07/push-r-30.jpg" alt="" width="61" height="30" /></a></strong></p>
<hr />
<p><strong>Adresa / Adresse<br />
</strong>Zastražišće, Vrh</p>
<p><strong>Lokacija / Position<a href="https://goo.gl/maps/2Dz5Eti43m2s2tK68"><img loading="lazy" decoding="async" class="alignright wp-image-39523" src="https://www.topohvar.at/wp-content/uploads/2020/08/2704.jpg" alt="" width="134" height="100" /></a><br />
</strong><span style="color: #3366ff;"><a style="color: #3366ff;" href="https://goo.gl/maps/2Dz5Eti43m2s2tK68">Latitude: N 43,13627°   Longitude: E 16,82153° </a></span><strong><br />
</strong>Visina / Höhe: 308 m</p>
<p><strong>Katastarska čestica / Grundstücke<br />
</strong>826/4 <div class='content-column one_half'><div style="padding-right:6px;"><p><strong>Datum snimanja / Erfassungsdatum<br />
</strong>22.07.2020 11:57:40</p>
<hr />
<p><strong>Informacije</strong></p>
<p>Trim se nalazi na stazi koja se odvaja od glavne ceste DC-116 istočno od Grudca i vodi gore prema Humca. Stepenasti trim s dvije stepenice ima malo dvorište ispred ulaza, koje je okruženo zidinama. U dvorištu je plastična kabina. Kružna unutrašnjost neobično je visoka. Trim je dobro očuvan i još se uvijek koristi.</p></div></div><div class='content-column one_half last_column'><div style="padding-right:0px;padding-left:6px;"><p><strong>Stupanj zaštite / Schutzstellung<br />
</strong>&#8211;</p>
<hr />
<p><strong>Info</strong></p>
<p>Der Trim befindet sich am Weg, der östlich von Grudac von der Hauptstraße DC-116 abzweigt und hinauf nach Humac führt. Der zweistufige Trim hat vor seinen Eingang einen kleinen Hof, der mit Mauern umgrenzt wird. Im Hof steht eine Plastikkabine. Der kreisrunde Innenraum ist ungewöhnlich hoch. Der Trim ist gut erhalten und wird noch genutzt.</p></div></div><div class='clear_column'></div><div class='content-column one_half'><div style="padding-right:6px;"><div id="attachment_39524" style="width: 310px" class="wp-caption aligncenter"><img loading="lazy" decoding="async" aria-describedby="caption-attachment-39524" class="wp-image-39524 size-medium" src="https://www.topohvar.at/wp-content/uploads/2020/08/za-tr-25-0-300x300.jpg" alt="" width="300" height="300" srcset="https://www.topohvar.at/wp-content/uploads/2020/08/za-tr-25-0-300x300.jpg 300w, https://www.topohvar.at/wp-content/uploads/2020/08/za-tr-25-0-150x150.jpg 150w, https://www.topohvar.at/wp-content/uploads/2020/08/za-tr-25-0.jpg 450w" sizes="auto, (max-width: 300px) 100vw, 300px" /><p id="caption-attachment-39524" class="wp-caption-text">Ulaz / Eingang</p></div></div></div><div class='content-column one_half last_column'><div style="padding-right:0px;padding-left:6px;"><div id="attachment_39526" style="width: 310px" class="wp-caption aligncenter"><img loading="lazy" decoding="async" aria-describedby="caption-attachment-39526" class="wp-image-39526 size-medium" src="https://www.topohvar.at/wp-content/uploads/2020/08/za-tr-25-14-300x300.jpg" alt="" width="300" height="300" srcset="https://www.topohvar.at/wp-content/uploads/2020/08/za-tr-25-14-300x300.jpg 300w, https://www.topohvar.at/wp-content/uploads/2020/08/za-tr-25-14-150x150.jpg 150w, https://www.topohvar.at/wp-content/uploads/2020/08/za-tr-25-14.jpg 450w" sizes="auto, (max-width: 300px) 100vw, 300px" /><p id="caption-attachment-39526" class="wp-caption-text">Istočna strana / Ostseite</p></div></div></div><div class='clear_column'></div><div class='content-column one_half'><div style="padding-right:6px;"><p>Dana 22.07.2020. trim je posjećen i ustanovljeno je sljedeće:</p>
<p>Lokacija: livada, pašnjak<br />
Podloga: nakošena<br />
Povezan s: kamenim zidom<br />
Upotreba: malo se koristi<br />
Stanje: dobro sačuvan<br />
Broj stepenice trima: 2<br />
Dodatni kameni prsten: nema kamenog prstena<br />
Stepenište: nema<br />
Oblik kamena: uglast<br />
Područje ispred ulaza: lako dostupno<br />
Orijentacija ulaza: Z (280°)<br />
Promjer trima (cm): 410<br />
Visina trima (cm): 320<br />
Visina stepenice (cm): stepenica 1: 210, stepenica 2: 300<br />
Debljina zida (cm): 100<br />
Širina vrata (cm): 90<br />
Visina vrata (cm): 125<br />
Širina unutra (cm): 210<br />
Visina unutra (cm): 300<br />
Volumen iznutra (m3): 6,25<br />
Nema niše</p></div></div><div class='content-column one_half last_column'><div style="padding-right:0px;padding-left:6px;"><p>Am 22.07.2020 wurde der Trim besucht und näher untersucht:</p>
<p>Standort: Wiese, Weide<br />
Untergrund: geneigt<br />
Verbunden mit: Steinmauer<br />
Nutzung: kaum genutzt<br />
Zustand: gut erhalten<br />
Anzahl der Stufen des Trims: 2<br />
Zusätzlicher Steinring: kein Steinring<br />
Stiege: keine<br />
Steinform: kantig<br />
Eingangsbereich: frei<br />
Eingangsseite: W (280°)<br />
Trimdurchmesser (cm): 410<br />
Trimhöhe (cm): 320<br />
Stufenhöhe (cm): Stufe 1: 210, Stufe 2: 300<br />
Wandstärke (cm): 100<br />
Türbreite (cm): 90<br />
Türhöhe (cm): 125<br />
Innenraumbreite (cm): 210<br />
Innenraumhöhe (cm): 300<br />
Raumvolumen (m3): 6,25<br />
Keine Nische</p></div></div><div class='clear_column'></div></p>
<p><img loading="lazy" decoding="async" class="aligncenter size-full wp-image-40135" src="https://www.topohvar.at/wp-content/uploads/2020/08/za-tr-25-sca.jpg" alt="" width="640" height="970" srcset="https://www.topohvar.at/wp-content/uploads/2020/08/za-tr-25-sca.jpg 640w, https://www.topohvar.at/wp-content/uploads/2020/08/za-tr-25-sca-198x300.jpg 198w" sizes="auto, (max-width: 640px) 100vw, 640px" /></p>
<div id="attachment_40404" style="width: 1090px" class="wp-caption aligncenter"><img loading="lazy" decoding="async" aria-describedby="caption-attachment-40404" class="wp-image-40404 size-full" src="https://www.topohvar.at/wp-content/uploads/2020/08/za-tr-25-3.jpg" alt="" width="1080" height="530" srcset="https://www.topohvar.at/wp-content/uploads/2020/08/za-tr-25-3.jpg 1080w, https://www.topohvar.at/wp-content/uploads/2020/08/za-tr-25-3-300x147.jpg 300w, https://www.topohvar.at/wp-content/uploads/2020/08/za-tr-25-3-1024x503.jpg 1024w, https://www.topohvar.at/wp-content/uploads/2020/08/za-tr-25-3-768x377.jpg 768w" sizes="auto, (max-width: 1080px) 100vw, 1080px" /><p id="caption-attachment-40404" class="wp-caption-text">Sjeverna strana trima / Nordseite des Trim</p></div>
<p style="text-align: right;"><a href="#seite_oben">natrag na vrh / Seitenanfang</a></p>
<hr />
<p><strong>Linkovi / Links</strong></p>
<p>&#8211;</p>

<p>Ime / Name Trim »ZA-TR-25« Code: ZA-TR-25                                          Adresa / Adresse Zastražišće, Vrh Lokacija / Position Latitude: N 43,13627°   Longitude: E &hellip; <a href="https://www.topohvar.at/topo/orte/za/za-tr-25-1/">Weiterlesen <span class="meta-nav">&rarr;</span></a></p>
