{"id":3958,"date":"2018-08-08T15:23:02","date_gmt":"2018-08-08T13:23:02","guid":{"rendered":"https:\/\/www.topohvar.at\/?page_id=3958"},"modified":"2024-09-05T17:36:00","modified_gmt":"2024-09-05T15:36:00","slug":"sg-pu-02-2","status":"publish","type":"page","link":"https:\/\/www.topohvar.at\/topo\/orte\/sg\/sg-pu-02-2\/","title":{"rendered":"STARI GRAD &#8211; Objekt \u00bbTrg \u0160kor\u00ab"},"content":{"rendered":"<p><a name=\"seite_oben\"><\/a><br \/>\n<img loading=\"lazy\" decoding=\"async\" class=\"alignnone wp-image-3946 size-large\" src=\"https:\/\/www.topohvar.at\/wp-content\/uploads\/2018\/08\/SG-PU-02-1-1024x503.jpg\" alt=\"\" width=\"640\" height=\"314\" srcset=\"https:\/\/www.topohvar.at\/wp-content\/uploads\/2018\/08\/SG-PU-02-1-1024x503.jpg 1024w, https:\/\/www.topohvar.at\/wp-content\/uploads\/2018\/08\/SG-PU-02-1-300x147.jpg 300w, https:\/\/www.topohvar.at\/wp-content\/uploads\/2018\/08\/SG-PU-02-1-768x377.jpg 768w\" sizes=\"auto, (max-width: 640px) 100vw, 640px\" \/><\/p>\n<p><strong>Ime \/ Name<br \/>\n<\/strong>Objekt \u00bbTrg \u0160kor\u00ab<\/p>\n<p><strong>Code: <\/strong>SG-PU-02\u00a0 \u00a0 \u00a0 \u00a0 \u00a0 \u00a0 \u00a0 \u00a0 \u00a0 \u00a0 \u00a0 \u00a0 \u00a0 \u00a0 \u00a0 \u00a0 \u00a0 \u00a0<a href=\"https:\/\/www.topohvar.at\/orte\/sg\/sg-os-01-2\/\"><img loading=\"lazy\" decoding=\"async\" class=\"alignnone wp-image-12300 size-full\" src=\"https:\/\/www.topohvar.at\/wp-content\/uploads\/2018\/09\/push-vor-30.jpg\" alt=\"\" width=\"61\" height=\"30\" \/><\/a>\u00a0<strong><a href=\"https:\/\/www.topohvar.at\/orte\/sg\/sg-pu-15-1\/\"><img loading=\"lazy\" decoding=\"async\" class=\"alignnone wp-image-533 size-full\" src=\"https:\/\/www.topohvar.at\/wp-content\/uploads\/2018\/07\/push-l-30.jpg\" alt=\"\" width=\"61\" height=\"30\" \/><\/a> <a href=\"https:\/\/www.topohvar.at\/orte\/sg\/\"><img loading=\"lazy\" decoding=\"async\" class=\"alignnone wp-image-535 size-full\" src=\"https:\/\/www.topohvar.at\/wp-content\/uploads\/2018\/07\/push-o-30.jpg\" alt=\"\" width=\"61\" height=\"30\" \/><\/a> <a href=\"https:\/\/www.topohvar.at\/orte\/sg\/sg-pu-03-2\/\"><img loading=\"lazy\" decoding=\"async\" class=\"alignnone wp-image-536 size-full\" src=\"https:\/\/www.topohvar.at\/wp-content\/uploads\/2018\/07\/push-r-30.jpg\" alt=\"\" width=\"61\" height=\"30\" \/><\/a>\u00a0<a href=\"https:\/\/www.topohvar.at\/orte\/sg\/sg-pk-06-2\/\"><img loading=\"lazy\" decoding=\"async\" class=\"alignnone wp-image-12299 size-full\" src=\"https:\/\/www.topohvar.at\/wp-content\/uploads\/2018\/09\/push-next-30.jpg\" alt=\"\" width=\"61\" height=\"30\" \/><\/a><\/strong><\/p>\n<hr \/>\n<p><strong>Adresa \/ Adresse<br \/>\n<\/strong>Stari Grad, Trg \u0160kor<\/p>\n<p><strong>Lokacija \/ Position<a href=\"https:\/\/goo.gl\/maps\/dxsmPdCE3fjpb6dH9\"><img loading=\"lazy\" decoding=\"async\" class=\"alignright wp-image-3989\" src=\"https:\/\/www.topohvar.at\/wp-content\/uploads\/2018\/08\/0619.jpg\" alt=\"\" width=\"134\" height=\"100\" \/><\/a><br \/>\n<\/strong><span style=\"color: #3366ff;\"><a style=\"color: #3366ff;\" href=\"https:\/\/goo.gl\/maps\/dxsmPdCE3fjpb6dH9\">Latitude: N 43,18378\u00b0\u00a0 \u00a0Longitude: E 16,59848\u00b0<\/a> <\/span><strong><br \/>\n<\/strong>Visina \/ H\u00f6he: 1 m<\/p>\n<p><strong>Katastarska \u010destica \/ Grundst\u00fccke<br \/>\n<\/strong><\/p>\n<p>*444\/1, *446, *447\/1, *447\/2, *454, *455, *459, *477, *487\/2, *487\/3, *488, 10596<\/p>\n<div class='content-column one_half'><div style=\"padding-right:6px;\"><p><strong>Datum snimanja \/ Erfassungsdatum<br \/>\n<\/strong>26.05.2013 10:00:00<\/p>\n<hr \/>\n<p><strong>Informacije<\/strong><\/p>\n<p>Rje\u0161enjem Ministarstva kulture, Uprave za za\u0161titu kulturne ba\u0161tine, od 23. 02. 2016., a nakon provedenog ispitivanje i uskla\u0111ivanja s odredbama Zakona o za\u0161titi i o\u010duvanju kulturnih dobara, trg \u0160kor koji je dosada bio za\u0161ti\u0107en Rje\u0161enjem konzervatorskog zavoda za Dalmaciju od lipnja 1962. te upisan u Registar nepokretnih spomenika kulture, dobio je svojstvo kulturnog dobra.<\/p><\/div><\/div><div class='content-column one_half last_column'><div style=\"padding-right:0px;padding-left:6px;\"><p><strong>Stupanj za\u0161tite \/ Schutzstellung<br \/>\n<\/strong>Z-6685, RST 22-1962<\/p>\n<hr \/>\n<p><strong>Info<\/strong><\/p>\n<p>Mit Beschluss des Ministeriums f\u00fcr Kultur, Verwaltung f\u00fcr den Schutz des Kulturerbes, vom 23. 02. 2016, und nach dem Prozess und die Einhaltung der Bestimmungen des Gesetzes \u00fcber den Schutz und die Erhaltung des kulturellen Erbes, wird der Platz \u0160kor, der seit dem Juni 1962 vom koservatorischen Amt Dalmatiens gesch\u00fctzt ist, in das Verzeichnis der unbeweglichen Kulturdenkm\u00e4ler eingetragen, und erh\u00e4lt den Status Kulturgut.<\/p><\/div><\/div><div class='clear_column'><\/div><div class='content-column one_half'><div style=\"padding-right:6px;\"><p>Trg \u0160kor nalazi se u sredi\u0161tu grada, ju\u017eno od morske uvale. Trg je dobio ime po \u0161kveru (\u0161kor od \u0161kver, dalmatinski = brodogradili\u0161te) koji je tamo bio do XVII. st. kada je pli\u0107ina nasuta, a trg oblikovan.<\/p><\/div><\/div><div class='content-column one_half last_column'><div style=\"padding-right:0px;padding-left:6px;\"><p>Der Platz \u0160kor liegt im Stadtzentrum, im S\u00fcden der Bucht. Der Platz ist nach der Werft (\u0161kor von \u0161kver, dalmatinisch = Werft), die dort bis zum 17. Jh. existierte benannt. Auf Grund der h\u00e4ufigen Untiefen wurde dann der Platz gebildet.<\/p><\/div><\/div><div class='clear_column'><\/div><div class='content-column one_half'><div style=\"padding-right:6px;\"><p>Gubitkom izvorne namjene prostor je poprimio svojstvo trga koji ima ljevkast oblik, \u0161iri se prema zapadu, a prote\u017ee i smjeru istok-zapad. Na jugu i zapadu trg ima dva manja pro\u0161irenja na koja se nastavljaju gradske ulice, dok je na istoku trg otvoren i utje\u010de u pro\u0161irenje nastalo na dnu duboke starogradske uvale.<\/p><\/div><\/div><div class='content-column one_half last_column'><div style=\"padding-right:0px;padding-left:6px;\"><p>Mit dem Verlust seines urspr\u00fcnglichen Zwecks ist der Raum zu einem trichterf\u00f6rmigen Platz geworden, der sich in West &#8211; Ost Richtung erstreckt. Im S\u00fcden und Westen hat der Platz zwei kleine Ausbuchtungen, von denen Stra\u00dfen in die Stadt f\u00fchren, w\u00e4hrend im Osten der Platz offen ist und in eine freie Fl\u00e4che f\u00fchrt, die sich am Beginn der tiefen Bucht von Stari Grad befindet.<\/p><\/div><\/div><div class='clear_column'><\/div><div class='content-column one_half'><div style=\"padding-right:6px;\"><p>Sklop ku\u0107a s nadsvo\u0111enim projazom je iz ranog XVI. stolje\u0107a, a nadvratnik na nasuprotnoj ku\u0107i s grbom (zmaj dr\u017ei \u010dovjeka s granom u ruci) nepoznatog hvarskog plemi\u0107a, po predaji biskupa, isklesan je oko 1500-te godine.<\/p><\/div><\/div><div class='content-column one_half last_column'><div style=\"padding-right:0px;padding-left:6px;\"><p>Ein Ensemble von H\u00e4usern mit Gew\u00f6lbe stammt aus dem fr\u00fchen sechzehnten Jahrhundert. Am T\u00fcrsturz des gegen\u00fcberliegenden Hauses findet sich ein Wappen (ein Drache h\u00e4lt einen Mann mit einem Zweig in der Hand) eines unbekannten Hvarer Adligen, der Legende nach ein Bischof. Es wurde um das Jahr 1500 graviert.<\/p><\/div><\/div><div class='clear_column'><\/div><div class='content-column one_half'><div style=\"padding-right:6px;\"><p>Trg definiraju ku\u0107e izgra\u0111ene u razdoblju od 16. do 19. stolje\u0107a, \u010dija su pro\u010delja i gabariti ku\u0107a dobro sa\u010duvani, uglavnom u izvornom stanju. Ku\u0107e gra\u0111ene kamenom imaju obilje\u017eja tradicijske arhitekture, dok ku\u0107e iz 19. stolje\u0107a imaju o\u017ebukana pro\u010delja.<\/p><\/div><\/div><div class='content-column one_half last_column'><div style=\"padding-right:0px;padding-left:6px;\"><p>Der Platz ist gepr\u00e4gt von H\u00e4usern aus dem 16. bis 19. Jahrhundert, deren Fassaden und Abmessungen gr\u00f6\u00dftenteils in ihrem urspr\u00fcnglichen Zustand gut erhalten sind. Diese H\u00e4user sind aus Stein in traditioneller Architektur gebaut, w\u00e4hrend H\u00e4user aus dem 19. Jahrhundert oft verputzte Fassaden aufweisen.<\/p><\/div><\/div><div class='clear_column'><\/div><div class='content-column one_half'><div style=\"padding-right:6px;\"><p>Na pojedinim se ku\u0107ama uo\u010davaju elementi arhitektonske dekoracije, ponajvi\u0161e vijenci prozora i vrata, koji se mogu datirati u prvu polovinu 17. stolje\u0107a. Tradicijske ku\u0107e sa\u010duvale su izvorne arhitektonske elemente luminara i vanjskih stuba &#8211; sulara. Iako su stilska obilje\u017eja skromna, trg se odlikuje slikovito\u0161\u0107u, \u010demu pridonose akcenti tamnozelene stolarije i malih, ali intenzivnih hortikulturnih naglasaka.<\/p><\/div><\/div><div class='content-column one_half last_column'><div style=\"padding-right:0px;padding-left:6px;\"><p>Bei einigen H\u00e4usern finden sich Elemente architektonischer Dekorationen, meist Gew\u00e4nde von Fenstern und T\u00fcren, die auf die erste H\u00e4lfte des 17. Jahrhunderts datiert werden k\u00f6nnen. Traditionelle H\u00e4user haben die urspr\u00fcnglichen architektonischen Elemente der Leuchten und Au\u00dfentreppen erhalten &#8211; sulara. Obwohl die stilistische Merkmale bescheiden sind, wirkt der Platz sehr malerisch, was durch dunkelgr\u00fcne Holzarbeiten und kleine, aber intensive gartenbauliche Akzente hervorgehoben wird.<\/p><\/div><\/div><div class='clear_column'><\/div><div class='content-column one_half'><div style=\"padding-right:6px;\"><p>Poplo\u010denje trga je recentno, izvedeno poliranim kamenom u suvremenom dizajnu (motiv krugova). Tek je uz sjeverni niz ku\u0107a sa\u010duvano tradicijsko kameno poplo\u010denje od kamenih plo\u010da slaganih u redove, koje se nastavlja prema zapadu do ulice Duolnjo kola, pa se pretpostavlja da trg izvorno nije bio poplo\u010den, ve\u0107 je imao zemljanu povr\u0161inu na kojoj su se obavljale graditeljske aktivnosti &#8222;\u0161kvera&#8220;.<\/p><\/div><\/div><div class='content-column one_half last_column'><div style=\"padding-right:0px;padding-left:6px;\"><p>Die Pflasterung des Platzes ist neu und besteht aus poliertem Stein in zeitgen\u00f6ssischem Design (Kreismotiv). Nur entlang der n\u00f6rdlichen H\u00e4userreihe ist die traditionelle reihenf\u00f6rmige Steinpflasterung erhalten, die sich nach Westen bis zur Stra\u00dfe Duolnjo-Kola fortsetzt. Es wird daher angenommen, dass der Platz urspr\u00fcnglich nicht gepflastert war, sondern eine erdige Oberfl\u00e4che hatte, auf der die Arbeiten der Werft durchgef\u00fchrt wurden.<\/p><\/div><\/div><div class='clear_column'><\/div><div class='content-column one_half'><div style=\"padding-right:6px;\"><p>Trg \u0160kor isti\u010de se u urbanisti\u010dkoj matrici grada kao u cijelosti sa\u010duvana urbanisti\u010dka cjelina iz 17. &#8211; 18. stolje\u0107a. Registar kulturnih dobara Republike Hrvatske br. 01\/2016. Datum tiskanog izdanja: 23.2.2016. Broj registra Z-6685<\/p><\/div><\/div><div class='content-column one_half last_column'><div style=\"padding-right:0px;padding-left:6px;\"><p>Der Platz \u0160kor stellt eine, in der st\u00e4dtischen Matrix der Stadt als Ganzes erhaltene st\u00e4dtische Einheit aus dem 17. bis 18. Jahrhundert dar. Register der Kulturg\u00fcter der Republik Kroatien Nr. 01\/2016, Ver\u00f6ffentlichungsdatum: 23.2.2016. Registriernummer Z-6685<\/p><\/div><\/div><div class='clear_column'><\/div><\/p>\n<p style=\"text-align: right;\"><a href=\"#seite_oben\">natrag na vrh \/ Seitenanfang<\/a><\/p>\n<hr \/>\n<p><strong>Linkovi \/ Links<\/strong><\/p>\n<p><span style=\"color: #3366ff;\"><a style=\"color: #3366ff;\" href=\"https:\/\/www.topohvar.at\/topo\/orte\/sg\/sg-ig-06-2\/\">Grb \u00bbu ku\u0107i Trg \u0160kor 5\u00ab \/ Wappen am Haus Trg \u0160kor 5<\/a><\/span><\/p>\n","protected":false},"excerpt":{"rendered":"<p>Ime \/ Name Objekt \u00bbTrg \u0160kor\u00ab Code: SG-PU-02\u00a0 \u00a0 \u00a0 \u00a0 \u00a0 \u00a0 \u00a0 \u00a0 \u00a0 \u00a0 \u00a0 \u00a0 \u00a0 \u00a0 \u00a0 \u00a0 \u00a0 \u00a0\u00a0 \u00a0 Adresa \/ Adresse Stari Grad, Trg \u0160kor Lokacija \/ Position Latitude: N 43,18378\u00b0\u00a0 \u00a0Longitude: &hellip; <a href=\"https:\/\/www.topohvar.at\/topo\/orte\/sg\/sg-pu-02-2\/\">Weiterlesen <span class=\"meta-nav\">&rarr;<\/span><\/a><\/p>\n","protected":false},"author":1,"featured_media":0,"parent":99,"menu_order":0,"comment_status":"closed","ping_status":"closed","template":"","meta":{"footnotes":""},"class_list":["post-3958","page","type-page","status-publish","hentry"],"_links":{"self":[{"href":"https:\/\/www.topohvar.at\/topo\/wp-json\/wp\/v2\/pages\/3958","targetHints":{"allow":["GET"]}}],"collection":[{"href":"https:\/\/www.topohvar.at\/topo\/wp-json\/wp\/v2\/pages"}],"about":[{"href":"https:\/\/www.topohvar.at\/topo\/wp-json\/wp\/v2\/types\/page"}],"author":[{"embeddable":true,"href":"https:\/\/www.topohvar.at\/topo\/wp-json\/wp\/v2\/users\/1"}],"replies":[{"embeddable":true,"href":"https:\/\/www.topohvar.at\/topo\/wp-json\/wp\/v2\/comments?post=3958"}],"version-history":[{"count":15,"href":"https:\/\/www.topohvar.at\/topo\/wp-json\/wp\/v2\/pages\/3958\/revisions"}],"predecessor-version":[{"id":69603,"href":"https:\/\/www.topohvar.at\/topo\/wp-json\/wp\/v2\/pages\/3958\/revisions\/69603"}],"up":[{"embeddable":true,"href":"https:\/\/www.topohvar.at\/topo\/wp-json\/wp\/v2\/pages\/99"}],"wp:attachment":[{"href":"https:\/\/www.topohvar.at\/topo\/wp-json\/wp\/v2\/media?parent=3958"}],"curies":[{"name":"wp","href":"https:\/\/api.w.org\/{rel}","templated":true}]}}

STARI GRAD &#8211; Objekt »Trg Škor«

<p><a name="seite_oben"></a><br />
<img loading="lazy" decoding="async" class="alignnone wp-image-3946 size-large" src="https://www.topohvar.at/wp-content/uploads/2018/08/SG-PU-02-1-1024x503.jpg" alt="" width="640" height="314" srcset="https://www.topohvar.at/wp-content/uploads/2018/08/SG-PU-02-1-1024x503.jpg 1024w, https://www.topohvar.at/wp-content/uploads/2018/08/SG-PU-02-1-300x147.jpg 300w, https://www.topohvar.at/wp-content/uploads/2018/08/SG-PU-02-1-768x377.jpg 768w" sizes="auto, (max-width: 640px) 100vw, 640px" /></p>
<p><strong>Ime / Name<br />
</strong>Objekt »Trg Škor«</p>
<p><strong>Code: </strong>SG-PU-02                                   <a href="https://www.topohvar.at/orte/sg/sg-os-01-2/"><img loading="lazy" decoding="async" class="alignnone wp-image-12300 size-full" src="https://www.topohvar.at/wp-content/uploads/2018/09/push-vor-30.jpg" alt="" width="61" height="30" /></a> <strong><a href="https://www.topohvar.at/orte/sg/sg-pu-15-1/"><img loading="lazy" decoding="async" class="alignnone wp-image-533 size-full" src="https://www.topohvar.at/wp-content/uploads/2018/07/push-l-30.jpg" alt="" width="61" height="30" /></a> <a href="https://www.topohvar.at/orte/sg/"><img loading="lazy" decoding="async" class="alignnone wp-image-535 size-full" src="https://www.topohvar.at/wp-content/uploads/2018/07/push-o-30.jpg" alt="" width="61" height="30" /></a> <a href="https://www.topohvar.at/orte/sg/sg-pu-03-2/"><img loading="lazy" decoding="async" class="alignnone wp-image-536 size-full" src="https://www.topohvar.at/wp-content/uploads/2018/07/push-r-30.jpg" alt="" width="61" height="30" /></a> <a href="https://www.topohvar.at/orte/sg/sg-pk-06-2/"><img loading="lazy" decoding="async" class="alignnone wp-image-12299 size-full" src="https://www.topohvar.at/wp-content/uploads/2018/09/push-next-30.jpg" alt="" width="61" height="30" /></a></strong></p>
<hr />
<p><strong>Adresa / Adresse<br />
</strong>Stari Grad, Trg Škor</p>
<p><strong>Lokacija / Position<a href="https://goo.gl/maps/dxsmPdCE3fjpb6dH9"><img loading="lazy" decoding="async" class="alignright wp-image-3989" src="https://www.topohvar.at/wp-content/uploads/2018/08/0619.jpg" alt="" width="134" height="100" /></a><br />
</strong><span style="color: #3366ff;"><a style="color: #3366ff;" href="https://goo.gl/maps/dxsmPdCE3fjpb6dH9">Latitude: N 43,18378°   Longitude: E 16,59848°</a> </span><strong><br />
</strong>Visina / Höhe: 1 m</p>
<p><strong>Katastarska čestica / Grundstücke<br />
</strong></p>
<p>*444/1, *446, *447/1, *447/2, *454, *455, *459, *477, *487/2, *487/3, *488, 10596</p>
<div class='content-column one_half'><div style="padding-right:6px;"><p><strong>Datum snimanja / Erfassungsdatum<br />
</strong>26.05.2013 10:00:00</p>
<hr />
<p><strong>Informacije</strong></p>
<p>Rješenjem Ministarstva kulture, Uprave za zaštitu kulturne baštine, od 23. 02. 2016., a nakon provedenog ispitivanje i usklađivanja s odredbama Zakona o zaštiti i očuvanju kulturnih dobara, trg Škor koji je dosada bio zaštićen Rješenjem konzervatorskog zavoda za Dalmaciju od lipnja 1962. te upisan u Registar nepokretnih spomenika kulture, dobio je svojstvo kulturnog dobra.</p></div></div><div class='content-column one_half last_column'><div style="padding-right:0px;padding-left:6px;"><p><strong>Stupanj zaštite / Schutzstellung<br />
</strong>Z-6685, RST 22-1962</p>
<hr />
<p><strong>Info</strong></p>
<p>Mit Beschluss des Ministeriums für Kultur, Verwaltung für den Schutz des Kulturerbes, vom 23. 02. 2016, und nach dem Prozess und die Einhaltung der Bestimmungen des Gesetzes über den Schutz und die Erhaltung des kulturellen Erbes, wird der Platz Škor, der seit dem Juni 1962 vom koservatorischen Amt Dalmatiens geschützt ist, in das Verzeichnis der unbeweglichen Kulturdenkmäler eingetragen, und erhält den Status Kulturgut.</p></div></div><div class='clear_column'></div><div class='content-column one_half'><div style="padding-right:6px;"><p>Trg Škor nalazi se u središtu grada, južno od morske uvale. Trg je dobio ime po škveru (škor od škver, dalmatinski = brodogradilište) koji je tamo bio do XVII. st. kada je plićina nasuta, a trg oblikovan.</p></div></div><div class='content-column one_half last_column'><div style="padding-right:0px;padding-left:6px;"><p>Der Platz Škor liegt im Stadtzentrum, im Süden der Bucht. Der Platz ist nach der Werft (škor von škver, dalmatinisch = Werft), die dort bis zum 17. Jh. existierte benannt. Auf Grund der häufigen Untiefen wurde dann der Platz gebildet.</p></div></div><div class='clear_column'></div><div class='content-column one_half'><div style="padding-right:6px;"><p>Gubitkom izvorne namjene prostor je poprimio svojstvo trga koji ima ljevkast oblik, širi se prema zapadu, a proteže i smjeru istok-zapad. Na jugu i zapadu trg ima dva manja proširenja na koja se nastavljaju gradske ulice, dok je na istoku trg otvoren i utječe u proširenje nastalo na dnu duboke starogradske uvale.</p></div></div><div class='content-column one_half last_column'><div style="padding-right:0px;padding-left:6px;"><p>Mit dem Verlust seines ursprünglichen Zwecks ist der Raum zu einem trichterförmigen Platz geworden, der sich in West &#8211; Ost Richtung erstreckt. Im Süden und Westen hat der Platz zwei kleine Ausbuchtungen, von denen Straßen in die Stadt führen, während im Osten der Platz offen ist und in eine freie Fläche führt, die sich am Beginn der tiefen Bucht von Stari Grad befindet.</p></div></div><div class='clear_column'></div><div class='content-column one_half'><div style="padding-right:6px;"><p>Sklop kuća s nadsvođenim projazom je iz ranog XVI. stoljeća, a nadvratnik na nasuprotnoj kući s grbom (zmaj drži čovjeka s granom u ruci) nepoznatog hvarskog plemića, po predaji biskupa, isklesan je oko 1500-te godine.</p></div></div><div class='content-column one_half last_column'><div style="padding-right:0px;padding-left:6px;"><p>Ein Ensemble von Häusern mit Gewölbe stammt aus dem frühen sechzehnten Jahrhundert. Am Türsturz des gegenüberliegenden Hauses findet sich ein Wappen (ein Drache hält einen Mann mit einem Zweig in der Hand) eines unbekannten Hvarer Adligen, der Legende nach ein Bischof. Es wurde um das Jahr 1500 graviert.</p></div></div><div class='clear_column'></div><div class='content-column one_half'><div style="padding-right:6px;"><p>Trg definiraju kuće izgrađene u razdoblju od 16. do 19. stoljeća, čija su pročelja i gabariti kuća dobro sačuvani, uglavnom u izvornom stanju. Kuće građene kamenom imaju obilježja tradicijske arhitekture, dok kuće iz 19. stoljeća imaju ožbukana pročelja.</p></div></div><div class='content-column one_half last_column'><div style="padding-right:0px;padding-left:6px;"><p>Der Platz ist geprägt von Häusern aus dem 16. bis 19. Jahrhundert, deren Fassaden und Abmessungen größtenteils in ihrem ursprünglichen Zustand gut erhalten sind. Diese Häuser sind aus Stein in traditioneller Architektur gebaut, während Häuser aus dem 19. Jahrhundert oft verputzte Fassaden aufweisen.</p></div></div><div class='clear_column'></div><div class='content-column one_half'><div style="padding-right:6px;"><p>Na pojedinim se kućama uočavaju elementi arhitektonske dekoracije, ponajviše vijenci prozora i vrata, koji se mogu datirati u prvu polovinu 17. stoljeća. Tradicijske kuće sačuvale su izvorne arhitektonske elemente luminara i vanjskih stuba &#8211; sulara. Iako su stilska obilježja skromna, trg se odlikuje slikovitošću, čemu pridonose akcenti tamnozelene stolarije i malih, ali intenzivnih hortikulturnih naglasaka.</p></div></div><div class='content-column one_half last_column'><div style="padding-right:0px;padding-left:6px;"><p>Bei einigen Häusern finden sich Elemente architektonischer Dekorationen, meist Gewände von Fenstern und Türen, die auf die erste Hälfte des 17. Jahrhunderts datiert werden können. Traditionelle Häuser haben die ursprünglichen architektonischen Elemente der Leuchten und Außentreppen erhalten &#8211; sulara. Obwohl die stilistische Merkmale bescheiden sind, wirkt der Platz sehr malerisch, was durch dunkelgrüne Holzarbeiten und kleine, aber intensive gartenbauliche Akzente hervorgehoben wird.</p></div></div><div class='clear_column'></div><div class='content-column one_half'><div style="padding-right:6px;"><p>Popločenje trga je recentno, izvedeno poliranim kamenom u suvremenom dizajnu (motiv krugova). Tek je uz sjeverni niz kuća sačuvano tradicijsko kameno popločenje od kamenih ploča slaganih u redove, koje se nastavlja prema zapadu do ulice Duolnjo kola, pa se pretpostavlja da trg izvorno nije bio popločen, već je imao zemljanu površinu na kojoj su se obavljale graditeljske aktivnosti &#8222;škvera&#8220;.</p></div></div><div class='content-column one_half last_column'><div style="padding-right:0px;padding-left:6px;"><p>Die Pflasterung des Platzes ist neu und besteht aus poliertem Stein in zeitgenössischem Design (Kreismotiv). Nur entlang der nördlichen Häuserreihe ist die traditionelle reihenförmige Steinpflasterung erhalten, die sich nach Westen bis zur Straße Duolnjo-Kola fortsetzt. Es wird daher angenommen, dass der Platz ursprünglich nicht gepflastert war, sondern eine erdige Oberfläche hatte, auf der die Arbeiten der Werft durchgeführt wurden.</p></div></div><div class='clear_column'></div><div class='content-column one_half'><div style="padding-right:6px;"><p>Trg Škor ističe se u urbanističkoj matrici grada kao u cijelosti sačuvana urbanistička cjelina iz 17. &#8211; 18. stoljeća. Registar kulturnih dobara Republike Hrvatske br. 01/2016. Datum tiskanog izdanja: 23.2.2016. Broj registra Z-6685</p></div></div><div class='content-column one_half last_column'><div style="padding-right:0px;padding-left:6px;"><p>Der Platz Škor stellt eine, in der städtischen Matrix der Stadt als Ganzes erhaltene städtische Einheit aus dem 17. bis 18. Jahrhundert dar. Register der Kulturgüter der Republik Kroatien Nr. 01/2016, Veröffentlichungsdatum: 23.2.2016. Registriernummer Z-6685</p></div></div><div class='clear_column'></div></p>
<p style="text-align: right;"><a href="#seite_oben">natrag na vrh / Seitenanfang</a></p>
<hr />
<p><strong>Linkovi / Links</strong></p>
<p><span style="color: #3366ff;"><a style="color: #3366ff;" href="https://www.topohvar.at/topo/orte/sg/sg-ig-06-2/">Grb »u kući Trg Škor 5« / Wappen am Haus Trg Škor 5</a></span></p>

<p>Ime / Name Objekt »Trg Škor« Code: SG-PU-02                                       Adresa / Adresse Stari Grad, Trg Škor Lokacija / Position Latitude: N 43,18378°   Longitude: &hellip; <a href="https://www.topohvar.at/topo/orte/sg/sg-pu-02-2/">Weiterlesen <span class="meta-nav">&rarr;</span></a></p>
