{"id":39612,"date":"2020-08-02T19:50:17","date_gmt":"2020-08-02T17:50:17","guid":{"rendered":"https:\/\/www.topohvar.at\/topo\/?page_id=39612"},"modified":"2021-12-05T18:18:34","modified_gmt":"2021-12-05T17:18:34","slug":"za-tr-27-1","status":"publish","type":"page","link":"https:\/\/www.topohvar.at\/topo\/orte\/za\/za-tr-27-1\/","title":{"rendered":"ZASTRA\u017dI\u0160\u0106E \u2013 Trim \u00bbZA-TR-27\u00ab"},"content":{"rendered":"<p><a name=\"seite_oben\"><\/a><br \/>\n<strong><img loading=\"lazy\" decoding=\"async\" class=\"aligncenter wp-image-39614 size-full\" src=\"https:\/\/www.topohvar.at\/wp-content\/uploads\/2020\/08\/za-tr-27-4.jpg\" alt=\"\" width=\"1080\" height=\"530\" srcset=\"https:\/\/www.topohvar.at\/wp-content\/uploads\/2020\/08\/za-tr-27-4.jpg 1080w, https:\/\/www.topohvar.at\/wp-content\/uploads\/2020\/08\/za-tr-27-4-300x147.jpg 300w, https:\/\/www.topohvar.at\/wp-content\/uploads\/2020\/08\/za-tr-27-4-1024x503.jpg 1024w, https:\/\/www.topohvar.at\/wp-content\/uploads\/2020\/08\/za-tr-27-4-768x377.jpg 768w\" sizes=\"auto, (max-width: 1080px) 100vw, 1080px\" \/><\/strong><\/p>\n<p><strong>Ime \/ Name<br \/>\n<\/strong>Trim \u00bbZA-TR-27\u00ab<\/p>\n<p><strong>Code: <\/strong>ZA-TR-27\u00a0 \u00a0 \u00a0 \u00a0 \u00a0 \u00a0 \u00a0 \u00a0 \u00a0 \u00a0 \u00a0 \u00a0 \u00a0 \u00a0 \u00a0 \u00a0 \u00a0 \u00a0 \u00a0 \u00a0 <strong><a href=\"https:\/\/www.topohvar.at\/orte\/za\/za-tr-00-00\/\"><img loading=\"lazy\" decoding=\"async\" class=\"alignnone wp-image-12300 size-full\" src=\"https:\/\/www.topohvar.at\/wp-content\/uploads\/2018\/09\/push-vor-30.jpg\" alt=\"\" width=\"61\" height=\"30\" \/><\/a> <a href=\"https:\/\/www.topohvar.at\/orte\/za\/za-tr-48-1\/\"><img loading=\"lazy\" decoding=\"async\" class=\"alignnone wp-image-533 size-full\" src=\"https:\/\/www.topohvar.at\/wp-content\/uploads\/2018\/07\/push-l-30.jpg\" alt=\"\" width=\"61\" height=\"30\" \/><\/a> <a href=\"https:\/\/www.topohvar.at\/orte\/za\/\"><img loading=\"lazy\" decoding=\"async\" class=\"alignnone wp-image-535 size-full\" src=\"https:\/\/www.topohvar.at\/wp-content\/uploads\/2018\/07\/push-o-30.jpg\" alt=\"\" width=\"61\" height=\"30\" \/><\/a> <a href=\"https:\/\/www.topohvar.at\/orte\/za\/za-tr-04-1\/\"><img loading=\"lazy\" decoding=\"async\" class=\"alignnone wp-image-536 size-full\" src=\"https:\/\/www.topohvar.at\/wp-content\/uploads\/2018\/07\/push-r-30.jpg\" alt=\"\" width=\"61\" height=\"30\" \/><\/a><\/strong><\/p>\n<hr \/>\n<p><strong>Adresa \/ Adresse<br \/>\n<\/strong>Zastra\u017ei\u0161\u0107e, Humi\u0107<\/p>\n<p><strong>Lokacija \/ Position<a href=\"https:\/\/goo.gl\/maps\/6GkEKiWcTCu56S8h6\"><img loading=\"lazy\" decoding=\"async\" class=\"alignright wp-image-39613\" src=\"https:\/\/www.topohvar.at\/wp-content\/uploads\/2020\/08\/2706.jpg\" alt=\"\" width=\"134\" height=\"100\" \/><\/a><br \/>\n<\/strong><span style=\"color: #3366ff;\"><a style=\"color: #3366ff;\" href=\"https:\/\/goo.gl\/maps\/6GkEKiWcTCu56S8h6\">Latitude: N 43,14995\u00b0\u00a0 \u00a0Longitude: E 16,86652\u00b0 <\/a><\/span><strong><br \/>\n<\/strong>Visina \/ H\u00f6he: 103 m<\/p>\n<p><strong>Katastarska \u010destica \/ Grundst\u00fccke<br \/>\n<\/strong>2528\/5 <div class='content-column one_half'><div style=\"padding-right:6px;\"><p><strong>Datum snimanja \/ Erfassungsdatum<br \/>\n<\/strong>24.07.2020 10:11:43<\/p>\n<hr \/>\n<p><strong>Informacije<\/strong><\/p>\n<p>Veliki trim nalazi se sjeverno od Zastra\u017ei\u0161\u0107e na putu za zaljev Kjusna na padini brda Vela Glava. Stra\u017enji dio trima s jednom stepenicom str\u0161i u obronke planine. Na prednjoj je strani ugra\u0111en drvena koliba koji naizgled slu\u017ei kao lova\u010dko sjedalo. Vanjski zid lijevo od ulaza je blago o\u0161te\u0107en, ina\u010de je trim u dobrom stanju. Unutra\u0161njost je puna starog pribora i nije ga bilo mogu\u0107e posjetiti.<\/p><\/div><\/div><div class='content-column one_half last_column'><div style=\"padding-right:0px;padding-left:6px;\"><p><strong>Stupanj za\u0161tite \/ Schutzstellung<br \/>\n<\/strong>&#8211;<\/p>\n<hr \/>\n<p><strong>Info<\/strong><\/p>\n<p>Der gro\u00dfe Trim befindet sich n\u00f6rdlich von Zastra\u017ei\u0161\u0107e am Weg zur Bucht Kjusna am Abhang des H\u00fcgels Vela Glava. Die R\u00fcckseite des einstufigen Trims ragt in den Berghang. An seine Vorderseite ist ein Verschlag aus Holz angebaut, der offenbar als Ansitz dient. Links vom Eingang ist die Au\u00dfenwand etwas besch\u00e4digt, ansonsten ist der Trim gut erhalten. Der Innenraum ist voll von alten Gebrauchsgegenst\u00e4nden und konnte nicht besucht werden.<\/p><\/div><\/div><div class='clear_column'><\/div><div class='content-column one_half'><div style=\"padding-right:6px;\"><div id=\"attachment_39618\" style=\"width: 310px\" class=\"wp-caption aligncenter\"><img loading=\"lazy\" decoding=\"async\" aria-describedby=\"caption-attachment-39618\" class=\"wp-image-39618 size-medium\" src=\"https:\/\/www.topohvar.at\/wp-content\/uploads\/2020\/08\/za-tr-27-11-300x300.jpg\" alt=\"\" width=\"300\" height=\"300\" srcset=\"https:\/\/www.topohvar.at\/wp-content\/uploads\/2020\/08\/za-tr-27-11-300x300.jpg 300w, https:\/\/www.topohvar.at\/wp-content\/uploads\/2020\/08\/za-tr-27-11-150x150.jpg 150w, https:\/\/www.topohvar.at\/wp-content\/uploads\/2020\/08\/za-tr-27-11.jpg 450w\" sizes=\"auto, (max-width: 300px) 100vw, 300px\" \/><p id=\"caption-attachment-39618\" class=\"wp-caption-text\">Ulaz \/ Eingang<\/p><\/div><\/div><\/div><div class='content-column one_half last_column'><div style=\"padding-right:0px;padding-left:6px;\"><div id=\"attachment_39617\" style=\"width: 310px\" class=\"wp-caption aligncenter\"><img loading=\"lazy\" decoding=\"async\" aria-describedby=\"caption-attachment-39617\" class=\"wp-image-39617 size-medium\" src=\"https:\/\/www.topohvar.at\/wp-content\/uploads\/2020\/08\/za-tr-27-10-300x300.jpg\" alt=\"\" width=\"300\" height=\"300\" srcset=\"https:\/\/www.topohvar.at\/wp-content\/uploads\/2020\/08\/za-tr-27-10-300x300.jpg 300w, https:\/\/www.topohvar.at\/wp-content\/uploads\/2020\/08\/za-tr-27-10-150x150.jpg 150w, https:\/\/www.topohvar.at\/wp-content\/uploads\/2020\/08\/za-tr-27-10.jpg 450w\" sizes=\"auto, (max-width: 300px) 100vw, 300px\" \/><p id=\"caption-attachment-39617\" class=\"wp-caption-text\">Stra\u017enja strana trima \/ Trimr\u00fcckseite<\/p><\/div><\/div><\/div><div class='clear_column'><\/div><div class='content-column one_half'><div style=\"padding-right:6px;\"><p>Dana 24.07.2020. trim je posje\u0107en i ustanovljeno je sljede\u0107e:<\/p>\n<p>Lokacija: grmlje<br \/>\nPodloga: padina<br \/>\nPovezan s: kamenim zidom<br \/>\nUpotreba: koristi se<br \/>\nStanje: mali dijelovi su se sru\u0161ili<br \/>\nBroj stepenice trima: 1<br \/>\nDodatni kameni prsten: nema kamenog prstena<br \/>\nStepeni\u0161te: nema<br \/>\nOblik kamena: uglast<br \/>\nPodru\u010dje ispred ulaza: lako dostupno<br \/>\nOrijentacija ulaza: I (80\u00b0)<br \/>\nPromjer trima (cm): 450<br \/>\nVisina trima (cm): 310<br \/>\nVisina stepenice (cm): 240<br \/>\nDebljina zida (cm): 100<br \/>\n\u0160irina vrata (cm): 55<br \/>\nVisina vrata (cm): 125<br \/>\n\u0160irina unutra (cm): 250<br \/>\nVisina unutra (cm): (250)<br \/>\nVolumen iznutra (m3): (8,15)<br \/>\nNema ni\u0161e<\/p><\/div><\/div><div class='content-column one_half last_column'><div style=\"padding-right:0px;padding-left:6px;\"><p>Am 24.07.2020 wurde der Trim besucht und n\u00e4her untersucht<\/p>\n<p>Standort: Buschwerk<br \/>\nUntergrund: Hanglage<br \/>\nVerbunden mit: Steinmauer<br \/>\nNutzung: genutzt<br \/>\nZustand: Teile abgest\u00fcrzt<br \/>\nAnzahl der Stufen des Trims: 1<br \/>\nZus\u00e4tzlicher Steinring: kein Steinring<br \/>\nStiege: keine<br \/>\nSteinform: kantig<br \/>\nEingangsbereich: frei<br \/>\nEingangsseite: O (80\u00b0)<br \/>\nTrimdurchmesser (cm): 450<br \/>\nTrimh\u00f6he (cm): 310<br \/>\nStufenh\u00f6he (cm): 240<br \/>\nWandst\u00e4rke (cm): 100<br \/>\nT\u00fcrbreite (cm): 55<br \/>\nT\u00fcrh\u00f6he (cm): 125<br \/>\nInnenraumbreite (cm): 250<br \/>\nInnenraumh\u00f6he (cm): (250)<br \/>\nRaumvolumen (m3): (8,15)<br \/>\nKeine Nische<\/p><\/div><\/div><div class='clear_column'><\/div><\/p>\n<p><img loading=\"lazy\" decoding=\"async\" class=\"alignleft size-full wp-image-40113\" src=\"https:\/\/www.topohvar.at\/wp-content\/uploads\/2020\/08\/za-tr-27-sca.jpg\" alt=\"\" width=\"640\" height=\"977\" srcset=\"https:\/\/www.topohvar.at\/wp-content\/uploads\/2020\/08\/za-tr-27-sca.jpg 640w, https:\/\/www.topohvar.at\/wp-content\/uploads\/2020\/08\/za-tr-27-sca-197x300.jpg 197w\" sizes=\"auto, (max-width: 640px) 100vw, 640px\" \/><\/p>\n<p style=\"text-align: right;\"><a href=\"#seite_oben\">natrag na vrh \/ Seitenanfang<\/a><\/p>\n<hr \/>\n<p><strong>Linkovi \/ Links<\/strong><\/p>\n<p>&#8211;<\/p>\n","protected":false},"excerpt":{"rendered":"<p>Ime \/ Name Trim \u00bbZA-TR-27\u00ab Code: ZA-TR-27\u00a0 \u00a0 \u00a0 \u00a0 \u00a0 \u00a0 \u00a0 \u00a0 \u00a0 \u00a0 \u00a0 \u00a0 \u00a0 \u00a0 \u00a0 \u00a0 \u00a0 \u00a0 \u00a0 \u00a0 Adresa \/ Adresse Zastra\u017ei\u0161\u0107e, Humi\u0107 Lokacija \/ Position Latitude: N 43,14995\u00b0\u00a0 \u00a0Longitude: E 16,86652\u00b0 &hellip; <a href=\"https:\/\/www.topohvar.at\/topo\/orte\/za\/za-tr-27-1\/\">Weiterlesen <span class=\"meta-nav\">&rarr;<\/span><\/a><\/p>\n","protected":false},"author":1,"featured_media":0,"parent":115,"menu_order":0,"comment_status":"closed","ping_status":"closed","template":"","meta":{"footnotes":""},"class_list":["post-39612","page","type-page","status-publish","hentry"],"_links":{"self":[{"href":"https:\/\/www.topohvar.at\/topo\/wp-json\/wp\/v2\/pages\/39612","targetHints":{"allow":["GET"]}}],"collection":[{"href":"https:\/\/www.topohvar.at\/topo\/wp-json\/wp\/v2\/pages"}],"about":[{"href":"https:\/\/www.topohvar.at\/topo\/wp-json\/wp\/v2\/types\/page"}],"author":[{"embeddable":true,"href":"https:\/\/www.topohvar.at\/topo\/wp-json\/wp\/v2\/users\/1"}],"replies":[{"embeddable":true,"href":"https:\/\/www.topohvar.at\/topo\/wp-json\/wp\/v2\/comments?post=39612"}],"version-history":[{"count":12,"href":"https:\/\/www.topohvar.at\/topo\/wp-json\/wp\/v2\/pages\/39612\/revisions"}],"predecessor-version":[{"id":54779,"href":"https:\/\/www.topohvar.at\/topo\/wp-json\/wp\/v2\/pages\/39612\/revisions\/54779"}],"up":[{"embeddable":true,"href":"https:\/\/www.topohvar.at\/topo\/wp-json\/wp\/v2\/pages\/115"}],"wp:attachment":[{"href":"https:\/\/www.topohvar.at\/topo\/wp-json\/wp\/v2\/media?parent=39612"}],"curies":[{"name":"wp","href":"https:\/\/api.w.org\/{rel}","templated":true}]}}

ZASTRAŽIŠĆE – Trim »ZA-TR-27«

<p><a name="seite_oben"></a><br />
<strong><img loading="lazy" decoding="async" class="aligncenter wp-image-39614 size-full" src="https://www.topohvar.at/wp-content/uploads/2020/08/za-tr-27-4.jpg" alt="" width="1080" height="530" srcset="https://www.topohvar.at/wp-content/uploads/2020/08/za-tr-27-4.jpg 1080w, https://www.topohvar.at/wp-content/uploads/2020/08/za-tr-27-4-300x147.jpg 300w, https://www.topohvar.at/wp-content/uploads/2020/08/za-tr-27-4-1024x503.jpg 1024w, https://www.topohvar.at/wp-content/uploads/2020/08/za-tr-27-4-768x377.jpg 768w" sizes="auto, (max-width: 1080px) 100vw, 1080px" /></strong></p>
<p><strong>Ime / Name<br />
</strong>Trim »ZA-TR-27«</p>
<p><strong>Code: </strong>ZA-TR-27                                        <strong><a href="https://www.topohvar.at/orte/za/za-tr-00-00/"><img loading="lazy" decoding="async" class="alignnone wp-image-12300 size-full" src="https://www.topohvar.at/wp-content/uploads/2018/09/push-vor-30.jpg" alt="" width="61" height="30" /></a> <a href="https://www.topohvar.at/orte/za/za-tr-48-1/"><img loading="lazy" decoding="async" class="alignnone wp-image-533 size-full" src="https://www.topohvar.at/wp-content/uploads/2018/07/push-l-30.jpg" alt="" width="61" height="30" /></a> <a href="https://www.topohvar.at/orte/za/"><img loading="lazy" decoding="async" class="alignnone wp-image-535 size-full" src="https://www.topohvar.at/wp-content/uploads/2018/07/push-o-30.jpg" alt="" width="61" height="30" /></a> <a href="https://www.topohvar.at/orte/za/za-tr-04-1/"><img loading="lazy" decoding="async" class="alignnone wp-image-536 size-full" src="https://www.topohvar.at/wp-content/uploads/2018/07/push-r-30.jpg" alt="" width="61" height="30" /></a></strong></p>
<hr />
<p><strong>Adresa / Adresse<br />
</strong>Zastražišće, Humić</p>
<p><strong>Lokacija / Position<a href="https://goo.gl/maps/6GkEKiWcTCu56S8h6"><img loading="lazy" decoding="async" class="alignright wp-image-39613" src="https://www.topohvar.at/wp-content/uploads/2020/08/2706.jpg" alt="" width="134" height="100" /></a><br />
</strong><span style="color: #3366ff;"><a style="color: #3366ff;" href="https://goo.gl/maps/6GkEKiWcTCu56S8h6">Latitude: N 43,14995°   Longitude: E 16,86652° </a></span><strong><br />
</strong>Visina / Höhe: 103 m</p>
<p><strong>Katastarska čestica / Grundstücke<br />
</strong>2528/5 <div class='content-column one_half'><div style="padding-right:6px;"><p><strong>Datum snimanja / Erfassungsdatum<br />
</strong>24.07.2020 10:11:43</p>
<hr />
<p><strong>Informacije</strong></p>
<p>Veliki trim nalazi se sjeverno od Zastražišće na putu za zaljev Kjusna na padini brda Vela Glava. Stražnji dio trima s jednom stepenicom strši u obronke planine. Na prednjoj je strani ugrađen drvena koliba koji naizgled služi kao lovačko sjedalo. Vanjski zid lijevo od ulaza je blago oštećen, inače je trim u dobrom stanju. Unutrašnjost je puna starog pribora i nije ga bilo moguće posjetiti.</p></div></div><div class='content-column one_half last_column'><div style="padding-right:0px;padding-left:6px;"><p><strong>Stupanj zaštite / Schutzstellung<br />
</strong>&#8211;</p>
<hr />
<p><strong>Info</strong></p>
<p>Der große Trim befindet sich nördlich von Zastražišće am Weg zur Bucht Kjusna am Abhang des Hügels Vela Glava. Die Rückseite des einstufigen Trims ragt in den Berghang. An seine Vorderseite ist ein Verschlag aus Holz angebaut, der offenbar als Ansitz dient. Links vom Eingang ist die Außenwand etwas beschädigt, ansonsten ist der Trim gut erhalten. Der Innenraum ist voll von alten Gebrauchsgegenständen und konnte nicht besucht werden.</p></div></div><div class='clear_column'></div><div class='content-column one_half'><div style="padding-right:6px;"><div id="attachment_39618" style="width: 310px" class="wp-caption aligncenter"><img loading="lazy" decoding="async" aria-describedby="caption-attachment-39618" class="wp-image-39618 size-medium" src="https://www.topohvar.at/wp-content/uploads/2020/08/za-tr-27-11-300x300.jpg" alt="" width="300" height="300" srcset="https://www.topohvar.at/wp-content/uploads/2020/08/za-tr-27-11-300x300.jpg 300w, https://www.topohvar.at/wp-content/uploads/2020/08/za-tr-27-11-150x150.jpg 150w, https://www.topohvar.at/wp-content/uploads/2020/08/za-tr-27-11.jpg 450w" sizes="auto, (max-width: 300px) 100vw, 300px" /><p id="caption-attachment-39618" class="wp-caption-text">Ulaz / Eingang</p></div></div></div><div class='content-column one_half last_column'><div style="padding-right:0px;padding-left:6px;"><div id="attachment_39617" style="width: 310px" class="wp-caption aligncenter"><img loading="lazy" decoding="async" aria-describedby="caption-attachment-39617" class="wp-image-39617 size-medium" src="https://www.topohvar.at/wp-content/uploads/2020/08/za-tr-27-10-300x300.jpg" alt="" width="300" height="300" srcset="https://www.topohvar.at/wp-content/uploads/2020/08/za-tr-27-10-300x300.jpg 300w, https://www.topohvar.at/wp-content/uploads/2020/08/za-tr-27-10-150x150.jpg 150w, https://www.topohvar.at/wp-content/uploads/2020/08/za-tr-27-10.jpg 450w" sizes="auto, (max-width: 300px) 100vw, 300px" /><p id="caption-attachment-39617" class="wp-caption-text">Stražnja strana trima / Trimrückseite</p></div></div></div><div class='clear_column'></div><div class='content-column one_half'><div style="padding-right:6px;"><p>Dana 24.07.2020. trim je posjećen i ustanovljeno je sljedeće:</p>
<p>Lokacija: grmlje<br />
Podloga: padina<br />
Povezan s: kamenim zidom<br />
Upotreba: koristi se<br />
Stanje: mali dijelovi su se srušili<br />
Broj stepenice trima: 1<br />
Dodatni kameni prsten: nema kamenog prstena<br />
Stepenište: nema<br />
Oblik kamena: uglast<br />
Područje ispred ulaza: lako dostupno<br />
Orijentacija ulaza: I (80°)<br />
Promjer trima (cm): 450<br />
Visina trima (cm): 310<br />
Visina stepenice (cm): 240<br />
Debljina zida (cm): 100<br />
Širina vrata (cm): 55<br />
Visina vrata (cm): 125<br />
Širina unutra (cm): 250<br />
Visina unutra (cm): (250)<br />
Volumen iznutra (m3): (8,15)<br />
Nema niše</p></div></div><div class='content-column one_half last_column'><div style="padding-right:0px;padding-left:6px;"><p>Am 24.07.2020 wurde der Trim besucht und näher untersucht</p>
<p>Standort: Buschwerk<br />
Untergrund: Hanglage<br />
Verbunden mit: Steinmauer<br />
Nutzung: genutzt<br />
Zustand: Teile abgestürzt<br />
Anzahl der Stufen des Trims: 1<br />
Zusätzlicher Steinring: kein Steinring<br />
Stiege: keine<br />
Steinform: kantig<br />
Eingangsbereich: frei<br />
Eingangsseite: O (80°)<br />
Trimdurchmesser (cm): 450<br />
Trimhöhe (cm): 310<br />
Stufenhöhe (cm): 240<br />
Wandstärke (cm): 100<br />
Türbreite (cm): 55<br />
Türhöhe (cm): 125<br />
Innenraumbreite (cm): 250<br />
Innenraumhöhe (cm): (250)<br />
Raumvolumen (m3): (8,15)<br />
Keine Nische</p></div></div><div class='clear_column'></div></p>
<p><img loading="lazy" decoding="async" class="alignleft size-full wp-image-40113" src="https://www.topohvar.at/wp-content/uploads/2020/08/za-tr-27-sca.jpg" alt="" width="640" height="977" srcset="https://www.topohvar.at/wp-content/uploads/2020/08/za-tr-27-sca.jpg 640w, https://www.topohvar.at/wp-content/uploads/2020/08/za-tr-27-sca-197x300.jpg 197w" sizes="auto, (max-width: 640px) 100vw, 640px" /></p>
<p style="text-align: right;"><a href="#seite_oben">natrag na vrh / Seitenanfang</a></p>
<hr />
<p><strong>Linkovi / Links</strong></p>
<p>&#8211;</p>

<p>Ime / Name Trim »ZA-TR-27« Code: ZA-TR-27                                        Adresa / Adresse Zastražišće, Humić Lokacija / Position Latitude: N 43,14995°   Longitude: E 16,86652° &hellip; <a href="https://www.topohvar.at/topo/orte/za/za-tr-27-1/">Weiterlesen <span class="meta-nav">&rarr;</span></a></p>
