{"id":3962,"date":"2018-08-08T15:24:25","date_gmt":"2018-08-08T13:24:25","guid":{"rendered":"https:\/\/www.topohvar.at\/?page_id=3962"},"modified":"2023-06-12T15:35:17","modified_gmt":"2023-06-12T13:35:17","slug":"sg-pu-04-2","status":"publish","type":"page","link":"https:\/\/www.topohvar.at\/topo\/orte\/sg\/sg-pu-04-2\/","title":{"rendered":"STARI GRAD &#8211; Objekt \u00bbTrg Sv. Stjepana\u00ab"},"content":{"rendered":"<p><a name=\"seite_oben\"><\/a><br \/>\n<img loading=\"lazy\" decoding=\"async\" class=\"alignnone wp-image-3948 size-large\" src=\"https:\/\/www.topohvar.at\/wp-content\/uploads\/2018\/08\/sg-pu-04-1-1024x503.jpg\" alt=\"\" width=\"640\" height=\"314\" srcset=\"https:\/\/www.topohvar.at\/wp-content\/uploads\/2018\/08\/sg-pu-04-1-1024x503.jpg 1024w, https:\/\/www.topohvar.at\/wp-content\/uploads\/2018\/08\/sg-pu-04-1-300x147.jpg 300w, https:\/\/www.topohvar.at\/wp-content\/uploads\/2018\/08\/sg-pu-04-1-768x377.jpg 768w\" sizes=\"auto, (max-width: 640px) 100vw, 640px\" \/><\/p>\n<p><strong>Ime \/ Name<br \/>\n<\/strong>Objekt \u00bbTrg Sv. Stjepana\u00ab \/ Stefansplatz<\/p>\n<p><strong>Code: <\/strong>SG-PU-04\u00a0 \u00a0 \u00a0 \u00a0 \u00a0 \u00a0 \u00a0 \u00a0 \u00a0 \u00a0 \u00a0 \u00a0 \u00a0 \u00a0 \u00a0 \u00a0 \u00a0 \u00a0<a href=\"https:\/\/www.topohvar.at\/orte\/sg\/sg-os-01-2\/\"><img loading=\"lazy\" decoding=\"async\" class=\"alignnone wp-image-12300 size-full\" src=\"https:\/\/www.topohvar.at\/wp-content\/uploads\/2018\/09\/push-vor-30.jpg\" alt=\"\" width=\"61\" height=\"30\" \/><\/a>\u00a0<strong><a href=\"https:\/\/www.topohvar.at\/orte\/sg\/sg-pu-03-2\/\"><img loading=\"lazy\" decoding=\"async\" class=\"alignnone wp-image-533 size-full\" src=\"https:\/\/www.topohvar.at\/wp-content\/uploads\/2018\/07\/push-l-30.jpg\" alt=\"\" width=\"61\" height=\"30\" \/><\/a> <a href=\"https:\/\/www.topohvar.at\/orte\/sg\/\"><img loading=\"lazy\" decoding=\"async\" class=\"alignnone wp-image-535 size-full\" src=\"https:\/\/www.topohvar.at\/wp-content\/uploads\/2018\/07\/push-o-30.jpg\" alt=\"\" width=\"61\" height=\"30\" \/><\/a> <a href=\"https:\/\/www.topohvar.at\/orte\/sg\/sg-pu-05-2\/\"><img loading=\"lazy\" decoding=\"async\" class=\"alignnone wp-image-536 size-full\" src=\"https:\/\/www.topohvar.at\/wp-content\/uploads\/2018\/07\/push-r-30.jpg\" alt=\"\" width=\"61\" height=\"30\" \/><\/a>\u00a0<a href=\"https:\/\/www.topohvar.at\/orte\/sg\/sg-pk-06-2\/\"><img loading=\"lazy\" decoding=\"async\" class=\"alignnone wp-image-12299 size-full\" src=\"https:\/\/www.topohvar.at\/wp-content\/uploads\/2018\/09\/push-next-30.jpg\" alt=\"\" width=\"61\" height=\"30\" \/><\/a><\/strong><\/p>\n<hr \/>\n<p><strong>Adresa \/ Adresse<br \/>\n<\/strong>Stari Grad, Trg Sv. Stjepana<\/p>\n<p><strong>Lokacija \/ Position<a href=\"https:\/\/goo.gl\/maps\/HpP88jdfRWNjHni56\"><img loading=\"lazy\" decoding=\"async\" class=\"alignright wp-image-3997\" src=\"https:\/\/www.topohvar.at\/wp-content\/uploads\/2018\/08\/1210.jpg\" alt=\"\" width=\"134\" height=\"100\" \/><\/a><br \/>\n<\/strong><span style=\"color: #3366ff;\"><a style=\"color: #3366ff;\" href=\"https:\/\/goo.gl\/maps\/HpP88jdfRWNjHni56\">Latitude: N 43,18313\u00b0\u00a0 \u00a0Longitude: E 16,59851\u00b0<\/a> <\/span><strong><br \/>\n<\/strong>Visina \/ H\u00f6he: 3 m<\/p>\n<p><strong>Katastarska \u010destica \/ Grundst\u00fccke<br \/>\n<\/strong>10599<div class='content-column one_half'><div style=\"padding-right:6px;\"><p><strong>Datum snimanja \/ Erfassungsdatum<br \/>\n<\/strong>26.05.2013 10:00:00<\/p>\n<hr \/>\n<p><strong>Informacije<\/strong><\/p>\n<p>Glavni trg na kojem su se nekada izvr\u0161avale komunalne odredbe i sklapali ugovori. Na sjevernim ku\u0107ama je sun\u010dani sat i grb plemi\u010dke obitelji Hektorovi\u0107a iz XV. st. U prizemlju ku\u0107e na zapadu trga ugra\u0111eno je nekoliko velikih kamenih blokova s bedema anti\u010dkog Farosa.<\/p><\/div><\/div><div class='content-column one_half last_column'><div style=\"padding-right:0px;padding-left:6px;\"><p><strong>Stupanj za\u0161tite \/ Schutzstellung<br \/>\n<\/strong>&#8211;<\/p>\n<hr \/>\n<p><strong>Info<\/strong><\/p>\n<p>Der Hauptplatz diente einst zur Durchf\u00fchrung kommunaler Angelegenheiten und Abschluss von Vertr\u00e4gen. Auf den n\u00f6rdlichen H\u00e4usern finden sich eine Sonnenuhr und die Wappen der Adelsfamilien Hektorovi\u0107 aus dem 15. Jh. Das Erdgeschoss der H\u00e4user im Westen des Platzes wurde aus mehreren gro\u00dfen Steinbl\u00f6cken der Stadtmauer des alten Pharos gebaut.<\/p><\/div><\/div><div class='clear_column'><\/div><div class='content-column one_half'><div style=\"padding-right:6px;\"><p>Ispred bo\u010dne strane crkve je rimski reljef \u2013 \u017ealobni krilati Erot s izokrenutom bakljom, genij smrti iz II. st.<\/p><\/div><\/div><div class='content-column one_half last_column'><div style=\"padding-right:0px;padding-left:6px;\"><p>Vor der Frontseite der Stephanskirche steht das r\u00f6mische Relief eines trauernden gefl\u00fcgelten Eros mit umgekehrter Fackel, dem Genius des Todes aus dem 2. Jh.<\/p><\/div><\/div><div class='clear_column'><\/div><div class='content-column one_half'><div style=\"padding-right:6px;\"><p>Tijekom opse\u017ene kanalizacije na podru\u010dju grada obavljena su i arheolo\u0161ka istra\u017eivanja.<\/p><\/div><\/div><div class='content-column one_half last_column'><div style=\"padding-right:0px;padding-left:6px;\"><p>Im Zuge umfassender Kanalisierung im Stadtgebiet wurden auch arch\u00e4ologische Untersuchungen unternommen.<\/p><\/div><\/div><div class='clear_column'><\/div><\/p>\n<div id=\"attachment_63095\" style=\"width: 650px\" class=\"wp-caption aligncenter\"><img loading=\"lazy\" decoding=\"async\" aria-describedby=\"caption-attachment-63095\" class=\"size-full wp-image-63095\" src=\"https:\/\/www.topohvar.at\/wp-content\/uploads\/2023\/06\/sg-po-06-14.jpg\" alt=\"\" width=\"640\" height=\"933\" srcset=\"https:\/\/www.topohvar.at\/wp-content\/uploads\/2023\/06\/sg-po-06-14.jpg 640w, https:\/\/www.topohvar.at\/wp-content\/uploads\/2023\/06\/sg-po-06-14-206x300.jpg 206w\" sizes=\"auto, (max-width: 640px) 100vw, 640px\" \/><p id=\"caption-attachment-63095\" class=\"wp-caption-text\">Informativna plo\u010da na zidu ku\u0107e \/ Infotafel an der Hauswand<\/p><\/div>\n<p style=\"text-align: right;\"><a href=\"#seite_oben\">natrag na vrh \/ Seitenanfang<\/a><\/p>\n<hr \/>\n<p><strong>Linkovi \/ Links<\/strong><\/p>\n<p><span style=\"color: #3366ff;\"><a style=\"color: #3366ff;\" href=\"https:\/\/www.topohvar.at\/topo\/orte\/sg\/sg-ci-01-2\/\">\u017dupna crkva \u00bbSv. Stjepan I. papostola i mu\u010denik\u00ab \/ Pfarrkirche zum hl. Stefan<\/a><\/span><br \/>\n<span style=\"color: #3366ff;\"><a style=\"color: #3366ff;\" href=\"https:\/\/www.topohvar.at\/topo\/orte\/sg\/sg-ig-01-2\/\">Grb Petra Hektorovi\u0107a (1) na ku\u0107i br. 2\/ Wappen (1) der Hektorovi\u0107 am Haus Nr. 2<\/a>\u00a0<\/span><br \/>\n<span style=\"color: #3366ff;\"><a style=\"color: #3366ff;\" href=\"https:\/\/www.topohvar.at\/topo\/orte\/sg\/sg-ob-01-2\/\">Sun\u010dani sat\u00a0na ku\u0107i br. 2 \/ Sonnenuhr am Haus Nr. 2<\/a><br \/>\n<a style=\"color: #3366ff;\" href=\"https:\/\/www.topohvar.at\/topo\/orte\/sg\/sg-cz-06-2\/\">Mali kri\u017e kod zvonika \/ kleines Kreuz beim Glockenturm<\/a><br \/>\n<\/span><\/p>\n","protected":false},"excerpt":{"rendered":"<p>Ime \/ Name Objekt \u00bbTrg Sv. Stjepana\u00ab \/ Stefansplatz Code: SG-PU-04\u00a0 \u00a0 \u00a0 \u00a0 \u00a0 \u00a0 \u00a0 \u00a0 \u00a0 \u00a0 \u00a0 \u00a0 \u00a0 \u00a0 \u00a0 \u00a0 \u00a0 \u00a0\u00a0 \u00a0 Adresa \/ Adresse Stari Grad, Trg Sv. Stjepana Lokacija \/ Position &hellip; <a href=\"https:\/\/www.topohvar.at\/topo\/orte\/sg\/sg-pu-04-2\/\">Weiterlesen <span class=\"meta-nav\">&rarr;<\/span><\/a><\/p>\n","protected":false},"author":1,"featured_media":0,"parent":99,"menu_order":0,"comment_status":"closed","ping_status":"closed","template":"","meta":{"footnotes":""},"class_list":["post-3962","page","type-page","status-publish","hentry"],"_links":{"self":[{"href":"https:\/\/www.topohvar.at\/topo\/wp-json\/wp\/v2\/pages\/3962","targetHints":{"allow":["GET"]}}],"collection":[{"href":"https:\/\/www.topohvar.at\/topo\/wp-json\/wp\/v2\/pages"}],"about":[{"href":"https:\/\/www.topohvar.at\/topo\/wp-json\/wp\/v2\/types\/page"}],"author":[{"embeddable":true,"href":"https:\/\/www.topohvar.at\/topo\/wp-json\/wp\/v2\/users\/1"}],"replies":[{"embeddable":true,"href":"https:\/\/www.topohvar.at\/topo\/wp-json\/wp\/v2\/comments?post=3962"}],"version-history":[{"count":13,"href":"https:\/\/www.topohvar.at\/topo\/wp-json\/wp\/v2\/pages\/3962\/revisions"}],"predecessor-version":[{"id":63096,"href":"https:\/\/www.topohvar.at\/topo\/wp-json\/wp\/v2\/pages\/3962\/revisions\/63096"}],"up":[{"embeddable":true,"href":"https:\/\/www.topohvar.at\/topo\/wp-json\/wp\/v2\/pages\/99"}],"wp:attachment":[{"href":"https:\/\/www.topohvar.at\/topo\/wp-json\/wp\/v2\/media?parent=3962"}],"curies":[{"name":"wp","href":"https:\/\/api.w.org\/{rel}","templated":true}]}}