{"id":3964,"date":"2018-08-08T15:25:17","date_gmt":"2018-08-08T13:25:17","guid":{"rendered":"https:\/\/www.topohvar.at\/?page_id=3964"},"modified":"2021-04-19T11:22:06","modified_gmt":"2021-04-19T09:22:06","slug":"sg-pu-05-2","status":"publish","type":"page","link":"https:\/\/www.topohvar.at\/topo\/orte\/sg\/sg-pu-05-2\/","title":{"rendered":"STARI GRAD &#8211; Objekt \u00bbSrinjo kola\u00ab"},"content":{"rendered":"<p><a name=\"seite_oben\"><\/a><br \/>\n<img loading=\"lazy\" decoding=\"async\" class=\"alignnone wp-image-3949 size-large\" src=\"https:\/\/www.topohvar.at\/wp-content\/uploads\/2018\/08\/sg-pu-05-1-1024x503.jpg\" alt=\"\" width=\"640\" height=\"314\" srcset=\"https:\/\/www.topohvar.at\/wp-content\/uploads\/2018\/08\/sg-pu-05-1-1024x503.jpg 1024w, https:\/\/www.topohvar.at\/wp-content\/uploads\/2018\/08\/sg-pu-05-1-300x147.jpg 300w, https:\/\/www.topohvar.at\/wp-content\/uploads\/2018\/08\/sg-pu-05-1-768x377.jpg 768w\" sizes=\"auto, (max-width: 640px) 100vw, 640px\" \/><\/p>\n<p><strong>Ime \/ Name<br \/>\n<\/strong>Objekt \u00bbSrinjo kola\u00ab<\/p>\n<p><strong>Code: <\/strong>SG-PU-05\u00a0 \u00a0 \u00a0 \u00a0 \u00a0 \u00a0 \u00a0 \u00a0 \u00a0 \u00a0 \u00a0 \u00a0 \u00a0 \u00a0 \u00a0 \u00a0 \u00a0 \u00a0<a href=\"https:\/\/www.topohvar.at\/orte\/sg\/sg-os-01-2\/\"><img loading=\"lazy\" decoding=\"async\" class=\"alignnone wp-image-12300 size-full\" src=\"https:\/\/www.topohvar.at\/wp-content\/uploads\/2018\/09\/push-vor-30.jpg\" alt=\"\" width=\"61\" height=\"30\" \/><\/a>\u00a0<strong><a href=\"https:\/\/www.topohvar.at\/orte\/sg\/sg-pu-04-2\/\"><img loading=\"lazy\" decoding=\"async\" class=\"alignnone wp-image-533 size-full\" src=\"https:\/\/www.topohvar.at\/wp-content\/uploads\/2018\/07\/push-l-30.jpg\" alt=\"\" width=\"61\" height=\"30\" \/><\/a> <a href=\"https:\/\/www.topohvar.at\/orte\/sg\/\"><img loading=\"lazy\" decoding=\"async\" class=\"alignnone wp-image-535 size-full\" src=\"https:\/\/www.topohvar.at\/wp-content\/uploads\/2018\/07\/push-o-30.jpg\" alt=\"\" width=\"61\" height=\"30\" \/><\/a> <a href=\"https:\/\/www.topohvar.at\/orte\/sg\/sg-pu-06-2\/\"><img loading=\"lazy\" decoding=\"async\" class=\"alignnone wp-image-536 size-full\" src=\"https:\/\/www.topohvar.at\/wp-content\/uploads\/2018\/07\/push-r-30.jpg\" alt=\"\" width=\"61\" height=\"30\" \/><\/a>\u00a0<a href=\"https:\/\/www.topohvar.at\/orte\/sg\/sg-pk-06-2\/\"><img loading=\"lazy\" decoding=\"async\" class=\"alignnone wp-image-12299 size-full\" src=\"https:\/\/www.topohvar.at\/wp-content\/uploads\/2018\/09\/push-next-30.jpg\" alt=\"\" width=\"61\" height=\"30\" \/><\/a><\/strong><\/p>\n<hr \/>\n<p><strong>Adresa \/ Adresse<br \/>\n<\/strong>Stari Grad, Srinjo kola<\/p>\n<p><strong>Lokacija \/ Position<a href=\"https:\/\/goo.gl\/maps\/eXmXuNb6Kg8BVgm38\"><img loading=\"lazy\" decoding=\"async\" class=\"alignright wp-image-3982\" src=\"https:\/\/www.topohvar.at\/wp-content\/uploads\/2018\/08\/0622.jpg\" alt=\"\" width=\"134\" height=\"100\" \/><\/a><br \/>\n<\/strong><span style=\"color: #3366ff;\"><a style=\"color: #3366ff;\" href=\"https:\/\/goo.gl\/maps\/eXmXuNb6Kg8BVgm38\">Latitude: N 43,18360\u00b0\u00a0 \u00a0Longitude: E 16,59800\u00b0<\/a> <\/span><strong><br \/>\n<\/strong>Visina \/ H\u00f6he: 3 m<\/p>\n<p><strong>Katastarska \u010destica \/ Grundst\u00fccke<br \/>\n<\/strong>10583<div class='content-column one_half'><div style=\"padding-right:6px;\"><p><strong>Datum snimanja \/ Erfassungsdatum<br \/>\n<\/strong>16.05.2014 11:13:43<\/p>\n<hr \/>\n<p><strong>Informacije<\/strong><\/p>\n<p>Srinjo kola na oto\u010dkom dijalektu zna\u010di Srednja ulica. Nekada\u0161nja glavna ulica bila je trgova\u010dko sredi\u0161te Staroga Grada. Najstarija ku\u0107a je ranogoti\u010dka, iz XIV\/XV. st. Nalazi se nasuprot. Galerije Ljubi\u0107. Kuca ljekarnika Gariboldija iz Milana (XVI. st.) je na sredini ulice (Srnjo kola 18), a prepoznajemo je grbu s \u010detiri zvijezde iznad utvrde.<\/p><\/div><\/div><div class='content-column one_half last_column'><div style=\"padding-right:0px;padding-left:6px;\"><p><strong>Stupanj za\u0161tite \/ Schutzstellung<br \/>\n<\/strong>&#8211;<\/p>\n<hr \/>\n<p><strong>Info<\/strong><\/p>\n<p>\u201eSrinjo kola\u201c bedeutet im Dialekt der Insel \u201eMittlere Stra\u00dfe\u201c. Die ehemalige Hauptstra\u00dfe war das kommerzielle Zentrum von Stari Grad. Das \u00e4lteste Haus ist fr\u00fchgotisch, aus dem 14.\/15. Jh. Es liegt gegen\u00fcber der Galerie Ljubi\u0107. In der Mitte der Stra\u00dfe (Srnjo kola Nr. 18) liegt sich das Haus des Apothekers Gariboldi aus Mailand (16. Jh.) auf dem sich sein Wappen mit den vier Sternen befindet.<\/p><\/div><\/div><div class='clear_column'><\/div><div class='content-column one_half'><div style=\"padding-right:6px;\"><p>Pod dijelom Srednje ulice nalaze se podni mozaici rimske urbane vile iz II. stolje\u0107a koji se mogu vidjeti u Galeriji Moria.<\/p><\/div><\/div><div class='content-column one_half last_column'><div style=\"padding-right:0px;padding-left:6px;\"><p>Unter dem Stra\u00dfenbelag im Mittelteil der Srinjo kola fanden sich Bodenmosaiken einer r\u00f6mischen Stadtvilla aus der zweiten Jahrhunderts, die in der Galerie Moria zu sehen sind.<\/p><\/div><\/div><div class='clear_column'><\/div><\/p>\n<p style=\"text-align: right;\"><a href=\"#seite_oben\">natrag na vrh \/ Seitenanfang<\/a><\/p>\n<hr \/>\n<p><strong>Linkovi \/ Links<\/strong><\/p>\n<p><span style=\"color: #0000ff;\"><a style=\"color: #0000ff;\" href=\"https:\/\/www.topohvar.at\/topo\/orte\/sg\/sg-is-04-2\/\">Srinjo Kola 3 &#8211; Spomen plo\u010da \u00bbRodna ku\u0107a Don \u0160ime Ljubi\u0107\u00ab \/ Gedenktafel am Geburtshaus des Don \u0160ime Ljubi\u0107<\/a><br \/>\n<a style=\"color: #0000ff;\" href=\"https:\/\/www.topohvar.at\/topo\/orte\/sg\/sg-tg-18-1\/\">Srinjo Kola 3 &#8211; Rodna ku\u0107a Don \u0160ime Ljubi\u0107a \/ Geburtshaus des Don \u0160ime Ljubi\u0107<\/a><\/span><br \/>\n<span style=\"color: #3366ff;\"><a style=\"color: #3366ff;\" href=\"https:\/\/www.topohvar.at\/topo\/orte\/sg\/sg-is-39-2\/\">Srinjo Kola 4 &#8211; Spomen plo\u010da \u00bbJurju Biankiniju\u00ab \/ Gedenktafel an Georg Biankini<\/a><\/span><br \/>\n<span style=\"color: #3366ff;\"><a style=\"color: #3366ff;\" href=\"https:\/\/www.topohvar.at\/topo\/orte\/sg\/sg-po-11-2\/\">Srinjo Kola 8 &#8211; Ojekt\u00a0\u00bbRimski mozaik (1)\u00ab \/ R\u00f6misches Fu\u00dfbodenmosaik (1)<\/a><\/span><br \/>\n<span style=\"color: #3366ff;\"><a style=\"color: #3366ff;\" href=\"https:\/\/www.topohvar.at\/topo\/orte\/sg\/sg-po-12-2\/\">Srinjo Kola Galerija Moria &#8211; Objekt \u00bbRimski mozaik (2)\u00ab\/ R\u00f6misches Fu\u00dfbodenmosaik (2)<\/a><\/span><br \/>\n<span style=\"color: #3366ff;\"><a style=\"color: #3366ff;\" href=\"https:\/\/www.topohvar.at\/topo\/orte\/sg\/sg-ig-14-2\/\">Srinjo Kola 16 &#8211; Grb \u00bbu ku\u0107i Srinjo Kola 16\u00ab \/ Wappen am Haus Srinjo Kola 16<\/a><\/span><br \/>\n<span style=\"color: #3366ff;\"><a style=\"color: #3366ff;\" href=\"https:\/\/www.topohvar.at\/topo\/orte\/sg\/sg-tg-15-1\/\">Srinjo Kola 18 &#8211; Ljetnikovac Gariboldi \/ Sommerhaus Gariboldi<\/a><\/span><br \/>\n<span style=\"color: #3366ff;\"><a style=\"color: #3366ff;\" href=\"https:\/\/www.topohvar.at\/topo\/orte\/sg\/sg-is-02-2\/\">Srinjo Kola 27 &#8211; Spomen plo\u010da \u00bbNikola Dominik Budrovi\u0107\u00ab\/ Gedenktafel an\u00a0Nikolaus Dominik Budrovi\u0107<\/a><\/span><br \/>\n<span style=\"color: #3366ff;\"><a style=\"color: #3366ff;\" href=\"https:\/\/www.topohvar.at\/topo\/orte\/sg\/sg-tg-25-1\/\">Srinjo Kola 33 &#8211; Name Ku\u0107a \u00bbRanogoti\u010dka ku\u0107a\u00ab \/ fr\u00fchgotisches Haus<\/a><\/span><\/p>\n","protected":false},"excerpt":{"rendered":"<p>Ime \/ Name Objekt \u00bbSrinjo kola\u00ab Code: SG-PU-05\u00a0 \u00a0 \u00a0 \u00a0 \u00a0 \u00a0 \u00a0 \u00a0 \u00a0 \u00a0 \u00a0 \u00a0 \u00a0 \u00a0 \u00a0 \u00a0 \u00a0 \u00a0\u00a0 \u00a0 Adresa \/ Adresse Stari Grad, Srinjo kola Lokacija \/ Position Latitude: N 43,18360\u00b0\u00a0 \u00a0Longitude: &hellip; <a href=\"https:\/\/www.topohvar.at\/topo\/orte\/sg\/sg-pu-05-2\/\">Weiterlesen <span class=\"meta-nav\">&rarr;<\/span><\/a><\/p>\n","protected":false},"author":1,"featured_media":0,"parent":99,"menu_order":0,"comment_status":"closed","ping_status":"closed","template":"","meta":{"footnotes":""},"class_list":["post-3964","page","type-page","status-publish","hentry"],"_links":{"self":[{"href":"https:\/\/www.topohvar.at\/topo\/wp-json\/wp\/v2\/pages\/3964","targetHints":{"allow":["GET"]}}],"collection":[{"href":"https:\/\/www.topohvar.at\/topo\/wp-json\/wp\/v2\/pages"}],"about":[{"href":"https:\/\/www.topohvar.at\/topo\/wp-json\/wp\/v2\/types\/page"}],"author":[{"embeddable":true,"href":"https:\/\/www.topohvar.at\/topo\/wp-json\/wp\/v2\/users\/1"}],"replies":[{"embeddable":true,"href":"https:\/\/www.topohvar.at\/topo\/wp-json\/wp\/v2\/comments?post=3964"}],"version-history":[{"count":16,"href":"https:\/\/www.topohvar.at\/topo\/wp-json\/wp\/v2\/pages\/3964\/revisions"}],"predecessor-version":[{"id":48208,"href":"https:\/\/www.topohvar.at\/topo\/wp-json\/wp\/v2\/pages\/3964\/revisions\/48208"}],"up":[{"embeddable":true,"href":"https:\/\/www.topohvar.at\/topo\/wp-json\/wp\/v2\/pages\/99"}],"wp:attachment":[{"href":"https:\/\/www.topohvar.at\/topo\/wp-json\/wp\/v2\/media?parent=3964"}],"curies":[{"name":"wp","href":"https:\/\/api.w.org\/{rel}","templated":true}]}}