{"id":39644,"date":"2020-08-03T09:00:09","date_gmt":"2020-08-03T07:00:09","guid":{"rendered":"https:\/\/www.topohvar.at\/topo\/?page_id=39644"},"modified":"2021-12-05T18:17:51","modified_gmt":"2021-12-05T17:17:51","slug":"za-tr-28-1","status":"publish","type":"page","link":"https:\/\/www.topohvar.at\/topo\/orte\/za\/za-tr-28-1\/","title":{"rendered":"ZASTRA\u017dI\u0160\u0106E \u2013 Trim \u00bbZA-TR-28\u00ab"},"content":{"rendered":"<p><a name=\"seite_oben\"><\/a><br \/>\n<strong><img loading=\"lazy\" decoding=\"async\" class=\"alignnone wp-image-39646 size-full\" src=\"https:\/\/www.topohvar.at\/wp-content\/uploads\/2020\/08\/za-tr-28-0.jpg\" alt=\"\" width=\"1080\" height=\"530\" srcset=\"https:\/\/www.topohvar.at\/wp-content\/uploads\/2020\/08\/za-tr-28-0.jpg 1080w, https:\/\/www.topohvar.at\/wp-content\/uploads\/2020\/08\/za-tr-28-0-300x147.jpg 300w, https:\/\/www.topohvar.at\/wp-content\/uploads\/2020\/08\/za-tr-28-0-1024x503.jpg 1024w, https:\/\/www.topohvar.at\/wp-content\/uploads\/2020\/08\/za-tr-28-0-768x377.jpg 768w\" sizes=\"auto, (max-width: 1080px) 100vw, 1080px\" \/><\/strong><\/p>\n<p><strong>Ime \/ Name<br \/>\n<\/strong>Trim \u00bbZA-TR-28\u00ab<\/p>\n<p><strong>Code: <\/strong>ZA-TR-28\u00a0 \u00a0 \u00a0 \u00a0 \u00a0 \u00a0 \u00a0 \u00a0 \u00a0 \u00a0 \u00a0 \u00a0 \u00a0 \u00a0 \u00a0 \u00a0 \u00a0 \u00a0 \u00a0 \u00a0 <strong><a href=\"https:\/\/www.topohvar.at\/orte\/za\/za-tr-00-00\/\"><img loading=\"lazy\" decoding=\"async\" class=\"alignnone wp-image-12300 size-full\" src=\"https:\/\/www.topohvar.at\/wp-content\/uploads\/2018\/09\/push-vor-30.jpg\" alt=\"\" width=\"61\" height=\"30\" \/><\/a> <a href=\"https:\/\/www.topohvar.at\/orte\/za\/za-tr-29-1\/\"><img loading=\"lazy\" decoding=\"async\" class=\"alignnone wp-image-533 size-full\" src=\"https:\/\/www.topohvar.at\/wp-content\/uploads\/2018\/07\/push-l-30.jpg\" alt=\"\" width=\"61\" height=\"30\" \/><\/a> <a href=\"https:\/\/www.topohvar.at\/orte\/za\/\"><img loading=\"lazy\" decoding=\"async\" class=\"alignnone wp-image-535 size-full\" src=\"https:\/\/www.topohvar.at\/wp-content\/uploads\/2018\/07\/push-o-30.jpg\" alt=\"\" width=\"61\" height=\"30\" \/><\/a> <a href=\"https:\/\/www.topohvar.at\/orte\/za\/za-tr-48-1\/\"><img loading=\"lazy\" decoding=\"async\" class=\"alignnone wp-image-536 size-full\" src=\"https:\/\/www.topohvar.at\/wp-content\/uploads\/2018\/07\/push-r-30.jpg\" alt=\"\" width=\"61\" height=\"30\" \/><\/a><\/strong><\/p>\n<hr \/>\n<p><strong>Adresa \/ Adresse<br \/>\n<\/strong>Zastra\u017ei\u0161\u0107e, na putu do uvale Kru\u0161eva<\/p>\n<p><strong>Lokacija \/ Position<a href=\"https:\/\/goo.gl\/maps\/qYN3SoQmMgQxrrPY8\"><img loading=\"lazy\" decoding=\"async\" class=\"alignright wp-image-39651\" src=\"https:\/\/www.topohvar.at\/wp-content\/uploads\/2020\/08\/2707-1.jpg\" alt=\"\" width=\"133\" height=\"100\" \/><\/a><br \/>\n<\/strong><span style=\"color: #3366ff;\"><a style=\"color: #3366ff;\" href=\"https:\/\/goo.gl\/maps\/qYN3SoQmMgQxrrPY8\">Latitude: N 43,15121\u00b0\u00a0 \u00a0Longitude: E 16,86805\u00b0 <\/a><\/span><strong><br \/>\n<\/strong>Visina \/ H\u00f6he: 98 m<\/p>\n<p><strong>Katastarska \u010destica \/ Grundst\u00fccke<br \/>\n<\/strong>2588\/2 <div class='content-column one_half'><div style=\"padding-right:6px;\"><p><strong>Datum snimanja \/ Erfassungsdatum<br \/>\n<\/strong>24.07.2020 12:23:36<\/p>\n<hr \/>\n<p><strong>Informacije<\/strong><\/p>\n<p>Trim je smje\u0161ten u grmu sjeverno od Zastra\u017ei\u0161\u0107e, na stazi koja ide oko brda Vela Glava. Trim s jednim stepenica je dobro o\u010duvan. Ispred ulaza nalaze se ostaci kamenih zidova koji su neko\u0107 ograni\u010davali malo dvori\u0161te. Veliki kameni blokovi tvore ulaz koji vodi u kru\u017enu unutra\u0161njost. Trim se vi\u0161e ne koristi.<\/p><\/div><\/div><div class='content-column one_half last_column'><div style=\"padding-right:0px;padding-left:6px;\"><p><strong>Stupanj za\u0161tite \/ Schutzstellung<br \/>\n<\/strong>&#8211;<\/p>\n<hr \/>\n<p><strong>Info<\/strong><\/p>\n<p>Der Trim befindet sich im Buschwerk n\u00f6rdlich von Zastra\u017ei\u0161\u0107e,\u00a0 am Weg der um den H\u00fcgel Vela Glava herumf\u00fchrt. Der einstufige Trim ist gut erhalten. Vor dem Eingang finden sich noch Reste von Steinmauern die einst einen kleinen Hof begrenzten. Gro\u00dfe Steinbl\u00f6cke bilden den Eingang, der in das kreisrunde Innere f\u00fchrt. Der Trim wird nicht mehr genutzt.<\/p><\/div><\/div><div class='clear_column'><\/div><div class='content-column one_half'><div style=\"padding-right:6px;\"><div id=\"attachment_39647\" style=\"width: 310px\" class=\"wp-caption aligncenter\"><img loading=\"lazy\" decoding=\"async\" aria-describedby=\"caption-attachment-39647\" class=\"wp-image-39647 size-medium\" src=\"https:\/\/www.topohvar.at\/wp-content\/uploads\/2020\/08\/za-tr-28-11-300x300.jpg\" alt=\"\" width=\"300\" height=\"300\" srcset=\"https:\/\/www.topohvar.at\/wp-content\/uploads\/2020\/08\/za-tr-28-11-300x300.jpg 300w, https:\/\/www.topohvar.at\/wp-content\/uploads\/2020\/08\/za-tr-28-11-150x150.jpg 150w, https:\/\/www.topohvar.at\/wp-content\/uploads\/2020\/08\/za-tr-28-11.jpg 450w\" sizes=\"auto, (max-width: 300px) 100vw, 300px\" \/><p id=\"caption-attachment-39647\" class=\"wp-caption-text\">Ulaz \/ Eingang<\/p><\/div><\/div><\/div><div class='content-column one_half last_column'><div style=\"padding-right:0px;padding-left:6px;\"><div id=\"attachment_39648\" style=\"width: 310px\" class=\"wp-caption aligncenter\"><img loading=\"lazy\" decoding=\"async\" aria-describedby=\"caption-attachment-39648\" class=\"wp-image-39648 size-medium\" src=\"https:\/\/www.topohvar.at\/wp-content\/uploads\/2020\/08\/za-tr-28-12-300x300.jpg\" alt=\"\" width=\"300\" height=\"300\" srcset=\"https:\/\/www.topohvar.at\/wp-content\/uploads\/2020\/08\/za-tr-28-12-300x300.jpg 300w, https:\/\/www.topohvar.at\/wp-content\/uploads\/2020\/08\/za-tr-28-12-150x150.jpg 150w, https:\/\/www.topohvar.at\/wp-content\/uploads\/2020\/08\/za-tr-28-12.jpg 450w\" sizes=\"auto, (max-width: 300px) 100vw, 300px\" \/><p id=\"caption-attachment-39648\" class=\"wp-caption-text\">Sjeverna strana trima \/ Trimnordseite<\/p><\/div><\/div><\/div><div class='clear_column'><\/div><div class='content-column one_half'><div style=\"padding-right:6px;\"><p>Dana 24.07.2020. trim je posje\u0107en i ustanovljeno je sljede\u0107e:<\/p>\n<p>Lokacija: grmlje<br \/>\nPodloga: nako\u0161ena<br \/>\nPovezan s: nije povezan, samostoje\u0107i, izoliran<br \/>\nUpotreba: ne koristi se<br \/>\nStanje: dobro sa\u010duvan<br \/>\nBroj stepenice trima: 1<br \/>\nDodatni kameni prsten: nema kamenog prstena<br \/>\nStepeni\u0161te: nema<br \/>\nOblik kamena: uglast<br \/>\nPodru\u010dje ispred ulaza: lako dostupno<br \/>\nOrijentacija ulaza: Z (270\u00b0)<br \/>\nPromjer trima (cm): 310<br \/>\nVisina trima (cm): 230<br \/>\nVisina stepenice (cm): 160<br \/>\nDebljina zida (cm): 60<br \/>\n\u0160irina vrata (cm): 50<br \/>\nVisina vrata (cm): 85<br \/>\n\u0160irina unutra (cm): 190<br \/>\nVisina unutra (cm): 210<br \/>\nVolumen iznutra (m3): 3,6<br \/>\nNema ni\u0161e<\/p><\/div><\/div><div class='content-column one_half last_column'><div style=\"padding-right:0px;padding-left:6px;\"><p>Am 24.07.2020 wurde der Trim besucht und n\u00e4her untersucht:<\/p>\n<p>Standort: Buschwerk<br \/>\nUntergrund: geneigt<br \/>\nVerbunden mit: freistehend<br \/>\nNutzung: ungenutzt<br \/>\nZustand: gut erhalten<br \/>\nAnzahl der Stufen des Trims: 1<br \/>\nZus\u00e4tzlicher Steinring: kein Steinring<br \/>\nStiege: keine<br \/>\nSteinform: kantig<br \/>\nEingangsbereich: frei<br \/>\nEingangsseite: W (270\u00b0)<br \/>\nTrimdurchmesser (cm): 310<br \/>\nTrimh\u00f6he (cm): 230<br \/>\nStufenh\u00f6he (cm): 160<br \/>\nWandst\u00e4rke (cm): 60<br \/>\nT\u00fcrbreite (cm): 50<br \/>\nT\u00fcrh\u00f6he (cm): 85<br \/>\nInnenraumbreite (cm): 190<br \/>\nInnenraumh\u00f6he (cm): 210<br \/>\nRaumvolumen (m3): 3,6<br \/>\nKeine Nische<\/p><\/div><\/div><div class='clear_column'><\/div><\/p>\n<p><img loading=\"lazy\" decoding=\"async\" class=\"alignleft size-full wp-image-40105\" src=\"https:\/\/www.topohvar.at\/wp-content\/uploads\/2020\/08\/za-tr-28-sca.jpg\" alt=\"\" width=\"640\" height=\"971\" srcset=\"https:\/\/www.topohvar.at\/wp-content\/uploads\/2020\/08\/za-tr-28-sca.jpg 640w, https:\/\/www.topohvar.at\/wp-content\/uploads\/2020\/08\/za-tr-28-sca-198x300.jpg 198w\" sizes=\"auto, (max-width: 640px) 100vw, 640px\" \/><\/p>\n<p style=\"text-align: right;\"><a href=\"#seite_oben\">natrag na vrh \/ Seitenanfang<\/a><\/p>\n<hr \/>\n<p><strong>Linkovi \/ Links<\/strong><\/p>\n<p>&#8211;<\/p>\n","protected":false},"excerpt":{"rendered":"<p>Ime \/ Name Trim \u00bbZA-TR-28\u00ab Code: ZA-TR-28\u00a0 \u00a0 \u00a0 \u00a0 \u00a0 \u00a0 \u00a0 \u00a0 \u00a0 \u00a0 \u00a0 \u00a0 \u00a0 \u00a0 \u00a0 \u00a0 \u00a0 \u00a0 \u00a0 \u00a0 Adresa \/ Adresse Zastra\u017ei\u0161\u0107e, na putu do uvale Kru\u0161eva Lokacija \/ Position Latitude: N &hellip; <a href=\"https:\/\/www.topohvar.at\/topo\/orte\/za\/za-tr-28-1\/\">Weiterlesen <span class=\"meta-nav\">&rarr;<\/span><\/a><\/p>\n","protected":false},"author":1,"featured_media":0,"parent":115,"menu_order":0,"comment_status":"closed","ping_status":"closed","template":"","meta":{"footnotes":""},"class_list":["post-39644","page","type-page","status-publish","hentry"],"_links":{"self":[{"href":"https:\/\/www.topohvar.at\/topo\/wp-json\/wp\/v2\/pages\/39644","targetHints":{"allow":["GET"]}}],"collection":[{"href":"https:\/\/www.topohvar.at\/topo\/wp-json\/wp\/v2\/pages"}],"about":[{"href":"https:\/\/www.topohvar.at\/topo\/wp-json\/wp\/v2\/types\/page"}],"author":[{"embeddable":true,"href":"https:\/\/www.topohvar.at\/topo\/wp-json\/wp\/v2\/users\/1"}],"replies":[{"embeddable":true,"href":"https:\/\/www.topohvar.at\/topo\/wp-json\/wp\/v2\/comments?post=39644"}],"version-history":[{"count":11,"href":"https:\/\/www.topohvar.at\/topo\/wp-json\/wp\/v2\/pages\/39644\/revisions"}],"predecessor-version":[{"id":54777,"href":"https:\/\/www.topohvar.at\/topo\/wp-json\/wp\/v2\/pages\/39644\/revisions\/54777"}],"up":[{"embeddable":true,"href":"https:\/\/www.topohvar.at\/topo\/wp-json\/wp\/v2\/pages\/115"}],"wp:attachment":[{"href":"https:\/\/www.topohvar.at\/topo\/wp-json\/wp\/v2\/media?parent=39644"}],"curies":[{"name":"wp","href":"https:\/\/api.w.org\/{rel}","templated":true}]}}

ZASTRAŽIŠĆE – Trim »ZA-TR-28«

<p><a name="seite_oben"></a><br />
<strong><img loading="lazy" decoding="async" class="alignnone wp-image-39646 size-full" src="https://www.topohvar.at/wp-content/uploads/2020/08/za-tr-28-0.jpg" alt="" width="1080" height="530" srcset="https://www.topohvar.at/wp-content/uploads/2020/08/za-tr-28-0.jpg 1080w, https://www.topohvar.at/wp-content/uploads/2020/08/za-tr-28-0-300x147.jpg 300w, https://www.topohvar.at/wp-content/uploads/2020/08/za-tr-28-0-1024x503.jpg 1024w, https://www.topohvar.at/wp-content/uploads/2020/08/za-tr-28-0-768x377.jpg 768w" sizes="auto, (max-width: 1080px) 100vw, 1080px" /></strong></p>
<p><strong>Ime / Name<br />
</strong>Trim »ZA-TR-28«</p>
<p><strong>Code: </strong>ZA-TR-28                                        <strong><a href="https://www.topohvar.at/orte/za/za-tr-00-00/"><img loading="lazy" decoding="async" class="alignnone wp-image-12300 size-full" src="https://www.topohvar.at/wp-content/uploads/2018/09/push-vor-30.jpg" alt="" width="61" height="30" /></a> <a href="https://www.topohvar.at/orte/za/za-tr-29-1/"><img loading="lazy" decoding="async" class="alignnone wp-image-533 size-full" src="https://www.topohvar.at/wp-content/uploads/2018/07/push-l-30.jpg" alt="" width="61" height="30" /></a> <a href="https://www.topohvar.at/orte/za/"><img loading="lazy" decoding="async" class="alignnone wp-image-535 size-full" src="https://www.topohvar.at/wp-content/uploads/2018/07/push-o-30.jpg" alt="" width="61" height="30" /></a> <a href="https://www.topohvar.at/orte/za/za-tr-48-1/"><img loading="lazy" decoding="async" class="alignnone wp-image-536 size-full" src="https://www.topohvar.at/wp-content/uploads/2018/07/push-r-30.jpg" alt="" width="61" height="30" /></a></strong></p>
<hr />
<p><strong>Adresa / Adresse<br />
</strong>Zastražišće, na putu do uvale Kruševa</p>
<p><strong>Lokacija / Position<a href="https://goo.gl/maps/qYN3SoQmMgQxrrPY8"><img loading="lazy" decoding="async" class="alignright wp-image-39651" src="https://www.topohvar.at/wp-content/uploads/2020/08/2707-1.jpg" alt="" width="133" height="100" /></a><br />
</strong><span style="color: #3366ff;"><a style="color: #3366ff;" href="https://goo.gl/maps/qYN3SoQmMgQxrrPY8">Latitude: N 43,15121°   Longitude: E 16,86805° </a></span><strong><br />
</strong>Visina / Höhe: 98 m</p>
<p><strong>Katastarska čestica / Grundstücke<br />
</strong>2588/2 <div class='content-column one_half'><div style="padding-right:6px;"><p><strong>Datum snimanja / Erfassungsdatum<br />
</strong>24.07.2020 12:23:36</p>
<hr />
<p><strong>Informacije</strong></p>
<p>Trim je smješten u grmu sjeverno od Zastražišće, na stazi koja ide oko brda Vela Glava. Trim s jednim stepenica je dobro očuvan. Ispred ulaza nalaze se ostaci kamenih zidova koji su nekoć ograničavali malo dvorište. Veliki kameni blokovi tvore ulaz koji vodi u kružnu unutrašnjost. Trim se više ne koristi.</p></div></div><div class='content-column one_half last_column'><div style="padding-right:0px;padding-left:6px;"><p><strong>Stupanj zaštite / Schutzstellung<br />
</strong>&#8211;</p>
<hr />
<p><strong>Info</strong></p>
<p>Der Trim befindet sich im Buschwerk nördlich von Zastražišće,  am Weg der um den Hügel Vela Glava herumführt. Der einstufige Trim ist gut erhalten. Vor dem Eingang finden sich noch Reste von Steinmauern die einst einen kleinen Hof begrenzten. Große Steinblöcke bilden den Eingang, der in das kreisrunde Innere führt. Der Trim wird nicht mehr genutzt.</p></div></div><div class='clear_column'></div><div class='content-column one_half'><div style="padding-right:6px;"><div id="attachment_39647" style="width: 310px" class="wp-caption aligncenter"><img loading="lazy" decoding="async" aria-describedby="caption-attachment-39647" class="wp-image-39647 size-medium" src="https://www.topohvar.at/wp-content/uploads/2020/08/za-tr-28-11-300x300.jpg" alt="" width="300" height="300" srcset="https://www.topohvar.at/wp-content/uploads/2020/08/za-tr-28-11-300x300.jpg 300w, https://www.topohvar.at/wp-content/uploads/2020/08/za-tr-28-11-150x150.jpg 150w, https://www.topohvar.at/wp-content/uploads/2020/08/za-tr-28-11.jpg 450w" sizes="auto, (max-width: 300px) 100vw, 300px" /><p id="caption-attachment-39647" class="wp-caption-text">Ulaz / Eingang</p></div></div></div><div class='content-column one_half last_column'><div style="padding-right:0px;padding-left:6px;"><div id="attachment_39648" style="width: 310px" class="wp-caption aligncenter"><img loading="lazy" decoding="async" aria-describedby="caption-attachment-39648" class="wp-image-39648 size-medium" src="https://www.topohvar.at/wp-content/uploads/2020/08/za-tr-28-12-300x300.jpg" alt="" width="300" height="300" srcset="https://www.topohvar.at/wp-content/uploads/2020/08/za-tr-28-12-300x300.jpg 300w, https://www.topohvar.at/wp-content/uploads/2020/08/za-tr-28-12-150x150.jpg 150w, https://www.topohvar.at/wp-content/uploads/2020/08/za-tr-28-12.jpg 450w" sizes="auto, (max-width: 300px) 100vw, 300px" /><p id="caption-attachment-39648" class="wp-caption-text">Sjeverna strana trima / Trimnordseite</p></div></div></div><div class='clear_column'></div><div class='content-column one_half'><div style="padding-right:6px;"><p>Dana 24.07.2020. trim je posjećen i ustanovljeno je sljedeće:</p>
<p>Lokacija: grmlje<br />
Podloga: nakošena<br />
Povezan s: nije povezan, samostojeći, izoliran<br />
Upotreba: ne koristi se<br />
Stanje: dobro sačuvan<br />
Broj stepenice trima: 1<br />
Dodatni kameni prsten: nema kamenog prstena<br />
Stepenište: nema<br />
Oblik kamena: uglast<br />
Područje ispred ulaza: lako dostupno<br />
Orijentacija ulaza: Z (270°)<br />
Promjer trima (cm): 310<br />
Visina trima (cm): 230<br />
Visina stepenice (cm): 160<br />
Debljina zida (cm): 60<br />
Širina vrata (cm): 50<br />
Visina vrata (cm): 85<br />
Širina unutra (cm): 190<br />
Visina unutra (cm): 210<br />
Volumen iznutra (m3): 3,6<br />
Nema niše</p></div></div><div class='content-column one_half last_column'><div style="padding-right:0px;padding-left:6px;"><p>Am 24.07.2020 wurde der Trim besucht und näher untersucht:</p>
<p>Standort: Buschwerk<br />
Untergrund: geneigt<br />
Verbunden mit: freistehend<br />
Nutzung: ungenutzt<br />
Zustand: gut erhalten<br />
Anzahl der Stufen des Trims: 1<br />
Zusätzlicher Steinring: kein Steinring<br />
Stiege: keine<br />
Steinform: kantig<br />
Eingangsbereich: frei<br />
Eingangsseite: W (270°)<br />
Trimdurchmesser (cm): 310<br />
Trimhöhe (cm): 230<br />
Stufenhöhe (cm): 160<br />
Wandstärke (cm): 60<br />
Türbreite (cm): 50<br />
Türhöhe (cm): 85<br />
Innenraumbreite (cm): 190<br />
Innenraumhöhe (cm): 210<br />
Raumvolumen (m3): 3,6<br />
Keine Nische</p></div></div><div class='clear_column'></div></p>
<p><img loading="lazy" decoding="async" class="alignleft size-full wp-image-40105" src="https://www.topohvar.at/wp-content/uploads/2020/08/za-tr-28-sca.jpg" alt="" width="640" height="971" srcset="https://www.topohvar.at/wp-content/uploads/2020/08/za-tr-28-sca.jpg 640w, https://www.topohvar.at/wp-content/uploads/2020/08/za-tr-28-sca-198x300.jpg 198w" sizes="auto, (max-width: 640px) 100vw, 640px" /></p>
<p style="text-align: right;"><a href="#seite_oben">natrag na vrh / Seitenanfang</a></p>
<hr />
<p><strong>Linkovi / Links</strong></p>
<p>&#8211;</p>

<p>Ime / Name Trim »ZA-TR-28« Code: ZA-TR-28                                        Adresa / Adresse Zastražišće, na putu do uvale Kruševa Lokacija / Position Latitude: N &hellip; <a href="https://www.topohvar.at/topo/orte/za/za-tr-28-1/">Weiterlesen <span class="meta-nav">&rarr;</span></a></p>
