{"id":40542,"date":"2020-08-26T06:31:47","date_gmt":"2020-08-26T04:31:47","guid":{"rendered":"https:\/\/www.topohvar.at\/topo\/?page_id=40542"},"modified":"2024-12-15T15:40:32","modified_gmt":"2024-12-15T14:40:32","slug":"op-po-02-1","status":"publish","type":"page","link":"https:\/\/www.topohvar.at\/topo\/orte\/op\/op-po-02-1\/","title":{"rendered":"PAKLENI OTOCI &#8211; Arheolo\u0161ko nalazi\u0161te \u00bbJama na Vodenom ratu\u00ab"},"content":{"rendered":"<p><strong><img loading=\"lazy\" decoding=\"async\" class=\"alignnone wp-image-387 size-full\" src=\"https:\/\/www.topohvar.at\/wp-content\/uploads\/2018\/07\/00-00-00-1.jpg\" alt=\"\" width=\"114\" height=\"56\" \/><\/strong><\/p>\n<p><strong>Ime \/ Name<br \/>\n<\/strong>Arheolo\u0161ko nalazi\u0161te \u00bbJama na Vodenom ratu\u00ab<\/p>\n<p><strong>Code: <\/strong>OP-PO-02\u00a0 \u00a0 \u00a0 \u00a0 \u00a0 \u00a0 \u00a0 \u00a0 \u00a0 \u00a0 \u00a0 \u00a0 \u00a0 \u00a0 \u00a0 <strong> <a href=\"https:\/\/www.topohvar.at\/orte\/op\/op-po-03-1\/\"><img loading=\"lazy\" decoding=\"async\" class=\"alignnone wp-image-533 size-full\" src=\"https:\/\/www.topohvar.at\/wp-content\/uploads\/2018\/07\/push-l-30.jpg\" alt=\"\" width=\"61\" height=\"30\" \/><\/a> <a href=\"https:\/\/www.topohvar.at\/orte\/op\/\"><img loading=\"lazy\" decoding=\"async\" class=\"alignnone wp-image-535 size-full\" src=\"https:\/\/www.topohvar.at\/wp-content\/uploads\/2018\/07\/push-o-30.jpg\" alt=\"\" width=\"61\" height=\"30\" \/><\/a> <a href=\"https:\/\/www.topohvar.at\/orte\/op\/op-pg-00-1\/\"><img loading=\"lazy\" decoding=\"async\" class=\"alignnone wp-image-536 size-full\" src=\"https:\/\/www.topohvar.at\/wp-content\/uploads\/2018\/07\/push-r-30.jpg\" alt=\"\" width=\"61\" height=\"30\" \/><\/a> \u00a0<\/strong><\/p>\n<hr \/>\n<p><strong>Adresa \/ Adresse<br \/>\n<\/strong>Pakleni otoci, otok Sv. Klement, Vodeni rat<\/p>\n<p><strong>Lokacija<\/strong><strong> \/ Position<a href=\"https:\/\/goo.gl\/maps\/s7zc5PiT87CNLKP68\"><img loading=\"lazy\" decoding=\"async\" class=\"alignright wp-image-40545\" src=\"https:\/\/www.topohvar.at\/wp-content\/uploads\/2020\/08\/2750.jpg\" alt=\"\" width=\"134\" height=\"100\" \/><\/a><br \/>\n<\/strong><a href=\"https:\/\/goo.gl\/maps\/s7zc5PiT87CNLKP68\"><span style=\"color: #3366ff;\">Latitude: N 43,16215\u00b0\u00a0 \u00a0Longitude: E 16,34874\u00b0<\/span><\/a> <strong><br \/>\n<\/strong>Visina \/ H\u00f6he: 12 m<\/p>\n<p><strong>Katastarska \u010destica <\/strong><strong>\/ Grundst\u00fccke<br \/>\n<\/strong>4340\/4<div class='content-column one_half'><div style=\"padding-right:6px;\"><p><strong>Datum snimanja \/ Erfassungsdatum<br \/>\n<\/strong>01.01.2000 00:00:00<\/p>\n<hr \/>\n<p><strong>Informacije<\/strong><\/p>\n<p>Jama na Vodenom ratu na otoku Sveti Klement Hvaranima je poznata, a osobito dobro \u017eiteljima \u0160koja, jer se radi o prirodnom izvori\u0161tu slatke, odnosno bo\u0107ate vode, koja je u na\u0161im krajevima od neprocjenjive vrijednosti. Voda se ovdje stolje\u0107ima crpla, \u010demu su dokaz duboki \u017eljebovi u stijeni na otvoru jame, nastali od potezanja konopa, kao i sam toponim Vodeni rat, koji je u pisanim izvorima zabilje\u017een jo\u0161 1473. g.<\/p><\/div><\/div><div class='content-column one_half last_column'><div style=\"padding-right:0px;padding-left:6px;\"><p><strong>Stupanj za\u0161tite<\/strong><strong> \/ Schutzstellung<br \/>\n<\/strong>&#8211;<\/p>\n<hr \/>\n<p><strong>Info<\/strong><\/p>\n<p>Die H\u00f6hle am &#8222;Vodeni rat&#8220; auf der Insel Sveti Klement ist den Menschen in Hvar und insbesondere den Einwohnern von \u0160koja bekannt, da sie eine nat\u00fcrliche Quelle f\u00fcr frisches oder Brackwasser ist, das in unserer Region von unsch\u00e4tzbarem Wert ist. Hier wird seit Jahrhunderten Wasser gef\u00f6rdert, wie die tiefen Rillen im Fels an der \u00d6ffnung der Grube, die durch das Ziehen von Seilen entstanden sind, sowie das Toponym Vodeni rat, das bereits 1473 in schriftlichen Quellen erw\u00e4hnt wurde, belegen.<\/p><\/div><\/div><div class='clear_column'><\/div><div class='content-column one_half'><div style=\"padding-right:6px;\"><p>Ulaz u jamu je na oko 50 m od mora, na koti od oko 12 m iznad morske razine i to pribli\u017eno na granici gdje po\u010dinje rasti makija. Jama je oblika cilindra, koji vertikalno ponire u dubinu, blago se pro\u0161iruju\u0107i prema dnu. Ukupne je du\u017eine oko 43 m, a maksimalne \u0161irine oko 10 m (pri samom dnu). Vanjski, povr\u0161inski ulaz u jamu dijelom je ozidan s nekoliko grubo klesanih kamena, da bi se dobio \u0161to prikladniji pristup.<\/p><\/div><\/div><div class='content-column one_half last_column'><div style=\"padding-right:0px;padding-left:6px;\"><p>Der Eingang zur H\u00f6hle befindet sich etwa 50 m vom Meer entfernt auf einer H\u00f6he von etwa 12 m \u00fcber dem Meeresspiegel und ungef\u00e4hr an der Grenze, an der die Macchia zu wachsen beginnt. Die H\u00f6hle hat die Form eines Zylinders, der sich vertikal in die Tiefe ers trecktund sich nach unten leicht ausdehnt. Es hat eine Gesamtl\u00e4nge von ca. 43 m und eine maximale Breite von ca. 10 m (ganz unten). Der \u00e4u\u00dfere Eingang an der Oberfl\u00e4che zur H\u00f6hle ist teilweise mit einigen grob behauenen Steinen ummauert, um einen bequemeren Zugang zu erhalten.<\/p><\/div><\/div><div class='clear_column'><\/div><div class='content-column one_half'><div style=\"padding-right:6px;\"><p>Pored speleolo\u0161ke vrijednost (radi \u010dega je jamu potrebno uvrstiti u popis prirodnih rijetkosti otoka Hvara) jama na Vodenom ratu sadr\u017ei i va\u017ean arheolo\u0161ki sloj. Nalazio se na malom kamenom platou, na dubini od oko 40 m, a sadr\u017eavao je nekoliko arheolo\u0161kih artefakata (amfore) .<\/p><\/div><\/div><div class='content-column one_half last_column'><div style=\"padding-right:0px;padding-left:6px;\"><p>Neben dem spel\u00e4ologischen Wert (weshalb die H\u00f6hle in die Liste der nat\u00fcrlichen Rarit\u00e4ten der Insel Hvar aufgenommen werden muss) enth\u00e4lt die Grube des Wasserkrieges auch eine wichtige arch\u00e4ologische Schicht. Es befand sich auf einem kleinen Steinplateau in einer Tiefe von etwa 40 m und enthielt mehrere arch\u00e4ologische Artefakte (Amphoren).<\/p><\/div><\/div><div class='clear_column'><\/div><\/p>\n<p style=\"text-align: center;\"><em>(Izvor \/ Quelle:\u00a0<\/em><em>Marinko Petri\u0107, Muzej hvarske ba\u0161tine Hvar: Za\u0161titno arheolo\u0161ko istra\u017eivanje jame na Vodenom Ratu<\/em><em>)<\/em><\/p>\n<p style=\"text-align: right;\"><span style=\"color: #3366ff;\"><a style=\"color: #3366ff;\" href=\"#seite_oben\">natrag na vrh \/ Seitenanfang<\/a><\/span><\/p>\n<hr \/>\n<p><strong>Linkovi \/ Links<\/strong><\/p>\n<p>&#8211;<\/p>\n","protected":false},"excerpt":{"rendered":"<p>Ime \/ Name Arheolo\u0161ko nalazi\u0161te \u00bbJama na Vodenom ratu\u00ab Code: OP-PO-02\u00a0 \u00a0 \u00a0 \u00a0 \u00a0 \u00a0 \u00a0 \u00a0 \u00a0 \u00a0 \u00a0 \u00a0 \u00a0 \u00a0 \u00a0 \u00a0 Adresa \/ Adresse Pakleni otoci, otok Sv. Klement, Vodeni rat Lokacija \/ Position Latitude: &hellip; <a href=\"https:\/\/www.topohvar.at\/topo\/orte\/op\/op-po-02-1\/\">Weiterlesen <span class=\"meta-nav\">&rarr;<\/span><\/a><\/p>\n","protected":false},"author":1,"featured_media":0,"parent":123,"menu_order":0,"comment_status":"closed","ping_status":"closed","template":"","meta":{"footnotes":""},"class_list":["post-40542","page","type-page","status-publish","hentry"],"_links":{"self":[{"href":"https:\/\/www.topohvar.at\/topo\/wp-json\/wp\/v2\/pages\/40542","targetHints":{"allow":["GET"]}}],"collection":[{"href":"https:\/\/www.topohvar.at\/topo\/wp-json\/wp\/v2\/pages"}],"about":[{"href":"https:\/\/www.topohvar.at\/topo\/wp-json\/wp\/v2\/types\/page"}],"author":[{"embeddable":true,"href":"https:\/\/www.topohvar.at\/topo\/wp-json\/wp\/v2\/users\/1"}],"replies":[{"embeddable":true,"href":"https:\/\/www.topohvar.at\/topo\/wp-json\/wp\/v2\/comments?post=40542"}],"version-history":[{"count":9,"href":"https:\/\/www.topohvar.at\/topo\/wp-json\/wp\/v2\/pages\/40542\/revisions"}],"predecessor-version":[{"id":70714,"href":"https:\/\/www.topohvar.at\/topo\/wp-json\/wp\/v2\/pages\/40542\/revisions\/70714"}],"up":[{"embeddable":true,"href":"https:\/\/www.topohvar.at\/topo\/wp-json\/wp\/v2\/pages\/123"}],"wp:attachment":[{"href":"https:\/\/www.topohvar.at\/topo\/wp-json\/wp\/v2\/media?parent=40542"}],"curies":[{"name":"wp","href":"https:\/\/api.w.org\/{rel}","templated":true}]}}