{"id":41115,"date":"2020-09-16T07:52:22","date_gmt":"2020-09-16T05:52:22","guid":{"rendered":"https:\/\/www.topohvar.at\/topo\/?page_id=41115"},"modified":"2021-11-26T19:40:06","modified_gmt":"2021-11-26T18:40:06","slug":"hv-tg-05-1","status":"publish","type":"page","link":"https:\/\/www.topohvar.at\/topo\/orte\/hv\/hv-tg-05-1\/","title":{"rendered":"HVAR &#8211; Javna zgrada \u00bbDom Zdravlja Hvar\u00ab"},"content":{"rendered":"<p><a name=\"seite_oben\"><\/a><br \/>\n<img loading=\"lazy\" decoding=\"async\" class=\"alignnone wp-image-41123 size-full\" src=\"https:\/\/www.topohvar.at\/wp-content\/uploads\/2020\/09\/hv-tg-05-1.jpg\" alt=\"\" width=\"1080\" height=\"530\" srcset=\"https:\/\/www.topohvar.at\/wp-content\/uploads\/2020\/09\/hv-tg-05-1.jpg 1080w, https:\/\/www.topohvar.at\/wp-content\/uploads\/2020\/09\/hv-tg-05-1-300x147.jpg 300w, https:\/\/www.topohvar.at\/wp-content\/uploads\/2020\/09\/hv-tg-05-1-1024x503.jpg 1024w, https:\/\/www.topohvar.at\/wp-content\/uploads\/2020\/09\/hv-tg-05-1-768x377.jpg 768w\" sizes=\"auto, (max-width: 1080px) 100vw, 1080px\" \/><\/p>\n<p><strong>Ime \/ Name<br \/>\n<\/strong>Javna zgrada \u00bbDom Zdravlja Hvar\u00ab \/ Klinik Hvar<\/p>\n<p><strong>Code: <\/strong>HV-TG-05\u00a0 \u00a0 \u00a0 \u00a0 \u00a0 \u00a0 \u00a0 \u00a0 \u00a0 \u00a0 \u00a0 \u00a0 \u00a0 \u00a0 \u00a0 \u00a0 \u00a0 \u00a0 <a href=\"https:\/\/www.topohvar.at\/hv-tg-92-1\/\"><img loading=\"lazy\" decoding=\"async\" class=\"alignnone wp-image-12300 size-full\" src=\"https:\/\/www.topohvar.at\/wp-content\/uploads\/2018\/09\/push-vor-30.jpg\" alt=\"\" width=\"61\" height=\"30\" \/><\/a>\u00a0<strong><a href=\"https:\/\/www.topohvar.at\/orte\/hv\/hv-tg-86-1\/\"><img loading=\"lazy\" decoding=\"async\" class=\"alignnone wp-image-533 size-full\" src=\"https:\/\/www.topohvar.at\/wp-content\/uploads\/2018\/07\/push-l-30.jpg\" alt=\"\" width=\"61\" height=\"30\" \/><\/a> <a href=\"https:\/\/www.topohvar.at\/orte\/hv\/\"><img loading=\"lazy\" decoding=\"async\" class=\"alignnone wp-image-535 size-full\" src=\"https:\/\/www.topohvar.at\/wp-content\/uploads\/2018\/07\/push-o-30.jpg\" alt=\"\" width=\"61\" height=\"30\" \/><\/a> <a href=\"https:\/\/www.topohvar.at\/orte\/hv\/hv-tg-98-1\/\"><img loading=\"lazy\" decoding=\"async\" class=\"alignnone wp-image-536 size-full\" src=\"https:\/\/www.topohvar.at\/wp-content\/uploads\/2018\/07\/push-r-30.jpg\" alt=\"\" width=\"61\" height=\"30\" \/><\/a>\u00a0<a href=\"https:\/\/www.topohvar.at\/hv-tg-65-1\/\"><img loading=\"lazy\" decoding=\"async\" class=\"alignnone wp-image-12299 size-full\" src=\"https:\/\/www.topohvar.at\/wp-content\/uploads\/2018\/09\/push-next-30.jpg\" alt=\"\" width=\"61\" height=\"30\" \/><\/a><\/strong><\/p>\n<hr \/>\n<p><strong>Adresa \/ Adresse<br \/>\n<\/strong>Grad Hvar, Ul. Biskupa Jurja Dubokovica<\/p>\n<p><strong>Lokacija<\/strong><strong> \/ Position<a href=\"https:\/\/goo.gl\/maps\/jW1BdWEw7JSLWeeL6\"><img loading=\"lazy\" decoding=\"async\" class=\"alignright wp-image-16283\" src=\"https:\/\/www.topohvar.at\/wp-content\/uploads\/2019\/01\/0290.jpg\" alt=\"\" width=\"134\" height=\"100\" \/><\/a><br \/>\n<\/strong><span style=\"color: #3366ff;\"><a style=\"color: #3366ff;\" href=\"https:\/\/goo.gl\/maps\/jW1BdWEw7JSLWeeL6\">Latitude: N 43,17305\u00b0\u00a0 \u00a0Longitude: E 16,43575\u00b0<\/a><br \/>\n<\/span>Visina \/ H\u00f6he: 30 m<\/p>\n<p><strong>Katastarska <\/strong><strong>\u010d<\/strong><strong>estica <\/strong><strong>\/ Grundst\u00fccke<br \/>\n<\/strong>95\/8, 95\/9<div class='content-column one_half'><div style=\"padding-right:6px;\"><p><strong>Datum snimanja \/ Erfassungsdatum<br \/>\n<\/strong>02.03.2017 10:20:00<\/p>\n<hr \/>\n<p><strong>Informacije<\/strong><\/p>\n<p>Na ulazu u dom zdravlja nalazi se bista Dr. Orest \u017dunkovi\u0107 ima dva plo\u010de koja se odnose na Alergolski centar Hvar HAZU koji se ovdje nalazi i Zavod za kroni\u010dne bolesti di\u0161nog sustava koji je instaliran od 1986. godine.<\/p><\/div><\/div><div class='content-column one_half last_column'><div style=\"padding-right:0px;padding-left:6px;\"><p><strong>Stupanj za\u0161tite<\/strong><strong> \/ Schutzstellung<br \/>\n<\/strong>&#8211;<\/p>\n<hr \/>\n<p><strong>Info<\/strong><\/p>\n<p>Am Eingang zum Gesundheitszentrum befinden sich neben einer B\u00fcste des <span style=\"color: #000000;\">Dr. Orest \u017dunkovi\u0107<\/span> zwei Tafeln, die auf das hier befindliche Allergiezentrum Hvar der Kroatischen Akademie f\u00fcr Wissenschaft und Kunst und auf die seit 1986 installierte Abteilung f\u00fcr chronosche Erkrankungen des Atmungssystems hinweisen.<\/p><\/div><\/div><div class='clear_column'><\/div><\/p>\n<p style=\"text-align: right;\"><span style=\"color: #3366ff;\"><a style=\"color: #3366ff;\" href=\"#seite_oben\">natrag na vrh \/ Seitenanfang<\/a><\/span><\/p>\n<hr \/>\n<p><strong>Linkovi \/ Links<\/strong><\/p>\n<p><span style=\"color: #3366ff;\"><a style=\"color: #3366ff;\" href=\"https:\/\/www.topohvar.at\/orte\/hv\/hv-is-34-1\/\">Plo\u010de \u00bbAlergolo\u0161ki centar\u00ab \/ Tafeln am Allergiezentrum<\/a><br \/>\n<a style=\"color: #3366ff;\" href=\"https:\/\/www.topohvar.at\/orte\/hv\/hv-mo-06-1\/\">Bista \/ B\u00fcste \u00bbDr. Orest \u017dunkovi\u0107\u00ab<\/a><br \/>\n<\/span><\/p>\n","protected":false},"excerpt":{"rendered":"<p>Ime \/ Name Javna zgrada \u00bbDom Zdravlja Hvar\u00ab \/ Klinik Hvar Code: HV-TG-05\u00a0 \u00a0 \u00a0 \u00a0 \u00a0 \u00a0 \u00a0 \u00a0 \u00a0 \u00a0 \u00a0 \u00a0 \u00a0 \u00a0 \u00a0 \u00a0 \u00a0 \u00a0 \u00a0 \u00a0 Adresa \/ Adresse Grad Hvar, Ul. Biskupa Jurja &hellip; <a href=\"https:\/\/www.topohvar.at\/topo\/orte\/hv\/hv-tg-05-1\/\">Weiterlesen <span class=\"meta-nav\">&rarr;<\/span><\/a><\/p>\n","protected":false},"author":1,"featured_media":0,"parent":80,"menu_order":0,"comment_status":"closed","ping_status":"closed","template":"","meta":{"footnotes":""},"class_list":["post-41115","page","type-page","status-publish","hentry"],"_links":{"self":[{"href":"https:\/\/www.topohvar.at\/topo\/wp-json\/wp\/v2\/pages\/41115","targetHints":{"allow":["GET"]}}],"collection":[{"href":"https:\/\/www.topohvar.at\/topo\/wp-json\/wp\/v2\/pages"}],"about":[{"href":"https:\/\/www.topohvar.at\/topo\/wp-json\/wp\/v2\/types\/page"}],"author":[{"embeddable":true,"href":"https:\/\/www.topohvar.at\/topo\/wp-json\/wp\/v2\/users\/1"}],"replies":[{"embeddable":true,"href":"https:\/\/www.topohvar.at\/topo\/wp-json\/wp\/v2\/comments?post=41115"}],"version-history":[{"count":5,"href":"https:\/\/www.topohvar.at\/topo\/wp-json\/wp\/v2\/pages\/41115\/revisions"}],"predecessor-version":[{"id":53707,"href":"https:\/\/www.topohvar.at\/topo\/wp-json\/wp\/v2\/pages\/41115\/revisions\/53707"}],"up":[{"embeddable":true,"href":"https:\/\/www.topohvar.at\/topo\/wp-json\/wp\/v2\/pages\/80"}],"wp:attachment":[{"href":"https:\/\/www.topohvar.at\/topo\/wp-json\/wp\/v2\/media?parent=41115"}],"curies":[{"name":"wp","href":"https:\/\/api.w.org\/{rel}","templated":true}]}}

<p><a name="seite_oben"></a><br />
<img loading="lazy" decoding="async" class="alignnone wp-image-41123 size-full" src="https://www.topohvar.at/wp-content/uploads/2020/09/hv-tg-05-1.jpg" alt="" width="1080" height="530" srcset="https://www.topohvar.at/wp-content/uploads/2020/09/hv-tg-05-1.jpg 1080w, https://www.topohvar.at/wp-content/uploads/2020/09/hv-tg-05-1-300x147.jpg 300w, https://www.topohvar.at/wp-content/uploads/2020/09/hv-tg-05-1-1024x503.jpg 1024w, https://www.topohvar.at/wp-content/uploads/2020/09/hv-tg-05-1-768x377.jpg 768w" sizes="auto, (max-width: 1080px) 100vw, 1080px" /></p>
<p><strong>Ime / Name<br />
</strong>Javna zgrada »Dom Zdravlja Hvar« / Klinik Hvar</p>
<p><strong>Code: </strong>HV-TG-05                                    <a href="https://www.topohvar.at/hv-tg-92-1/"><img loading="lazy" decoding="async" class="alignnone wp-image-12300 size-full" src="https://www.topohvar.at/wp-content/uploads/2018/09/push-vor-30.jpg" alt="" width="61" height="30" /></a> <strong><a href="https://www.topohvar.at/orte/hv/hv-tg-86-1/"><img loading="lazy" decoding="async" class="alignnone wp-image-533 size-full" src="https://www.topohvar.at/wp-content/uploads/2018/07/push-l-30.jpg" alt="" width="61" height="30" /></a> <a href="https://www.topohvar.at/orte/hv/"><img loading="lazy" decoding="async" class="alignnone wp-image-535 size-full" src="https://www.topohvar.at/wp-content/uploads/2018/07/push-o-30.jpg" alt="" width="61" height="30" /></a> <a href="https://www.topohvar.at/orte/hv/hv-tg-98-1/"><img loading="lazy" decoding="async" class="alignnone wp-image-536 size-full" src="https://www.topohvar.at/wp-content/uploads/2018/07/push-r-30.jpg" alt="" width="61" height="30" /></a> <a href="https://www.topohvar.at/hv-tg-65-1/"><img loading="lazy" decoding="async" class="alignnone wp-image-12299 size-full" src="https://www.topohvar.at/wp-content/uploads/2018/09/push-next-30.jpg" alt="" width="61" height="30" /></a></strong></p>
<hr />
<p><strong>Adresa / Adresse<br />
</strong>Grad Hvar, Ul. Biskupa Jurja Dubokovica</p>
<p><strong>Lokacija</strong><strong> / Position<a href="https://goo.gl/maps/jW1BdWEw7JSLWeeL6"><img loading="lazy" decoding="async" class="alignright wp-image-16283" src="https://www.topohvar.at/wp-content/uploads/2019/01/0290.jpg" alt="" width="134" height="100" /></a><br />
</strong><span style="color: #3366ff;"><a style="color: #3366ff;" href="https://goo.gl/maps/jW1BdWEw7JSLWeeL6">Latitude: N 43,17305°   Longitude: E 16,43575°</a><br />
</span>Visina / Höhe: 30 m</p>
<p><strong>Katastarska </strong><strong>č</strong><strong>estica </strong><strong>/ Grundstücke<br />
</strong>95/8, 95/9<div class='content-column one_half'><div style="padding-right:6px;"><p><strong>Datum snimanja / Erfassungsdatum<br />
</strong>02.03.2017 10:20:00</p>
<hr />
<p><strong>Informacije</strong></p>
<p>Na ulazu u dom zdravlja nalazi se bista Dr. Orest Žunković ima dva ploče koja se odnose na Alergolski centar Hvar HAZU koji se ovdje nalazi i Zavod za kronične bolesti dišnog sustava koji je instaliran od 1986. godine.</p></div></div><div class='content-column one_half last_column'><div style="padding-right:0px;padding-left:6px;"><p><strong>Stupanj zaštite</strong><strong> / Schutzstellung<br />
</strong>&#8211;</p>
<hr />
<p><strong>Info</strong></p>
<p>Am Eingang zum Gesundheitszentrum befinden sich neben einer Büste des <span style="color: #000000;">Dr. Orest Žunković</span> zwei Tafeln, die auf das hier befindliche Allergiezentrum Hvar der Kroatischen Akademie für Wissenschaft und Kunst und auf die seit 1986 installierte Abteilung für chronosche Erkrankungen des Atmungssystems hinweisen.</p></div></div><div class='clear_column'></div></p>
<p style="text-align: right;"><span style="color: #3366ff;"><a style="color: #3366ff;" href="#seite_oben">natrag na vrh / Seitenanfang</a></span></p>
<hr />
<p><strong>Linkovi / Links</strong></p>
<p><span style="color: #3366ff;"><a style="color: #3366ff;" href="https://www.topohvar.at/orte/hv/hv-is-34-1/">Ploče »Alergološki centar« / Tafeln am Allergiezentrum</a><br />
<a style="color: #3366ff;" href="https://www.topohvar.at/orte/hv/hv-mo-06-1/">Bista / Büste »Dr. Orest Žunković«</a><br />
</span></p>
