{"id":41431,"date":"2020-09-28T09:00:48","date_gmt":"2020-09-28T07:00:48","guid":{"rendered":"https:\/\/www.topohvar.at\/topo\/?page_id=41431"},"modified":"2024-04-24T12:14:51","modified_gmt":"2024-04-24T10:14:51","slug":"je-ok-02-1","status":"publish","type":"page","link":"https:\/\/www.topohvar.at\/topo\/orte\/je\/je-ok-02-1\/","title":{"rendered":"JELSA &#8211; Objekt \u00bbCamp Grebi\u0161\u0107e\u00ab"},"content":{"rendered":"<p><a name=\"seite_oben\"><\/a><br \/>\n<strong><img loading=\"lazy\" decoding=\"async\" class=\"alignnone wp-image-41433 size-full\" src=\"https:\/\/www.topohvar.at\/wp-content\/uploads\/2020\/09\/je-ok-02-2.jpg\" alt=\"\" width=\"1080\" height=\"530\" srcset=\"https:\/\/www.topohvar.at\/wp-content\/uploads\/2020\/09\/je-ok-02-2.jpg 1080w, https:\/\/www.topohvar.at\/wp-content\/uploads\/2020\/09\/je-ok-02-2-300x147.jpg 300w, https:\/\/www.topohvar.at\/wp-content\/uploads\/2020\/09\/je-ok-02-2-1024x503.jpg 1024w, https:\/\/www.topohvar.at\/wp-content\/uploads\/2020\/09\/je-ok-02-2-768x377.jpg 768w\" sizes=\"auto, (max-width: 1080px) 100vw, 1080px\" \/><\/strong><\/p>\n<p><strong>Ime \/ Name<br \/>\n<\/strong>Objekt \u00bbCamp Grebi\u0161\u0107e\u00ab<\/p>\n<p><strong>Code: <\/strong>JE-OK-02\u00a0 \u00a0 \u00a0 \u00a0 \u00a0 \u00a0 \u00a0 \u00a0 \u00a0 \u00a0 \u00a0 \u00a0 \u00a0 \u00a0 \u00a0 \u00a0 \u00a0 \u00a0 \u00a0 \u00a0 <a href=\"https:\/\/www.topohvar.at\/orte\/je\/je-pu-04-1\/\"><img loading=\"lazy\" decoding=\"async\" class=\"alignnone wp-image-12300 size-full\" src=\"https:\/\/www.topohvar.at\/wp-content\/uploads\/2018\/09\/push-vor-30.jpg\" alt=\"\" width=\"61\" height=\"30\" \/><\/a>\u00a0<strong><a href=\"https:\/\/www.topohvar.at\/orte\/je\/je-ok-01-1\/\"><img loading=\"lazy\" decoding=\"async\" class=\"alignnone wp-image-533 size-full\" src=\"https:\/\/www.topohvar.at\/wp-content\/uploads\/2018\/07\/push-l-30.jpg\" alt=\"\" width=\"61\" height=\"30\" \/><\/a> <a href=\"https:\/\/www.topohvar.at\/orte\/je\/\"><img loading=\"lazy\" decoding=\"async\" class=\"alignnone wp-image-535 size-full\" src=\"https:\/\/www.topohvar.at\/wp-content\/uploads\/2018\/07\/push-o-30.jpg\" alt=\"\" width=\"61\" height=\"30\" \/><\/a> <a href=\"https:\/\/www.topohvar.at\/orte\/je\/je-ok-03-1\/\"><img loading=\"lazy\" decoding=\"async\" class=\"alignnone wp-image-536 size-full\" src=\"https:\/\/www.topohvar.at\/wp-content\/uploads\/2018\/07\/push-r-30.jpg\" alt=\"\" width=\"61\" height=\"30\" \/><\/a> <a href=\"https:\/\/www.topohvar.at\/orte\/je\/je-og-01-1\/\"><img loading=\"lazy\" decoding=\"async\" class=\"alignnone wp-image-12299 size-full\" src=\"https:\/\/www.topohvar.at\/wp-content\/uploads\/2018\/09\/push-next-30.jpg\" alt=\"\" width=\"61\" height=\"30\" \/><\/a><\/strong><\/p>\n<hr \/>\n<p><strong>Adresa \/ Adresse<br \/>\n<\/strong>Jelsa<\/p>\n<p><strong>Lokacija \/ Position<a href=\"https:\/\/goo.gl\/maps\/EiGygyLDQE92K27QA\"><img loading=\"lazy\" decoding=\"async\" class=\"alignright wp-image-41432\" src=\"https:\/\/www.topohvar.at\/wp-content\/uploads\/2020\/09\/2811.jpg\" alt=\"\" width=\"134\" height=\"100\" \/><\/a><br \/>\n<\/strong><span style=\"color: #3366ff;\"><a style=\"color: #3366ff;\" href=\"https:\/\/goo.gl\/maps\/EiGygyLDQE92K27QA\">Latitude: N 43,15906\u00b0\u00a0 \u00a0Longitude: E 16,71119\u00b0<\/a> <\/span><strong><br \/>\n<\/strong>Visina \/ H\u00f6he: 10 m<\/p>\n<p><strong>Katastarska \u010destica \/ Grundst\u00fccke<br \/>\n<\/strong>2519\/1, 2522\/2, 2525\/1, 2525\/2<div class='content-column one_half'><div style=\"padding-right:6px;\"><p><strong>Datum snimanja \/ Erfassungsdatum<br \/>\n<\/strong>24.09-2021 12:20:00<\/p>\n<hr \/>\n<p><strong>Informacije<\/strong><\/p>\n<p>Kamp Grebi\u0161\u0107e prvi je obiteljski eko kamp s 4 * na otoku Hvaru. Udaljen je desetak minuta ugodne \u0161etnje od atraktivnog povijesnog sredi\u0161ta Jelse. Uz kvalitetu i brojne sadr\u017eaje, kamp odu\u0161evljava i ekolo\u0161kom svije\u0161\u0107u, o\u010duvanom mediteranskom prirodom te pogledom na more i otok Bra\u010d. Kampirate na dobro opremljenim parcelama u sjeni borove \u0161ume, maslina i mandarina. Zapadno od glavne pje\u0161\u010dane pla\u017ee nalazi se manja \u0161ljun\u010dana pla\u017ea koja svojom mirno\u0107om i prirodnim ambijentom privla\u010di pa\u017enju gostiju koji \u017eele u\u017eivati \u200b\u200bu netaknutoj prirodi i potpunom miru. Isto\u010dno od kampa na\u0107i \u0107ete nudisti\u010dke pla\u017ee na stijenama na koje mo\u017eete dovesti i svoje ku\u0107ne ljubimce.<\/p><\/div><\/div><div class='content-column one_half last_column'><div style=\"padding-right:0px;padding-left:6px;\"><p><strong>Stupanj za\u0161tite \/ Schutzstellung<br \/>\n<\/strong>&#8211;<\/p>\n<hr \/>\n<p><strong>Info<\/strong><\/p>\n<p>Camp Grebi\u0161\u0107e ist das erste Familien-\u00d6ko-Camp mit 4 * auf der Insel Hvar. Es ist zehn Minuten zu Fu\u00df vom attraktiven historischen Zentrum von Jelsa entfernt. Au\u00dfer durch Qualit\u00e4t und zahlreichen Inhalten entz\u00fcckt das Camp durch \u00f6kologisches Bewusstsein, erhaltene mediterrane Natur und den Blick aufs Meer und die Insel Bra\u010d. Man campiert auf hervorragend ausgestatteten Parzellen im Schatten des F\u00f6hrenwaldes, Oliven- und Mandarinenb\u00e4umen. Westlich vom Haupt-Sandstrand befindet sich ein kleinerer Kiesstrand, welcher mit seiner Beschaulichkeit und nat\u00fcrlichem Ambiente die Aufmerksamkeit jener G\u00e4ste anzieht, welche die unber\u00fchrte Natur und v\u00f6llige Ruhe genie\u00dfen m\u00f6chten. \u00d6stlich vom Camp finden Sie FKK-Str\u00e4nde auf den Felsen, zu welchen Sie auch Ihre Haustiere mitf\u00fchren k\u00f6nnen.<\/p><\/div><\/div><div class='clear_column'><\/div><div class='content-column one_half'><div style=\"padding-right:6px;\"><p>Ako vi\u0161e volite odsjesti u bungalovu, odaberite ljetni odmor u kamenoj ku\u0107i u ti\u0161ini borove \u0161ume. Mo\u017eete se opustiti na lijepo ure\u0111enoj pje\u0161\u010danoj pla\u017ei s beach barom, na kojoj ne smijete propustiti izvrsne masa\u017ee, kao i u zdravstvenim i zabavnim programima vje\u017ebanja za cijelu obitelj u na\u0161em sportskom centru u kampu. Aktivniji gosti mogu birati izme\u0111u \u0161irokog spektra sportova, uklju\u010duju\u0107i biciklizam i tr\u010danje, kajakarenje, jedrenje na vesla, stolni tenis, ronjenje i ples.<\/p><\/div><\/div><div class='content-column one_half last_column'><div style=\"padding-right:0px;padding-left:6px;\"><p>Wenn Sie lieber einen Aufenthalt im Bungalow bevorzugen, w\u00e4hlen Sie einen Sommerurlaub im Steinhaus in der Stille des F\u00f6hrenwaldes. Entspannen k\u00f6nnen Sie am sch\u00f6n eingerichteten Sandstrand mit Beachbar, wobei Sie auch exzellente Massagen nicht verpassen d\u00fcrfen sowie in Gesundheits-Unterhaltungs-\u00dcbungsprogrammen f\u00fcr die ganze Familie in unserem Sportzentrum im Camp. Die aktiveren G\u00e4ste k\u00f6nnen eine breite Sportpalette ausw\u00e4hlen, wie etwa Radfahren und Jogging, Kajaking, Segeln auf dem Paddelbrett, Tischtennis, Tauchen und Tanz.<\/p><\/div><\/div><div class='clear_column'><\/div><\/p>\n<p><img loading=\"lazy\" decoding=\"async\" class=\"alignnone wp-image-41434 size-full\" src=\"https:\/\/www.topohvar.at\/wp-content\/uploads\/2020\/09\/je-ok-02-11.jpg\" alt=\"\" width=\"640\" height=\"898\" srcset=\"https:\/\/www.topohvar.at\/wp-content\/uploads\/2020\/09\/je-ok-02-11.jpg 640w, https:\/\/www.topohvar.at\/wp-content\/uploads\/2020\/09\/je-ok-02-11-214x300.jpg 214w\" sizes=\"auto, (max-width: 640px) 100vw, 640px\" \/><\/p>\n<p style=\"text-align: right;\"><a href=\"#seite_oben\">natrag na vrh \/ Seitenanfang<\/a><\/p>\n<hr \/>\n<p><strong>Linkovi \/ Links<\/strong><\/p>\n<p><span style=\"color: #3366ff;\"><a style=\"color: #3366ff;\" href=\"https:\/\/www.grebisce.hr\/de\">Camp Grebi\u0161\u0107e<\/a><br \/>\n<a style=\"color: #3366ff;\" href=\"https:\/\/www.topohvar.at\/topo\/orte\/je\/je-au-10-1\/#je-13\">Uvala \/ Bucht Grebi\u0161\u0107e<\/a><br \/>\n<\/span><\/p>\n","protected":false},"excerpt":{"rendered":"<p>Ime \/ Name Objekt \u00bbCamp Grebi\u0161\u0107e\u00ab Code: JE-OK-02\u00a0 \u00a0 \u00a0 \u00a0 \u00a0 \u00a0 \u00a0 \u00a0 \u00a0 \u00a0 \u00a0 \u00a0 \u00a0 \u00a0 \u00a0 \u00a0 \u00a0 \u00a0 \u00a0 \u00a0 \u00a0 Adresa \/ Adresse Jelsa Lokacija \/ Position Latitude: N 43,15906\u00b0\u00a0 \u00a0Longitude: E &hellip; <a href=\"https:\/\/www.topohvar.at\/topo\/orte\/je\/je-ok-02-1\/\">Weiterlesen <span class=\"meta-nav\">&rarr;<\/span><\/a><\/p>\n","protected":false},"author":1,"featured_media":0,"parent":85,"menu_order":0,"comment_status":"closed","ping_status":"closed","template":"","meta":{"footnotes":""},"class_list":["post-41431","page","type-page","status-publish","hentry"],"_links":{"self":[{"href":"https:\/\/www.topohvar.at\/topo\/wp-json\/wp\/v2\/pages\/41431","targetHints":{"allow":["GET"]}}],"collection":[{"href":"https:\/\/www.topohvar.at\/topo\/wp-json\/wp\/v2\/pages"}],"about":[{"href":"https:\/\/www.topohvar.at\/topo\/wp-json\/wp\/v2\/types\/page"}],"author":[{"embeddable":true,"href":"https:\/\/www.topohvar.at\/topo\/wp-json\/wp\/v2\/users\/1"}],"replies":[{"embeddable":true,"href":"https:\/\/www.topohvar.at\/topo\/wp-json\/wp\/v2\/comments?post=41431"}],"version-history":[{"count":7,"href":"https:\/\/www.topohvar.at\/topo\/wp-json\/wp\/v2\/pages\/41431\/revisions"}],"predecessor-version":[{"id":66873,"href":"https:\/\/www.topohvar.at\/topo\/wp-json\/wp\/v2\/pages\/41431\/revisions\/66873"}],"up":[{"embeddable":true,"href":"https:\/\/www.topohvar.at\/topo\/wp-json\/wp\/v2\/pages\/85"}],"wp:attachment":[{"href":"https:\/\/www.topohvar.at\/topo\/wp-json\/wp\/v2\/media?parent=41431"}],"curies":[{"name":"wp","href":"https:\/\/api.w.org\/{rel}","templated":true}]}}