{"id":4189,"date":"2018-08-10T04:27:28","date_gmt":"2018-08-10T02:27:28","guid":{"rendered":"https:\/\/www.topohvar.at\/?page_id=4189"},"modified":"2024-06-06T14:41:08","modified_gmt":"2024-06-06T12:41:08","slug":"sg-td-01-1","status":"publish","type":"page","link":"https:\/\/www.topohvar.at\/topo\/orte\/sg\/sg-td-01-1\/","title":{"rendered":"STARI GRAD &#8211; Biv\u0161a tvr\u0111ava \u00bbTvrdalj Petra Hektorovi\u0107a\u00ab"},"content":{"rendered":"<p><a name=\"seite_oben\"><\/a><br \/>\n<img loading=\"lazy\" decoding=\"async\" class=\"alignnone wp-image-4187 size-large\" src=\"https:\/\/www.topohvar.at\/wp-content\/uploads\/2018\/08\/SG-TD-01-0-1024x503.jpg\" alt=\"\" width=\"640\" height=\"314\" srcset=\"https:\/\/www.topohvar.at\/wp-content\/uploads\/2018\/08\/SG-TD-01-0-1024x503.jpg 1024w, https:\/\/www.topohvar.at\/wp-content\/uploads\/2018\/08\/SG-TD-01-0-300x147.jpg 300w, https:\/\/www.topohvar.at\/wp-content\/uploads\/2018\/08\/SG-TD-01-0-768x377.jpg 768w, https:\/\/www.topohvar.at\/wp-content\/uploads\/2018\/08\/SG-TD-01-0.jpg 1080w\" sizes=\"auto, (max-width: 640px) 100vw, 640px\" \/><\/p>\n<p><strong>Ime \/ Name<br \/>\n<\/strong>Biv\u0161a tvr\u0111ava \u00bbTvrdalj Petra Hektorovi\u0107a\u00ab \/ ehemalige Festung \u00bbTvrdalj Petra Hektorovi\u0107a\u00ab<\/p>\n<p><strong>Code: <\/strong>SG-TD-01\u00a0 \u00a0 \u00a0 \u00a0 \u00a0 \u00a0 \u00a0 \u00a0 \u00a0 \u00a0 \u00a0 \u00a0 \u00a0 \u00a0 \u00a0 \u00a0 \u00a0 \u00a0 \u00a0 \u00a0 \u00a0 \u00a0 \u00a0\u00a0<strong>\u00a0<a href=\"https:\/\/www.topohvar.at\/orte\/sg\/\"><img loading=\"lazy\" decoding=\"async\" class=\"alignnone wp-image-535 size-full\" src=\"https:\/\/www.topohvar.at\/wp-content\/uploads\/2018\/07\/push-o-30.jpg\" alt=\"\" width=\"61\" height=\"30\" \/><\/a> <\/strong><\/p>\n<hr \/>\n<p><strong>Adresa \/ Adresse<br \/>\n<\/strong>Stari Grad, Trg Trvdalja Petra Hektorovi\u0107a 11-13<\/p>\n<p><strong>Lokacija \/ Position<a href=\"https:\/\/goo.gl\/maps\/CnHGtcABWZxFASWM6\"><img loading=\"lazy\" decoding=\"async\" class=\"alignright wp-image-2744\" src=\"https:\/\/www.topohvar.at\/wp-content\/uploads\/2018\/08\/1047.jpg\" alt=\"\" width=\"134\" height=\"100\" \/><\/a><br \/>\n<\/strong><span style=\"color: #3366ff;\"><a style=\"color: #3366ff;\" href=\"https:\/\/goo.gl\/maps\/CnHGtcABWZxFASWM6\">Latitude: N 43,18295\u00b0\u00a0 \u00a0Longitude: E 16,59583\u00b0<\/a> <\/span><strong><br \/>\n<\/strong>Visina \/ H\u00f6he: 1 m<\/p>\n<p><strong>Katastarska \u010destica \/ Grundst\u00fccke<br \/>\n<\/strong>*133\/1-4, *134\/1-7, 3158\/1, 3158\/2, 3158\/3, 3158\/4, 3158\/5, 3158\/6, 3182<div class='content-column one_half'><div style=\"padding-right:6px;\"><p><strong>Datum snimanja \/ Erfassungsdatum<br \/>\n<\/strong>16.05.2013 09:00:00<\/p>\n<hr \/>\n<p><strong>Informacije<\/strong><\/p>\n<p>Tvrdalj je postepeno gra\u0111en tijekom stolje\u0107a u Tvrdaljskoj uvali uz brojne pregradnje i nadogradnje. Obitelj Hektorovi\u0107 se tek 1448. spominje kao vlasnik posjeda Tvrdalj kada dobivaju dozvolu za gradnju ku\u0107e te ih s vremenom podi\u017eu \u010dak \u010detiri.<\/p><\/div><\/div><div class='content-column one_half last_column'><div style=\"padding-right:0px;padding-left:6px;\"><p><strong>Stupanj za\u0161tite \/ Schutzstellung<br \/>\n<\/strong>RST 20-1962<\/p>\n<hr \/>\n<p><strong>Info<\/strong><\/p>\n<p>Der Tvrdalj wurde nach und nach im Laufe der Jahrhunderte in der Tvrdalj-Bucht mit zahlreichen Um- und Ausbauten errichtet. Die Familie Hektorovi\u0107 wird im Jahr 1448 als Eigent\u00fcmer der Immobilie Tvrdalj erw\u00e4hnt, als sie Erlaubnis einholten ein Haus zu bauen und mit der Zeit wurden es gar vier.<\/p><\/div><\/div><div class='clear_column'><\/div><div class='content-column one_half'><p>Nakon smrti oca, Petar otkupljuje dijelove Tvrdalja od svojih ro\u0111aka (do 1540.) te ga po\u010dinje pretvarati u ladanjski kompleks s perivojem oko ribnjaka. Tvrdalj spaja obrambeni i ladanjski tip arhitekture (ka\u0161tel i dvorac) \u0161to mu daje poseban izgled utvr\u0111ene renesansne vile.<\/p><\/div><div class='content-column one_half last_column'><div style=\"padding-right:0px;padding-left:6px;\"><p>Nach dem Tod seines Vaters, kauft Peter Teile des Tvrdalj von seinen Verwandten (bis 1540) und beginnt die Sommervilla rund um den Fischteich auszubauen. Im Tvrdalj ist Verteidigung und l\u00e4ndliche Architektur kombiniert (Schloss und Hof), und verleiht mit Bestimmtheit den Renaissance-Villen ihr besonderes Aussehen.<\/p><\/div><\/div><div class='clear_column'><\/div><div class='content-column one_half'><p>Uskoro Petar pred Turcima bje\u017ei u Italiju odakle se vra\u0107a 1541. i zapo\u010dinje s utvr\u0111ivanjem Tvrdalja prema vlastitim zamislima i uz pomo\u0107 doma\u0107ih majstora \u0161to se o\u010dituje u jednostavnom i rusti\u010dnom izgledu kompleksa. Prije toga je sagra\u0111ena samo altana na sjevernom zidu koja je danas okru\u017eena zgradama na isto\u010dnoj i zapadnoj strani. U sredi\u0161tu Trvdalja je svijet u malom: ribnjak za bi\u0107a vode, golubinjak za bi\u0107a zraka i vrt za bi\u0107a zemlje. S isto\u010dne strane kompleksa bile su i posebne ku\u0107e za putnike i siromahe. Na SI kutu se gradi dvokatna retirata, a planiran je bio i revelin u JI uglu te ka\u0161tel na JZ.<\/p><\/div><div class='content-column one_half last_column'><div style=\"padding-right:0px;padding-left:6px;\"><p>Bald muss Peter vor den T\u00fcrken nach Italien fl\u00fcchten. Nachdem er im Jahr 1541 zur\u00fcckkam beginnt er mit der Gr\u00fcndung des Tvrdalj nach seinen eigenen Vorstellungen und mit der Hilfe von lokalen Handwerkern. Das einfache und rustikale Aussehen des Komplexes widerspiegelt dies. Davor stand hier nur eine Dachterrasse an der Nordwand, die heute von Geb\u00e4uden auf der Ost- und Westseite umgeben ist. In der Geb\u00e4udemitte befindet sich ein Mikrokosmos: ein Becken f\u00fcr Lebewesen des Wassers, ein Taubenschlag f\u00fcr Lebewesen der Luft und ein Garten f\u00fcr Lebewesen des Landes. Auf der Ostseite des Komplexes gab es ein eigenes Haus f\u00fcr Reisende und Arme. Auf der nord\u00f6stlichen Ecke des Geb\u00e4udes kam ein zweist\u00f6ckiges retirata (Verst\u00e4rkung einer Bastion) und geplant waren Befestigungsanlagen an der S\u00fcdostecke des Schlosses nach S\u00fcdwesten.<\/p><\/div><\/div><div class='clear_column'><\/div><div class='content-column one_third'><div style=\"padding-right:6px;\"><p>1571 Tvrdalj su napali i zapalili Turci pa Petar nije uspio dovr\u0161iti revelin i ka\u0161tel, a i ostali dijelovi Tvrdalja su bili dosta o\u0161te\u0107eni.<\/p><\/div><\/div><div class='content-column one_third'><div style=\"padding-right:6px;\"><p><img loading=\"lazy\" decoding=\"async\" class=\"aligncenter size-full wp-image-37529\" src=\"https:\/\/www.topohvar.at\/wp-content\/uploads\/2020\/05\/sg-td-01-9.jpg\" alt=\"\" width=\"210\" height=\"190\" \/><\/p><\/div><\/div><div class='content-column one_third last_column'><div style=\"padding-right:0px;padding-left:6px;\"><p>Im Jahr 1571 wurde die Festung von den T\u00fcrken angegriffen und in Brand gesteckt, so dass Peter den Ravelin (Wallschutz) und die Burg nicht fertigstellen konnte und andere Teile der Festung schwer besch\u00e4digt wurden.<\/p><\/div><\/div><div class='clear_column'><\/div><div class='content-column one_half'><div style=\"padding-right:6px;\"><p>Nakon Petrove smrti, Tvrdalj je podijeljen izme\u0111u njegovih ro\u0111aka i u ru\u0161evnom je stanju, a postepeno se po\u010dinje popravljati tek krajem 17. st. i po\u010detkom 18. st.<\/p><\/div><\/div><div class='content-column one_half last_column'><div style=\"padding-right:0px;padding-left:6px;\"><p>In desolatem Zustand wird nach Peters Tod der Tvrdalj unter seinen Verwandten aufgeteilt und man beginnt allm\u00e4hlich am Ende des 17. Jh. und Anfang des 18. Jh. die Substanz zu verbessern.<\/p><\/div><\/div><div class='clear_column'><\/div><div class='content-column one_half'><div style=\"padding-right:6px;\"><p>1843 prestaju va\u017eiti mleta\u010dki zakoni kojima su bile za\u0161ti\u0107ene odredbe oporuke Petra Hektorovi\u0107a o gradnji na Tvrdalju pa Tvrdalj sada do\u017eivljava velike gra\u0111evinske zahvate: ru\u0161i se ju\u017eni zid kompleksa, preure\u0111uje se revelin, grade se svodovi oko ribnjaka, a cijeli kompleks se podi\u017ee na dva kata dok se na SI podi\u017ee nova dvokatnica. U godinama od 1860. do 1880. uvala ispred Tvrdalj isu\u0161ena je i napunjena.<\/p><\/div><\/div><div class='content-column one_half last_column'><div style=\"padding-right:0px;padding-left:6px;\"><p>1834 verlieren die venezianische Gesetze ihre G\u00fcltigkeit, wonach durch die Bestimmungen und dem Willen des Peter Hektorovi\u0107 der Bau des Tvrdalj gesch\u00fctzt war. Der Tvrdalj erlebte jetzt gro\u00dfe Bauarbeiten: Die S\u00fcdwand des Komplexes, die Ravelin, wurde neu gestaltet. Gew\u00f6lbe wurden rund um den Fischteich gebaut und der gesamte Komplex auf zwei Etagen erh\u00f6ht und das Nordostgeb\u00e4ude zweist\u00f6ckig ausgebaut. In den Jahren 1860 bis 1880 wurde die Bucht vor dem Tvrdalj trockengelegt und aufgesch\u00fcttet.<\/p><\/div><\/div><div class='clear_column'><\/div><div class='content-column one_half'><div style=\"padding-right:6px;\"><p>U 20. st. ve\u0107e promjene do\u017eivljava revelin 1901. kada je sru\u0161en njegov isto\u010dni zid i sagra\u0111ena ku\u0107a iznad svoda i cisterna do vrata kojima se i danas ulazi u taj dio Tvrdalja.<\/p><\/div><\/div><div class='content-column one_half last_column'><div style=\"padding-right:0px;padding-left:6px;\"><p>Im 20. Jahrhundert erlebten der Ravelin eine gro\u00dfe Ver\u00e4nderung als 1901 seine Ostwand abgerissen und ein Haus \u00fcber dem Gew\u00f6lbe und der Zisterne errichtet wurde zu der T\u00fcr, durch die man heute diesen Teil des Tvrdalj betritt.<\/p><\/div><\/div><div class='clear_column'><\/div><div class='content-column one_half'><div style=\"padding-right:6px;\"><p>Ju\u017eno od sklopa ogra\u0111eni je vrt s odrinom, \u0161etnicama i kamenim stolom s urezanim grbom Hektorovi\u0107a.<\/p><\/div><\/div><div class='content-column one_half last_column'><div style=\"padding-right:0px;padding-left:6px;\"><p>S\u00fcdlich der Geb\u00e4ude befindet sich ein umz\u00e4unter Garten mit einer B\u00fchne, Gehwegen und einem Steintisch mit einem geschnitzten Hektorovic-Wappen.<\/p><\/div><\/div><div class='clear_column'><\/div><div class='content-column one_third'><div style=\"padding-right:6px;\"><p>Najve\u0107a znamenitost Tvrdalja je bez sumnje njegov ribnjak s bo\u010datom vodom, nastanjen ciplima. Ribnjak je vjerojatno nastao na ostatku neke anti\u010dke piscine ili lu\u010dke naprave. Iza ribnjaka, prema jugu, pru\u017ea se bri\u017eno njegovan perivoj.<\/p><\/div><\/div><div class='content-column one_third'><div style=\"padding-right:6px;\"><p><img loading=\"lazy\" decoding=\"async\" class=\"aligncenter size-full wp-image-31642\" src=\"https:\/\/www.topohvar.at\/wp-content\/uploads\/2020\/02\/sg-td-01-17.jpg\" alt=\"\" width=\"205\" height=\"302\" srcset=\"https:\/\/www.topohvar.at\/wp-content\/uploads\/2020\/02\/sg-td-01-17.jpg 205w, https:\/\/www.topohvar.at\/wp-content\/uploads\/2020\/02\/sg-td-01-17-204x300.jpg 204w\" sizes=\"auto, (max-width: 205px) 100vw, 205px\" \/><\/p><\/div><\/div><div class='content-column one_third last_column'><div style=\"padding-right:0px;padding-left:6px;\"><p>Die gr\u00f6\u00dfte Attraktion des Tvrdalj ist zweifellos sein Fischteich mit Brackwasser, bewohnt von Meer\u00e4schen. Der Teich stammt wahrscheinlich aus dem Rest eines alten Teichs oder Hafens. Hinter dem Fischteich im S\u00fcden liegt ein gepflegter Park.<\/p><\/div><\/div><div class='clear_column'><\/div><div class='content-column one_half'><div style=\"padding-right:6px;\"><p>Pjesnik je na Tvrdalju postavio nekoliko desetaka natpisa na latinskom i hrvatskom te jedan na talijanskom jeziku. Natpisi su ve\u0107inom pisani u moralisti\u010dkom tonu u duhu humanizma. \u010citav je sklop posve\u0107en Stvoritelju Svega (<em>OMNIVM CONDITORI<\/em>). Jedna od zanimljivosti Tvrdalja je zahod SI od altane iznad kojeg je natpis \u201cAko zna\u0161 \u0161to si, za\u0161to se oholi\u0161\u201c (<em>SI TE NOSTRI CVR SVUPERBIS<\/em>). Natpis nad ulaznim vratima upu\u0107uje da je pjesnik Tvrdalj sagradio za sebe i za svoje prijatelje, no drugi nam natpisi ukazuju da je gostoprimstvo je bilo pru\u017eano i putnicima (<em>PRO ITINERANNTIBUS<\/em>) i siromasima (<em>PRO PAUPERIBUS<\/em>).<\/p><\/div><\/div><div class='content-column one_half last_column'><div style=\"padding-right:0px;padding-left:6px;\"><p>Der Dichter hat im Tvrdalj mehrere Dutzend Inschriften in lateinischer und kroatischer Sprache und eine in Italienisch angebracht. Die Inschriften sind meist in einem moralisierenden Ton im Geist des Humanismus geschrieben. Der gesamte Komplex ist dem Sch\u00f6pfer von Allem gewidmet (<em>OMNIVM CONDITORI<\/em> ). Eine der interessantesten Objekte im Tvrdalj ist eine Toilette im Nordosten \u00fcber der sich die Inschrift \u201eWenn du wei\u00dft wer du bist, warum st\u00f6rt es dich?\u201c findet (<em>SI TE NOSTRI CVR SVUPERBIS<\/em>). Die Inschrift \u00fcber dem Eingang zeigt an, dass der Dichter den Tvrdalj f\u00fcr sich selbst und seine Freunde errichtet hat, aber andere Inschriften zeigen, dass die Gastfreundschaft auch Reisenden (<em>PRO ITINERANNTIBUS<\/em>) und Armen (<em>PRO PAUPERIBUS<\/em>) galt.<\/p><\/div><\/div><div class='clear_column'><\/div><\/p>\n<p style=\"text-align: right;\"><span style=\"color: #3366ff;\"><a style=\"color: #3366ff;\" href=\"#seite_oben\">natrag na vrh \/ Seitenanfang<\/a><\/span><\/p>\n<hr \/>\n<p><strong>Linkovi \/ Links<\/strong><\/p>\n<p><span style=\"color: #3366ff;\"><a style=\"color: #3366ff;\" href=\"https:\/\/www.topohvar.at\/orte\/sg\/sg-in-01-2\/\">Natpis (1) na sjevernoj strani Tvrdalja \/ Inschrift (1) an der Nordseite des Tvrdalj<\/a><\/span><br \/>\n<span style=\"color: #3366ff;\"><a style=\"color: #3366ff;\" href=\"https:\/\/www.topohvar.at\/orte\/sg\/sg-in-02-2\/\">Natpis (2) na sjevernoj strani Tvrdalja \/ Inschrift (2) an der Nordseite des Tvrdalj<\/a><\/span><br \/>\n<span style=\"color: #3366ff;\"><a style=\"color: #3366ff;\" href=\"https:\/\/www.topohvar.at\/orte\/sg\/sg-in-03-2\/\">Natpis (1) na isto\u010dnoj strani Tvrdalja \/ Inschrift (1) an der Ostseite des Tvrdalj<\/a><\/span><br \/>\n<span style=\"color: #3366ff;\"><a style=\"color: #3366ff;\" href=\"https:\/\/www.topohvar.at\/orte\/sg\/sg-in-04-2\/\">Natpis (2) na isto\u010dnoj strani Tvrdalja \/ Inschrift (2) an der Ostseite des Tvrdalj<\/a><\/span><br \/>\n<span style=\"color: #3366ff;\"><a style=\"color: #3366ff;\" href=\"https:\/\/www.topohvar.at\/orte\/sg\/sg-in-05-2\/\">Natpis (3) na isto\u010dnoj strani Tvrdalja \/ Inschrift (3) an der Ostseite des Tvrdalj<\/a><\/span><br \/>\n<span style=\"color: #3366ff;\"><a style=\"color: #3366ff;\" href=\"https:\/\/www.topohvar.at\/orte\/sg\/sg-in-06-2\/\">Natpis (4) na isto\u010dnoj strani Tvrdalja \/ Inschrift (4) an der Ostseite des Tvrdalj<\/a><\/span><br \/>\n<span style=\"color: #3366ff;\"><a style=\"color: #3366ff;\" href=\"https:\/\/www.topohvar.at\/orte\/sg\/sg-in-07-2\/\">Natpis na zapadnoj strani Tvrdalja \/ Inschrift an der Nordseite des Tvrdalj<\/a><\/span><br \/>\n<span style=\"color: #3366ff;\"><a style=\"color: #3366ff;\" href=\"https:\/\/www.topohvar.at\/orte\/sg\/sg-in-08-2\/\">Natpis u atriumu do glavnih ulaznih vrata Tvrdalja \/ Inschrift im Eingangsraum<\/a><\/span><br \/>\n<span style=\"color: #3366ff;\"><a style=\"color: #3366ff;\" href=\"https:\/\/www.topohvar.at\/orte\/sg\/sg-in-09-2\/\">Natpis na bunaru u vrtu Tvrdalja \/ Inschrift am Brunnen im Garten des Tvrdalj<\/a><br \/>\n<a style=\"color: #3366ff;\" href=\"https:\/\/www.topohvar.at\/orte\/sg\/sg-in-36-2\/\">Natpis na stolu u vrtu Tvrdalja \/ Inschrift am Tisch im Garten des Tvrdalj<\/a><\/span><br \/>\n<span style=\"color: #3366ff;\"><a style=\"color: #3366ff;\" href=\"https:\/\/www.topohvar.at\/orte\/sg\/sg-in-10-2\/\">Natpis (1) na ribnjaku Tvrdalja \/ Inschrift (1) beim Fischteich des Tvrdalj<\/a><\/span><br \/>\n<span style=\"color: #3366ff;\"><a style=\"color: #3366ff;\" href=\"https:\/\/www.topohvar.at\/orte\/sg\/sg-in-18-2\/\">Natpis (2) na ribnjaku Tvrdalja \/ Inschrift (2) beim Fischteich des Tvrdalj<\/a><\/span><br \/>\n<span style=\"color: #3366ff;\"><a style=\"color: #3366ff;\" href=\"https:\/\/www.topohvar.at\/orte\/sg\/sg-in-12-2\/\">Natpis (3) na ribnjaku Tvrdalja \/ Inschrift (3) beim Fischteich des Tvrdalj<\/a><\/span><br \/>\n<span style=\"color: #3366ff;\"><a style=\"color: #3366ff;\" href=\"https:\/\/www.topohvar.at\/orte\/sg\/sg-in-13-2\/\">Natpis (4) na ribnjaku Tvrdalja \/ Inschrift (4) beim Fischteich des Tvrdalj<\/a><\/span><br \/>\n<span style=\"color: #3366ff;\"><a style=\"color: #3366ff;\" href=\"https:\/\/www.topohvar.at\/orte\/sg\/sg-in-14-2\/\">Natpis (5) na ribnjaku Tvrdalja \/ Inschrift (5) beim Fischteich des Tvrdalj<\/a><\/span><br \/>\n<span style=\"color: #3366ff;\"><a style=\"color: #3366ff;\" href=\"https:\/\/www.topohvar.at\/orte\/sg\/sg-in-15-2\/\">Natpis (6) na ribnjaku Tvrdalja \/ Inschrift (6) beim Fischteich des Tvrdalj<\/a><\/span><br \/>\n<span style=\"color: #3366ff;\"><a style=\"color: #3366ff;\" href=\"https:\/\/www.topohvar.at\/orte\/sg\/sg-in-16-2\/\">Natpis (7) na ribnjaku Tvrdalja \/ Inschrift (7) beim Fischteich des Tvrdalj<\/a><\/span><br \/>\n<span style=\"color: #3366ff;\"><a style=\"color: #3366ff;\" href=\"https:\/\/www.topohvar.at\/orte\/sg\/sg-in-17-2\/\">Natpis (8) na ribnjaku Tvrdalja \/ Inschrift (8) beim Fischteich des Tvrdalj<\/a><\/span><br \/>\n<span style=\"color: #3366ff;\"><a style=\"color: #3366ff;\" href=\"https:\/\/www.topohvar.at\/orte\/sg\/sg-in-19-2\/\">Natpisi u susjednoj zgradi Tvrdalja \/ Inschriften am Nebengeb\u00e4ude des Tvrdalj\u00a0<\/a><br \/>\n<a style=\"color: #3366ff;\" href=\"https:\/\/www.topohvar.at\/topo\/orte\/sg\/sg-in-32-1\/\">Natpis na bunaru ispred Tvrdalja \/ Inschrift beim Brunnen vor dem Tvrdalj<\/a><br \/>\n<\/span><\/p>\n<p><span style=\"color: #3366ff;\"><a style=\"color: #3366ff;\" href=\"https:\/\/www.topohvar.at\/orte\/sg\/sg-is-34-2\/\">Spomen plo\u010da \u00bbPetra Hektorovi\u0107a\u00ab \/ Gedenktafel\u00a0<\/a><a style=\"color: #3366ff;\" href=\"https:\/\/www.topohvar.at\/orte\/sg\/sg-is-34-2\/\">Hektorovi\u0107<\/a><a style=\"color: #3366ff;\" href=\"https:\/\/www.topohvar.at\/orte\/sg\/sg-is-34-2\/\">\u00a0<\/a><\/span><br \/>\n<span style=\"color: #3366ff;\"><a style=\"color: #3366ff;\" href=\"https:\/\/www.topohvar.at\/orte\/sg\/sg-in-11-2\/\">Grb i reljef plo\u010da na ribnjaku Tvrdalja \/ Wappen und Relief beim Fischteich des Tvrdalj<\/a><\/span><br \/>\n<span style=\"color: #3366ff;\"><a style=\"color: #3366ff;\" href=\"https:\/\/www.topohvar.at\/orte\/sg\/sg-op-05-2\/\">Bunar na ribnjaku Tvrdalja \/ Brunnen beim Fischteich des Tvrdalj<\/a><br \/>\n<a style=\"color: #3366ff;\" href=\"https:\/\/www.topohvar.at\/orte\/sg\/sg-op-09-1\/\">Bunar na vrtu Tvrdalja \/ Brunnen im Garten des Tvrdalj<\/a><br \/>\n<a style=\"color: #3366ff;\" href=\"https:\/\/www.topohvar.at\/topo\/orte\/sg\/sg-op-07-1\/\">Bunar ispred Tvrdalja \/ Brunnen vor dem Tvrdalj<\/a><br \/>\n<a style=\"color: #3366ff;\" href=\"https:\/\/www.topohvar.at\/orte\/sg\/sg-op-a5-1\/\">Objekt \u00bbBazen na Tvrdalju\u00ab \/ Wasserbecken beim Tvrdalj<\/a><br \/>\n<a style=\"color: #3366ff;\" href=\"https:\/\/www.topohvar.at\/topo\/orte\/sg\/sg-po-21-1\/\">Povijesni objekt \u00bbkula (2) gr\u010dkog Pharosa\u00ab \/ Turm (2) des alten Pharos<\/a><br \/>\n<\/span><\/p>\n<p><span style=\"color: #3366ff;\"><a style=\"color: #3366ff;\" href=\"https:\/\/www.topohvar.at\/topo\/orte\/sg\/sg-mo-04-2\/\">Bista \u00bbPetra Hektorovi\u0107a (1)\u00ab \/ B\u00fcste (1) des Peter Hektorovi\u0107 &#8211; ispred Tvrdalja \/ vor dem Tvrdalj<\/a><br \/>\n<a style=\"color: #3366ff;\" href=\"https:\/\/www.topohvar.at\/topo\/orte\/sg\/sg-mo-05-2\/\">Bista \u00bbPetra Hektorovi\u0107a (2)\u00ab \/ B\u00fcste (2) des Peter Hektorovi\u0107 &#8211; ispred \u0161kole \/ vor der Schule<\/a><br \/>\n<\/span><\/p>\n<p><span style=\"color: #3366ff;\"><a style=\"color: #3366ff;\" href=\"https:\/\/www.topohvar.at\/topo\/orte\/sg\/sg-ig-01-2\/\">Grb \u00bbPetra Hektorovi\u0107a (1)\u00ab \/ Wappen des Peter\u00a0Hektorovi\u0107 (1) &#8211; trg Sv. Stjepan 2 \/ Stefansplatz 2<\/a><br \/>\n<a style=\"color: #3366ff;\" href=\"https:\/\/www.topohvar.at\/topo\/orte\/sg\/sg-ig-11-2\/\">Grb \u00bbPetra Hektorovi\u0107a (2)\u00ab \/ Wappen des Peter\u00a0Hektorovi\u0107 (2) &#8211; ulica \/ Stra\u00dfe Petra Zorani<\/a><a style=\"color: #3366ff;\" href=\"https:\/\/www.topohvar.at\/topo\/orte\/sg\/sg-ig-11-2\/\">\u0107<\/a><a style=\"color: #3366ff;\" href=\"https:\/\/www.topohvar.at\/topo\/orte\/sg\/sg-ig-11-2\/\">a 4<\/a><br \/>\n<a style=\"color: #3366ff;\" href=\"https:\/\/www.topohvar.at\/topo\/orte\/sg\/sg-ig-13-2\/\">Grb \u00bbPetra Hektorovi\u0107a (3)\u00ab \/ Wappen des Peter\u00a0Hektorovi\u0107 (3) &#8211; isped \u0161kole \/ vor der Schule<\/a><\/span><\/p>\n","protected":false},"excerpt":{"rendered":"<p>Ime \/ Name Biv\u0161a tvr\u0111ava \u00bbTvrdalj Petra Hektorovi\u0107a\u00ab \/ ehemalige Festung \u00bbTvrdalj Petra Hektorovi\u0107a\u00ab Code: SG-TD-01\u00a0 \u00a0 \u00a0 \u00a0 \u00a0 \u00a0 \u00a0 \u00a0 \u00a0 \u00a0 \u00a0 \u00a0 \u00a0 \u00a0 \u00a0 \u00a0 \u00a0 \u00a0 \u00a0 \u00a0 \u00a0 \u00a0 \u00a0\u00a0\u00a0 Adresa \/ &hellip; <a href=\"https:\/\/www.topohvar.at\/topo\/orte\/sg\/sg-td-01-1\/\">Weiterlesen <span class=\"meta-nav\">&rarr;<\/span><\/a><\/p>\n","protected":false},"author":1,"featured_media":0,"parent":99,"menu_order":0,"comment_status":"closed","ping_status":"closed","template":"","meta":{"footnotes":""},"class_list":["post-4189","page","type-page","status-publish","hentry"],"_links":{"self":[{"href":"https:\/\/www.topohvar.at\/topo\/wp-json\/wp\/v2\/pages\/4189","targetHints":{"allow":["GET"]}}],"collection":[{"href":"https:\/\/www.topohvar.at\/topo\/wp-json\/wp\/v2\/pages"}],"about":[{"href":"https:\/\/www.topohvar.at\/topo\/wp-json\/wp\/v2\/types\/page"}],"author":[{"embeddable":true,"href":"https:\/\/www.topohvar.at\/topo\/wp-json\/wp\/v2\/users\/1"}],"replies":[{"embeddable":true,"href":"https:\/\/www.topohvar.at\/topo\/wp-json\/wp\/v2\/comments?post=4189"}],"version-history":[{"count":52,"href":"https:\/\/www.topohvar.at\/topo\/wp-json\/wp\/v2\/pages\/4189\/revisions"}],"predecessor-version":[{"id":68241,"href":"https:\/\/www.topohvar.at\/topo\/wp-json\/wp\/v2\/pages\/4189\/revisions\/68241"}],"up":[{"embeddable":true,"href":"https:\/\/www.topohvar.at\/topo\/wp-json\/wp\/v2\/pages\/99"}],"wp:attachment":[{"href":"https:\/\/www.topohvar.at\/topo\/wp-json\/wp\/v2\/media?parent=4189"}],"curies":[{"name":"wp","href":"https:\/\/api.w.org\/{rel}","templated":true}]}}