{"id":4245,"date":"2018-08-10T13:21:32","date_gmt":"2018-08-10T11:21:32","guid":{"rendered":"https:\/\/www.topohvar.at\/?page_id=4245"},"modified":"2022-11-13T09:52:37","modified_gmt":"2022-11-13T08:52:37","slug":"sg-tg-29-1","status":"publish","type":"page","link":"https:\/\/www.topohvar.at\/topo\/orte\/sg\/sg-tg-29-1\/","title":{"rendered":"STARI GRAD &#8211; Zgrada javne \u00bbOsnovna \u0161kola\u00ab"},"content":{"rendered":"<p><a name=\"seite_oben\"><\/a><br \/>\n<img loading=\"lazy\" decoding=\"async\" class=\"alignnone wp-image-4236 size-large\" src=\"https:\/\/www.topohvar.at\/wp-content\/uploads\/2018\/08\/sg-tg-29-0-1024x503.jpg\" alt=\"\" width=\"640\" height=\"314\" srcset=\"https:\/\/www.topohvar.at\/wp-content\/uploads\/2018\/08\/sg-tg-29-0-1024x503.jpg 1024w, https:\/\/www.topohvar.at\/wp-content\/uploads\/2018\/08\/sg-tg-29-0-300x147.jpg 300w, https:\/\/www.topohvar.at\/wp-content\/uploads\/2018\/08\/sg-tg-29-0-768x377.jpg 768w, https:\/\/www.topohvar.at\/wp-content\/uploads\/2018\/08\/sg-tg-29-0.jpg 1080w\" sizes=\"auto, (max-width: 640px) 100vw, 640px\" \/><\/p>\n<p><strong>Ime \/ Name<br \/>\n<\/strong>Zgrada javne \u00bbOsnovna \u0161kola\u00ab \/ \u00d6ffentliches Geb\u00e4ude Grundschule<\/p>\n<p><strong>Code: <\/strong>SG-TG-29\u00a0 \u00a0 \u00a0 \u00a0 \u00a0 \u00a0 \u00a0 \u00a0 \u00a0 \u00a0 \u00a0 \u00a0 \u00a0 \u00a0 \u00a0 \u00a0 \u00a0 \u00a0<a href=\"https:\/\/www.topohvar.at\/orte\/sg\/sg-tg-03-1\/\"><img loading=\"lazy\" decoding=\"async\" class=\"alignnone wp-image-12300 size-full\" src=\"https:\/\/www.topohvar.at\/wp-content\/uploads\/2018\/09\/push-vor-30.jpg\" alt=\"\" width=\"61\" height=\"30\" \/><\/a>\u00a0<strong><a href=\"https:\/\/www.topohvar.at\/orte\/sg\/sg-tg-44-1\/\"><img loading=\"lazy\" decoding=\"async\" class=\"alignnone wp-image-533 size-full\" src=\"https:\/\/www.topohvar.at\/wp-content\/uploads\/2018\/07\/push-l-30.jpg\" alt=\"\" width=\"61\" height=\"30\" \/><\/a> <a href=\"https:\/\/www.topohvar.at\/orte\/sg\/\"><img loading=\"lazy\" decoding=\"async\" class=\"alignnone wp-image-535 size-full\" src=\"https:\/\/www.topohvar.at\/wp-content\/uploads\/2018\/07\/push-o-30.jpg\" alt=\"\" width=\"61\" height=\"30\" \/><\/a> <a href=\"https:\/\/www.topohvar.at\/orte\/sg\/sg-tg-20-1\/\"><img loading=\"lazy\" decoding=\"async\" class=\"alignnone wp-image-536 size-full\" src=\"https:\/\/www.topohvar.at\/wp-content\/uploads\/2018\/07\/push-r-30.jpg\" alt=\"\" width=\"61\" height=\"30\" \/><\/a>\u00a0<a href=\"https:\/\/www.topohvar.at\/orte\/sg\/sg-tg-07-1\/\"><img loading=\"lazy\" decoding=\"async\" class=\"alignnone wp-image-12299 size-full\" src=\"https:\/\/www.topohvar.at\/wp-content\/uploads\/2018\/09\/push-next-30.jpg\" alt=\"\" width=\"61\" height=\"30\" \/><\/a><\/strong><\/p>\n<hr \/>\n<p><strong>Adresa \/ Adresse<br \/>\n<\/strong>Stari Grad, Obala Dr. Franjo Tu\u0111mana<\/p>\n<p><strong>Lokacija \/ Position<a href=\"https:\/\/goo.gl\/maps\/RoJDN5dGGrvvbVsL7\"><img loading=\"lazy\" decoding=\"async\" class=\"alignright wp-image-4426\" src=\"https:\/\/www.topohvar.at\/wp-content\/uploads\/2018\/08\/1582.jpg\" alt=\"\" width=\"134\" height=\"100\" \/><\/a><br \/>\n<\/strong><span style=\"color: #3366ff;\"><a style=\"color: #3366ff;\" href=\"https:\/\/goo.gl\/maps\/RoJDN5dGGrvvbVsL7\">Latitude: N 43,18515\u00b0\u00a0 \u00a0Longitude: E 16,59864\u00b0<\/a> <\/span><strong><br \/>\n<\/strong>Visina \/ H\u00f6he: 1 m<\/p>\n<p><strong>Katastarska \u010destica \/ Grundst\u00fccke<br \/>\n<\/strong>*1269<div class='content-column one_half'><div style=\"padding-right:6px;\"><p><strong>Datum snimanja \/ Erfassungsdatum<br \/>\n<\/strong>06.05.2018 09:34:00<\/p>\n<hr \/>\n<p><strong>Informacije<\/strong><\/p>\n<p>Osnovna \u0161kola u Starom Gradu po\u010dela se graditi 1906. godine, a sve\u010dano je otvorena 1908. godine kao mu\u0161ka i \u017eenska pu\u010dka \u0161kola \u0161to se vidi na uglovima lijepe zgrade nove \u0161kole. Posebno interesantno i dana\u0161joj generaciji nepoznato da se je \u0161kola po\u010dela graditi na mjestu gdje je bilo jezero mutne i blatne morske vode sa dnom crnog gliba koje je nasuto. U ono bi se doba nesta\u0161na djeca namazala crnim blatom iz jezera i iza\u0161li van kao mor\u010di\u0107i, te pre\u0161av\u0161i koridor do \u010distog mora sko\u010div\u0161i u \u010disto more skinuli sa sebe crni glib.<\/p><\/div><\/div><div class='content-column one_half last_column'><div style=\"padding-right:0px;padding-left:6px;\"><p><strong>Stupanj za\u0161tite \/ Schutzstellung<br \/>\n<\/strong>&#8211;<\/p>\n<hr \/>\n<p><strong>Info<\/strong><\/p>\n<p>Die Grundschule in Stari Grad wurde im Jahr 1906 errichtet und 1908 als Volksschule f\u00fcr Knaben und M\u00e4dchen er\u00f6ffnet, wie an beiden Seiten des neuen Schulgeb\u00e4udes zu sehen ist. Besonders interessant und f\u00fcr die heutige Generation unbekannt ist, dass die Schule an einem Ort erbaut wurde, an dem ein See mit tr\u00fcben und schlammigen Meerwasser war und dessen Boden aus schwarzem Schlamm bestand. Zu dieser Zeit w\u00e4lzten sich manche Kinder im See mit dem schwarzen Schlamm, querten anschlie\u00dfend den Korridor zum klaren Meer, wo sie den schwarzen Sachlamm wieder abwaschten.<\/div><\/div><div class='clear_column'><\/div><\/p>\n<hr \/>\n<div class='content-column one_half'><div style=\"padding-right:6px;\"><div id=\"attachment_24522\" style=\"width: 310px\" class=\"wp-caption aligncenter\"><img loading=\"lazy\" decoding=\"async\" aria-describedby=\"caption-attachment-24522\" class=\"size-medium wp-image-24522\" src=\"https:\/\/www.topohvar.at\/wp-content\/uploads\/2019\/10\/sg-tg-29-20-300x162.jpg\" alt=\"\" width=\"300\" height=\"162\" srcset=\"https:\/\/www.topohvar.at\/wp-content\/uploads\/2019\/10\/sg-tg-29-20-300x162.jpg 300w, https:\/\/www.topohvar.at\/wp-content\/uploads\/2019\/10\/sg-tg-29-20.jpg 640w\" sizes=\"auto, (max-width: 300px) 100vw, 300px\" \/><p id=\"caption-attachment-24522\" class=\"wp-caption-text\">Listopad 2019 \/ Oktober 2019<\/p><\/div><\/div><\/div><div class='content-column one_half last_column'><div style=\"padding-right:0px;padding-left:6px;\"><div id=\"attachment_38047\" style=\"width: 222px\" class=\"wp-caption aligncenter\"><img loading=\"lazy\" decoding=\"async\" aria-describedby=\"caption-attachment-38047\" class=\"wp-image-38047 size-full\" src=\"https:\/\/www.topohvar.at\/wp-content\/uploads\/2020\/06\/sg-tg-29-12.jpg\" alt=\"\" width=\"212\" height=\"152\" \/><p id=\"caption-attachment-38047\" class=\"wp-caption-text\">Crvene palmine pipe \/ Roter Palmenhahn<\/p><\/div><\/div><\/div><div class='clear_column'><\/div><div class='content-column one_half'><div style=\"padding-right:6px;\"><p>U listopadu 2019. palme ispred \u0161kolske zgrade morali su oboriti zbog zaraze \u0161teto\u010dina.<\/p><\/div><\/div><div class='content-column one_half last_column'><div style=\"padding-right:0px;padding-left:6px;\"><p>Im Oktober 2019 mussten die Pappeln vor dem Schulgeb\u00e4ude wegen Sch\u00e4dlingsbefall gef\u00e4llt werden.<\/p><\/div><\/div><div class='clear_column'><\/div><\/p>\n<p style=\"text-align: right;\"><a href=\"#seite_oben\">natrag na vrh \/ Seitenanfang<\/a><\/p>\n<hr \/>\n<p><strong>Linkovi \/ Links<\/strong><\/p>\n<p><a href=\"https:\/\/www.topohvar.at\/topo\/orte\/sg\/sg-mo-05-2\/\"><span style=\"color: #3366ff;\">Bista Petra Hektorovi\u0107a (2) ispred \u0161kole \/ B\u00fcste des Peter\u00a0Hektorovi\u0107 vor der Schule<\/span><\/a><span style=\"color: #3366ff;\">\u00a0<\/span><\/p>\n","protected":false},"excerpt":{"rendered":"<p>Ime \/ Name Zgrada javne \u00bbOsnovna \u0161kola\u00ab \/ \u00d6ffentliches Geb\u00e4ude Grundschule Code: SG-TG-29\u00a0 \u00a0 \u00a0 \u00a0 \u00a0 \u00a0 \u00a0 \u00a0 \u00a0 \u00a0 \u00a0 \u00a0 \u00a0 \u00a0 \u00a0 \u00a0 \u00a0 \u00a0\u00a0 \u00a0 Adresa \/ Adresse Stari Grad, Obala Dr. Franjo Tu\u0111mana &hellip; <a href=\"https:\/\/www.topohvar.at\/topo\/orte\/sg\/sg-tg-29-1\/\">Weiterlesen <span class=\"meta-nav\">&rarr;<\/span><\/a><\/p>\n","protected":false},"author":1,"featured_media":0,"parent":99,"menu_order":0,"comment_status":"closed","ping_status":"closed","template":"","meta":{"footnotes":""},"class_list":["post-4245","page","type-page","status-publish","hentry"],"_links":{"self":[{"href":"https:\/\/www.topohvar.at\/topo\/wp-json\/wp\/v2\/pages\/4245","targetHints":{"allow":["GET"]}}],"collection":[{"href":"https:\/\/www.topohvar.at\/topo\/wp-json\/wp\/v2\/pages"}],"about":[{"href":"https:\/\/www.topohvar.at\/topo\/wp-json\/wp\/v2\/types\/page"}],"author":[{"embeddable":true,"href":"https:\/\/www.topohvar.at\/topo\/wp-json\/wp\/v2\/users\/1"}],"replies":[{"embeddable":true,"href":"https:\/\/www.topohvar.at\/topo\/wp-json\/wp\/v2\/comments?post=4245"}],"version-history":[{"count":21,"href":"https:\/\/www.topohvar.at\/topo\/wp-json\/wp\/v2\/pages\/4245\/revisions"}],"predecessor-version":[{"id":61769,"href":"https:\/\/www.topohvar.at\/topo\/wp-json\/wp\/v2\/pages\/4245\/revisions\/61769"}],"up":[{"embeddable":true,"href":"https:\/\/www.topohvar.at\/topo\/wp-json\/wp\/v2\/pages\/99"}],"wp:attachment":[{"href":"https:\/\/www.topohvar.at\/topo\/wp-json\/wp\/v2\/media?parent=4245"}],"curies":[{"name":"wp","href":"https:\/\/api.w.org\/{rel}","templated":true}]}}

STARI GRAD &#8211; Zgrada javne »Osnovna škola«

<p><a name="seite_oben"></a><br />
<img loading="lazy" decoding="async" class="alignnone wp-image-4236 size-large" src="https://www.topohvar.at/wp-content/uploads/2018/08/sg-tg-29-0-1024x503.jpg" alt="" width="640" height="314" srcset="https://www.topohvar.at/wp-content/uploads/2018/08/sg-tg-29-0-1024x503.jpg 1024w, https://www.topohvar.at/wp-content/uploads/2018/08/sg-tg-29-0-300x147.jpg 300w, https://www.topohvar.at/wp-content/uploads/2018/08/sg-tg-29-0-768x377.jpg 768w, https://www.topohvar.at/wp-content/uploads/2018/08/sg-tg-29-0.jpg 1080w" sizes="auto, (max-width: 640px) 100vw, 640px" /></p>
<p><strong>Ime / Name<br />
</strong>Zgrada javne »Osnovna škola« / Öffentliches Gebäude Grundschule</p>
<p><strong>Code: </strong>SG-TG-29                                   <a href="https://www.topohvar.at/orte/sg/sg-tg-03-1/"><img loading="lazy" decoding="async" class="alignnone wp-image-12300 size-full" src="https://www.topohvar.at/wp-content/uploads/2018/09/push-vor-30.jpg" alt="" width="61" height="30" /></a> <strong><a href="https://www.topohvar.at/orte/sg/sg-tg-44-1/"><img loading="lazy" decoding="async" class="alignnone wp-image-533 size-full" src="https://www.topohvar.at/wp-content/uploads/2018/07/push-l-30.jpg" alt="" width="61" height="30" /></a> <a href="https://www.topohvar.at/orte/sg/"><img loading="lazy" decoding="async" class="alignnone wp-image-535 size-full" src="https://www.topohvar.at/wp-content/uploads/2018/07/push-o-30.jpg" alt="" width="61" height="30" /></a> <a href="https://www.topohvar.at/orte/sg/sg-tg-20-1/"><img loading="lazy" decoding="async" class="alignnone wp-image-536 size-full" src="https://www.topohvar.at/wp-content/uploads/2018/07/push-r-30.jpg" alt="" width="61" height="30" /></a> <a href="https://www.topohvar.at/orte/sg/sg-tg-07-1/"><img loading="lazy" decoding="async" class="alignnone wp-image-12299 size-full" src="https://www.topohvar.at/wp-content/uploads/2018/09/push-next-30.jpg" alt="" width="61" height="30" /></a></strong></p>
<hr />
<p><strong>Adresa / Adresse<br />
</strong>Stari Grad, Obala Dr. Franjo Tuđmana</p>
<p><strong>Lokacija / Position<a href="https://goo.gl/maps/RoJDN5dGGrvvbVsL7"><img loading="lazy" decoding="async" class="alignright wp-image-4426" src="https://www.topohvar.at/wp-content/uploads/2018/08/1582.jpg" alt="" width="134" height="100" /></a><br />
</strong><span style="color: #3366ff;"><a style="color: #3366ff;" href="https://goo.gl/maps/RoJDN5dGGrvvbVsL7">Latitude: N 43,18515°   Longitude: E 16,59864°</a> </span><strong><br />
</strong>Visina / Höhe: 1 m</p>
<p><strong>Katastarska čestica / Grundstücke<br />
</strong>*1269<div class='content-column one_half'><div style="padding-right:6px;"><p><strong>Datum snimanja / Erfassungsdatum<br />
</strong>06.05.2018 09:34:00</p>
<hr />
<p><strong>Informacije</strong></p>
<p>Osnovna škola u Starom Gradu počela se graditi 1906. godine, a svečano je otvorena 1908. godine kao muška i ženska pučka škola što se vidi na uglovima lijepe zgrade nove škole. Posebno interesantno i današjoj generaciji nepoznato da se je škola počela graditi na mjestu gdje je bilo jezero mutne i blatne morske vode sa dnom crnog gliba koje je nasuto. U ono bi se doba nestašna djeca namazala crnim blatom iz jezera i izašli van kao morčići, te prešavši koridor do čistog mora skočivši u čisto more skinuli sa sebe crni glib.</p></div></div><div class='content-column one_half last_column'><div style="padding-right:0px;padding-left:6px;"><p><strong>Stupanj zaštite / Schutzstellung<br />
</strong>&#8211;</p>
<hr />
<p><strong>Info</strong></p>
<p>Die Grundschule in Stari Grad wurde im Jahr 1906 errichtet und 1908 als Volksschule für Knaben und Mädchen eröffnet, wie an beiden Seiten des neuen Schulgebäudes zu sehen ist. Besonders interessant und für die heutige Generation unbekannt ist, dass die Schule an einem Ort erbaut wurde, an dem ein See mit trüben und schlammigen Meerwasser war und dessen Boden aus schwarzem Schlamm bestand. Zu dieser Zeit wälzten sich manche Kinder im See mit dem schwarzen Schlamm, querten anschließend den Korridor zum klaren Meer, wo sie den schwarzen Sachlamm wieder abwaschten.</div></div><div class='clear_column'></div></p>
<hr />
<div class='content-column one_half'><div style="padding-right:6px;"><div id="attachment_24522" style="width: 310px" class="wp-caption aligncenter"><img loading="lazy" decoding="async" aria-describedby="caption-attachment-24522" class="size-medium wp-image-24522" src="https://www.topohvar.at/wp-content/uploads/2019/10/sg-tg-29-20-300x162.jpg" alt="" width="300" height="162" srcset="https://www.topohvar.at/wp-content/uploads/2019/10/sg-tg-29-20-300x162.jpg 300w, https://www.topohvar.at/wp-content/uploads/2019/10/sg-tg-29-20.jpg 640w" sizes="auto, (max-width: 300px) 100vw, 300px" /><p id="caption-attachment-24522" class="wp-caption-text">Listopad 2019 / Oktober 2019</p></div></div></div><div class='content-column one_half last_column'><div style="padding-right:0px;padding-left:6px;"><div id="attachment_38047" style="width: 222px" class="wp-caption aligncenter"><img loading="lazy" decoding="async" aria-describedby="caption-attachment-38047" class="wp-image-38047 size-full" src="https://www.topohvar.at/wp-content/uploads/2020/06/sg-tg-29-12.jpg" alt="" width="212" height="152" /><p id="caption-attachment-38047" class="wp-caption-text">Crvene palmine pipe / Roter Palmenhahn</p></div></div></div><div class='clear_column'></div><div class='content-column one_half'><div style="padding-right:6px;"><p>U listopadu 2019. palme ispred školske zgrade morali su oboriti zbog zaraze štetočina.</p></div></div><div class='content-column one_half last_column'><div style="padding-right:0px;padding-left:6px;"><p>Im Oktober 2019 mussten die Pappeln vor dem Schulgebäude wegen Schädlingsbefall gefällt werden.</p></div></div><div class='clear_column'></div></p>
<p style="text-align: right;"><a href="#seite_oben">natrag na vrh / Seitenanfang</a></p>
<hr />
<p><strong>Linkovi / Links</strong></p>
<p><a href="https://www.topohvar.at/topo/orte/sg/sg-mo-05-2/"><span style="color: #3366ff;">Bista Petra Hektorovića (2) ispred škole / Büste des Peter Hektorović vor der Schule</span></a><span style="color: #3366ff;"> </span></p>

<p>Ime / Name Zgrada javne »Osnovna škola« / Öffentliches Gebäude Grundschule Code: SG-TG-29                                       Adresa / Adresse Stari Grad, Obala Dr. Franjo Tuđmana &hellip; <a href="https://www.topohvar.at/topo/orte/sg/sg-tg-29-1/">Weiterlesen <span class="meta-nav">&rarr;</span></a></p>
