{"id":42581,"date":"2020-10-14T18:17:07","date_gmt":"2020-10-14T16:17:07","guid":{"rendered":"https:\/\/www.topohvar.at\/topo\/?page_id=42581"},"modified":"2021-08-23T11:01:52","modified_gmt":"2021-08-23T09:01:52","slug":"bo-cs-10-2","status":"publish","type":"page","link":"https:\/\/www.topohvar.at\/topo\/orte\/bo\/bo-cs-10-2\/","title":{"rendered":"BOGOMOLJE &#8211; Nestale Kapelice"},"content":{"rendered":"<p><a name=\"seite_oben\"><\/a><br \/>\n<strong><img loading=\"lazy\" decoding=\"async\" class=\"alignnone wp-image-387 size-full\" src=\"https:\/\/www.topohvar.at\/wp-content\/uploads\/2018\/07\/00-00-00-1.jpg\" alt=\"\" width=\"114\" height=\"56\" \/><\/strong><\/p>\n<p><strong>Ime \/ Name<br \/>\n<\/strong>Bogomolje &#8211; Nestale Kapelice \/ verschwundene Bildst\u00f6cke<\/p>\n<p><strong>Code: <\/strong>BO-CS-10\/12\u00a0 \u00a0 \u00a0 \u00a0 \u00a0 \u00a0 \u00a0 \u00a0<strong>\u00a0 \u00a0 \u00a0 \u00a0 \u00a0 \u00a0 \u00a0 \u00a0 \u00a0 \u00a0 \u00a0\u00a0 \u00a0 \u00a0 <a href=\"https:\/\/www.topohvar.at\/topo\/orte\/bo\/bo-cs-02-2\/\"><img loading=\"lazy\" decoding=\"async\" class=\"alignnone wp-image-533 size-full\" src=\"https:\/\/www.topohvar.at\/wp-content\/uploads\/2018\/07\/push-l-30.jpg\" alt=\"\" width=\"61\" height=\"30\" \/><\/a>\u00a0<a href=\"https:\/\/www.topohvar.at\/orte\/bo\/\"><img loading=\"lazy\" decoding=\"async\" class=\"alignnone wp-image-535 size-full\" src=\"https:\/\/www.topohvar.at\/wp-content\/uploads\/2018\/07\/push-o-30.jpg\" alt=\"\" width=\"61\" height=\"30\" \/><\/a> <a href=\"https:\/\/www.topohvar.at\/topo\/orte\/bo\/bo-cs-01-2\/\"><img loading=\"lazy\" decoding=\"async\" class=\"alignnone wp-image-536 size-full\" src=\"https:\/\/www.topohvar.at\/wp-content\/uploads\/2018\/07\/push-r-30.jpg\" alt=\"\" width=\"61\" height=\"30\" \/><\/a><\/strong><\/p>\n<p style=\"text-align: center;\"><em>(Izvor \/ Quelle: Jo\u0161ko Kova\u010di\u0107, \u017dupa Bogomolje na Hvaru)<\/em><\/p>\n<p><a name=\"bo-10\"><\/a><\/p>\n<hr \/>\n<p><strong>Kapelica \u00bbSv. Ante Padovanski (1)\u00ab<\/strong><\/p>\n<p><strong>Code: <\/strong>BO-CS-10<\/p>\n<p><strong>Adresa \/ Adresse<br \/>\n<\/strong>Bogomolje, Terunac<\/p>\n<p><strong>Lokacija<\/strong><strong> \/ Position<img loading=\"lazy\" decoding=\"async\" class=\"wp-image-387 size-full alignright\" src=\"https:\/\/www.topohvar.at\/wp-content\/uploads\/2018\/07\/00-00-00-1.jpg\" alt=\"\" width=\"114\" height=\"56\" \/><br \/>\n<\/strong>Latitude: N 43,1\u00b0\u00a0 \u00a0 Longitude: E 17,0\u00b0\u00a0<strong><br \/>\n<\/strong>Visina \/ H\u00f6he: &#8211; m<\/p>\n<p><strong>Katastarska \u010destica<\/strong><strong> \/ Grundst\u00fccke<br \/>\n<\/strong>&#8211;<div class='content-column one_half'><div style=\"padding-right:6px;\"><p><strong>Informacije<\/strong><\/p>\n<p>Kapelica Sv. Ante Padovanski na Teruncu, sagradio oko 1870.g. Jakov Radovan\u010di\u0107 i sru\u0161io o. 1920.g. u nakani pove\u0107anja, do kojega nije do\u0161lo.<\/p><\/div><\/div><div class='content-column one_half last_column'><div style=\"padding-right:0px;padding-left:6px;\"><p><strong>Info<\/strong><\/p>\n<p>Die Kapelle des hl. Antonius von Padua in der Gegend Terunac wurde um 1870 von Jakov Radovan\u010di\u0107 errichtet. Sie wurde im Jahr 1920 abgerissen mit der Absicht sie wieder zu errichten, was allerdings nicht passierte.<\/p><\/div><\/div><div class='clear_column'><\/div><br \/>\n<a name=\"bo-11\"><\/a><\/p>\n<p style=\"text-align: right;\"><a href=\"#seite_oben\">gore \/ Seitenanfang<\/a><\/p>\n<hr \/>\n<p><strong>Kapelica \u00bbSv. Ante Padovanski (2)\u00ab<\/strong><\/p>\n<p><strong>Code: <\/strong>BO-CS-11<\/p>\n<p><strong>Adresa \/ Adresse<br \/>\n<\/strong>Bogomolje, Ra\u010devina<\/p>\n<p><strong>Lokacija \/ Position<br \/>\n<img loading=\"lazy\" decoding=\"async\" class=\"wp-image-387 size-full alignright\" src=\"https:\/\/www.topohvar.at\/wp-content\/uploads\/2018\/07\/00-00-00-1.jpg\" alt=\"\" width=\"114\" height=\"56\" \/><\/strong>Latitude: N 43,1\u00b0\u00a0 \u00a0 Longitude: E 17,0\u00b0\u00a0<strong><br \/>\n<\/strong>Visina \/ H\u00f6he: &#8211; m<\/p>\n<p><strong>Katastarska \u010destica<\/strong><strong> \/ Grundst\u00fccke<br \/>\n<\/strong>&#8211;<div class='content-column one_half'><div style=\"padding-right:6px;\"><p><strong>Informacije<\/strong><\/p>\n<p>Kapelica Sv. Ante Padovanski u Ra\u010devini, podagio oko 1900.g. Stjepan Rudan, sru\u0161ena 1953. Kip nestao u 2. svj. rata.<\/p><\/div><\/div><div class='content-column one_half last_column'><div style=\"padding-right:0px;padding-left:6px;\"><p><strong>Info<\/strong><\/p>\n<p>Bildstock des hl. Antonius von Padua in Ra\u010devina, erbaut um 1900 von Stjepan Rudan und 1953 abgerissen. Die Statue verschwand im 2. Weltkrieg.<\/p><\/div><\/div><div class='clear_column'><\/div><br \/>\n<a name=\"bo-12\"><\/a><\/p>\n<p style=\"text-align: right;\"><a href=\"#seite_oben\">gore \/ Seitenanfang<\/a><\/p>\n<hr \/>\n<p><strong>Kapelica \u00bbSv. Petar i Sv. Ante Padovanski\u00ab<\/strong><\/p>\n<p><strong>Code: <\/strong>BO-CS-12<\/p>\n<p><strong>Adresa \/ Adresse<br \/>\n<\/strong>Bogomolje, Jerkov Dvor<\/p>\n<p><strong>Lokacija \/ Position<img loading=\"lazy\" decoding=\"async\" class=\"wp-image-387 size-full alignright\" src=\"https:\/\/www.topohvar.at\/wp-content\/uploads\/2018\/07\/00-00-00-1.jpg\" alt=\"\" width=\"114\" height=\"56\" \/><br \/>\n<\/strong>Latitude: N 43,1\u00b0\u00a0 \u00a0 Longitude: E 17,0\u00b0\u00a0<strong><br \/>\n<\/strong>Visina \/ H\u00f6he: &#8211; m<\/p>\n<p><strong>Katastarska \u010destica<\/strong><strong> \/ Grundst\u00fccke<br \/>\n<\/strong>&#8211;<div class='content-column one_half'><div style=\"padding-right:6px;\"><p><strong>Informacije<\/strong><\/p>\n<p>Kapelica Sv. Petar i sv. Ante Padovanski, kapelica u Jerkovu Dvoru podignuta 1907.g. od Petra Jerkovi\u0107a i Ante Rudana, a poru\u0161ena 1956.g.<\/p><\/div><\/div><div class='content-column one_half last_column'><div style=\"padding-right:0px;padding-left:6px;\"><p><strong>Info<\/strong><\/p>\n<p>Die Kapelle der Heiligen Petrus und Antonius von Padua in Jerkov Dvor wurde 1907 von Petar Jerkovi\u0107 und Ante Rudan erbaut und im Jahr 1956 zerst\u00f6rt.<\/p><\/div><\/div><div class='clear_column'><\/div><\/p>\n<p style=\"text-align: right;\"><a href=\"#seite_oben\">natrag na vrh \/ Seitenanfang<\/a><\/p>\n<hr \/>\n<p><strong>Linkovi \/ Links<\/strong><\/p>\n<p>&#8211;<\/p>\n","protected":false},"excerpt":{"rendered":"<p>Ime \/ Name Bogomolje &#8211; Nestale Kapelice \/ verschwundene Bildst\u00f6cke Code: BO-CS-10\/12\u00a0 \u00a0 \u00a0 \u00a0 \u00a0 \u00a0 \u00a0 \u00a0\u00a0 \u00a0 \u00a0 \u00a0 \u00a0 \u00a0 \u00a0 \u00a0 \u00a0 \u00a0 \u00a0\u00a0 \u00a0 \u00a0 \u00a0 (Izvor \/ Quelle: Jo\u0161ko Kova\u010di\u0107, \u017dupa Bogomolje na &hellip; <a href=\"https:\/\/www.topohvar.at\/topo\/orte\/bo\/bo-cs-10-2\/\">Weiterlesen <span class=\"meta-nav\">&rarr;<\/span><\/a><\/p>\n","protected":false},"author":1,"featured_media":0,"parent":63,"menu_order":0,"comment_status":"closed","ping_status":"closed","template":"","meta":{"footnotes":""},"class_list":["post-42581","page","type-page","status-publish","hentry"],"_links":{"self":[{"href":"https:\/\/www.topohvar.at\/topo\/wp-json\/wp\/v2\/pages\/42581","targetHints":{"allow":["GET"]}}],"collection":[{"href":"https:\/\/www.topohvar.at\/topo\/wp-json\/wp\/v2\/pages"}],"about":[{"href":"https:\/\/www.topohvar.at\/topo\/wp-json\/wp\/v2\/types\/page"}],"author":[{"embeddable":true,"href":"https:\/\/www.topohvar.at\/topo\/wp-json\/wp\/v2\/users\/1"}],"replies":[{"embeddable":true,"href":"https:\/\/www.topohvar.at\/topo\/wp-json\/wp\/v2\/comments?post=42581"}],"version-history":[{"count":8,"href":"https:\/\/www.topohvar.at\/topo\/wp-json\/wp\/v2\/pages\/42581\/revisions"}],"predecessor-version":[{"id":51367,"href":"https:\/\/www.topohvar.at\/topo\/wp-json\/wp\/v2\/pages\/42581\/revisions\/51367"}],"up":[{"embeddable":true,"href":"https:\/\/www.topohvar.at\/topo\/wp-json\/wp\/v2\/pages\/63"}],"wp:attachment":[{"href":"https:\/\/www.topohvar.at\/topo\/wp-json\/wp\/v2\/media?parent=42581"}],"curies":[{"name":"wp","href":"https:\/\/api.w.org\/{rel}","templated":true}]}}