{"id":4264,"date":"2018-08-10T13:36:25","date_gmt":"2018-08-10T11:36:25","guid":{"rendered":"https:\/\/www.topohvar.at\/?page_id=4264"},"modified":"2021-04-19T12:04:22","modified_gmt":"2021-04-19T10:04:22","slug":"sg-tg-02-1","status":"publish","type":"page","link":"https:\/\/www.topohvar.at\/topo\/orte\/sg\/sg-tg-02-1\/","title":{"rendered":"STARI GRAD &#8211; Ku\u0107a \u00bbDinko Pavi\u010di\u0107 (Ra\u0161nik)\u00ab"},"content":{"rendered":"<p><a name=\"seite_oben\"><\/a><br \/>\n<img loading=\"lazy\" decoding=\"async\" class=\"alignnone wp-image-4210 size-large\" src=\"https:\/\/www.topohvar.at\/wp-content\/uploads\/2018\/08\/SG-TG-02-0-1024x503.jpg\" alt=\"\" width=\"640\" height=\"314\" srcset=\"https:\/\/www.topohvar.at\/wp-content\/uploads\/2018\/08\/SG-TG-02-0-1024x503.jpg 1024w, https:\/\/www.topohvar.at\/wp-content\/uploads\/2018\/08\/SG-TG-02-0-300x147.jpg 300w, https:\/\/www.topohvar.at\/wp-content\/uploads\/2018\/08\/SG-TG-02-0-768x377.jpg 768w, https:\/\/www.topohvar.at\/wp-content\/uploads\/2018\/08\/SG-TG-02-0.jpg 1080w\" sizes=\"auto, (max-width: 640px) 100vw, 640px\" \/><\/p>\n<p><strong>Ime \/ Name<br \/>\n<\/strong>Ku\u0107a \u00bbDinko Pavi\u010di\u0107 (Ra\u0161nik)\u00ab \/ Haus Dinko Pavi\u010di\u0107 (Ra\u0161nik)<\/p>\n<p><strong>Code: <\/strong>SG-TG-02\u00a0(E-D13-3)\u00a0 \u00a0 \u00a0 \u00a0 \u00a0 \u00a0 \u00a0 \u00a0 \u00a0 \u00a0 \u00a0 \u00a0 \u00a0 \u00a0<a href=\"https:\/\/www.topohvar.at\/orte\/sg\/sg-tg-07-1\/\"><img loading=\"lazy\" decoding=\"async\" class=\"alignnone wp-image-12300 size-full\" src=\"https:\/\/www.topohvar.at\/wp-content\/uploads\/2018\/09\/push-vor-30.jpg\" alt=\"\" width=\"61\" height=\"30\" \/><\/a>\u00a0<strong><a href=\"https:\/\/www.topohvar.at\/orte\/sg\/sg-tg-01-1\/\"><img loading=\"lazy\" decoding=\"async\" class=\"alignnone wp-image-533 size-full\" src=\"https:\/\/www.topohvar.at\/wp-content\/uploads\/2018\/07\/push-l-30.jpg\" alt=\"\" width=\"61\" height=\"30\" \/><\/a> <a href=\"https:\/\/www.topohvar.at\/orte\/sg\/\"><img loading=\"lazy\" decoding=\"async\" class=\"alignnone wp-image-535 size-full\" src=\"https:\/\/www.topohvar.at\/wp-content\/uploads\/2018\/07\/push-o-30.jpg\" alt=\"\" width=\"61\" height=\"30\" \/><\/a> <a href=\"https:\/\/www.topohvar.at\/orte\/sg\/sg-tg-04-1\/\"><img loading=\"lazy\" decoding=\"async\" class=\"alignnone wp-image-536 size-full\" src=\"https:\/\/www.topohvar.at\/wp-content\/uploads\/2018\/07\/push-r-30.jpg\" alt=\"\" width=\"61\" height=\"30\" \/><\/a>\u00a0<a href=\"https:\/\/www.topohvar.at\/orte\/sg\/sg-tg-26-1\/\"><img loading=\"lazy\" decoding=\"async\" class=\"alignnone wp-image-12299 size-full\" src=\"https:\/\/www.topohvar.at\/wp-content\/uploads\/2018\/09\/push-next-30.jpg\" alt=\"\" width=\"61\" height=\"30\" \/><\/a><\/strong><\/p>\n<hr \/>\n<p><strong>Adresa \/ Adresse<br \/>\n<\/strong>Stari Grad, Polje, Ra\u0161nik<\/p>\n<p><strong>Lokacija \/ Position<a href=\"https:\/\/goo.gl\/maps\/Ax5rwtmUizmPktDA6\"><img loading=\"lazy\" decoding=\"async\" class=\"alignright wp-image-3469\" src=\"https:\/\/www.topohvar.at\/wp-content\/uploads\/2018\/08\/1218.jpg\" alt=\"\" width=\"134\" height=\"100\" \/><\/a><br \/>\n<\/strong><span style=\"color: #3366ff;\"><a style=\"color: #3366ff;\" href=\"https:\/\/goo.gl\/maps\/Ax5rwtmUizmPktDA6\">Latitude: N 43,18611\u00b0\u00a0 \u00a0Longitude: E 16,63521\u00b0<\/a> <\/span><strong><br \/>\n<\/strong>Visina \/ H\u00f6he: 32 m<\/p>\n<p><strong>Katastarska \u010destica \/ Grundst\u00fccke<br \/>\n<\/strong>*711, 1697, 5423\/3, 1697, 5423\/3<div class='content-column one_half'><div style=\"padding-right:6px;\"><p><strong>Datum snimanja \/ Erfassungsdatum<br \/>\n<\/strong>15.05.2012 10:23:00<\/p>\n<hr \/>\n<p><strong>Informacije<\/strong><\/p>\n<p>Ku\u0107a <em>Pavi\u010di\u0107 Dinka<\/em> pok. Stjepana, u kojoj je u augustu 1942. godine formiran Kotarsrki NOO Hvar.<\/p><\/div><\/div><div class='content-column one_half last_column'><div style=\"padding-right:0px;padding-left:6px;\"><p><strong>Stupanj za\u0161tite \/ Schutzstellung<br \/>\n<\/strong>&#8211;<\/p>\n<hr \/>\n<p><strong>Info<\/strong><\/p>\n<p>Haus des <em>Dinka Pavi\u010di\u0107<\/em>, genannt Stefan, wo sich im August 1942 die NOO des Kreises Hvar bildete.<\/p><\/div><\/div><div class='clear_column'><\/div><div class='content-column one_half'><div style=\"padding-right:6px;\"><p>Na sjevernim rubovima Starogradskog polja nekoliko je malih zaselaka. U njima se stanovalo samo povremeno, sezonski, a vezano uz proljetno okopavanje vinograda, ljetnu ispa\u0161u koza i ovaca ili jesensku berbu gro\u017e\u0111a i maslina. Najve\u0107i zaseok je Humac iznad uvale Basine, a manji su Ra\u0161nik i Maslinovik. Ku\u0107e, naj\u010de\u0161\u0107e jednokatnice, gra\u0111ene su od lomljenog kamena, povezanog vapnenim mortom, s konobom u prizemlju, a sobama na katu. U stambeni dio ulazi se vanjskim stubi\u0161tem preko sulara, terase, a pod sularom je ulaz u konobu. Okolo su manje prizemnice. U jednoj je obi\u010dno kru\u0161na pe\u0107 koju je koristilo nekoliko doma\u0107instava. Druge su \u0161tale za magarce i koze.<\/p><\/div><\/div><div class='content-column one_half last_column'><div style=\"padding-right:0px;padding-left:6px;\"><p>Es gibt mehrere kleine Weiler am n\u00f6rdlichen Rand des Stari Grader Feldes. Sie wurden nur gelegentlich, saisonal, im Zusammenhang mit dem Pfl\u00fcgen von Weinbergen im Fr\u00fchling, dem Weiden von Ziegen und Schafen im Sommer oder dem Ernten von Trauben und Oliven im Herbst bewohnt. Der gr\u00f6\u00dfte Weiler ist Humac oberhalb der Bucht Basine, und kleinere sind Ra\u0161nik und Maslinovik. Die normalerweise einst\u00f6ckigen H\u00e4user sind aus gebrochenem Stein mit Kalkm\u00f6rtel gemauert, mit einem Keller im Erdgeschoss und R\u00e4umen im Obergeschoss. Der Wohnbereich ist \u00fcber eine Au\u00dfentreppe \u00fcber den Sular und die Terrasse zug\u00e4nglich. Unter dem Sular befindet sich ein Eingang zur Taverne. Es gibt kleinere Keller. In einem gibt es normalerweise einen Brotofen, der von mehreren Haushalten benutzt wird. Andere Scheunen sind f\u00fcr Esel und Ziegen.<\/p><\/div><\/div><div class='clear_column'><\/div><\/p>\n<p style=\"text-align: right;\"><a href=\"#seite_oben\">natrag na vrh \/ Seitenanfang<\/a><\/p>\n<hr \/>\n<p><strong>Linkovi \/ Links<\/strong><\/p>\n<p><span style=\"color: #3366ff;\"><a style=\"color: #3366ff;\" href=\"https:\/\/www.topohvar.at\/topo\/orte\/sg\/sg-is-35-2\/\">Spomen plo\u010da \u00bbU uvoj zgradi 22. 8. 1942\u00ab \/ Gedenktafel \u2013 in diesem Geb\u00e4ude am 22.8.1942<\/a><\/span><\/p>\n","protected":false},"excerpt":{"rendered":"<p>Ime \/ Name Ku\u0107a \u00bbDinko Pavi\u010di\u0107 (Ra\u0161nik)\u00ab \/ Haus Dinko Pavi\u010di\u0107 (Ra\u0161nik) Code: SG-TG-02\u00a0(E-D13-3)\u00a0 \u00a0 \u00a0 \u00a0 \u00a0 \u00a0 \u00a0 \u00a0 \u00a0 \u00a0 \u00a0 \u00a0 \u00a0 \u00a0\u00a0 \u00a0 Adresa \/ Adresse Stari Grad, Polje, Ra\u0161nik Lokacija \/ Position Latitude: N &hellip; <a href=\"https:\/\/www.topohvar.at\/topo\/orte\/sg\/sg-tg-02-1\/\">Weiterlesen <span class=\"meta-nav\">&rarr;<\/span><\/a><\/p>\n","protected":false},"author":1,"featured_media":0,"parent":99,"menu_order":0,"comment_status":"closed","ping_status":"closed","template":"","meta":{"footnotes":""},"class_list":["post-4264","page","type-page","status-publish","hentry"],"_links":{"self":[{"href":"https:\/\/www.topohvar.at\/topo\/wp-json\/wp\/v2\/pages\/4264","targetHints":{"allow":["GET"]}}],"collection":[{"href":"https:\/\/www.topohvar.at\/topo\/wp-json\/wp\/v2\/pages"}],"about":[{"href":"https:\/\/www.topohvar.at\/topo\/wp-json\/wp\/v2\/types\/page"}],"author":[{"embeddable":true,"href":"https:\/\/www.topohvar.at\/topo\/wp-json\/wp\/v2\/users\/1"}],"replies":[{"embeddable":true,"href":"https:\/\/www.topohvar.at\/topo\/wp-json\/wp\/v2\/comments?post=4264"}],"version-history":[{"count":14,"href":"https:\/\/www.topohvar.at\/topo\/wp-json\/wp\/v2\/pages\/4264\/revisions"}],"predecessor-version":[{"id":48243,"href":"https:\/\/www.topohvar.at\/topo\/wp-json\/wp\/v2\/pages\/4264\/revisions\/48243"}],"up":[{"embeddable":true,"href":"https:\/\/www.topohvar.at\/topo\/wp-json\/wp\/v2\/pages\/99"}],"wp:attachment":[{"href":"https:\/\/www.topohvar.at\/topo\/wp-json\/wp\/v2\/media?parent=4264"}],"curies":[{"name":"wp","href":"https:\/\/api.w.org\/{rel}","templated":true}]}}

STARI GRAD &#8211; Kuća »Dinko Pavičić (Rašnik)«

<p><a name="seite_oben"></a><br />
<img loading="lazy" decoding="async" class="alignnone wp-image-4210 size-large" src="https://www.topohvar.at/wp-content/uploads/2018/08/SG-TG-02-0-1024x503.jpg" alt="" width="640" height="314" srcset="https://www.topohvar.at/wp-content/uploads/2018/08/SG-TG-02-0-1024x503.jpg 1024w, https://www.topohvar.at/wp-content/uploads/2018/08/SG-TG-02-0-300x147.jpg 300w, https://www.topohvar.at/wp-content/uploads/2018/08/SG-TG-02-0-768x377.jpg 768w, https://www.topohvar.at/wp-content/uploads/2018/08/SG-TG-02-0.jpg 1080w" sizes="auto, (max-width: 640px) 100vw, 640px" /></p>
<p><strong>Ime / Name<br />
</strong>Kuća »Dinko Pavičić (Rašnik)« / Haus Dinko Pavičić (Rašnik)</p>
<p><strong>Code: </strong>SG-TG-02 (E-D13-3)                           <a href="https://www.topohvar.at/orte/sg/sg-tg-07-1/"><img loading="lazy" decoding="async" class="alignnone wp-image-12300 size-full" src="https://www.topohvar.at/wp-content/uploads/2018/09/push-vor-30.jpg" alt="" width="61" height="30" /></a> <strong><a href="https://www.topohvar.at/orte/sg/sg-tg-01-1/"><img loading="lazy" decoding="async" class="alignnone wp-image-533 size-full" src="https://www.topohvar.at/wp-content/uploads/2018/07/push-l-30.jpg" alt="" width="61" height="30" /></a> <a href="https://www.topohvar.at/orte/sg/"><img loading="lazy" decoding="async" class="alignnone wp-image-535 size-full" src="https://www.topohvar.at/wp-content/uploads/2018/07/push-o-30.jpg" alt="" width="61" height="30" /></a> <a href="https://www.topohvar.at/orte/sg/sg-tg-04-1/"><img loading="lazy" decoding="async" class="alignnone wp-image-536 size-full" src="https://www.topohvar.at/wp-content/uploads/2018/07/push-r-30.jpg" alt="" width="61" height="30" /></a> <a href="https://www.topohvar.at/orte/sg/sg-tg-26-1/"><img loading="lazy" decoding="async" class="alignnone wp-image-12299 size-full" src="https://www.topohvar.at/wp-content/uploads/2018/09/push-next-30.jpg" alt="" width="61" height="30" /></a></strong></p>
<hr />
<p><strong>Adresa / Adresse<br />
</strong>Stari Grad, Polje, Rašnik</p>
<p><strong>Lokacija / Position<a href="https://goo.gl/maps/Ax5rwtmUizmPktDA6"><img loading="lazy" decoding="async" class="alignright wp-image-3469" src="https://www.topohvar.at/wp-content/uploads/2018/08/1218.jpg" alt="" width="134" height="100" /></a><br />
</strong><span style="color: #3366ff;"><a style="color: #3366ff;" href="https://goo.gl/maps/Ax5rwtmUizmPktDA6">Latitude: N 43,18611°   Longitude: E 16,63521°</a> </span><strong><br />
</strong>Visina / Höhe: 32 m</p>
<p><strong>Katastarska čestica / Grundstücke<br />
</strong>*711, 1697, 5423/3, 1697, 5423/3<div class='content-column one_half'><div style="padding-right:6px;"><p><strong>Datum snimanja / Erfassungsdatum<br />
</strong>15.05.2012 10:23:00</p>
<hr />
<p><strong>Informacije</strong></p>
<p>Kuća <em>Pavičić Dinka</em> pok. Stjepana, u kojoj je u augustu 1942. godine formiran Kotarsrki NOO Hvar.</p></div></div><div class='content-column one_half last_column'><div style="padding-right:0px;padding-left:6px;"><p><strong>Stupanj zaštite / Schutzstellung<br />
</strong>&#8211;</p>
<hr />
<p><strong>Info</strong></p>
<p>Haus des <em>Dinka Pavičić</em>, genannt Stefan, wo sich im August 1942 die NOO des Kreises Hvar bildete.</p></div></div><div class='clear_column'></div><div class='content-column one_half'><div style="padding-right:6px;"><p>Na sjevernim rubovima Starogradskog polja nekoliko je malih zaselaka. U njima se stanovalo samo povremeno, sezonski, a vezano uz proljetno okopavanje vinograda, ljetnu ispašu koza i ovaca ili jesensku berbu grožđa i maslina. Najveći zaseok je Humac iznad uvale Basine, a manji su Rašnik i Maslinovik. Kuće, najčešće jednokatnice, građene su od lomljenog kamena, povezanog vapnenim mortom, s konobom u prizemlju, a sobama na katu. U stambeni dio ulazi se vanjskim stubištem preko sulara, terase, a pod sularom je ulaz u konobu. Okolo su manje prizemnice. U jednoj je obično krušna peć koju je koristilo nekoliko domaćinstava. Druge su štale za magarce i koze.</p></div></div><div class='content-column one_half last_column'><div style="padding-right:0px;padding-left:6px;"><p>Es gibt mehrere kleine Weiler am nördlichen Rand des Stari Grader Feldes. Sie wurden nur gelegentlich, saisonal, im Zusammenhang mit dem Pflügen von Weinbergen im Frühling, dem Weiden von Ziegen und Schafen im Sommer oder dem Ernten von Trauben und Oliven im Herbst bewohnt. Der größte Weiler ist Humac oberhalb der Bucht Basine, und kleinere sind Rašnik und Maslinovik. Die normalerweise einstöckigen Häuser sind aus gebrochenem Stein mit Kalkmörtel gemauert, mit einem Keller im Erdgeschoss und Räumen im Obergeschoss. Der Wohnbereich ist über eine Außentreppe über den Sular und die Terrasse zugänglich. Unter dem Sular befindet sich ein Eingang zur Taverne. Es gibt kleinere Keller. In einem gibt es normalerweise einen Brotofen, der von mehreren Haushalten benutzt wird. Andere Scheunen sind für Esel und Ziegen.</p></div></div><div class='clear_column'></div></p>
<p style="text-align: right;"><a href="#seite_oben">natrag na vrh / Seitenanfang</a></p>
<hr />
<p><strong>Linkovi / Links</strong></p>
<p><span style="color: #3366ff;"><a style="color: #3366ff;" href="https://www.topohvar.at/topo/orte/sg/sg-is-35-2/">Spomen ploča »U uvoj zgradi 22. 8. 1942« / Gedenktafel – in diesem Gebäude am 22.8.1942</a></span></p>

<p>Ime / Name Kuća »Dinko Pavičić (Rašnik)« / Haus Dinko Pavičić (Rašnik) Code: SG-TG-02 (E-D13-3)                               Adresa / Adresse Stari Grad, Polje, Rašnik Lokacija / Position Latitude: N &hellip; <a href="https://www.topohvar.at/topo/orte/sg/sg-tg-02-1/">Weiterlesen <span class="meta-nav">&rarr;</span></a></p>
