{"id":428,"date":"2018-07-25T11:52:59","date_gmt":"2018-07-25T09:52:59","guid":{"rendered":"https:\/\/www.topohvar.at\/?page_id=428"},"modified":"2022-01-30T10:34:12","modified_gmt":"2022-01-30T09:34:12","slug":"bo-ci-01-2","status":"publish","type":"page","link":"https:\/\/www.topohvar.at\/topo\/orte\/bo\/bo-ci-01-2\/","title":{"rendered":"BOGOMOLJE &#8211; \u017dupna crkva \u00bbSv. Marije\u00ab"},"content":{"rendered":"<p><a name=\"seite_oben\"><\/a><br \/>\n<strong><img loading=\"lazy\" decoding=\"async\" class=\"alignnone wp-image-439 size-large\" src=\"https:\/\/www.topohvar.at\/wp-content\/uploads\/2018\/07\/BO-CI-01-1-1024x503.jpg\" alt=\"\" width=\"640\" height=\"314\" srcset=\"https:\/\/www.topohvar.at\/wp-content\/uploads\/2018\/07\/BO-CI-01-1-1024x503.jpg 1024w, https:\/\/www.topohvar.at\/wp-content\/uploads\/2018\/07\/BO-CI-01-1-300x147.jpg 300w, https:\/\/www.topohvar.at\/wp-content\/uploads\/2018\/07\/BO-CI-01-1-768x377.jpg 768w\" sizes=\"auto, (max-width: 640px) 100vw, 640px\" \/><\/strong><\/p>\n<p><strong>Ime \/ Name<br \/>\n<\/strong>\u017dupna crkva \u00bbSv. Marije\u00ab (Gospa od Karmena, Navje\u0161tenja Bla\u017eene Djevice Marije)\u00ab \/ Pfarrkirche zur hl. Maria (Unsere liebe Frau vom Berg Karmel,\u00a0Verk\u00fcndigung der Jungfrau Maria<\/p>\n<p><strong>Code: <\/strong>BO-CI-01\u00a0 \u00a0 \u00a0 \u00a0 \u00a0 \u00a0 \u00a0 \u00a0 \u00a0 \u00a0\u00a0<strong>\u00a0 \u00a0 \u00a0 \u00a0 \u00a0\u00a0 \u00a0 \u00a0 \u00a0<a href=\"https:\/\/www.topohvar.at\/orte\/bo\/\"><img loading=\"lazy\" decoding=\"async\" class=\"alignnone wp-image-535 size-full\" src=\"https:\/\/www.topohvar.at\/wp-content\/uploads\/2018\/07\/push-o-30.jpg\" alt=\"\" width=\"61\" height=\"30\" \/><\/a>\u00a0<a href=\"https:\/\/www.topohvar.at\/orte\/bo\/bo-ci-02-2\/\"><img loading=\"lazy\" decoding=\"async\" class=\"alignnone wp-image-536 size-full\" src=\"https:\/\/www.topohvar.at\/wp-content\/uploads\/2018\/07\/push-r-30.jpg\" alt=\"\" width=\"61\" height=\"30\" \/><\/a>\u00a0<a href=\"https:\/\/www.topohvar.at\/orte\/bo\/bo-ck-01-2\/\"><img loading=\"lazy\" decoding=\"async\" class=\"alignnone wp-image-12299 size-full\" src=\"https:\/\/www.topohvar.at\/wp-content\/uploads\/2018\/09\/push-next-30.jpg\" alt=\"\" width=\"61\" height=\"30\" \/><\/a><\/strong><\/p>\n<hr \/>\n<p><strong>Adresa \/ Adresse<br \/>\n<\/strong>Bogomolje<\/p>\n<p><strong>Lokacija <\/strong><strong> \/ Position<a href=\"https:\/\/goo.gl\/maps\/1YXjjvuPd6mcCxHF6\"><img loading=\"lazy\" decoding=\"async\" class=\"alignright wp-image-441\" src=\"https:\/\/www.topohvar.at\/wp-content\/uploads\/2018\/07\/0001.jpg\" alt=\"\" width=\"134\" height=\"100\" \/><\/a><br \/>\n<\/strong><span style=\"color: #3366ff;\"><a style=\"color: #3366ff;\" href=\"https:\/\/goo.gl\/maps\/1YXjjvuPd6mcCxHF6\">Latitude: N\u00a043,13076\u00b0\u00a0 \u00a0 Longitude: E\u00a016,99250\u00b0\u00a0<\/a><\/span><strong><br \/>\n<\/strong>Visina \/ H\u00f6he: 233 m<\/p>\n<p><strong>Katastarska \u010destica <\/strong><strong> \/ Grundst\u00fccke<br \/>\n<\/strong>*16, 651<div class='content-column one_half'><div style=\"padding-right:6px;\"><p><strong>Datum snimanja \/ Erfassungsdatum<br \/>\n<\/strong>26.05.2013 15:28:00<\/p>\n<hr \/>\n<p><strong>Informacije<\/strong><\/p>\n<p>Crkva je gra\u0111ena u 16. st., a prvi put se spominje u vizitaciji biskupa Valeria 1579. Sada\u0161nji izgled je baroknog stile iz po\u010detka 18. stolje\u0107a. Isto\u010dno od crkve je podignuto novo grobi\u0161te.<\/p><\/div><\/div><div class='content-column one_half last_column'><div style=\"padding-right:0px;padding-left:6px;\"><p><strong>Stupanj za\u0161tite <\/strong><strong> \/ Schutzstellung<br \/>\n<\/strong>RST-419,24\/55-1975 (Inventar)<\/p>\n<hr \/>\n<p><strong>Info<\/strong><\/p>\n<p>Die Kirche wurde im 16. Jahrhundert erbaut und zum ersten Mal im Zuge der Visitation von Bischof Valeria im Jahr 1579 erw\u00e4hnt. Das heutige barocke Aussehen erhielt sie im fr\u00fchen 18. Jahrhundert.<\/p><\/div><\/div><div class='clear_column'><\/div><div class='content-column one_half'><div style=\"padding-right:6px;\"><p>Godine 1627. pod crkve bio je pun grobnica, a groblje je postojalo i uokolo nje, iako se tada u njemu iz nekoga razloga nije sahnranjivalo. Za po\u0161ienja crkve u 18. st. grade se nove grobnice 1758.g., a 1777.g. radi ih u crkvi majstor Butijerovi\u0107, i na grobi\u0161tu \u2013 tada opasanom zidom \u2013 majstor Ignacije. Na\u017ealost su\u00a0 grobnice u crkvi prekrivene betonskim podom oko 1920. godine. Grobi\u0161te oko crkve slu\u017eilo je do konca 19. st., kada je podignuto novo isto\u010dno od crkve. <em>(Izvor: Jo\u0161ko Kova\u010di\u0107, \u017dupa Bogomolje na Hvaru)<\/em><\/p><\/div><\/div><div class='content-column one_half last_column'><div style=\"padding-right:0px;padding-left:6px;\"><p>Im Jahr 1627 war der Boden der Kirche voller Gr\u00e4ber, und ein Friedhof existierte auch um die Kirche herum, obwohl zu dieser Zeit aus irgendeinem Grund hier niemand begraben wurde. 1758 und 1777 wurden neue Gr\u00e4ber errichtet, um die Kirche besuchen zu k\u00f6nnen. Sie werden in der Kirche von Meister Butijerovi\u0107 und auf dem Friedhof &#8211; damals von einer Mauer umgeben &#8211; von Meister Ignatius hergestellt. Die Gr\u00e4ber in der Kirche wurden um 1920 mit einem Betonboden bedeckt. Der Friedhof rund um die Kirche diente bis zum Ende des 19. Jahrhunderts, als \u00f6stlich der Kirche ein neuer Friedhof errichtet wurde. <em>(Quelle: Jo\u0161ko Kova\u010di\u0107, \u017dupa Bogomolje na Hvaru)<\/em><\/p><\/div><\/div><div class='clear_column'><\/div><div class='content-column one_third'><div style=\"padding-right:6px;\"><p>Gospa Karmelska ili Gospa od (brda) Karmela, katoli\u010dki je blagdan koji se slavi 16. srpnja u uspomenu na za\u0161titu Majke Bo\u017eje. Nakon mise, kip Gospe od Karmela nosi se kroz selo u tradicionalnoj procesiji.<\/p><\/div><\/div><div class='content-column one_third'><div style=\"padding-right:6px;\"><p><img loading=\"lazy\" decoding=\"async\" class=\"wp-image-33898 size-full\" src=\"https:\/\/www.topohvar.at\/wp-content\/uploads\/2020\/03\/bo-ci-01-7.jpg\" alt=\"\" width=\"195\" height=\"195\" srcset=\"https:\/\/www.topohvar.at\/wp-content\/uploads\/2020\/03\/bo-ci-01-7.jpg 195w, https:\/\/www.topohvar.at\/wp-content\/uploads\/2020\/03\/bo-ci-01-7-150x150.jpg 150w\" sizes=\"auto, (max-width: 195px) 100vw, 195px\" \/><\/p><\/div><\/div><div class='content-column one_third last_column'><div style=\"padding-right:0px;padding-left:6px;\"><p>Unsere Liebe Frau von Carmel oder Unsere Liebe Frau vom (Berg) Carmel, ist ein katholischer Feiertag, der am 16. Juli in Erinnerung an den Schutzheilige Mutter Gottes gefeiert wird. Nach der Messe wird in der traditionellen Prozession die Statue Unserer Lieben Frau vom (Berg) Carmel durch den Ort getragen.<\/p><\/div><\/div><div class='clear_column'><\/div><div class='content-column one_half'><div style=\"padding-right:6px;\"><p>Inventar crkve sastoji se od 9 predmeta iz razdoblja od XV.-XVIII. stolje\u0107a. Najzna\u010dajniji je kale\u017e iz XV. stolje\u0107a, goti\u010dkog sloga, kao i vise\u0107i svije\u0107njak iz \u0161arenog stakla iz XVIII. stolje\u0107a. Inventar je za\u0161ti\u0107eno kulturno dobro.<\/p><\/div><\/div><div class='content-column one_half last_column'><div style=\"padding-right:0px;padding-left:6px;\"><p>Das Kircheninventar besteht aus 9 Gegenst\u00e4nden aus der Zeit vom 15.-18. Jahrhundert. Am bedeutendsten ist der gotische Kelch aus dem 15. Jahrhundert, sowie ein h\u00e4ngender Kerzenhalter aus buntem Glas aus dem 18. Jahrhundert. Das Inventar ist gesch\u00fctztes Kulturgut.<\/p><\/div><\/div><div class='clear_column'><\/div><div class='content-column one_half'><div style=\"padding-right:6px;\"><p>Oznaka kulturnog dobra: RST-419,24\/55-1975<br \/>\nVrsta: pokretno kulturno dobro \u2013 zbirka<br \/>\nPravni status: za\u0161ti\u0107eno kulturno dobro<\/p><\/div><\/div><div class='content-column one_half last_column'><div style=\"padding-right:0px;padding-left:6px;\"><p>Code f\u00fcr Kulturg\u00fcter: RST-419,24 \/ 55-1975<br \/>\nTyp: bewegliches Kulturgut &#8211; Sammlung<br \/>\nRechtsstatus: gesch\u00fctztes Kulturgut<\/p><\/div><\/div><div class='clear_column'><\/div><\/p>\n<hr \/>\n<div class='content-column one_half'><div style=\"padding-right:6px;\"><p><strong>Brdo Karmel<\/strong> u Palestini uz obalu Sredozemnoga mora mjesto je odakle je Ilija prorok branio vjeru u Izraelu. U Starom Zavjetu spominje se kao mjesto gdje je prorok Ilija izazvao 450 Baalovih proroka da vide koji \u0107e Bog uspjeti zapaliti \u017ertvenu vatru, \u0161to je zavr\u0161ilo Ilijinom i Jahveovom pobjedom.<\/p><\/div><\/div><div class='content-column one_half last_column'><div style=\"padding-right:0px;padding-left:6px;\"><p><strong>Der Berg Carmel<\/strong> in Pal\u00e4stina am Mittelmeer ist der Ort, an dem der Ilianische Prophet den Glauben in Israel verteidigte. Im Alten Testament wird es als der Ort erw\u00e4hnt, an dem der Prophet Elias 450 Baal-Propheten veranlasste, zu sehen, wer es Gott gelingen w\u00fcrde, das Opferfeuer zu verbrennen, das mit Elias und dem Sieg Jahwes endete.<\/p><\/div><\/div><div class='clear_column'><\/div><div class='content-column one_half'><div style=\"padding-right:6px;\"><p>Karmel je i mjesto na kojem je za vrijeme kri\u017earskih ratova 1155. godine osnovao kri\u017ear Bertold iz Kalabrije osnovao i po kome je nazvao rimokatoli\u010dkicrkveni red &#8211; Karmeli\u0107ani. U doba kri\u017earskih ratova po\u010deli su se skupljati u zajednice na Karmelu pobo\u017eni mu\u017eevi da tu u pokori i molitvi, pod za\u0161titom Bla\u017eene Djevice Marije, slu\u017ee Bogu. Za njih je prvo pravilo sastavio sveti Albert, jeruzalemski patrijarh 1209. godine. Po gori Karmelu i kapeli Bla\u017eene Djevice Marije ovi su se redovnici nazvali &#8222;Bra\u0107a Bla\u017eene Djevice Marije od gore Karmela&#8220;. U karmeli\u0107anskoj crkvi u Haifi razni natpisi uklesani u mramor i danas svjedo\u010de o postanku karmelskoga reda<\/p><\/div><\/div><div class='content-column one_half last_column'><div style=\"padding-right:0px;padding-left:6px;\"><p>Carmel ist auch der Ort, an dem w\u00e4hrend der Kreuzz\u00fcge im Jahr 1155 der Kreuzritter Bertold aus Kalabrien den r\u00f6misch-katholischen Orden gr\u00fcndete und ihn die Karmeliter nannte. Zur Zeit der Kreuzz\u00fcge versammelten sich die frommen M\u00e4nner in der Carmel-Gemeinschaft, um gehorchen, zu beten und unter dem Schutz der allerseligsten Jungfrau Maria Gott zu dienen. Die erste Regel wurde 1209 von St. Albert, dem Patriarchen von Jerusalem, verfasst. Auf dem Berg Carmel mit der Kapelle der Heiligen Jungfrau Maria, nannten sich diese M\u00f6nche &#8222;Bruderschaft der seligen Jungfrau Maria vom Berg Carmel&#8220;. In der Karmeliterkirche von Haifa sind verschiedene marmorierte Inschriften noch Zeuge der Entstehung des Karmeliterordens.<\/p><\/div><\/div><div class='clear_column'><\/div><\/p>\n<p style=\"text-align: right;\"><span style=\"color: #3366ff;\"><a style=\"color: #3366ff;\" href=\"#seite_oben\">natrag na vrh \/ Seitenanfang<\/a><\/span><\/p>\n<hr \/>\n<p><strong>Linkovi \/ Links<\/strong><\/p>\n<p><span style=\"color: #3366ff;\"><a style=\"color: #3366ff;\" href=\"https:\/\/www.topohvar.at\/topo\/orte\/bo\/bo-cz-01-2\/\">Kri\u017e \u00bbispred crkve\u00ab \/ Kreuz vor der Kirche<\/a><\/span><\/p>\n","protected":false},"excerpt":{"rendered":"<p>Ime \/ Name \u017dupna crkva \u00bbSv. Marije\u00ab (Gospa od Karmena, Navje\u0161tenja Bla\u017eene Djevice Marije)\u00ab \/ Pfarrkirche zur hl. Maria (Unsere liebe Frau vom Berg Karmel,\u00a0Verk\u00fcndigung der Jungfrau Maria Code: BO-CI-01\u00a0 \u00a0 \u00a0 \u00a0 \u00a0 \u00a0 \u00a0 \u00a0 \u00a0 \u00a0\u00a0\u00a0 \u00a0 &hellip; <a href=\"https:\/\/www.topohvar.at\/topo\/orte\/bo\/bo-ci-01-2\/\">Weiterlesen <span class=\"meta-nav\">&rarr;<\/span><\/a><\/p>\n","protected":false},"author":1,"featured_media":0,"parent":63,"menu_order":0,"comment_status":"closed","ping_status":"closed","template":"","meta":{"footnotes":""},"class_list":["post-428","page","type-page","status-publish","hentry"],"_links":{"self":[{"href":"https:\/\/www.topohvar.at\/topo\/wp-json\/wp\/v2\/pages\/428","targetHints":{"allow":["GET"]}}],"collection":[{"href":"https:\/\/www.topohvar.at\/topo\/wp-json\/wp\/v2\/pages"}],"about":[{"href":"https:\/\/www.topohvar.at\/topo\/wp-json\/wp\/v2\/types\/page"}],"author":[{"embeddable":true,"href":"https:\/\/www.topohvar.at\/topo\/wp-json\/wp\/v2\/users\/1"}],"replies":[{"embeddable":true,"href":"https:\/\/www.topohvar.at\/topo\/wp-json\/wp\/v2\/comments?post=428"}],"version-history":[{"count":51,"href":"https:\/\/www.topohvar.at\/topo\/wp-json\/wp\/v2\/pages\/428\/revisions"}],"predecessor-version":[{"id":56938,"href":"https:\/\/www.topohvar.at\/topo\/wp-json\/wp\/v2\/pages\/428\/revisions\/56938"}],"up":[{"embeddable":true,"href":"https:\/\/www.topohvar.at\/topo\/wp-json\/wp\/v2\/pages\/63"}],"wp:attachment":[{"href":"https:\/\/www.topohvar.at\/topo\/wp-json\/wp\/v2\/media?parent=428"}],"curies":[{"name":"wp","href":"https:\/\/api.w.org\/{rel}","templated":true}]}}

BOGOMOLJE &#8211; Župna crkva »Sv. Marije«

<p><a name="seite_oben"></a><br />
<strong><img loading="lazy" decoding="async" class="alignnone wp-image-439 size-large" src="https://www.topohvar.at/wp-content/uploads/2018/07/BO-CI-01-1-1024x503.jpg" alt="" width="640" height="314" srcset="https://www.topohvar.at/wp-content/uploads/2018/07/BO-CI-01-1-1024x503.jpg 1024w, https://www.topohvar.at/wp-content/uploads/2018/07/BO-CI-01-1-300x147.jpg 300w, https://www.topohvar.at/wp-content/uploads/2018/07/BO-CI-01-1-768x377.jpg 768w" sizes="auto, (max-width: 640px) 100vw, 640px" /></strong></p>
<p><strong>Ime / Name<br />
</strong>Župna crkva »Sv. Marije« (Gospa od Karmena, Navještenja Blažene Djevice Marije)« / Pfarrkirche zur hl. Maria (Unsere liebe Frau vom Berg Karmel, Verkündigung der Jungfrau Maria</p>
<p><strong>Code: </strong>BO-CI-01                    <strong>                <a href="https://www.topohvar.at/orte/bo/"><img loading="lazy" decoding="async" class="alignnone wp-image-535 size-full" src="https://www.topohvar.at/wp-content/uploads/2018/07/push-o-30.jpg" alt="" width="61" height="30" /></a> <a href="https://www.topohvar.at/orte/bo/bo-ci-02-2/"><img loading="lazy" decoding="async" class="alignnone wp-image-536 size-full" src="https://www.topohvar.at/wp-content/uploads/2018/07/push-r-30.jpg" alt="" width="61" height="30" /></a> <a href="https://www.topohvar.at/orte/bo/bo-ck-01-2/"><img loading="lazy" decoding="async" class="alignnone wp-image-12299 size-full" src="https://www.topohvar.at/wp-content/uploads/2018/09/push-next-30.jpg" alt="" width="61" height="30" /></a></strong></p>
<hr />
<p><strong>Adresa / Adresse<br />
</strong>Bogomolje</p>
<p><strong>Lokacija </strong><strong> / Position<a href="https://goo.gl/maps/1YXjjvuPd6mcCxHF6"><img loading="lazy" decoding="async" class="alignright wp-image-441" src="https://www.topohvar.at/wp-content/uploads/2018/07/0001.jpg" alt="" width="134" height="100" /></a><br />
</strong><span style="color: #3366ff;"><a style="color: #3366ff;" href="https://goo.gl/maps/1YXjjvuPd6mcCxHF6">Latitude: N 43,13076°    Longitude: E 16,99250° </a></span><strong><br />
</strong>Visina / Höhe: 233 m</p>
<p><strong>Katastarska čestica </strong><strong> / Grundstücke<br />
</strong>*16, 651<div class='content-column one_half'><div style="padding-right:6px;"><p><strong>Datum snimanja / Erfassungsdatum<br />
</strong>26.05.2013 15:28:00</p>
<hr />
<p><strong>Informacije</strong></p>
<p>Crkva je građena u 16. st., a prvi put se spominje u vizitaciji biskupa Valeria 1579. Sadašnji izgled je baroknog stile iz početka 18. stoljeća. Istočno od crkve je podignuto novo grobište.</p></div></div><div class='content-column one_half last_column'><div style="padding-right:0px;padding-left:6px;"><p><strong>Stupanj zaštite </strong><strong> / Schutzstellung<br />
</strong>RST-419,24/55-1975 (Inventar)</p>
<hr />
<p><strong>Info</strong></p>
<p>Die Kirche wurde im 16. Jahrhundert erbaut und zum ersten Mal im Zuge der Visitation von Bischof Valeria im Jahr 1579 erwähnt. Das heutige barocke Aussehen erhielt sie im frühen 18. Jahrhundert.</p></div></div><div class='clear_column'></div><div class='content-column one_half'><div style="padding-right:6px;"><p>Godine 1627. pod crkve bio je pun grobnica, a groblje je postojalo i uokolo nje, iako se tada u njemu iz nekoga razloga nije sahnranjivalo. Za pošienja crkve u 18. st. grade se nove grobnice 1758.g., a 1777.g. radi ih u crkvi majstor Butijerović, i na grobištu – tada opasanom zidom – majstor Ignacije. Nažalost su  grobnice u crkvi prekrivene betonskim podom oko 1920. godine. Grobište oko crkve služilo je do konca 19. st., kada je podignuto novo istočno od crkve. <em>(Izvor: Joško Kovačić, Župa Bogomolje na Hvaru)</em></p></div></div><div class='content-column one_half last_column'><div style="padding-right:0px;padding-left:6px;"><p>Im Jahr 1627 war der Boden der Kirche voller Gräber, und ein Friedhof existierte auch um die Kirche herum, obwohl zu dieser Zeit aus irgendeinem Grund hier niemand begraben wurde. 1758 und 1777 wurden neue Gräber errichtet, um die Kirche besuchen zu können. Sie werden in der Kirche von Meister Butijerović und auf dem Friedhof &#8211; damals von einer Mauer umgeben &#8211; von Meister Ignatius hergestellt. Die Gräber in der Kirche wurden um 1920 mit einem Betonboden bedeckt. Der Friedhof rund um die Kirche diente bis zum Ende des 19. Jahrhunderts, als östlich der Kirche ein neuer Friedhof errichtet wurde. <em>(Quelle: Joško Kovačić, Župa Bogomolje na Hvaru)</em></p></div></div><div class='clear_column'></div><div class='content-column one_third'><div style="padding-right:6px;"><p>Gospa Karmelska ili Gospa od (brda) Karmela, katolički je blagdan koji se slavi 16. srpnja u uspomenu na zaštitu Majke Božje. Nakon mise, kip Gospe od Karmela nosi se kroz selo u tradicionalnoj procesiji.</p></div></div><div class='content-column one_third'><div style="padding-right:6px;"><p><img loading="lazy" decoding="async" class="wp-image-33898 size-full" src="https://www.topohvar.at/wp-content/uploads/2020/03/bo-ci-01-7.jpg" alt="" width="195" height="195" srcset="https://www.topohvar.at/wp-content/uploads/2020/03/bo-ci-01-7.jpg 195w, https://www.topohvar.at/wp-content/uploads/2020/03/bo-ci-01-7-150x150.jpg 150w" sizes="auto, (max-width: 195px) 100vw, 195px" /></p></div></div><div class='content-column one_third last_column'><div style="padding-right:0px;padding-left:6px;"><p>Unsere Liebe Frau von Carmel oder Unsere Liebe Frau vom (Berg) Carmel, ist ein katholischer Feiertag, der am 16. Juli in Erinnerung an den Schutzheilige Mutter Gottes gefeiert wird. Nach der Messe wird in der traditionellen Prozession die Statue Unserer Lieben Frau vom (Berg) Carmel durch den Ort getragen.</p></div></div><div class='clear_column'></div><div class='content-column one_half'><div style="padding-right:6px;"><p>Inventar crkve sastoji se od 9 predmeta iz razdoblja od XV.-XVIII. stoljeća. Najznačajniji je kalež iz XV. stoljeća, gotičkog sloga, kao i viseći svijećnjak iz šarenog stakla iz XVIII. stoljeća. Inventar je zaštićeno kulturno dobro.</p></div></div><div class='content-column one_half last_column'><div style="padding-right:0px;padding-left:6px;"><p>Das Kircheninventar besteht aus 9 Gegenständen aus der Zeit vom 15.-18. Jahrhundert. Am bedeutendsten ist der gotische Kelch aus dem 15. Jahrhundert, sowie ein hängender Kerzenhalter aus buntem Glas aus dem 18. Jahrhundert. Das Inventar ist geschütztes Kulturgut.</p></div></div><div class='clear_column'></div><div class='content-column one_half'><div style="padding-right:6px;"><p>Oznaka kulturnog dobra: RST-419,24/55-1975<br />
Vrsta: pokretno kulturno dobro – zbirka<br />
Pravni status: zaštićeno kulturno dobro</p></div></div><div class='content-column one_half last_column'><div style="padding-right:0px;padding-left:6px;"><p>Code für Kulturgüter: RST-419,24 / 55-1975<br />
Typ: bewegliches Kulturgut &#8211; Sammlung<br />
Rechtsstatus: geschütztes Kulturgut</p></div></div><div class='clear_column'></div></p>
<hr />
<div class='content-column one_half'><div style="padding-right:6px;"><p><strong>Brdo Karmel</strong> u Palestini uz obalu Sredozemnoga mora mjesto je odakle je Ilija prorok branio vjeru u Izraelu. U Starom Zavjetu spominje se kao mjesto gdje je prorok Ilija izazvao 450 Baalovih proroka da vide koji će Bog uspjeti zapaliti žrtvenu vatru, što je završilo Ilijinom i Jahveovom pobjedom.</p></div></div><div class='content-column one_half last_column'><div style="padding-right:0px;padding-left:6px;"><p><strong>Der Berg Carmel</strong> in Palästina am Mittelmeer ist der Ort, an dem der Ilianische Prophet den Glauben in Israel verteidigte. Im Alten Testament wird es als der Ort erwähnt, an dem der Prophet Elias 450 Baal-Propheten veranlasste, zu sehen, wer es Gott gelingen würde, das Opferfeuer zu verbrennen, das mit Elias und dem Sieg Jahwes endete.</p></div></div><div class='clear_column'></div><div class='content-column one_half'><div style="padding-right:6px;"><p>Karmel je i mjesto na kojem je za vrijeme križarskih ratova 1155. godine osnovao križar Bertold iz Kalabrije osnovao i po kome je nazvao rimokatoličkicrkveni red &#8211; Karmelićani. U doba križarskih ratova počeli su se skupljati u zajednice na Karmelu pobožni muževi da tu u pokori i molitvi, pod zaštitom Blažene Djevice Marije, služe Bogu. Za njih je prvo pravilo sastavio sveti Albert, jeruzalemski patrijarh 1209. godine. Po gori Karmelu i kapeli Blažene Djevice Marije ovi su se redovnici nazvali &#8222;Braća Blažene Djevice Marije od gore Karmela&#8220;. U karmelićanskoj crkvi u Haifi razni natpisi uklesani u mramor i danas svjedoče o postanku karmelskoga reda</p></div></div><div class='content-column one_half last_column'><div style="padding-right:0px;padding-left:6px;"><p>Carmel ist auch der Ort, an dem während der Kreuzzüge im Jahr 1155 der Kreuzritter Bertold aus Kalabrien den römisch-katholischen Orden gründete und ihn die Karmeliter nannte. Zur Zeit der Kreuzzüge versammelten sich die frommen Männer in der Carmel-Gemeinschaft, um gehorchen, zu beten und unter dem Schutz der allerseligsten Jungfrau Maria Gott zu dienen. Die erste Regel wurde 1209 von St. Albert, dem Patriarchen von Jerusalem, verfasst. Auf dem Berg Carmel mit der Kapelle der Heiligen Jungfrau Maria, nannten sich diese Mönche &#8222;Bruderschaft der seligen Jungfrau Maria vom Berg Carmel&#8220;. In der Karmeliterkirche von Haifa sind verschiedene marmorierte Inschriften noch Zeuge der Entstehung des Karmeliterordens.</p></div></div><div class='clear_column'></div></p>
<p style="text-align: right;"><span style="color: #3366ff;"><a style="color: #3366ff;" href="#seite_oben">natrag na vrh / Seitenanfang</a></span></p>
<hr />
<p><strong>Linkovi / Links</strong></p>
<p><span style="color: #3366ff;"><a style="color: #3366ff;" href="https://www.topohvar.at/topo/orte/bo/bo-cz-01-2/">Križ »ispred crkve« / Kreuz vor der Kirche</a></span></p>

<p>Ime / Name Župna crkva »Sv. Marije« (Gospa od Karmena, Navještenja Blažene Djevice Marije)« / Pfarrkirche zur hl. Maria (Unsere liebe Frau vom Berg Karmel, Verkündigung der Jungfrau Maria Code: BO-CI-01                        &hellip; <a href="https://www.topohvar.at/topo/orte/bo/bo-ci-01-2/">Weiterlesen <span class="meta-nav">&rarr;</span></a></p>
