{"id":43542,"date":"2020-11-12T18:42:07","date_gmt":"2020-11-12T17:42:07","guid":{"rendered":"https:\/\/www.topohvar.at\/topo\/?page_id=43542"},"modified":"2021-12-05T18:06:48","modified_gmt":"2021-12-05T17:06:48","slug":"za-tr-88-1","status":"publish","type":"page","link":"https:\/\/www.topohvar.at\/topo\/orte\/za\/za-tr-88-1\/","title":{"rendered":"ZASTRA\u017dI\u0160\u0106E &#8211; Trim \u00bbZA-TR-88\u00ab"},"content":{"rendered":"<p><a name=\"seite_oben\"><\/a><br \/>\n<strong><img loading=\"lazy\" decoding=\"async\" class=\"alignnone wp-image-52023 size-full\" src=\"https:\/\/www.topohvar.at\/wp-content\/uploads\/2021\/10\/za-tr-88-1.jpg\" alt=\"\" width=\"1080\" height=\"530\" srcset=\"https:\/\/www.topohvar.at\/wp-content\/uploads\/2021\/10\/za-tr-88-1.jpg 1080w, https:\/\/www.topohvar.at\/wp-content\/uploads\/2021\/10\/za-tr-88-1-300x147.jpg 300w, https:\/\/www.topohvar.at\/wp-content\/uploads\/2021\/10\/za-tr-88-1-1024x503.jpg 1024w, https:\/\/www.topohvar.at\/wp-content\/uploads\/2021\/10\/za-tr-88-1-768x377.jpg 768w\" sizes=\"auto, (max-width: 1080px) 100vw, 1080px\" \/><\/strong><\/p>\n<p><strong>Ime \/ Name<br \/>\n<\/strong>Trim \u00bbZA-TR-88\u00ab<\/p>\n<p><strong>Code: <\/strong>ZA-TR-88\u00a0 \u00a0 \u00a0 \u00a0 \u00a0 \u00a0 \u00a0 \u00a0 \u00a0 \u00a0 \u00a0 \u00a0 \u00a0 \u00a0 <a href=\"https:\/\/www.topohvar.at\/orte\/za\/za-tr-00-00\/\"><img loading=\"lazy\" decoding=\"async\" class=\"alignnone wp-image-12300 size-full\" src=\"https:\/\/www.topohvar.at\/wp-content\/uploads\/2018\/09\/push-vor-30.jpg\" alt=\"\" width=\"61\" height=\"30\" \/><\/a>\u00a0<strong><a href=\"https:\/\/www.topohvar.at\/orte\/za\/za-tr-83-1\/\"><img loading=\"lazy\" decoding=\"async\" class=\"alignnone wp-image-533 size-full\" src=\"https:\/\/www.topohvar.at\/wp-content\/uploads\/2018\/07\/push-l-30.jpg\" alt=\"\" width=\"61\" height=\"30\" \/><\/a> <a href=\"https:\/\/www.topohvar.at\/orte\/za\/\"><img loading=\"lazy\" decoding=\"async\" class=\"alignnone wp-image-535 size-full\" src=\"https:\/\/www.topohvar.at\/wp-content\/uploads\/2018\/07\/push-o-30.jpg\" alt=\"\" width=\"61\" height=\"30\" \/><\/a> <a href=\"https:\/\/www.topohvar.at\/orte\/za\/za-tr-86-1\/\"><img loading=\"lazy\" decoding=\"async\" class=\"alignnone wp-image-536 size-full\" src=\"https:\/\/www.topohvar.at\/wp-content\/uploads\/2018\/07\/push-r-30.jpg\" alt=\"\" width=\"61\" height=\"30\" \/><\/a><\/strong><\/p>\n<hr \/>\n<p><strong>Adresa \/ Adresse<br \/>\n<\/strong>Zastra\u017ei\u0161\u0107e, Peri\u0161ka glava, sjeverno od D. Polja<\/p>\n<p><strong>Lokacija \/ Position<a href=\"https:\/\/goo.gl\/maps\/po6rWRsKkE8f7jNH6\"><img loading=\"lazy\" decoding=\"async\" class=\"alignright wp-image-43543\" src=\"https:\/\/www.topohvar.at\/wp-content\/uploads\/2020\/11\/3059.jpg\" alt=\"\" width=\"134\" height=\"100\" \/><\/a><br \/>\n<\/strong><a href=\"https:\/\/goo.gl\/maps\/po6rWRsKkE8f7jNH6\"><span style=\"color: #3366ff;\">Latitude: N 43,15420\u00b0\u00a0 \u00a0Longitude: E 16,83288\u00b0<\/span><\/a> <strong><br \/>\n<\/strong>Visina \/ H\u00f6he: 148 m<\/p>\n<p><strong>Katastarska \u010destica \/ Grundst\u00fccke<br \/>\n<\/strong>1227\/261<div class='content-column one_half'><div style=\"padding-right:6px;\"><p><strong>Datum snimanja \/ Erfassungsdatum<br \/>\n<\/strong>03.10.2021 15:30:00<\/p>\n<hr \/>\n<p><strong>Informacije<\/strong><\/p>\n<p>Trim je skriven u grmlju, sjeverno od sela D. Polje. Trostupanjski trim je o\u0161te\u0107en na lijevoj strani. S desne strane nalazi se mala prostorija za\u0161ti\u0107ena zidovima. Kameni Stepeni\u0161te vode do prvoj stepenici na stra\u017enje strane trima. U djelomi\u010dno kutnoj unutra\u0161njosti nalazi se zidna ni\u0161a.<\/p><\/div><\/div><div class='content-column one_half last_column'><div style=\"padding-right:0px;padding-left:6px;\"><p><strong>Stupanj za\u0161tite \/ Schutzstellung<br \/>\n<\/strong>&#8211;<\/p>\n<hr \/>\n<p><strong>Info<\/strong><\/p>\n<p>Der Trim befindet sich, im Buschwerk versteckt, n\u00f6rdlich der Ortschaft D. Polje. Der dreistufige Trim ist an seiner linken Seite besch\u00e4digt. An seiner rechten Seite findet man einen kleinen, durch Mauern gesch\u00fctzten Raum. Eine Steintreppe f\u00fchrt an der R\u00fcckseite des Trim auf dessen erste Stufe. Im zum Teil eckigen Innenraum befindet sich eine Wandnische.<\/p><\/div><\/div><div class='clear_column'><\/div><div class='content-column one_half'><div style=\"padding-right:6px;\"><p>Izvor: Hrvatska osnovna karta\u00a0&#8211; Geoportal DGU<\/p><\/div><\/div><div class='content-column one_half last_column'><div style=\"padding-right:0px;padding-left:6px;\"><p>Quelle: Grundkarte Kroatiens\u00a0&#8211; Geoportal DGU<\/p><\/div><\/div><div class='clear_column'><\/div><div class='content-column one_half'><div style=\"padding-right:6px;\"><div id=\"attachment_54372\" style=\"width: 310px\" class=\"wp-caption aligncenter\"><img loading=\"lazy\" decoding=\"async\" aria-describedby=\"caption-attachment-54372\" class=\"size-medium wp-image-54372\" src=\"https:\/\/www.topohvar.at\/wp-content\/uploads\/2021\/12\/za-tr-88-10-300x300.jpg\" alt=\"\" width=\"300\" height=\"300\" srcset=\"https:\/\/www.topohvar.at\/wp-content\/uploads\/2021\/12\/za-tr-88-10-300x300.jpg 300w, https:\/\/www.topohvar.at\/wp-content\/uploads\/2021\/12\/za-tr-88-10-150x150.jpg 150w, https:\/\/www.topohvar.at\/wp-content\/uploads\/2021\/12\/za-tr-88-10.jpg 450w\" sizes=\"auto, (max-width: 300px) 100vw, 300px\" \/><p id=\"caption-attachment-54372\" class=\"wp-caption-text\">Ulaz \/ Eingang<\/p><\/div>\n<p>Dana 03.10.2021 trim ZA-TR-88 je posje\u0107en i ustanovljeno je sljede\u0107e:<\/p>\n<p>Lokacija: grmlje<br \/>\nPodloga: padina<br \/>\nPovezan s: kamenim zidom<br \/>\nUpotreba: ne koristi se<br \/>\nStanje: dijelovi su se sru\u0161ili<br \/>\nBroj stepenica trima: 3<br \/>\nDodatni kameni prsten: nema kamenog prstena<br \/>\nStepeni\u0161te: stepenica<br \/>\nOblik kamena: uglast<br \/>\nPodru\u010dje ispred ulaza: lako dostupno<br \/>\nOrijentacija ulaza: SI (30\u00b0)<br \/>\nPromjer trima (cm): 430<br \/>\nVisina trima (cm): 310<br \/>\nVisina stepenica (cm): stepenica 1: 165 , stepenica 2: 255 , stepenica 3: 310<br \/>\nDebljina zida (cm): 100<br \/>\n\u0160irina vrata (cm): 65<br \/>\nVisina vrata (cm): 120<br \/>\n\u0160irina unutra (cm): 230<br \/>\nVisina unutra (cm): 280<br \/>\nVolumen iznutra (m3): 7,58<br \/>\nNi\u0161a 1 (P\/\u0160\/V\/D) (cm): 70 \/ 30 \/ 30 \/ 30<\/p><\/div><\/div><div class='content-column one_half last_column'><div style=\"padding-right:0px;padding-left:6px;\"><div id=\"attachment_54373\" style=\"width: 310px\" class=\"wp-caption aligncenter\"><img loading=\"lazy\" decoding=\"async\" aria-describedby=\"caption-attachment-54373\" class=\"size-medium wp-image-54373\" src=\"https:\/\/www.topohvar.at\/wp-content\/uploads\/2021\/12\/za-tr-88-11-300x300.jpg\" alt=\"\" width=\"300\" height=\"300\" srcset=\"https:\/\/www.topohvar.at\/wp-content\/uploads\/2021\/12\/za-tr-88-11-300x300.jpg 300w, https:\/\/www.topohvar.at\/wp-content\/uploads\/2021\/12\/za-tr-88-11-150x150.jpg 150w, https:\/\/www.topohvar.at\/wp-content\/uploads\/2021\/12\/za-tr-88-11.jpg 450w\" sizes=\"auto, (max-width: 300px) 100vw, 300px\" \/><p id=\"caption-attachment-54373\" class=\"wp-caption-text\">Stepeni\u0161ta \/ Treppe<\/p><\/div>\n<p>Am 03.10.2021 wurde der Trim ZA-TR-88 besucht und n\u00e4her untersucht:<\/p>\n<p>Standort: Buschwerk<br \/>\nUntergrund: Hanglage<br \/>\nVerbunden mit: Steinmauer<br \/>\nNutzung: ungenutzt<br \/>\nZustand: Teile abgest\u00fcrzt<br \/>\nAnzahl der Trimstufen: 3<br \/>\nZus\u00e4tzlicher Steinring: kein Steinring<br \/>\nStiege: Stiege<br \/>\nSteinform: kantig<br \/>\nEingangsbereich: frei<br \/>\nEingangsseite: NO (30\u00b0)<br \/>\nTrimdurchmesser (cm): 430<br \/>\nTrimh\u00f6he (cm): 310<br \/>\nH\u00f6he der Trimstufen (cm): Stufe 1: 165 , Stufe 2: 255 , Stufe 3: 310<br \/>\nWandst\u00e4rke (cm): 100<br \/>\nT\u00fcrbreite (cm): 65<br \/>\nT\u00fcrh\u00f6he (cm): 120<br \/>\nInnenraumbreite (cm): 230<br \/>\nInnenraumh\u00f6he (cm): 280<br \/>\nRaumvolumen (m3): 7,58<br \/>\nNische 1 (P\/B\/H\/T) (cm): 70 \/ 30 \/ 30 \/ 30<\/p><\/div><\/div><div class='clear_column'><\/div><\/p>\n<p><img loading=\"lazy\" decoding=\"async\" class=\"aligncenter size-full wp-image-54371\" src=\"https:\/\/www.topohvar.at\/wp-content\/uploads\/2021\/12\/za-tr-88-1-sca.jpg\" alt=\"\" width=\"640\" height=\"976\" srcset=\"https:\/\/www.topohvar.at\/wp-content\/uploads\/2021\/12\/za-tr-88-1-sca.jpg 640w, https:\/\/www.topohvar.at\/wp-content\/uploads\/2021\/12\/za-tr-88-1-sca-197x300.jpg 197w\" sizes=\"auto, (max-width: 640px) 100vw, 640px\" \/><\/p>\n<p style=\"text-align: right;\"><a href=\"#seite_oben\">natrag na vrh \/ Seitenanfang<\/a><\/p>\n<hr \/>\n<p><strong>Linkovi \/ Links<\/strong><\/p>\n<p>&#8211;<\/p>\n","protected":false},"excerpt":{"rendered":"<p>Ime \/ Name Trim \u00bbZA-TR-88\u00ab Code: ZA-TR-88\u00a0 \u00a0 \u00a0 \u00a0 \u00a0 \u00a0 \u00a0 \u00a0 \u00a0 \u00a0 \u00a0 \u00a0 \u00a0 \u00a0 \u00a0 Adresa \/ Adresse Zastra\u017ei\u0161\u0107e, Peri\u0161ka glava, sjeverno od D. Polja Lokacija \/ Position Latitude: N 43,15420\u00b0\u00a0 \u00a0Longitude: E 16,83288\u00b0 &hellip; <a href=\"https:\/\/www.topohvar.at\/topo\/orte\/za\/za-tr-88-1\/\">Weiterlesen <span class=\"meta-nav\">&rarr;<\/span><\/a><\/p>\n","protected":false},"author":1,"featured_media":0,"parent":115,"menu_order":0,"comment_status":"closed","ping_status":"closed","template":"","meta":{"footnotes":""},"class_list":["post-43542","page","type-page","status-publish","hentry"],"_links":{"self":[{"href":"https:\/\/www.topohvar.at\/topo\/wp-json\/wp\/v2\/pages\/43542","targetHints":{"allow":["GET"]}}],"collection":[{"href":"https:\/\/www.topohvar.at\/topo\/wp-json\/wp\/v2\/pages"}],"about":[{"href":"https:\/\/www.topohvar.at\/topo\/wp-json\/wp\/v2\/types\/page"}],"author":[{"embeddable":true,"href":"https:\/\/www.topohvar.at\/topo\/wp-json\/wp\/v2\/users\/1"}],"replies":[{"embeddable":true,"href":"https:\/\/www.topohvar.at\/topo\/wp-json\/wp\/v2\/comments?post=43542"}],"version-history":[{"count":9,"href":"https:\/\/www.topohvar.at\/topo\/wp-json\/wp\/v2\/pages\/43542\/revisions"}],"predecessor-version":[{"id":54750,"href":"https:\/\/www.topohvar.at\/topo\/wp-json\/wp\/v2\/pages\/43542\/revisions\/54750"}],"up":[{"embeddable":true,"href":"https:\/\/www.topohvar.at\/topo\/wp-json\/wp\/v2\/pages\/115"}],"wp:attachment":[{"href":"https:\/\/www.topohvar.at\/topo\/wp-json\/wp\/v2\/media?parent=43542"}],"curies":[{"name":"wp","href":"https:\/\/api.w.org\/{rel}","templated":true}]}}

ZASTRAŽIŠĆE &#8211; Trim »ZA-TR-88«

<p><a name="seite_oben"></a><br />
<strong><img loading="lazy" decoding="async" class="alignnone wp-image-52023 size-full" src="https://www.topohvar.at/wp-content/uploads/2021/10/za-tr-88-1.jpg" alt="" width="1080" height="530" srcset="https://www.topohvar.at/wp-content/uploads/2021/10/za-tr-88-1.jpg 1080w, https://www.topohvar.at/wp-content/uploads/2021/10/za-tr-88-1-300x147.jpg 300w, https://www.topohvar.at/wp-content/uploads/2021/10/za-tr-88-1-1024x503.jpg 1024w, https://www.topohvar.at/wp-content/uploads/2021/10/za-tr-88-1-768x377.jpg 768w" sizes="auto, (max-width: 1080px) 100vw, 1080px" /></strong></p>
<p><strong>Ime / Name<br />
</strong>Trim »ZA-TR-88«</p>
<p><strong>Code: </strong>ZA-TR-88                            <a href="https://www.topohvar.at/orte/za/za-tr-00-00/"><img loading="lazy" decoding="async" class="alignnone wp-image-12300 size-full" src="https://www.topohvar.at/wp-content/uploads/2018/09/push-vor-30.jpg" alt="" width="61" height="30" /></a> <strong><a href="https://www.topohvar.at/orte/za/za-tr-83-1/"><img loading="lazy" decoding="async" class="alignnone wp-image-533 size-full" src="https://www.topohvar.at/wp-content/uploads/2018/07/push-l-30.jpg" alt="" width="61" height="30" /></a> <a href="https://www.topohvar.at/orte/za/"><img loading="lazy" decoding="async" class="alignnone wp-image-535 size-full" src="https://www.topohvar.at/wp-content/uploads/2018/07/push-o-30.jpg" alt="" width="61" height="30" /></a> <a href="https://www.topohvar.at/orte/za/za-tr-86-1/"><img loading="lazy" decoding="async" class="alignnone wp-image-536 size-full" src="https://www.topohvar.at/wp-content/uploads/2018/07/push-r-30.jpg" alt="" width="61" height="30" /></a></strong></p>
<hr />
<p><strong>Adresa / Adresse<br />
</strong>Zastražišće, Periška glava, sjeverno od D. Polja</p>
<p><strong>Lokacija / Position<a href="https://goo.gl/maps/po6rWRsKkE8f7jNH6"><img loading="lazy" decoding="async" class="alignright wp-image-43543" src="https://www.topohvar.at/wp-content/uploads/2020/11/3059.jpg" alt="" width="134" height="100" /></a><br />
</strong><a href="https://goo.gl/maps/po6rWRsKkE8f7jNH6"><span style="color: #3366ff;">Latitude: N 43,15420°   Longitude: E 16,83288°</span></a> <strong><br />
</strong>Visina / Höhe: 148 m</p>
<p><strong>Katastarska čestica / Grundstücke<br />
</strong>1227/261<div class='content-column one_half'><div style="padding-right:6px;"><p><strong>Datum snimanja / Erfassungsdatum<br />
</strong>03.10.2021 15:30:00</p>
<hr />
<p><strong>Informacije</strong></p>
<p>Trim je skriven u grmlju, sjeverno od sela D. Polje. Trostupanjski trim je oštećen na lijevoj strani. S desne strane nalazi se mala prostorija zaštićena zidovima. Kameni Stepenište vode do prvoj stepenici na stražnje strane trima. U djelomično kutnoj unutrašnjosti nalazi se zidna niša.</p></div></div><div class='content-column one_half last_column'><div style="padding-right:0px;padding-left:6px;"><p><strong>Stupanj zaštite / Schutzstellung<br />
</strong>&#8211;</p>
<hr />
<p><strong>Info</strong></p>
<p>Der Trim befindet sich, im Buschwerk versteckt, nördlich der Ortschaft D. Polje. Der dreistufige Trim ist an seiner linken Seite beschädigt. An seiner rechten Seite findet man einen kleinen, durch Mauern geschützten Raum. Eine Steintreppe führt an der Rückseite des Trim auf dessen erste Stufe. Im zum Teil eckigen Innenraum befindet sich eine Wandnische.</p></div></div><div class='clear_column'></div><div class='content-column one_half'><div style="padding-right:6px;"><p>Izvor: Hrvatska osnovna karta &#8211; Geoportal DGU</p></div></div><div class='content-column one_half last_column'><div style="padding-right:0px;padding-left:6px;"><p>Quelle: Grundkarte Kroatiens &#8211; Geoportal DGU</p></div></div><div class='clear_column'></div><div class='content-column one_half'><div style="padding-right:6px;"><div id="attachment_54372" style="width: 310px" class="wp-caption aligncenter"><img loading="lazy" decoding="async" aria-describedby="caption-attachment-54372" class="size-medium wp-image-54372" src="https://www.topohvar.at/wp-content/uploads/2021/12/za-tr-88-10-300x300.jpg" alt="" width="300" height="300" srcset="https://www.topohvar.at/wp-content/uploads/2021/12/za-tr-88-10-300x300.jpg 300w, https://www.topohvar.at/wp-content/uploads/2021/12/za-tr-88-10-150x150.jpg 150w, https://www.topohvar.at/wp-content/uploads/2021/12/za-tr-88-10.jpg 450w" sizes="auto, (max-width: 300px) 100vw, 300px" /><p id="caption-attachment-54372" class="wp-caption-text">Ulaz / Eingang</p></div>
<p>Dana 03.10.2021 trim ZA-TR-88 je posjećen i ustanovljeno je sljedeće:</p>
<p>Lokacija: grmlje<br />
Podloga: padina<br />
Povezan s: kamenim zidom<br />
Upotreba: ne koristi se<br />
Stanje: dijelovi su se srušili<br />
Broj stepenica trima: 3<br />
Dodatni kameni prsten: nema kamenog prstena<br />
Stepenište: stepenica<br />
Oblik kamena: uglast<br />
Područje ispred ulaza: lako dostupno<br />
Orijentacija ulaza: SI (30°)<br />
Promjer trima (cm): 430<br />
Visina trima (cm): 310<br />
Visina stepenica (cm): stepenica 1: 165 , stepenica 2: 255 , stepenica 3: 310<br />
Debljina zida (cm): 100<br />
Širina vrata (cm): 65<br />
Visina vrata (cm): 120<br />
Širina unutra (cm): 230<br />
Visina unutra (cm): 280<br />
Volumen iznutra (m3): 7,58<br />
Niša 1 (P/Š/V/D) (cm): 70 / 30 / 30 / 30</p></div></div><div class='content-column one_half last_column'><div style="padding-right:0px;padding-left:6px;"><div id="attachment_54373" style="width: 310px" class="wp-caption aligncenter"><img loading="lazy" decoding="async" aria-describedby="caption-attachment-54373" class="size-medium wp-image-54373" src="https://www.topohvar.at/wp-content/uploads/2021/12/za-tr-88-11-300x300.jpg" alt="" width="300" height="300" srcset="https://www.topohvar.at/wp-content/uploads/2021/12/za-tr-88-11-300x300.jpg 300w, https://www.topohvar.at/wp-content/uploads/2021/12/za-tr-88-11-150x150.jpg 150w, https://www.topohvar.at/wp-content/uploads/2021/12/za-tr-88-11.jpg 450w" sizes="auto, (max-width: 300px) 100vw, 300px" /><p id="caption-attachment-54373" class="wp-caption-text">Stepeništa / Treppe</p></div>
<p>Am 03.10.2021 wurde der Trim ZA-TR-88 besucht und näher untersucht:</p>
<p>Standort: Buschwerk<br />
Untergrund: Hanglage<br />
Verbunden mit: Steinmauer<br />
Nutzung: ungenutzt<br />
Zustand: Teile abgestürzt<br />
Anzahl der Trimstufen: 3<br />
Zusätzlicher Steinring: kein Steinring<br />
Stiege: Stiege<br />
Steinform: kantig<br />
Eingangsbereich: frei<br />
Eingangsseite: NO (30°)<br />
Trimdurchmesser (cm): 430<br />
Trimhöhe (cm): 310<br />
Höhe der Trimstufen (cm): Stufe 1: 165 , Stufe 2: 255 , Stufe 3: 310<br />
Wandstärke (cm): 100<br />
Türbreite (cm): 65<br />
Türhöhe (cm): 120<br />
Innenraumbreite (cm): 230<br />
Innenraumhöhe (cm): 280<br />
Raumvolumen (m3): 7,58<br />
Nische 1 (P/B/H/T) (cm): 70 / 30 / 30 / 30</p></div></div><div class='clear_column'></div></p>
<p><img loading="lazy" decoding="async" class="aligncenter size-full wp-image-54371" src="https://www.topohvar.at/wp-content/uploads/2021/12/za-tr-88-1-sca.jpg" alt="" width="640" height="976" srcset="https://www.topohvar.at/wp-content/uploads/2021/12/za-tr-88-1-sca.jpg 640w, https://www.topohvar.at/wp-content/uploads/2021/12/za-tr-88-1-sca-197x300.jpg 197w" sizes="auto, (max-width: 640px) 100vw, 640px" /></p>
<p style="text-align: right;"><a href="#seite_oben">natrag na vrh / Seitenanfang</a></p>
<hr />
<p><strong>Linkovi / Links</strong></p>
<p>&#8211;</p>

<p>Ime / Name Trim »ZA-TR-88« Code: ZA-TR-88                              Adresa / Adresse Zastražišće, Periška glava, sjeverno od D. Polja Lokacija / Position Latitude: N 43,15420°   Longitude: E 16,83288° &hellip; <a href="https://www.topohvar.at/topo/orte/za/za-tr-88-1/">Weiterlesen <span class="meta-nav">&rarr;</span></a></p>
