{"id":43550,"date":"2020-11-12T18:54:58","date_gmt":"2020-11-12T17:54:58","guid":{"rendered":"https:\/\/www.topohvar.at\/topo\/?page_id=43550"},"modified":"2021-12-05T18:07:36","modified_gmt":"2021-12-05T17:07:36","slug":"za-tr-85-1","status":"publish","type":"page","link":"https:\/\/www.topohvar.at\/topo\/orte\/za\/za-tr-85-1\/","title":{"rendered":"ZASTRA\u017dI\u0160\u0106E &#8211; Trim \u00bbZA-TR-85\u00ab"},"content":{"rendered":"<p><a name=\"seite_oben\"><\/a><br \/>\n<strong><img loading=\"lazy\" decoding=\"async\" class=\"alignnone wp-image-52019 size-full\" src=\"https:\/\/www.topohvar.at\/wp-content\/uploads\/2021\/10\/za-tr-85-1.jpg\" alt=\"\" width=\"1080\" height=\"530\" srcset=\"https:\/\/www.topohvar.at\/wp-content\/uploads\/2021\/10\/za-tr-85-1.jpg 1080w, https:\/\/www.topohvar.at\/wp-content\/uploads\/2021\/10\/za-tr-85-1-300x147.jpg 300w, https:\/\/www.topohvar.at\/wp-content\/uploads\/2021\/10\/za-tr-85-1-1024x503.jpg 1024w, https:\/\/www.topohvar.at\/wp-content\/uploads\/2021\/10\/za-tr-85-1-768x377.jpg 768w\" sizes=\"auto, (max-width: 1080px) 100vw, 1080px\" \/><\/strong><\/p>\n<p><strong>Ime \/ Name<br \/>\n<\/strong>Trim \u00bbZA-TR-85\u00ab<\/p>\n<p><strong>Code: <\/strong>ZA-TR-85\u00a0 \u00a0 \u00a0 \u00a0 \u00a0 \u00a0 \u00a0 \u00a0 \u00a0 \u00a0 \u00a0 \u00a0 \u00a0 \u00a0 <a href=\"https:\/\/www.topohvar.at\/orte\/za\/za-tr-00-00\/\"><img loading=\"lazy\" decoding=\"async\" class=\"alignnone wp-image-12300 size-full\" src=\"https:\/\/www.topohvar.at\/wp-content\/uploads\/2018\/09\/push-vor-30.jpg\" alt=\"\" width=\"61\" height=\"30\" \/><\/a>\u00a0<strong><a href=\"https:\/\/www.topohvar.at\/orte\/za\/za-tr-86-1\/\"><img loading=\"lazy\" decoding=\"async\" class=\"alignnone wp-image-533 size-full\" src=\"https:\/\/www.topohvar.at\/wp-content\/uploads\/2018\/07\/push-l-30.jpg\" alt=\"\" width=\"61\" height=\"30\" \/><\/a> <a href=\"https:\/\/www.topohvar.at\/orte\/za\/\"><img loading=\"lazy\" decoding=\"async\" class=\"alignnone wp-image-535 size-full\" src=\"https:\/\/www.topohvar.at\/wp-content\/uploads\/2018\/07\/push-o-30.jpg\" alt=\"\" width=\"61\" height=\"30\" \/><\/a> <a href=\"https:\/\/www.topohvar.at\/orte\/za\/za-tr-84-1\/\"><img loading=\"lazy\" decoding=\"async\" class=\"alignnone wp-image-536 size-full\" src=\"https:\/\/www.topohvar.at\/wp-content\/uploads\/2018\/07\/push-r-30.jpg\" alt=\"\" width=\"61\" height=\"30\" \/><\/a><\/strong><\/p>\n<hr \/>\n<p><strong>Adresa \/ Adresse<br \/>\n<\/strong>Zastra\u017ei\u0161\u0107e, sjeverno od D. Polja<\/p>\n<p><strong>Lokacija \/ Position<a href=\"https:\/\/goo.gl\/maps\/18NqU57xXAAa4BYB8\"><img loading=\"lazy\" decoding=\"async\" class=\"alignright wp-image-43551\" src=\"https:\/\/www.topohvar.at\/wp-content\/uploads\/2020\/11\/3056.jpg\" alt=\"\" width=\"134\" height=\"100\" \/><\/a><br \/>\n<\/strong><a href=\"https:\/\/goo.gl\/maps\/18NqU57xXAAa4BYB8\"><span style=\"color: #3366ff;\">Latitude: N 43,15625\u00b0\u00a0 \u00a0Longitude: E 16,82977\u00b0<\/span><\/a> <strong><br \/>\n<\/strong>Visina \/ H\u00f6he: 98 m<\/p>\n<p><strong>Katastarska \u010destica \/ Grundst\u00fccke<br \/>\n<\/strong>1227\/108<div class='content-column one_half'><div style=\"padding-right:6px;\"><p><strong>Datum snimanja \/ Erfassungsdatum<br \/>\n<\/strong>04.10.2021 11:05:00<\/p>\n<hr \/>\n<p><strong>Informacije<\/strong><\/p>\n<p>Trim se nalazi na rubu \u0161ume na padini planine sjeverno od sela D. Polje. Jednostupanjski trim je u prili\u010dno dobrom stanju i samo malo o\u0161te\u0107en na stra\u017enjoj strani. Okrugli trim ima istaknuti kut lijevo od ulaza. Trim se vi\u0161e ne koristi.<\/p><\/div><\/div><div class='content-column one_half last_column'><div style=\"padding-right:0px;padding-left:6px;\"><p><strong>Stupanj za\u0161tite \/ Schutzstellung<br \/>\n<\/strong>&#8211;<\/p>\n<hr \/>\n<p><strong>Info<\/strong><\/p>\n<p>Der Trim befindet sich am Waldrand am Berghang n\u00f6rdlich der Ortschaft D. Polje. Der einstufige Trim ist recht gut erhalten und nur an der R\u00fcckseite etwas besch\u00e4digt. Links vom Eingang weist der ansonsten runde Trim eine markante Ecke auf. Der Trim wird nicht mehr genutzt.<\/p><\/div><\/div><div class='clear_column'><\/div><div class='content-column one_half'><div style=\"padding-right:6px;\"><p>Izvor: Hrvatska osnovna karta\u00a0&#8211; Geoportal DGU<\/p><\/div><\/div><div class='content-column one_half last_column'><div style=\"padding-right:0px;padding-left:6px;\"><p>Quelle: Grundkarte Kroatiens\u00a0&#8211; Geoportal DGU<\/p><\/div><\/div><div class='clear_column'><\/div><div class='content-column one_half'><div style=\"padding-right:6px;\"><div id=\"attachment_54380\" style=\"width: 310px\" class=\"wp-caption aligncenter\"><img loading=\"lazy\" decoding=\"async\" aria-describedby=\"caption-attachment-54380\" class=\"size-medium wp-image-54380\" src=\"https:\/\/www.topohvar.at\/wp-content\/uploads\/2021\/12\/za-tr-85-10-300x300.jpg\" alt=\"\" width=\"300\" height=\"300\" srcset=\"https:\/\/www.topohvar.at\/wp-content\/uploads\/2021\/12\/za-tr-85-10-300x300.jpg 300w, https:\/\/www.topohvar.at\/wp-content\/uploads\/2021\/12\/za-tr-85-10-150x150.jpg 150w, https:\/\/www.topohvar.at\/wp-content\/uploads\/2021\/12\/za-tr-85-10.jpg 450w\" sizes=\"auto, (max-width: 300px) 100vw, 300px\" \/><p id=\"caption-attachment-54380\" class=\"wp-caption-text\">Ulaz \/ Eingang<\/p><\/div>\n<p>Dana 04.10.2021 trim ZA-TR-85 je posje\u0107en i ustanovljeno je sljede\u0107e:<\/p>\n<p>Lokacija: \u0161uma<br \/>\nPodloga: nako\u0161ena<br \/>\nPovezan s: nije povezan, samostoje\u0107i, izoliran<br \/>\nUpotreba: ne koristi se<br \/>\nStanje: dobro sa\u010duvan<br \/>\nBroj stepenica trima: 1<br \/>\nDodatni kameni prsten: nema kamenog prstena<br \/>\nStepeni\u0161te: nema<br \/>\nOblik kamena: uglast<br \/>\nPodru\u010dje ispred ulaza: lako dostupno<br \/>\nOrijentacija ulaza: Z (280\u00b0)<br \/>\nPromjer trima (cm): 420<br \/>\nVisina trima (cm): 260<br \/>\nVisina stepenica (cm): stepenica 1: 200<br \/>\nDebljina zida (cm): 100<br \/>\n\u0160irina vrata (cm): 60<br \/>\nVisina vrata (cm): 115<br \/>\n\u0160irina unutra (cm): 210 &#8211; 220<br \/>\nVisina unutra (cm): 240<br \/>\nVolumen iznutra (m3): 5,78<br \/>\nNema ni\u0161e<\/p><\/div><\/div><div class='content-column one_half last_column'><div style=\"padding-right:0px;padding-left:6px;\"><div id=\"attachment_54381\" style=\"width: 310px\" class=\"wp-caption aligncenter\"><img loading=\"lazy\" decoding=\"async\" aria-describedby=\"caption-attachment-54381\" class=\"size-medium wp-image-54381\" src=\"https:\/\/www.topohvar.at\/wp-content\/uploads\/2021\/12\/za-tr-85-11-300x300.jpg\" alt=\"\" width=\"300\" height=\"300\" srcset=\"https:\/\/www.topohvar.at\/wp-content\/uploads\/2021\/12\/za-tr-85-11-300x300.jpg 300w, https:\/\/www.topohvar.at\/wp-content\/uploads\/2021\/12\/za-tr-85-11-150x150.jpg 150w, https:\/\/www.topohvar.at\/wp-content\/uploads\/2021\/12\/za-tr-85-11.jpg 450w\" sizes=\"auto, (max-width: 300px) 100vw, 300px\" \/><p id=\"caption-attachment-54381\" class=\"wp-caption-text\">Ju\u017ena strana trima \/ S\u00fcdseite des Trims<\/p><\/div>\n<p>Am 04.10.2021 wurde der Trim ZA-TR-85 besucht und n\u00e4her untersucht:<\/p>\n<p>Standort: Wald<br \/>\nUntergrund: geneigt<br \/>\nVerbunden mit: freistehend<br \/>\nNutzung: ungenutzt<br \/>\nZustand: gut erhalten<br \/>\nAnzahl der Trimstufen: 1<br \/>\nZus\u00e4tzlicher Steinring: kein Steinring<br \/>\nStiege: keine<br \/>\nSteinform: kantig<br \/>\nEingangsbereich: frei<br \/>\nEingangsseite: W (280\u00b0)<br \/>\nTrimdurchmesser (cm): 420<br \/>\nTrimh\u00f6he (cm): 260<br \/>\nH\u00f6he der Trimstufen (cm): Stufe 1: 200<br \/>\nWandst\u00e4rke (cm): 100<br \/>\nT\u00fcrbreite (cm): 60<br \/>\nT\u00fcrh\u00f6he (cm): 115<br \/>\nInnenraumbreite (cm): 210 &#8211; 220<br \/>\nInnenraumh\u00f6he (cm): 240<br \/>\nRaumvolumen (m3): 5,78<br \/>\nKeine Nische<\/p><\/div><\/div><div class='clear_column'><\/div><\/p>\n<p><img loading=\"lazy\" decoding=\"async\" class=\"aligncenter size-full wp-image-54379\" src=\"https:\/\/www.topohvar.at\/wp-content\/uploads\/2021\/12\/za-tr-85-1-sca.jpg\" alt=\"\" width=\"640\" height=\"872\" srcset=\"https:\/\/www.topohvar.at\/wp-content\/uploads\/2021\/12\/za-tr-85-1-sca.jpg 640w, https:\/\/www.topohvar.at\/wp-content\/uploads\/2021\/12\/za-tr-85-1-sca-220x300.jpg 220w\" sizes=\"auto, (max-width: 640px) 100vw, 640px\" \/><\/p>\n<p style=\"text-align: right;\"><a href=\"#seite_oben\">natrag na vrh \/ Seitenanfang<\/a><\/p>\n<hr \/>\n<p><strong>Linkovi \/ Links<\/strong><\/p>\n<p>&#8211;<\/p>\n","protected":false},"excerpt":{"rendered":"<p>Ime \/ Name Trim \u00bbZA-TR-85\u00ab Code: ZA-TR-85\u00a0 \u00a0 \u00a0 \u00a0 \u00a0 \u00a0 \u00a0 \u00a0 \u00a0 \u00a0 \u00a0 \u00a0 \u00a0 \u00a0 \u00a0 Adresa \/ Adresse Zastra\u017ei\u0161\u0107e, sjeverno od D. Polja Lokacija \/ Position Latitude: N 43,15625\u00b0\u00a0 \u00a0Longitude: E 16,82977\u00b0 Visina \/ &hellip; <a href=\"https:\/\/www.topohvar.at\/topo\/orte\/za\/za-tr-85-1\/\">Weiterlesen <span class=\"meta-nav\">&rarr;<\/span><\/a><\/p>\n","protected":false},"author":1,"featured_media":0,"parent":115,"menu_order":0,"comment_status":"closed","ping_status":"closed","template":"","meta":{"footnotes":""},"class_list":["post-43550","page","type-page","status-publish","hentry"],"_links":{"self":[{"href":"https:\/\/www.topohvar.at\/topo\/wp-json\/wp\/v2\/pages\/43550","targetHints":{"allow":["GET"]}}],"collection":[{"href":"https:\/\/www.topohvar.at\/topo\/wp-json\/wp\/v2\/pages"}],"about":[{"href":"https:\/\/www.topohvar.at\/topo\/wp-json\/wp\/v2\/types\/page"}],"author":[{"embeddable":true,"href":"https:\/\/www.topohvar.at\/topo\/wp-json\/wp\/v2\/users\/1"}],"replies":[{"embeddable":true,"href":"https:\/\/www.topohvar.at\/topo\/wp-json\/wp\/v2\/comments?post=43550"}],"version-history":[{"count":8,"href":"https:\/\/www.topohvar.at\/topo\/wp-json\/wp\/v2\/pages\/43550\/revisions"}],"predecessor-version":[{"id":54752,"href":"https:\/\/www.topohvar.at\/topo\/wp-json\/wp\/v2\/pages\/43550\/revisions\/54752"}],"up":[{"embeddable":true,"href":"https:\/\/www.topohvar.at\/topo\/wp-json\/wp\/v2\/pages\/115"}],"wp:attachment":[{"href":"https:\/\/www.topohvar.at\/topo\/wp-json\/wp\/v2\/media?parent=43550"}],"curies":[{"name":"wp","href":"https:\/\/api.w.org\/{rel}","templated":true}]}}

ZASTRAŽIŠĆE &#8211; Trim »ZA-TR-85«

<p><a name="seite_oben"></a><br />
<strong><img loading="lazy" decoding="async" class="alignnone wp-image-52019 size-full" src="https://www.topohvar.at/wp-content/uploads/2021/10/za-tr-85-1.jpg" alt="" width="1080" height="530" srcset="https://www.topohvar.at/wp-content/uploads/2021/10/za-tr-85-1.jpg 1080w, https://www.topohvar.at/wp-content/uploads/2021/10/za-tr-85-1-300x147.jpg 300w, https://www.topohvar.at/wp-content/uploads/2021/10/za-tr-85-1-1024x503.jpg 1024w, https://www.topohvar.at/wp-content/uploads/2021/10/za-tr-85-1-768x377.jpg 768w" sizes="auto, (max-width: 1080px) 100vw, 1080px" /></strong></p>
<p><strong>Ime / Name<br />
</strong>Trim »ZA-TR-85«</p>
<p><strong>Code: </strong>ZA-TR-85                            <a href="https://www.topohvar.at/orte/za/za-tr-00-00/"><img loading="lazy" decoding="async" class="alignnone wp-image-12300 size-full" src="https://www.topohvar.at/wp-content/uploads/2018/09/push-vor-30.jpg" alt="" width="61" height="30" /></a> <strong><a href="https://www.topohvar.at/orte/za/za-tr-86-1/"><img loading="lazy" decoding="async" class="alignnone wp-image-533 size-full" src="https://www.topohvar.at/wp-content/uploads/2018/07/push-l-30.jpg" alt="" width="61" height="30" /></a> <a href="https://www.topohvar.at/orte/za/"><img loading="lazy" decoding="async" class="alignnone wp-image-535 size-full" src="https://www.topohvar.at/wp-content/uploads/2018/07/push-o-30.jpg" alt="" width="61" height="30" /></a> <a href="https://www.topohvar.at/orte/za/za-tr-84-1/"><img loading="lazy" decoding="async" class="alignnone wp-image-536 size-full" src="https://www.topohvar.at/wp-content/uploads/2018/07/push-r-30.jpg" alt="" width="61" height="30" /></a></strong></p>
<hr />
<p><strong>Adresa / Adresse<br />
</strong>Zastražišće, sjeverno od D. Polja</p>
<p><strong>Lokacija / Position<a href="https://goo.gl/maps/18NqU57xXAAa4BYB8"><img loading="lazy" decoding="async" class="alignright wp-image-43551" src="https://www.topohvar.at/wp-content/uploads/2020/11/3056.jpg" alt="" width="134" height="100" /></a><br />
</strong><a href="https://goo.gl/maps/18NqU57xXAAa4BYB8"><span style="color: #3366ff;">Latitude: N 43,15625°   Longitude: E 16,82977°</span></a> <strong><br />
</strong>Visina / Höhe: 98 m</p>
<p><strong>Katastarska čestica / Grundstücke<br />
</strong>1227/108<div class='content-column one_half'><div style="padding-right:6px;"><p><strong>Datum snimanja / Erfassungsdatum<br />
</strong>04.10.2021 11:05:00</p>
<hr />
<p><strong>Informacije</strong></p>
<p>Trim se nalazi na rubu šume na padini planine sjeverno od sela D. Polje. Jednostupanjski trim je u prilično dobrom stanju i samo malo oštećen na stražnjoj strani. Okrugli trim ima istaknuti kut lijevo od ulaza. Trim se više ne koristi.</p></div></div><div class='content-column one_half last_column'><div style="padding-right:0px;padding-left:6px;"><p><strong>Stupanj zaštite / Schutzstellung<br />
</strong>&#8211;</p>
<hr />
<p><strong>Info</strong></p>
<p>Der Trim befindet sich am Waldrand am Berghang nördlich der Ortschaft D. Polje. Der einstufige Trim ist recht gut erhalten und nur an der Rückseite etwas beschädigt. Links vom Eingang weist der ansonsten runde Trim eine markante Ecke auf. Der Trim wird nicht mehr genutzt.</p></div></div><div class='clear_column'></div><div class='content-column one_half'><div style="padding-right:6px;"><p>Izvor: Hrvatska osnovna karta &#8211; Geoportal DGU</p></div></div><div class='content-column one_half last_column'><div style="padding-right:0px;padding-left:6px;"><p>Quelle: Grundkarte Kroatiens &#8211; Geoportal DGU</p></div></div><div class='clear_column'></div><div class='content-column one_half'><div style="padding-right:6px;"><div id="attachment_54380" style="width: 310px" class="wp-caption aligncenter"><img loading="lazy" decoding="async" aria-describedby="caption-attachment-54380" class="size-medium wp-image-54380" src="https://www.topohvar.at/wp-content/uploads/2021/12/za-tr-85-10-300x300.jpg" alt="" width="300" height="300" srcset="https://www.topohvar.at/wp-content/uploads/2021/12/za-tr-85-10-300x300.jpg 300w, https://www.topohvar.at/wp-content/uploads/2021/12/za-tr-85-10-150x150.jpg 150w, https://www.topohvar.at/wp-content/uploads/2021/12/za-tr-85-10.jpg 450w" sizes="auto, (max-width: 300px) 100vw, 300px" /><p id="caption-attachment-54380" class="wp-caption-text">Ulaz / Eingang</p></div>
<p>Dana 04.10.2021 trim ZA-TR-85 je posjećen i ustanovljeno je sljedeće:</p>
<p>Lokacija: šuma<br />
Podloga: nakošena<br />
Povezan s: nije povezan, samostojeći, izoliran<br />
Upotreba: ne koristi se<br />
Stanje: dobro sačuvan<br />
Broj stepenica trima: 1<br />
Dodatni kameni prsten: nema kamenog prstena<br />
Stepenište: nema<br />
Oblik kamena: uglast<br />
Područje ispred ulaza: lako dostupno<br />
Orijentacija ulaza: Z (280°)<br />
Promjer trima (cm): 420<br />
Visina trima (cm): 260<br />
Visina stepenica (cm): stepenica 1: 200<br />
Debljina zida (cm): 100<br />
Širina vrata (cm): 60<br />
Visina vrata (cm): 115<br />
Širina unutra (cm): 210 &#8211; 220<br />
Visina unutra (cm): 240<br />
Volumen iznutra (m3): 5,78<br />
Nema niše</p></div></div><div class='content-column one_half last_column'><div style="padding-right:0px;padding-left:6px;"><div id="attachment_54381" style="width: 310px" class="wp-caption aligncenter"><img loading="lazy" decoding="async" aria-describedby="caption-attachment-54381" class="size-medium wp-image-54381" src="https://www.topohvar.at/wp-content/uploads/2021/12/za-tr-85-11-300x300.jpg" alt="" width="300" height="300" srcset="https://www.topohvar.at/wp-content/uploads/2021/12/za-tr-85-11-300x300.jpg 300w, https://www.topohvar.at/wp-content/uploads/2021/12/za-tr-85-11-150x150.jpg 150w, https://www.topohvar.at/wp-content/uploads/2021/12/za-tr-85-11.jpg 450w" sizes="auto, (max-width: 300px) 100vw, 300px" /><p id="caption-attachment-54381" class="wp-caption-text">Južna strana trima / Südseite des Trims</p></div>
<p>Am 04.10.2021 wurde der Trim ZA-TR-85 besucht und näher untersucht:</p>
<p>Standort: Wald<br />
Untergrund: geneigt<br />
Verbunden mit: freistehend<br />
Nutzung: ungenutzt<br />
Zustand: gut erhalten<br />
Anzahl der Trimstufen: 1<br />
Zusätzlicher Steinring: kein Steinring<br />
Stiege: keine<br />
Steinform: kantig<br />
Eingangsbereich: frei<br />
Eingangsseite: W (280°)<br />
Trimdurchmesser (cm): 420<br />
Trimhöhe (cm): 260<br />
Höhe der Trimstufen (cm): Stufe 1: 200<br />
Wandstärke (cm): 100<br />
Türbreite (cm): 60<br />
Türhöhe (cm): 115<br />
Innenraumbreite (cm): 210 &#8211; 220<br />
Innenraumhöhe (cm): 240<br />
Raumvolumen (m3): 5,78<br />
Keine Nische</p></div></div><div class='clear_column'></div></p>
<p><img loading="lazy" decoding="async" class="aligncenter size-full wp-image-54379" src="https://www.topohvar.at/wp-content/uploads/2021/12/za-tr-85-1-sca.jpg" alt="" width="640" height="872" srcset="https://www.topohvar.at/wp-content/uploads/2021/12/za-tr-85-1-sca.jpg 640w, https://www.topohvar.at/wp-content/uploads/2021/12/za-tr-85-1-sca-220x300.jpg 220w" sizes="auto, (max-width: 640px) 100vw, 640px" /></p>
<p style="text-align: right;"><a href="#seite_oben">natrag na vrh / Seitenanfang</a></p>
<hr />
<p><strong>Linkovi / Links</strong></p>
<p>&#8211;</p>

<p>Ime / Name Trim »ZA-TR-85« Code: ZA-TR-85                              Adresa / Adresse Zastražišće, sjeverno od D. Polja Lokacija / Position Latitude: N 43,15625°   Longitude: E 16,82977° Visina / &hellip; <a href="https://www.topohvar.at/topo/orte/za/za-tr-85-1/">Weiterlesen <span class="meta-nav">&rarr;</span></a></p>
