{"id":43562,"date":"2020-11-13T06:29:28","date_gmt":"2020-11-13T05:29:28","guid":{"rendered":"https:\/\/www.topohvar.at\/topo\/?page_id=43562"},"modified":"2023-08-10T09:36:54","modified_gmt":"2023-08-10T07:36:54","slug":"za-tr-81-1","status":"publish","type":"page","link":"https:\/\/www.topohvar.at\/topo\/orte\/za\/za-tr-81-1\/","title":{"rendered":"ZASTRA\u017dI\u0160\u0106E &#8211; Trim \u00bbZA-TR-81\u00ab"},"content":{"rendered":"<p><a name=\"seite_oben\"><\/a><br \/>\n<strong><img loading=\"lazy\" decoding=\"async\" class=\"aligncenter wp-image-62607 size-full\" src=\"https:\/\/www.topohvar.at\/wp-content\/uploads\/2023\/05\/za-tr-81-0.jpg\" alt=\"\" width=\"1080\" height=\"530\" srcset=\"https:\/\/www.topohvar.at\/wp-content\/uploads\/2023\/05\/za-tr-81-0.jpg 1080w, https:\/\/www.topohvar.at\/wp-content\/uploads\/2023\/05\/za-tr-81-0-300x147.jpg 300w, https:\/\/www.topohvar.at\/wp-content\/uploads\/2023\/05\/za-tr-81-0-1024x503.jpg 1024w, https:\/\/www.topohvar.at\/wp-content\/uploads\/2023\/05\/za-tr-81-0-768x377.jpg 768w\" sizes=\"auto, (max-width: 1080px) 100vw, 1080px\" \/><\/strong><\/p>\n<p><strong>Ime \/ Name<br \/>\n<\/strong>Trim \u00bbZA-TR-81\u00ab<\/p>\n<p><strong>Code: <\/strong>ZA-TR-81\u00a0 \u00a0 \u00a0 \u00a0 \u00a0 \u00a0 \u00a0 \u00a0 \u00a0 \u00a0 \u00a0 \u00a0 \u00a0 \u00a0 <a href=\"https:\/\/www.topohvar.at\/orte\/za\/za-tr-00-00\/\"><img loading=\"lazy\" decoding=\"async\" class=\"alignnone wp-image-12300 size-full\" src=\"https:\/\/www.topohvar.at\/wp-content\/uploads\/2018\/09\/push-vor-30.jpg\" alt=\"\" width=\"61\" height=\"30\" \/><\/a>\u00a0<strong><a href=\"https:\/\/www.topohvar.at\/orte\/za\/za-tr-84-1\/\"><img loading=\"lazy\" decoding=\"async\" class=\"alignnone wp-image-533 size-full\" src=\"https:\/\/www.topohvar.at\/wp-content\/uploads\/2018\/07\/push-l-30.jpg\" alt=\"\" width=\"61\" height=\"30\" \/><\/a> <a href=\"https:\/\/www.topohvar.at\/orte\/za\/\"><img loading=\"lazy\" decoding=\"async\" class=\"alignnone wp-image-535 size-full\" src=\"https:\/\/www.topohvar.at\/wp-content\/uploads\/2018\/07\/push-o-30.jpg\" alt=\"\" width=\"61\" height=\"30\" \/><\/a> <a href=\"https:\/\/www.topohvar.at\/orte\/za\/za-tr-c5-1\/\"><img loading=\"lazy\" decoding=\"async\" class=\"alignnone wp-image-536 size-full\" src=\"https:\/\/www.topohvar.at\/wp-content\/uploads\/2018\/07\/push-r-30.jpg\" alt=\"\" width=\"61\" height=\"30\" \/><\/a><\/strong><\/p>\n<hr \/>\n<p><strong>Adresa \/ Adresse<br \/>\n<\/strong>Zastra\u017ei\u0161\u0107e, sjeverno od M. Bande<\/p>\n<p><strong>Lokacija \/ Position<a href=\"https:\/\/goo.gl\/maps\/WdR3Rt31W4cUi5dH8\"><img loading=\"lazy\" decoding=\"async\" class=\"alignright wp-image-43563\" src=\"https:\/\/www.topohvar.at\/wp-content\/uploads\/2020\/11\/3052.jpg\" alt=\"\" width=\"134\" height=\"100\" \/><\/a><br \/>\n<\/strong><a href=\"https:\/\/goo.gl\/maps\/WdR3Rt31W4cUi5dH8\"><span style=\"color: #3366ff;\">Latitude: N 43,15045\u00b0\u00a0 \u00a0Longitude: E 16,84449\u00b0<\/span><\/a> <strong><br \/>\n<\/strong>Visina \/ H\u00f6he: 140 m<\/p>\n<p><strong>Katastarska \u010destica \/ Grundst\u00fccke<br \/>\n<\/strong>2909\/46<div class='content-column one_half'><div style=\"padding-right:6px;\"><p><strong>Datum snimanja \/ Erfassungsdatum<br \/>\n<\/strong>18.05.2023 09:29:00<\/p>\n<hr \/>\n<p><strong>Informacije<\/strong><\/p>\n<p>Dvostupanjski trim nalazi se u kamenjaru predjelu Noburje, sjeverno od M. Bande. Sagra\u0111ena je na stijeni i nije u dobrom stanju. Korbeli su doveli do prve razine trima na o\u0161te\u0107enoj desnoj strani. Oblik nepravilne unutra\u0161njosti odre\u0111en je formacijama stijena. Trim se vi\u0161e ne koristi.<\/p><\/div><\/div><div class='content-column one_half last_column'><div style=\"padding-right:0px;padding-left:6px;\"><p><strong>Stupanj za\u0161tite \/ Schutzstellung<br \/>\n<\/strong>&#8211;<\/p>\n<hr \/>\n<p><strong>Info<\/strong><\/p>\n<p>Der zweistufige Trim befindet sich in einer felsigen Umgebung im Bereich Noburje, n\u00f6rdlich von M. Bande. Er ist auf Felsgestein errichtet und in keinem guten Zustand. Kragsteine f\u00fchrten an der besch\u00e4digten rechten Seite auf die erste Trimstufe. Die Form des unregelm\u00e4\u00dfigen Innenraums wird durch die Felsformationen bestimmt. Der Trim wird nicht mehr genutzt.<\/p><\/div><\/div><div class='clear_column'><\/div><div class='content-column one_half'><div style=\"padding-right:6px;\"><p>Izvor: Hrvatska osnovna karta &#8211; Geoportal DGU<\/p>\n<div id=\"attachment_63670\" style=\"width: 310px\" class=\"wp-caption aligncenter\"><img loading=\"lazy\" decoding=\"async\" aria-describedby=\"caption-attachment-63670\" class=\"size-medium wp-image-63670\" src=\"https:\/\/www.topohvar.at\/wp-content\/uploads\/2023\/06\/za-tr-81-11-300x300.jpg\" alt=\"\" width=\"300\" height=\"300\" srcset=\"https:\/\/www.topohvar.at\/wp-content\/uploads\/2023\/06\/za-tr-81-11-300x300.jpg 300w, https:\/\/www.topohvar.at\/wp-content\/uploads\/2023\/06\/za-tr-81-11-150x150.jpg 150w, https:\/\/www.topohvar.at\/wp-content\/uploads\/2023\/06\/za-tr-81-11.jpg 450w\" sizes=\"auto, (max-width: 300px) 100vw, 300px\" \/><p id=\"caption-attachment-63670\" class=\"wp-caption-text\">ulaz \/ Eingang<\/p><\/div>\n<p>Dana 18.05.2023 trim ZA-TR-81 je posje\u0107en i ustanovljeno je sljede\u0107e:<\/p>\n<p>Lokacija: grmlje<br \/>\nPodloga: stjenovita<br \/>\nPovezan s: kamenim zidom<br \/>\nUpotreba: ne koristi se<br \/>\nStanje: dijelovi su se sru\u0161ili<br \/>\nBroj stepenica trima: 2<br \/>\nDodatni kameni prsten: nema prstena<br \/>\nStepeni\u0161te: konzolne stepenice<br \/>\nOblik kamena: uglast<br \/>\nPodru\u010dje ispred ulaza: lako dostupno<br \/>\nOrijentacija ulaza: SZ (310\u00b0)<br \/>\nPromjer trima (cm): 410<br \/>\nVisina trima (cm): 280<br \/>\nVisina stepenica (cm): stepenica 1: 180 , stepenica 2: 230<br \/>\nDebljina zida (cm): 0<br \/>\n\u0160irina vrata (cm): 60<br \/>\nVisina vrata (cm): 80<br \/>\n\u0160irina unutra (cm): 190 &#8211; 230<br \/>\nVisina unutra (cm): 230<br \/>\nVolumen iznutra (m3): 4,40<br \/>\nNema ni\u0161e<br \/><\/div><\/div><div class='content-column one_half last_column'><div style=\"padding-right:0px;padding-left:6px;\"><p>Quelle: Grundkarte Kroatiens &#8211; Geoportal DGU<\/p>\n<div id=\"attachment_63671\" style=\"width: 310px\" class=\"wp-caption aligncenter\"><img loading=\"lazy\" decoding=\"async\" aria-describedby=\"caption-attachment-63671\" class=\"size-medium wp-image-63671\" src=\"https:\/\/www.topohvar.at\/wp-content\/uploads\/2023\/06\/za-tr-81-12-300x300.jpg\" alt=\"\" width=\"300\" height=\"300\" srcset=\"https:\/\/www.topohvar.at\/wp-content\/uploads\/2023\/06\/za-tr-81-12-300x300.jpg 300w, https:\/\/www.topohvar.at\/wp-content\/uploads\/2023\/06\/za-tr-81-12-150x150.jpg 150w, https:\/\/www.topohvar.at\/wp-content\/uploads\/2023\/06\/za-tr-81-12.jpg 450w\" sizes=\"auto, (max-width: 300px) 100vw, 300px\" \/><p id=\"caption-attachment-63671\" class=\"wp-caption-text\">pogled prema zapadu \/ Blick nach Westen<\/p><\/div>\n<p>Am 18.05.2023 wurde der Trim ZA-TR-81 besucht und n\u00e4her untersucht:<\/p>\n<p>Standort: Buschwerk<br \/>\nUntergrund: Fels<br \/>\nVerbunden mit: Steinmauer<br \/>\nNutzung: ungenutzt<br \/>\nZustand: Teile abgest\u00fcrzt<br \/>\nAnzahl der Trimstufen: 2<br \/>\nZus\u00e4tzlicher Steinring: kein Steinring<br \/>\nStiege: Kragsteine<br \/>\nSteinform: kantig<br \/>\nEingangsbereich: frei<br \/>\nEingangsseite: NW (310\u00b0)<br \/>\nTrimdurchmesser (cm): 410<br \/>\nTrimh\u00f6he (cm): 280<br \/>\nH\u00f6he der Trimstufen (cm): Stufe 1: 180 , Stufe 2: 230<br \/>\nWandst\u00e4rke (cm): 90<br \/>\nT\u00fcrbreite (cm): 60<br \/>\nT\u00fcrh\u00f6he (cm): 80<br \/>\nInnenraumbreite (cm): 190 &#8211; 230<br \/>\nInnenraumh\u00f6he (cm): 230<br \/>\nRaumvolumen (m3): 4,40<br \/>\nKeine Nische<br \/><\/div><\/div><div class='clear_column'><\/div><br \/>\n<img loading=\"lazy\" decoding=\"async\" class=\"aligncenter size-full wp-image-63927\" src=\"https:\/\/www.topohvar.at\/wp-content\/uploads\/2023\/08\/za-tr-81-sca.jpg\" alt=\"\" width=\"640\" height=\"942\" srcset=\"https:\/\/www.topohvar.at\/wp-content\/uploads\/2023\/08\/za-tr-81-sca.jpg 640w, https:\/\/www.topohvar.at\/wp-content\/uploads\/2023\/08\/za-tr-81-sca-204x300.jpg 204w\" sizes=\"auto, (max-width: 640px) 100vw, 640px\" \/><\/p>\n<p style=\"text-align: right;\"><a href=\"#seite_oben\">natrag na vrh \/ Seitenanfang<\/a><\/p>\n<hr \/>\n<p><strong>Linkovi \/ Links<\/strong><\/p>\n<p>&#8211;<\/p>\n","protected":false},"excerpt":{"rendered":"<p>Ime \/ Name Trim \u00bbZA-TR-81\u00ab Code: ZA-TR-81\u00a0 \u00a0 \u00a0 \u00a0 \u00a0 \u00a0 \u00a0 \u00a0 \u00a0 \u00a0 \u00a0 \u00a0 \u00a0 \u00a0 \u00a0 Adresa \/ Adresse Zastra\u017ei\u0161\u0107e, sjeverno od M. Bande Lokacija \/ Position Latitude: N 43,15045\u00b0\u00a0 \u00a0Longitude: E 16,84449\u00b0 Visina \/ &hellip; <a href=\"https:\/\/www.topohvar.at\/topo\/orte\/za\/za-tr-81-1\/\">Weiterlesen <span class=\"meta-nav\">&rarr;<\/span><\/a><\/p>\n","protected":false},"author":1,"featured_media":0,"parent":115,"menu_order":0,"comment_status":"closed","ping_status":"closed","template":"","meta":{"footnotes":""},"class_list":["post-43562","page","type-page","status-publish","hentry"],"_links":{"self":[{"href":"https:\/\/www.topohvar.at\/topo\/wp-json\/wp\/v2\/pages\/43562","targetHints":{"allow":["GET"]}}],"collection":[{"href":"https:\/\/www.topohvar.at\/topo\/wp-json\/wp\/v2\/pages"}],"about":[{"href":"https:\/\/www.topohvar.at\/topo\/wp-json\/wp\/v2\/types\/page"}],"author":[{"embeddable":true,"href":"https:\/\/www.topohvar.at\/topo\/wp-json\/wp\/v2\/users\/1"}],"replies":[{"embeddable":true,"href":"https:\/\/www.topohvar.at\/topo\/wp-json\/wp\/v2\/comments?post=43562"}],"version-history":[{"count":12,"href":"https:\/\/www.topohvar.at\/topo\/wp-json\/wp\/v2\/pages\/43562\/revisions"}],"predecessor-version":[{"id":63929,"href":"https:\/\/www.topohvar.at\/topo\/wp-json\/wp\/v2\/pages\/43562\/revisions\/63929"}],"up":[{"embeddable":true,"href":"https:\/\/www.topohvar.at\/topo\/wp-json\/wp\/v2\/pages\/115"}],"wp:attachment":[{"href":"https:\/\/www.topohvar.at\/topo\/wp-json\/wp\/v2\/media?parent=43562"}],"curies":[{"name":"wp","href":"https:\/\/api.w.org\/{rel}","templated":true}]}}

ZASTRAŽIŠĆE &#8211; Trim »ZA-TR-81«

<p><a name="seite_oben"></a><br />
<strong><img loading="lazy" decoding="async" class="aligncenter wp-image-62607 size-full" src="https://www.topohvar.at/wp-content/uploads/2023/05/za-tr-81-0.jpg" alt="" width="1080" height="530" srcset="https://www.topohvar.at/wp-content/uploads/2023/05/za-tr-81-0.jpg 1080w, https://www.topohvar.at/wp-content/uploads/2023/05/za-tr-81-0-300x147.jpg 300w, https://www.topohvar.at/wp-content/uploads/2023/05/za-tr-81-0-1024x503.jpg 1024w, https://www.topohvar.at/wp-content/uploads/2023/05/za-tr-81-0-768x377.jpg 768w" sizes="auto, (max-width: 1080px) 100vw, 1080px" /></strong></p>
<p><strong>Ime / Name<br />
</strong>Trim »ZA-TR-81«</p>
<p><strong>Code: </strong>ZA-TR-81                            <a href="https://www.topohvar.at/orte/za/za-tr-00-00/"><img loading="lazy" decoding="async" class="alignnone wp-image-12300 size-full" src="https://www.topohvar.at/wp-content/uploads/2018/09/push-vor-30.jpg" alt="" width="61" height="30" /></a> <strong><a href="https://www.topohvar.at/orte/za/za-tr-84-1/"><img loading="lazy" decoding="async" class="alignnone wp-image-533 size-full" src="https://www.topohvar.at/wp-content/uploads/2018/07/push-l-30.jpg" alt="" width="61" height="30" /></a> <a href="https://www.topohvar.at/orte/za/"><img loading="lazy" decoding="async" class="alignnone wp-image-535 size-full" src="https://www.topohvar.at/wp-content/uploads/2018/07/push-o-30.jpg" alt="" width="61" height="30" /></a> <a href="https://www.topohvar.at/orte/za/za-tr-c5-1/"><img loading="lazy" decoding="async" class="alignnone wp-image-536 size-full" src="https://www.topohvar.at/wp-content/uploads/2018/07/push-r-30.jpg" alt="" width="61" height="30" /></a></strong></p>
<hr />
<p><strong>Adresa / Adresse<br />
</strong>Zastražišće, sjeverno od M. Bande</p>
<p><strong>Lokacija / Position<a href="https://goo.gl/maps/WdR3Rt31W4cUi5dH8"><img loading="lazy" decoding="async" class="alignright wp-image-43563" src="https://www.topohvar.at/wp-content/uploads/2020/11/3052.jpg" alt="" width="134" height="100" /></a><br />
</strong><a href="https://goo.gl/maps/WdR3Rt31W4cUi5dH8"><span style="color: #3366ff;">Latitude: N 43,15045°   Longitude: E 16,84449°</span></a> <strong><br />
</strong>Visina / Höhe: 140 m</p>
<p><strong>Katastarska čestica / Grundstücke<br />
</strong>2909/46<div class='content-column one_half'><div style="padding-right:6px;"><p><strong>Datum snimanja / Erfassungsdatum<br />
</strong>18.05.2023 09:29:00</p>
<hr />
<p><strong>Informacije</strong></p>
<p>Dvostupanjski trim nalazi se u kamenjaru predjelu Noburje, sjeverno od M. Bande. Sagrađena je na stijeni i nije u dobrom stanju. Korbeli su doveli do prve razine trima na oštećenoj desnoj strani. Oblik nepravilne unutrašnjosti određen je formacijama stijena. Trim se više ne koristi.</p></div></div><div class='content-column one_half last_column'><div style="padding-right:0px;padding-left:6px;"><p><strong>Stupanj zaštite / Schutzstellung<br />
</strong>&#8211;</p>
<hr />
<p><strong>Info</strong></p>
<p>Der zweistufige Trim befindet sich in einer felsigen Umgebung im Bereich Noburje, nördlich von M. Bande. Er ist auf Felsgestein errichtet und in keinem guten Zustand. Kragsteine führten an der beschädigten rechten Seite auf die erste Trimstufe. Die Form des unregelmäßigen Innenraums wird durch die Felsformationen bestimmt. Der Trim wird nicht mehr genutzt.</p></div></div><div class='clear_column'></div><div class='content-column one_half'><div style="padding-right:6px;"><p>Izvor: Hrvatska osnovna karta &#8211; Geoportal DGU</p>
<div id="attachment_63670" style="width: 310px" class="wp-caption aligncenter"><img loading="lazy" decoding="async" aria-describedby="caption-attachment-63670" class="size-medium wp-image-63670" src="https://www.topohvar.at/wp-content/uploads/2023/06/za-tr-81-11-300x300.jpg" alt="" width="300" height="300" srcset="https://www.topohvar.at/wp-content/uploads/2023/06/za-tr-81-11-300x300.jpg 300w, https://www.topohvar.at/wp-content/uploads/2023/06/za-tr-81-11-150x150.jpg 150w, https://www.topohvar.at/wp-content/uploads/2023/06/za-tr-81-11.jpg 450w" sizes="auto, (max-width: 300px) 100vw, 300px" /><p id="caption-attachment-63670" class="wp-caption-text">ulaz / Eingang</p></div>
<p>Dana 18.05.2023 trim ZA-TR-81 je posjećen i ustanovljeno je sljedeće:</p>
<p>Lokacija: grmlje<br />
Podloga: stjenovita<br />
Povezan s: kamenim zidom<br />
Upotreba: ne koristi se<br />
Stanje: dijelovi su se srušili<br />
Broj stepenica trima: 2<br />
Dodatni kameni prsten: nema prstena<br />
Stepenište: konzolne stepenice<br />
Oblik kamena: uglast<br />
Područje ispred ulaza: lako dostupno<br />
Orijentacija ulaza: SZ (310°)<br />
Promjer trima (cm): 410<br />
Visina trima (cm): 280<br />
Visina stepenica (cm): stepenica 1: 180 , stepenica 2: 230<br />
Debljina zida (cm): 0<br />
Širina vrata (cm): 60<br />
Visina vrata (cm): 80<br />
Širina unutra (cm): 190 &#8211; 230<br />
Visina unutra (cm): 230<br />
Volumen iznutra (m3): 4,40<br />
Nema niše<br /></div></div><div class='content-column one_half last_column'><div style="padding-right:0px;padding-left:6px;"><p>Quelle: Grundkarte Kroatiens &#8211; Geoportal DGU</p>
<div id="attachment_63671" style="width: 310px" class="wp-caption aligncenter"><img loading="lazy" decoding="async" aria-describedby="caption-attachment-63671" class="size-medium wp-image-63671" src="https://www.topohvar.at/wp-content/uploads/2023/06/za-tr-81-12-300x300.jpg" alt="" width="300" height="300" srcset="https://www.topohvar.at/wp-content/uploads/2023/06/za-tr-81-12-300x300.jpg 300w, https://www.topohvar.at/wp-content/uploads/2023/06/za-tr-81-12-150x150.jpg 150w, https://www.topohvar.at/wp-content/uploads/2023/06/za-tr-81-12.jpg 450w" sizes="auto, (max-width: 300px) 100vw, 300px" /><p id="caption-attachment-63671" class="wp-caption-text">pogled prema zapadu / Blick nach Westen</p></div>
<p>Am 18.05.2023 wurde der Trim ZA-TR-81 besucht und näher untersucht:</p>
<p>Standort: Buschwerk<br />
Untergrund: Fels<br />
Verbunden mit: Steinmauer<br />
Nutzung: ungenutzt<br />
Zustand: Teile abgestürzt<br />
Anzahl der Trimstufen: 2<br />
Zusätzlicher Steinring: kein Steinring<br />
Stiege: Kragsteine<br />
Steinform: kantig<br />
Eingangsbereich: frei<br />
Eingangsseite: NW (310°)<br />
Trimdurchmesser (cm): 410<br />
Trimhöhe (cm): 280<br />
Höhe der Trimstufen (cm): Stufe 1: 180 , Stufe 2: 230<br />
Wandstärke (cm): 90<br />
Türbreite (cm): 60<br />
Türhöhe (cm): 80<br />
Innenraumbreite (cm): 190 &#8211; 230<br />
Innenraumhöhe (cm): 230<br />
Raumvolumen (m3): 4,40<br />
Keine Nische<br /></div></div><div class='clear_column'></div><br />
<img loading="lazy" decoding="async" class="aligncenter size-full wp-image-63927" src="https://www.topohvar.at/wp-content/uploads/2023/08/za-tr-81-sca.jpg" alt="" width="640" height="942" srcset="https://www.topohvar.at/wp-content/uploads/2023/08/za-tr-81-sca.jpg 640w, https://www.topohvar.at/wp-content/uploads/2023/08/za-tr-81-sca-204x300.jpg 204w" sizes="auto, (max-width: 640px) 100vw, 640px" /></p>
<p style="text-align: right;"><a href="#seite_oben">natrag na vrh / Seitenanfang</a></p>
<hr />
<p><strong>Linkovi / Links</strong></p>
<p>&#8211;</p>

<p>Ime / Name Trim »ZA-TR-81« Code: ZA-TR-81                              Adresa / Adresse Zastražišće, sjeverno od M. Bande Lokacija / Position Latitude: N 43,15045°   Longitude: E 16,84449° Visina / &hellip; <a href="https://www.topohvar.at/topo/orte/za/za-tr-81-1/">Weiterlesen <span class="meta-nav">&rarr;</span></a></p>
