{"id":43578,"date":"2020-11-13T06:48:28","date_gmt":"2020-11-13T05:48:28","guid":{"rendered":"https:\/\/www.topohvar.at\/topo\/?page_id=43578"},"modified":"2023-05-29T10:58:48","modified_gmt":"2023-05-29T08:58:48","slug":"za-tr-71-1","status":"publish","type":"page","link":"https:\/\/www.topohvar.at\/topo\/orte\/za\/za-tr-71-1\/","title":{"rendered":"ZASTRA\u017dI\u0160\u0106E &#8211; Trim \u00bbZA-TR-71\u00ab"},"content":{"rendered":"<p><a name=\"seite_oben\"><\/a><br \/>\n<strong><img loading=\"lazy\" decoding=\"async\" class=\"alignnone wp-image-51989 size-full\" src=\"https:\/\/www.topohvar.at\/wp-content\/uploads\/2021\/10\/za-tr-71-1.jpg\" alt=\"\" width=\"1080\" height=\"530\" srcset=\"https:\/\/www.topohvar.at\/wp-content\/uploads\/2021\/10\/za-tr-71-1.jpg 1080w, https:\/\/www.topohvar.at\/wp-content\/uploads\/2021\/10\/za-tr-71-1-300x147.jpg 300w, https:\/\/www.topohvar.at\/wp-content\/uploads\/2021\/10\/za-tr-71-1-1024x503.jpg 1024w, https:\/\/www.topohvar.at\/wp-content\/uploads\/2021\/10\/za-tr-71-1-768x377.jpg 768w\" sizes=\"auto, (max-width: 1080px) 100vw, 1080px\" \/><\/strong><\/p>\n<p><strong>Ime \/ Name<br \/>\n<\/strong>Trim \u00bbZA-TR-71\u00ab<\/p>\n<p><strong>Code: <\/strong>ZA-TR-71\u00a0 \u00a0 \u00a0 \u00a0 \u00a0 \u00a0 \u00a0 \u00a0 \u00a0 \u00a0 \u00a0 \u00a0 \u00a0 \u00a0 <a href=\"https:\/\/www.topohvar.at\/orte\/za\/za-tr-00-00\/\"><img loading=\"lazy\" decoding=\"async\" class=\"alignnone wp-image-12300 size-full\" src=\"https:\/\/www.topohvar.at\/wp-content\/uploads\/2018\/09\/push-vor-30.jpg\" alt=\"\" width=\"61\" height=\"30\" \/><\/a>\u00a0<strong><a href=\"https:\/\/www.topohvar.at\/orte\/za\/za-tr-a5-1\/\"><img loading=\"lazy\" decoding=\"async\" class=\"alignnone wp-image-533 size-full\" src=\"https:\/\/www.topohvar.at\/wp-content\/uploads\/2018\/07\/push-l-30.jpg\" alt=\"\" width=\"61\" height=\"30\" \/><\/a> <a href=\"https:\/\/www.topohvar.at\/orte\/za\/\"><img loading=\"lazy\" decoding=\"async\" class=\"alignnone wp-image-535 size-full\" src=\"https:\/\/www.topohvar.at\/wp-content\/uploads\/2018\/07\/push-o-30.jpg\" alt=\"\" width=\"61\" height=\"30\" \/><\/a> <a href=\"https:\/\/www.topohvar.at\/orte\/za\/za-tr-41-1\/\"><img loading=\"lazy\" decoding=\"async\" class=\"alignnone wp-image-536 size-full\" src=\"https:\/\/www.topohvar.at\/wp-content\/uploads\/2018\/07\/push-r-30.jpg\" alt=\"\" width=\"61\" height=\"30\" \/><\/a><\/strong><\/p>\n<hr \/>\n<p><strong>Adresa \/ Adresse<br \/>\n<\/strong>Zastra\u017ei\u0161\u0107e, Vela gl.<\/p>\n<p><strong>Lokacija \/ Position<a href=\"https:\/\/goo.gl\/maps\/114yoQ7rh2hY2cVL6\"><img loading=\"lazy\" decoding=\"async\" class=\"alignright wp-image-43579\" src=\"https:\/\/www.topohvar.at\/wp-content\/uploads\/2020\/11\/3042.jpg\" alt=\"\" width=\"134\" height=\"100\" \/><\/a><br \/>\n<\/strong><a href=\"https:\/\/goo.gl\/maps\/114yoQ7rh2hY2cVL6\"><span style=\"color: #3366ff;\">Latitude: N 43,14706\u00b0\u00a0 \u00a0Longitude: E 16,85085\u00b0<\/span><\/a> <strong><br \/>\n<\/strong>Visina \/ H\u00f6he: 178 m<\/p>\n<p><strong>Katastarska \u010destica \/ Grundst\u00fccke<br \/>\n<\/strong>2879<div class='content-column one_half'><div style=\"padding-right:6px;\"><p><strong>Datum snimanja \/ Erfassungsdatum<br \/>\n<\/strong>06.10.2021 13:54:00<\/p>\n<hr \/>\n<p><strong>Informacije<\/strong><\/p>\n<p>Trim se nalazi u blizini staze koja vodi od M. Banda do uvala na sjeveru otoka. Trim u masliniku ima dvije stepenice i velikim je dijelom okru\u017eena ure\u0111enim kamenim prstenom. Trapezoidni ulaz je napravljen od velikih kamenih blokova. Unutra\u0161njost je kru\u017ena, nedostaje gornja pokrovna plo\u010da kupole. Trim se vi\u0161e gotovo ne koristi.<\/p><\/div><\/div><div class='content-column one_half last_column'><div style=\"padding-right:0px;padding-left:6px;\"><p><strong>Stupanj za\u0161tite \/ Schutzstellung<br \/>\n<\/strong>&#8211;<\/p>\n<hr \/>\n<p><strong>Info<\/strong><\/p>\n<p>Der Trim befindet sich in der N\u00e4he des Weges, der von M. Banda zu den Buchten im Norden der Insel f\u00fchrt. Der Trim im Olivenhain hat zwei Stufen und ist zum Gro\u00dfteil von einem geordneten Steinring umgeben. Der trapezf\u00f6rmige Eingang ist aus gro\u00dfen Steinbl\u00f6cken gebildet. Der Innenraum ist kreisarund, die oberste Abdeckplatte der Kuppel fehlt. Der Trim wird kaum mehr genutzt.<\/p><\/div><\/div><div class='clear_column'><\/div><div class='content-column one_half'><div style=\"padding-right:6px;\"><p>Izvor: Hrvatska osnovna karta\u00a0&#8211; Geoportal DGU<\/p><\/div><\/div><div class='content-column one_half last_column'><div style=\"padding-right:0px;padding-left:6px;\"><p>Quelle: Grundkarte Kroatiens\u00a0&#8211; Geoportal DGU<\/p><\/div><\/div><div class='clear_column'><\/div><div class='content-column one_half'><div style=\"padding-right:6px;\"><div id=\"attachment_54551\" style=\"width: 310px\" class=\"wp-caption aligncenter\"><img loading=\"lazy\" decoding=\"async\" aria-describedby=\"caption-attachment-54551\" class=\"size-medium wp-image-54551\" src=\"https:\/\/www.topohvar.at\/wp-content\/uploads\/2021\/12\/za-tr-71-10-300x300.jpg\" alt=\"\" width=\"300\" height=\"300\" srcset=\"https:\/\/www.topohvar.at\/wp-content\/uploads\/2021\/12\/za-tr-71-10-300x300.jpg 300w, https:\/\/www.topohvar.at\/wp-content\/uploads\/2021\/12\/za-tr-71-10-150x150.jpg 150w, https:\/\/www.topohvar.at\/wp-content\/uploads\/2021\/12\/za-tr-71-10.jpg 450w\" sizes=\"auto, (max-width: 300px) 100vw, 300px\" \/><p id=\"caption-attachment-54551\" class=\"wp-caption-text\">binary comment<\/p><\/div>\n<p>Dana 06.10.2021 trim ZA-TR-71 je posje\u0107en i ustanovljeno je sljede\u0107e:<\/p>\n<p>Lokacija: maslinik<br \/>\nPodloga: nako\u0161ena<br \/>\nPovezan s: ure\u0111enom kamenom gomilom<br \/>\nUpotreba: ne koristi se<br \/>\nStanje: vrlo dobro uzdr\u017eati<br \/>\nBroj stepenica trima: 2<br \/>\nDodatni kameni prsten: kameni prsten djelomi\u010dno<br \/>\nStepeni\u0161te: nema<br \/>\nOblik kamena: uglast<br \/>\nPodru\u010dje ispred ulaza: lako dostupno<br \/>\nOrijentacija ulaza: JZ (210\u00b0)<br \/>\nPromjer trima (cm): 470<br \/>\nVisina trima (cm): 290<br \/>\nVisina stepenica (cm): stepenica 1: 220 , stepenica 2: 260<br \/>\nDebljina zida (cm): 110<br \/>\n\u0160irina vrata (cm): 60<br \/>\nVisina vrata (cm): 120<br \/>\n\u0160irina unutra (cm): 240 &#8211; 250<br \/>\nVisina unutra (cm): 280<br \/>\nVolumen iznutra (m3): 7,86<br \/>\nNema ni\u0161e<\/p><\/div><\/div><div class='content-column one_half last_column'><div style=\"padding-right:0px;padding-left:6px;\"><div id=\"attachment_54552\" style=\"width: 310px\" class=\"wp-caption aligncenter\"><img loading=\"lazy\" decoding=\"async\" aria-describedby=\"caption-attachment-54552\" class=\"size-medium wp-image-54552\" src=\"https:\/\/www.topohvar.at\/wp-content\/uploads\/2021\/12\/za-tr-71-11-300x300.jpg\" alt=\"\" width=\"300\" height=\"300\" srcset=\"https:\/\/www.topohvar.at\/wp-content\/uploads\/2021\/12\/za-tr-71-11-300x300.jpg 300w, https:\/\/www.topohvar.at\/wp-content\/uploads\/2021\/12\/za-tr-71-11-150x150.jpg 150w, https:\/\/www.topohvar.at\/wp-content\/uploads\/2021\/12\/za-tr-71-11.jpg 450w\" sizes=\"auto, (max-width: 300px) 100vw, 300px\" \/><p id=\"caption-attachment-54552\" class=\"wp-caption-text\">binary comment<\/p><\/div>\n<p>Am 06.10.2021 wurde der Trim ZA-TR-71 besucht und n\u00e4her untersucht:<\/p>\n<p>Standort: Olivenhain<br \/>\nUntergrund: geneigt<br \/>\nVerbunden mit: Steinhaufen geordnet<br \/>\nNutzung: ungenutzt<br \/>\nZustand: sehr gut erhalten<br \/>\nAnzahl der Trimstufen: 2<br \/>\nZus\u00e4tzlicher Steinring: Steinring teilweise<br \/>\nStiege: keine<br \/>\nSteinform: kantig<br \/>\nEingangsbereich: frei<br \/>\nEingangsseite: SW (210\u00b0)<br \/>\nTrimdurchmesser (cm): 470<br \/>\nTrimh\u00f6he (cm): 290<br \/>\nH\u00f6he der Trimstufen (cm): Stufe 1: 220 , Stufe 2: 260<br \/>\nWandst\u00e4rke (cm): 110<br \/>\nT\u00fcrbreite (cm): 60<br \/>\nT\u00fcrh\u00f6he (cm): 120<br \/>\nInnenraumbreite (cm): 240 &#8211; 250<br \/>\nInnenraumh\u00f6he (cm): 280<br \/>\nRaumvolumen (m3): 7,86<br \/>\nKeine Nische<\/p><\/div><\/div><div class='clear_column'><\/div><img loading=\"lazy\" decoding=\"async\" class=\"aligncenter size-full wp-image-54550\" src=\"https:\/\/www.topohvar.at\/wp-content\/uploads\/2021\/12\/za-tr-71-1-sca.jpg\" alt=\"\" width=\"640\" height=\"976\" srcset=\"https:\/\/www.topohvar.at\/wp-content\/uploads\/2021\/12\/za-tr-71-1-sca.jpg 640w, https:\/\/www.topohvar.at\/wp-content\/uploads\/2021\/12\/za-tr-71-1-sca-197x300.jpg 197w\" sizes=\"auto, (max-width: 640px) 100vw, 640px\" \/><\/p>\n<p style=\"text-align: right;\"><a href=\"#seite_oben\">natrag na vrh \/ Seitenanfang<\/a><\/p>\n<hr \/>\n<p><strong>Linkovi \/ Links<\/strong><\/p>\n<p>&#8211;<\/p>\n","protected":false},"excerpt":{"rendered":"<p>Ime \/ Name Trim \u00bbZA-TR-71\u00ab Code: ZA-TR-71\u00a0 \u00a0 \u00a0 \u00a0 \u00a0 \u00a0 \u00a0 \u00a0 \u00a0 \u00a0 \u00a0 \u00a0 \u00a0 \u00a0 \u00a0 Adresa \/ Adresse Zastra\u017ei\u0161\u0107e, Vela gl. Lokacija \/ Position Latitude: N 43,14706\u00b0\u00a0 \u00a0Longitude: E 16,85085\u00b0 Visina \/ H\u00f6he: 178 &hellip; <a href=\"https:\/\/www.topohvar.at\/topo\/orte\/za\/za-tr-71-1\/\">Weiterlesen <span class=\"meta-nav\">&rarr;<\/span><\/a><\/p>\n","protected":false},"author":1,"featured_media":0,"parent":115,"menu_order":0,"comment_status":"closed","ping_status":"closed","template":"","meta":{"footnotes":""},"class_list":["post-43578","page","type-page","status-publish","hentry"],"_links":{"self":[{"href":"https:\/\/www.topohvar.at\/topo\/wp-json\/wp\/v2\/pages\/43578","targetHints":{"allow":["GET"]}}],"collection":[{"href":"https:\/\/www.topohvar.at\/topo\/wp-json\/wp\/v2\/pages"}],"about":[{"href":"https:\/\/www.topohvar.at\/topo\/wp-json\/wp\/v2\/types\/page"}],"author":[{"embeddable":true,"href":"https:\/\/www.topohvar.at\/topo\/wp-json\/wp\/v2\/users\/1"}],"replies":[{"embeddable":true,"href":"https:\/\/www.topohvar.at\/topo\/wp-json\/wp\/v2\/comments?post=43578"}],"version-history":[{"count":9,"href":"https:\/\/www.topohvar.at\/topo\/wp-json\/wp\/v2\/pages\/43578\/revisions"}],"predecessor-version":[{"id":62644,"href":"https:\/\/www.topohvar.at\/topo\/wp-json\/wp\/v2\/pages\/43578\/revisions\/62644"}],"up":[{"embeddable":true,"href":"https:\/\/www.topohvar.at\/topo\/wp-json\/wp\/v2\/pages\/115"}],"wp:attachment":[{"href":"https:\/\/www.topohvar.at\/topo\/wp-json\/wp\/v2\/media?parent=43578"}],"curies":[{"name":"wp","href":"https:\/\/api.w.org\/{rel}","templated":true}]}}

ZASTRAŽIŠĆE &#8211; Trim »ZA-TR-71«

<p><a name="seite_oben"></a><br />
<strong><img loading="lazy" decoding="async" class="alignnone wp-image-51989 size-full" src="https://www.topohvar.at/wp-content/uploads/2021/10/za-tr-71-1.jpg" alt="" width="1080" height="530" srcset="https://www.topohvar.at/wp-content/uploads/2021/10/za-tr-71-1.jpg 1080w, https://www.topohvar.at/wp-content/uploads/2021/10/za-tr-71-1-300x147.jpg 300w, https://www.topohvar.at/wp-content/uploads/2021/10/za-tr-71-1-1024x503.jpg 1024w, https://www.topohvar.at/wp-content/uploads/2021/10/za-tr-71-1-768x377.jpg 768w" sizes="auto, (max-width: 1080px) 100vw, 1080px" /></strong></p>
<p><strong>Ime / Name<br />
</strong>Trim »ZA-TR-71«</p>
<p><strong>Code: </strong>ZA-TR-71                            <a href="https://www.topohvar.at/orte/za/za-tr-00-00/"><img loading="lazy" decoding="async" class="alignnone wp-image-12300 size-full" src="https://www.topohvar.at/wp-content/uploads/2018/09/push-vor-30.jpg" alt="" width="61" height="30" /></a> <strong><a href="https://www.topohvar.at/orte/za/za-tr-a5-1/"><img loading="lazy" decoding="async" class="alignnone wp-image-533 size-full" src="https://www.topohvar.at/wp-content/uploads/2018/07/push-l-30.jpg" alt="" width="61" height="30" /></a> <a href="https://www.topohvar.at/orte/za/"><img loading="lazy" decoding="async" class="alignnone wp-image-535 size-full" src="https://www.topohvar.at/wp-content/uploads/2018/07/push-o-30.jpg" alt="" width="61" height="30" /></a> <a href="https://www.topohvar.at/orte/za/za-tr-41-1/"><img loading="lazy" decoding="async" class="alignnone wp-image-536 size-full" src="https://www.topohvar.at/wp-content/uploads/2018/07/push-r-30.jpg" alt="" width="61" height="30" /></a></strong></p>
<hr />
<p><strong>Adresa / Adresse<br />
</strong>Zastražišće, Vela gl.</p>
<p><strong>Lokacija / Position<a href="https://goo.gl/maps/114yoQ7rh2hY2cVL6"><img loading="lazy" decoding="async" class="alignright wp-image-43579" src="https://www.topohvar.at/wp-content/uploads/2020/11/3042.jpg" alt="" width="134" height="100" /></a><br />
</strong><a href="https://goo.gl/maps/114yoQ7rh2hY2cVL6"><span style="color: #3366ff;">Latitude: N 43,14706°   Longitude: E 16,85085°</span></a> <strong><br />
</strong>Visina / Höhe: 178 m</p>
<p><strong>Katastarska čestica / Grundstücke<br />
</strong>2879<div class='content-column one_half'><div style="padding-right:6px;"><p><strong>Datum snimanja / Erfassungsdatum<br />
</strong>06.10.2021 13:54:00</p>
<hr />
<p><strong>Informacije</strong></p>
<p>Trim se nalazi u blizini staze koja vodi od M. Banda do uvala na sjeveru otoka. Trim u masliniku ima dvije stepenice i velikim je dijelom okružena uređenim kamenim prstenom. Trapezoidni ulaz je napravljen od velikih kamenih blokova. Unutrašnjost je kružna, nedostaje gornja pokrovna ploča kupole. Trim se više gotovo ne koristi.</p></div></div><div class='content-column one_half last_column'><div style="padding-right:0px;padding-left:6px;"><p><strong>Stupanj zaštite / Schutzstellung<br />
</strong>&#8211;</p>
<hr />
<p><strong>Info</strong></p>
<p>Der Trim befindet sich in der Nähe des Weges, der von M. Banda zu den Buchten im Norden der Insel führt. Der Trim im Olivenhain hat zwei Stufen und ist zum Großteil von einem geordneten Steinring umgeben. Der trapezförmige Eingang ist aus großen Steinblöcken gebildet. Der Innenraum ist kreisarund, die oberste Abdeckplatte der Kuppel fehlt. Der Trim wird kaum mehr genutzt.</p></div></div><div class='clear_column'></div><div class='content-column one_half'><div style="padding-right:6px;"><p>Izvor: Hrvatska osnovna karta &#8211; Geoportal DGU</p></div></div><div class='content-column one_half last_column'><div style="padding-right:0px;padding-left:6px;"><p>Quelle: Grundkarte Kroatiens &#8211; Geoportal DGU</p></div></div><div class='clear_column'></div><div class='content-column one_half'><div style="padding-right:6px;"><div id="attachment_54551" style="width: 310px" class="wp-caption aligncenter"><img loading="lazy" decoding="async" aria-describedby="caption-attachment-54551" class="size-medium wp-image-54551" src="https://www.topohvar.at/wp-content/uploads/2021/12/za-tr-71-10-300x300.jpg" alt="" width="300" height="300" srcset="https://www.topohvar.at/wp-content/uploads/2021/12/za-tr-71-10-300x300.jpg 300w, https://www.topohvar.at/wp-content/uploads/2021/12/za-tr-71-10-150x150.jpg 150w, https://www.topohvar.at/wp-content/uploads/2021/12/za-tr-71-10.jpg 450w" sizes="auto, (max-width: 300px) 100vw, 300px" /><p id="caption-attachment-54551" class="wp-caption-text">binary comment</p></div>
<p>Dana 06.10.2021 trim ZA-TR-71 je posjećen i ustanovljeno je sljedeće:</p>
<p>Lokacija: maslinik<br />
Podloga: nakošena<br />
Povezan s: uređenom kamenom gomilom<br />
Upotreba: ne koristi se<br />
Stanje: vrlo dobro uzdržati<br />
Broj stepenica trima: 2<br />
Dodatni kameni prsten: kameni prsten djelomično<br />
Stepenište: nema<br />
Oblik kamena: uglast<br />
Područje ispred ulaza: lako dostupno<br />
Orijentacija ulaza: JZ (210°)<br />
Promjer trima (cm): 470<br />
Visina trima (cm): 290<br />
Visina stepenica (cm): stepenica 1: 220 , stepenica 2: 260<br />
Debljina zida (cm): 110<br />
Širina vrata (cm): 60<br />
Visina vrata (cm): 120<br />
Širina unutra (cm): 240 &#8211; 250<br />
Visina unutra (cm): 280<br />
Volumen iznutra (m3): 7,86<br />
Nema niše</p></div></div><div class='content-column one_half last_column'><div style="padding-right:0px;padding-left:6px;"><div id="attachment_54552" style="width: 310px" class="wp-caption aligncenter"><img loading="lazy" decoding="async" aria-describedby="caption-attachment-54552" class="size-medium wp-image-54552" src="https://www.topohvar.at/wp-content/uploads/2021/12/za-tr-71-11-300x300.jpg" alt="" width="300" height="300" srcset="https://www.topohvar.at/wp-content/uploads/2021/12/za-tr-71-11-300x300.jpg 300w, https://www.topohvar.at/wp-content/uploads/2021/12/za-tr-71-11-150x150.jpg 150w, https://www.topohvar.at/wp-content/uploads/2021/12/za-tr-71-11.jpg 450w" sizes="auto, (max-width: 300px) 100vw, 300px" /><p id="caption-attachment-54552" class="wp-caption-text">binary comment</p></div>
<p>Am 06.10.2021 wurde der Trim ZA-TR-71 besucht und näher untersucht:</p>
<p>Standort: Olivenhain<br />
Untergrund: geneigt<br />
Verbunden mit: Steinhaufen geordnet<br />
Nutzung: ungenutzt<br />
Zustand: sehr gut erhalten<br />
Anzahl der Trimstufen: 2<br />
Zusätzlicher Steinring: Steinring teilweise<br />
Stiege: keine<br />
Steinform: kantig<br />
Eingangsbereich: frei<br />
Eingangsseite: SW (210°)<br />
Trimdurchmesser (cm): 470<br />
Trimhöhe (cm): 290<br />
Höhe der Trimstufen (cm): Stufe 1: 220 , Stufe 2: 260<br />
Wandstärke (cm): 110<br />
Türbreite (cm): 60<br />
Türhöhe (cm): 120<br />
Innenraumbreite (cm): 240 &#8211; 250<br />
Innenraumhöhe (cm): 280<br />
Raumvolumen (m3): 7,86<br />
Keine Nische</p></div></div><div class='clear_column'></div><img loading="lazy" decoding="async" class="aligncenter size-full wp-image-54550" src="https://www.topohvar.at/wp-content/uploads/2021/12/za-tr-71-1-sca.jpg" alt="" width="640" height="976" srcset="https://www.topohvar.at/wp-content/uploads/2021/12/za-tr-71-1-sca.jpg 640w, https://www.topohvar.at/wp-content/uploads/2021/12/za-tr-71-1-sca-197x300.jpg 197w" sizes="auto, (max-width: 640px) 100vw, 640px" /></p>
<p style="text-align: right;"><a href="#seite_oben">natrag na vrh / Seitenanfang</a></p>
<hr />
<p><strong>Linkovi / Links</strong></p>
<p>&#8211;</p>

<p>Ime / Name Trim »ZA-TR-71« Code: ZA-TR-71                              Adresa / Adresse Zastražišće, Vela gl. Lokacija / Position Latitude: N 43,14706°   Longitude: E 16,85085° Visina / Höhe: 178 &hellip; <a href="https://www.topohvar.at/topo/orte/za/za-tr-71-1/">Weiterlesen <span class="meta-nav">&rarr;</span></a></p>
