{"id":43617,"date":"2020-11-13T07:39:31","date_gmt":"2020-11-13T06:39:31","guid":{"rendered":"https:\/\/www.topohvar.at\/topo\/?page_id=43617"},"modified":"2023-06-16T16:48:36","modified_gmt":"2023-06-16T14:48:36","slug":"za-tr-63-1","status":"publish","type":"page","link":"https:\/\/www.topohvar.at\/topo\/orte\/za\/za-tr-63-1\/","title":{"rendered":"ZASTRA\u017dI\u0160\u0106E &#8211; Trim \u00bbZA-TR-63\u00ab"},"content":{"rendered":"<p><a name=\"seite_oben\"><\/a><img loading=\"lazy\" decoding=\"async\" class=\"aligncenter size-full wp-image-54532\" src=\"https:\/\/www.topohvar.at\/wp-content\/uploads\/2021\/12\/za-tr-63-3.jpg\" alt=\"\" width=\"1080\" height=\"530\" srcset=\"https:\/\/www.topohvar.at\/wp-content\/uploads\/2021\/12\/za-tr-63-3.jpg 1080w, https:\/\/www.topohvar.at\/wp-content\/uploads\/2021\/12\/za-tr-63-3-300x147.jpg 300w, https:\/\/www.topohvar.at\/wp-content\/uploads\/2021\/12\/za-tr-63-3-1024x503.jpg 1024w, https:\/\/www.topohvar.at\/wp-content\/uploads\/2021\/12\/za-tr-63-3-768x377.jpg 768w\" sizes=\"auto, (max-width: 1080px) 100vw, 1080px\" \/><\/p>\n<p><strong>Ime \/ Name<br \/>\n<\/strong>Trim \u00bbZA-TR-63\u00ab<\/p>\n<p><strong>Code: <\/strong>ZA-TR-63\u00a0 \u00a0 \u00a0 \u00a0 \u00a0 \u00a0 \u00a0 \u00a0 \u00a0 \u00a0 \u00a0 \u00a0 \u00a0 \u00a0 <a href=\"https:\/\/www.topohvar.at\/orte\/za\/za-tr-00-00\/\"><img loading=\"lazy\" decoding=\"async\" class=\"alignnone wp-image-12300 size-full\" src=\"https:\/\/www.topohvar.at\/wp-content\/uploads\/2018\/09\/push-vor-30.jpg\" alt=\"\" width=\"61\" height=\"30\" \/><\/a>\u00a0<strong><a href=\"https:\/\/www.topohvar.at\/orte\/za\/za-tr-06-1\/\"><img loading=\"lazy\" decoding=\"async\" class=\"alignnone wp-image-533 size-full\" src=\"https:\/\/www.topohvar.at\/wp-content\/uploads\/2018\/07\/push-l-30.jpg\" alt=\"\" width=\"61\" height=\"30\" \/><\/a> <a href=\"https:\/\/www.topohvar.at\/orte\/za\/\"><img loading=\"lazy\" decoding=\"async\" class=\"alignnone wp-image-535 size-full\" src=\"https:\/\/www.topohvar.at\/wp-content\/uploads\/2018\/07\/push-o-30.jpg\" alt=\"\" width=\"61\" height=\"30\" \/><\/a> <a href=\"https:\/\/www.topohvar.at\/orte\/za\/za-tr-66-1\/\"><img loading=\"lazy\" decoding=\"async\" class=\"alignnone wp-image-536 size-full\" src=\"https:\/\/www.topohvar.at\/wp-content\/uploads\/2018\/07\/push-r-30.jpg\" alt=\"\" width=\"61\" height=\"30\" \/><\/a><\/strong><\/p>\n<hr \/>\n<p><strong>Adresa \/ Adresse<br \/>\n<\/strong>Zastra\u017ei\u0161\u0107e, Glavica<\/p>\n<p><strong>Lokacija \/ Position<a href=\"https:\/\/goo.gl\/maps\/CmDgZYEE2PftVin29\"><img loading=\"lazy\" decoding=\"async\" class=\"alignright wp-image-43621\" src=\"https:\/\/www.topohvar.at\/wp-content\/uploads\/2020\/11\/3034.jpg\" alt=\"\" width=\"134\" height=\"100\" \/><\/a><br \/>\n<\/strong><a href=\"https:\/\/goo.gl\/maps\/CmDgZYEE2PftVin29\"><span style=\"color: #3366ff;\">Latitude: N 43,14254\u00b0\u00a0 \u00a0Longitude: E 16,86277\u00b0<\/span> <\/a><strong><br \/>\n<\/strong>Visina \/ H\u00f6he: 186 m<\/p>\n<p><strong>Katastarska \u010destica \/ Grundst\u00fccke<br \/>\n<\/strong>2557\/1<div class='content-column one_half'><div style=\"padding-right:6px;\"><p><strong>Datum snimanja \/ Erfassungsdatum<br \/>\n<\/strong>05.10.2021 13:18:00<\/p>\n<hr \/>\n<p><strong>Informacije<\/strong><\/p>\n<p>U zaseoku Glavica nalazi se poljoprivredno dvori\u0161te koje se sastoji od nekoliko zgrada, cisterni, uljara i dva trima.<\/p><\/div><\/div><div class='content-column one_half last_column'><div style=\"padding-right:0px;padding-left:6px;\"><p><strong>Stupanj za\u0161tite \/ Schutzstellung<br \/>\n<\/strong>&#8211;<\/p>\n<hr \/>\n<p><strong>Info<\/strong><\/p>\n<p>Im Weiler Glavica befindet sich eine landwirtschaftliche Hofstelle bestehend aus mehreren Geb\u00e4uden, Zisternen, einer \u00d6lm\u00fchle und zwei Trims.<\/p><\/div><\/div><div class='clear_column'><\/div><strong><img loading=\"lazy\" decoding=\"async\" class=\"alignnone wp-image-51993 size-full\" src=\"https:\/\/www.topohvar.at\/wp-content\/uploads\/2021\/10\/za-tr-63-1.jpg\" alt=\"\" width=\"1080\" height=\"530\" srcset=\"https:\/\/www.topohvar.at\/wp-content\/uploads\/2021\/10\/za-tr-63-1.jpg 1080w, https:\/\/www.topohvar.at\/wp-content\/uploads\/2021\/10\/za-tr-63-1-300x147.jpg 300w, https:\/\/www.topohvar.at\/wp-content\/uploads\/2021\/10\/za-tr-63-1-1024x503.jpg 1024w, https:\/\/www.topohvar.at\/wp-content\/uploads\/2021\/10\/za-tr-63-1-768x377.jpg 768w\" sizes=\"auto, (max-width: 1080px) 100vw, 1080px\" \/><\/strong><\/p>\n<div class='content-column one_half'><div style=\"padding-right:6px;\"><p>Prvi trim je na ulazu u dvori\u0161te u kri\u017eanju kamenih zidova. Ispred trima kasnije je podignuta gospodarska zgrada s jednostranim krovom. Trapezoidni ulaz u unutra\u0161njost trima nalazi se u gospodarskoj zgradi. Nedostaju gornje pokrovne plo\u010de kupole, ina\u010de je trim u dobrom stanju. Gotovo se vi\u0161e ne koristi.<\/p><\/div><\/div><div class='content-column one_half last_column'><div style=\"padding-right:0px;padding-left:6px;\"><p>Der erste Trim befindet sich am Zugang zur Hofstelle in einer Kreuzung von Steinmauern. Vor dem Trim wurde sp\u00e4ter ein Nebengeb\u00e4ude mit Pultdach errichtet. Der trapezf\u00f6rmige Eingang in den Innenraum des Trims befindet sich innerhalb des Nebengeb\u00e4udes. Die obersten Abdeckplatten der Kuppel fehlen, ansonsten ist der Trim gut erhalten. Er wird kaum mehr genutzt.<\/p><\/div><\/div><div class='clear_column'><\/div><div class='content-column one_half'><div style=\"padding-right:6px;\"><p>Izvor: Hrvatska osnovna karta\u00a0&#8211; Geoportal DGU<\/p><\/div><\/div><div class='content-column one_half last_column'><div style=\"padding-right:0px;padding-left:6px;\"><p>Quelle: Grundkarte Kroatiens\u00a0&#8211; Geoportal DGU<\/p><\/div><\/div><div class='clear_column'><\/div><div class='content-column one_half'><div style=\"padding-right:6px;\"><div id=\"attachment_54517\" style=\"width: 310px\" class=\"wp-caption aligncenter\"><img loading=\"lazy\" decoding=\"async\" aria-describedby=\"caption-attachment-54517\" class=\"size-medium wp-image-54517\" src=\"https:\/\/www.topohvar.at\/wp-content\/uploads\/2021\/12\/za-tr-63-10-300x300.jpg\" alt=\"\" width=\"300\" height=\"300\" srcset=\"https:\/\/www.topohvar.at\/wp-content\/uploads\/2021\/12\/za-tr-63-10-300x300.jpg 300w, https:\/\/www.topohvar.at\/wp-content\/uploads\/2021\/12\/za-tr-63-10-150x150.jpg 150w, https:\/\/www.topohvar.at\/wp-content\/uploads\/2021\/12\/za-tr-63-10.jpg 450w\" sizes=\"auto, (max-width: 300px) 100vw, 300px\" \/><p id=\"caption-attachment-54517\" class=\"wp-caption-text\">Ulaz \/ Eingang<\/p><\/div>\n<p>Dana 05.10.2021 trim ZA-TR-63 je posje\u0107en i ustanovljeno je sljede\u0107e:<\/p>\n<p>Lokacija: poljoprivredni sklop<br \/>\nPodloga: ravna<br \/>\nPovezan s: zgradom , kamenim zidom<br \/>\nUpotreba: u upotrebi<br \/>\nStanje: dobro sa\u010duvan<br \/>\nBroj stepenica trima: 1<br \/>\nDodatni kameni prsten: nema kamenog prstena<br \/>\nStepeni\u0161te: nema<br \/>\nOblik kamena: uglast<br \/>\nPodru\u010dje ispred ulaza: za\u0161ti\u0107eno<br \/>\nOrijentacija ulaza: S (20\u00b0)<br \/>\nPromjer trima (cm): 420<br \/>\nVisina trima (cm): 250<br \/>\nVisina stepenica (cm): stepenica 1: 160<br \/>\nDebljina zida (cm): 100<br \/>\n\u0160irina vrata (cm): 55<br \/>\nVisina vrata (cm): 120<br \/>\n\u0160irina unutra (cm): 200 &#8211; 220<br \/>\nVisina unutra (cm): 220<br \/>\nVolumen iznutra (m3): 4,99<br \/>\nNema ni\u0161e<\/p><\/div><\/div><div class='content-column one_half last_column'><div style=\"padding-right:0px;padding-left:6px;\"><div id=\"attachment_54533\" style=\"width: 310px\" class=\"wp-caption aligncenter\"><img loading=\"lazy\" decoding=\"async\" aria-describedby=\"caption-attachment-54533\" class=\"wp-image-54533 size-medium\" src=\"https:\/\/www.topohvar.at\/wp-content\/uploads\/2021\/12\/za-tr-63-2-300x300.jpg\" alt=\"\" width=\"300\" height=\"300\" srcset=\"https:\/\/www.topohvar.at\/wp-content\/uploads\/2021\/12\/za-tr-63-2-300x300.jpg 300w, https:\/\/www.topohvar.at\/wp-content\/uploads\/2021\/12\/za-tr-63-2-150x150.jpg 150w, https:\/\/www.topohvar.at\/wp-content\/uploads\/2021\/12\/za-tr-63-2.jpg 450w\" sizes=\"auto, (max-width: 300px) 100vw, 300px\" \/><p id=\"caption-attachment-54533\" class=\"wp-caption-text\">Zgrada ispred trim \/ Geb\u00e4ude vor dem Trim<\/p><\/div>\n<p>Am 05.10.2021 wurde der Trim ZA-TR-63 besucht und n\u00e4her untersucht:<\/p>\n<p>Standort: landwirtsch. Gemenge<br \/>\nUntergrund: eben<br \/>\nVerbunden mit: Geb\u00e4ude , Steinmauer<br \/>\nNutzung: genutzt<br \/>\nZustand: gut erhalten<br \/>\nAnzahl der Trimstufen: 1<br \/>\nZus\u00e4tzlicher Steinring: kein Steinring<br \/>\nStiege: keine<br \/>\nSteinform: kantig<br \/>\nEingangsbereich: gesch\u00fctzt<br \/>\nEingangsseite: N (20\u00b0)<br \/>\nTrimdurchmesser (cm): 420<br \/>\nTrimh\u00f6he (cm): 250<br \/>\nH\u00f6he der Trimstufen (cm): Stufe 1: 160<br \/>\nWandst\u00e4rke (cm): 100<br \/>\nT\u00fcrbreite (cm): 55<br \/>\nT\u00fcrh\u00f6he (cm): 120<br \/>\nInnenraumbreite (cm): 200 &#8211; 220<br \/>\nInnenraumh\u00f6he (cm): 220<br \/>\nRaumvolumen (m3): 4,99<br \/>\nKeine Nische<\/p><\/div><\/div><div class='clear_column'><\/div><img loading=\"lazy\" decoding=\"async\" class=\"aligncenter size-full wp-image-54521\" src=\"https:\/\/www.topohvar.at\/wp-content\/uploads\/2021\/12\/za-tr-63-1-sca.jpg\" alt=\"\" width=\"640\" height=\"961\" srcset=\"https:\/\/www.topohvar.at\/wp-content\/uploads\/2021\/12\/za-tr-63-1-sca.jpg 640w, https:\/\/www.topohvar.at\/wp-content\/uploads\/2021\/12\/za-tr-63-1-sca-200x300.jpg 200w\" sizes=\"auto, (max-width: 640px) 100vw, 640px\" \/><\/p>\n<p style=\"text-align: right;\"><a href=\"#seite_oben\">natrag na vrh \/ Seitenanfang<\/a><\/p>\n<hr \/>\n<p><strong>Linkovi \/ Links<\/strong><\/p>\n<p><span style=\"color: #3366ff;\"><a style=\"color: #3366ff;\" href=\"https:\/\/www.topohvar.at\/topo\/orte\/za\/za-ob-06-1\/\">Objekt \u00bbMlin za masline 2\u00ab<\/a><br \/>\n<a style=\"color: #3366ff;\" href=\"https:\/\/www.topohvar.at\/topo\/orte\/za\/za-tr-66-1\/\">Trim \u00bbZA-TR-66\u00ab<\/a><\/span><br \/>\n<span style=\"color: #3366ff;\"><a style=\"color: #3366ff;\" href=\"https:\/\/www.topohvar.at\/topo\/orte\/za\/za-op-00-0\/#op-17\">Objekt \u00bbGustirna\u00ab<\/a><\/span><\/p>\n","protected":false},"excerpt":{"rendered":"<p>Ime \/ Name Trim \u00bbZA-TR-63\u00ab Code: ZA-TR-63\u00a0 \u00a0 \u00a0 \u00a0 \u00a0 \u00a0 \u00a0 \u00a0 \u00a0 \u00a0 \u00a0 \u00a0 \u00a0 \u00a0 \u00a0 Adresa \/ Adresse Zastra\u017ei\u0161\u0107e, Glavica Lokacija \/ Position Latitude: N 43,14254\u00b0\u00a0 \u00a0Longitude: E 16,86277\u00b0 Visina \/ H\u00f6he: 186 m &hellip; <a href=\"https:\/\/www.topohvar.at\/topo\/orte\/za\/za-tr-63-1\/\">Weiterlesen <span class=\"meta-nav\">&rarr;<\/span><\/a><\/p>\n","protected":false},"author":1,"featured_media":0,"parent":115,"menu_order":0,"comment_status":"closed","ping_status":"closed","template":"","meta":{"footnotes":""},"class_list":["post-43617","page","type-page","status-publish","hentry"],"_links":{"self":[{"href":"https:\/\/www.topohvar.at\/topo\/wp-json\/wp\/v2\/pages\/43617","targetHints":{"allow":["GET"]}}],"collection":[{"href":"https:\/\/www.topohvar.at\/topo\/wp-json\/wp\/v2\/pages"}],"about":[{"href":"https:\/\/www.topohvar.at\/topo\/wp-json\/wp\/v2\/types\/page"}],"author":[{"embeddable":true,"href":"https:\/\/www.topohvar.at\/topo\/wp-json\/wp\/v2\/users\/1"}],"replies":[{"embeddable":true,"href":"https:\/\/www.topohvar.at\/topo\/wp-json\/wp\/v2\/comments?post=43617"}],"version-history":[{"count":10,"href":"https:\/\/www.topohvar.at\/topo\/wp-json\/wp\/v2\/pages\/43617\/revisions"}],"predecessor-version":[{"id":63411,"href":"https:\/\/www.topohvar.at\/topo\/wp-json\/wp\/v2\/pages\/43617\/revisions\/63411"}],"up":[{"embeddable":true,"href":"https:\/\/www.topohvar.at\/topo\/wp-json\/wp\/v2\/pages\/115"}],"wp:attachment":[{"href":"https:\/\/www.topohvar.at\/topo\/wp-json\/wp\/v2\/media?parent=43617"}],"curies":[{"name":"wp","href":"https:\/\/api.w.org\/{rel}","templated":true}]}}

ZASTRAŽIŠĆE &#8211; Trim »ZA-TR-63«

<p><a name="seite_oben"></a><img loading="lazy" decoding="async" class="aligncenter size-full wp-image-54532" src="https://www.topohvar.at/wp-content/uploads/2021/12/za-tr-63-3.jpg" alt="" width="1080" height="530" srcset="https://www.topohvar.at/wp-content/uploads/2021/12/za-tr-63-3.jpg 1080w, https://www.topohvar.at/wp-content/uploads/2021/12/za-tr-63-3-300x147.jpg 300w, https://www.topohvar.at/wp-content/uploads/2021/12/za-tr-63-3-1024x503.jpg 1024w, https://www.topohvar.at/wp-content/uploads/2021/12/za-tr-63-3-768x377.jpg 768w" sizes="auto, (max-width: 1080px) 100vw, 1080px" /></p>
<p><strong>Ime / Name<br />
</strong>Trim »ZA-TR-63«</p>
<p><strong>Code: </strong>ZA-TR-63                            <a href="https://www.topohvar.at/orte/za/za-tr-00-00/"><img loading="lazy" decoding="async" class="alignnone wp-image-12300 size-full" src="https://www.topohvar.at/wp-content/uploads/2018/09/push-vor-30.jpg" alt="" width="61" height="30" /></a> <strong><a href="https://www.topohvar.at/orte/za/za-tr-06-1/"><img loading="lazy" decoding="async" class="alignnone wp-image-533 size-full" src="https://www.topohvar.at/wp-content/uploads/2018/07/push-l-30.jpg" alt="" width="61" height="30" /></a> <a href="https://www.topohvar.at/orte/za/"><img loading="lazy" decoding="async" class="alignnone wp-image-535 size-full" src="https://www.topohvar.at/wp-content/uploads/2018/07/push-o-30.jpg" alt="" width="61" height="30" /></a> <a href="https://www.topohvar.at/orte/za/za-tr-66-1/"><img loading="lazy" decoding="async" class="alignnone wp-image-536 size-full" src="https://www.topohvar.at/wp-content/uploads/2018/07/push-r-30.jpg" alt="" width="61" height="30" /></a></strong></p>
<hr />
<p><strong>Adresa / Adresse<br />
</strong>Zastražišće, Glavica</p>
<p><strong>Lokacija / Position<a href="https://goo.gl/maps/CmDgZYEE2PftVin29"><img loading="lazy" decoding="async" class="alignright wp-image-43621" src="https://www.topohvar.at/wp-content/uploads/2020/11/3034.jpg" alt="" width="134" height="100" /></a><br />
</strong><a href="https://goo.gl/maps/CmDgZYEE2PftVin29"><span style="color: #3366ff;">Latitude: N 43,14254°   Longitude: E 16,86277°</span> </a><strong><br />
</strong>Visina / Höhe: 186 m</p>
<p><strong>Katastarska čestica / Grundstücke<br />
</strong>2557/1<div class='content-column one_half'><div style="padding-right:6px;"><p><strong>Datum snimanja / Erfassungsdatum<br />
</strong>05.10.2021 13:18:00</p>
<hr />
<p><strong>Informacije</strong></p>
<p>U zaseoku Glavica nalazi se poljoprivredno dvorište koje se sastoji od nekoliko zgrada, cisterni, uljara i dva trima.</p></div></div><div class='content-column one_half last_column'><div style="padding-right:0px;padding-left:6px;"><p><strong>Stupanj zaštite / Schutzstellung<br />
</strong>&#8211;</p>
<hr />
<p><strong>Info</strong></p>
<p>Im Weiler Glavica befindet sich eine landwirtschaftliche Hofstelle bestehend aus mehreren Gebäuden, Zisternen, einer Ölmühle und zwei Trims.</p></div></div><div class='clear_column'></div><strong><img loading="lazy" decoding="async" class="alignnone wp-image-51993 size-full" src="https://www.topohvar.at/wp-content/uploads/2021/10/za-tr-63-1.jpg" alt="" width="1080" height="530" srcset="https://www.topohvar.at/wp-content/uploads/2021/10/za-tr-63-1.jpg 1080w, https://www.topohvar.at/wp-content/uploads/2021/10/za-tr-63-1-300x147.jpg 300w, https://www.topohvar.at/wp-content/uploads/2021/10/za-tr-63-1-1024x503.jpg 1024w, https://www.topohvar.at/wp-content/uploads/2021/10/za-tr-63-1-768x377.jpg 768w" sizes="auto, (max-width: 1080px) 100vw, 1080px" /></strong></p>
<div class='content-column one_half'><div style="padding-right:6px;"><p>Prvi trim je na ulazu u dvorište u križanju kamenih zidova. Ispred trima kasnije je podignuta gospodarska zgrada s jednostranim krovom. Trapezoidni ulaz u unutrašnjost trima nalazi se u gospodarskoj zgradi. Nedostaju gornje pokrovne ploče kupole, inače je trim u dobrom stanju. Gotovo se više ne koristi.</p></div></div><div class='content-column one_half last_column'><div style="padding-right:0px;padding-left:6px;"><p>Der erste Trim befindet sich am Zugang zur Hofstelle in einer Kreuzung von Steinmauern. Vor dem Trim wurde später ein Nebengebäude mit Pultdach errichtet. Der trapezförmige Eingang in den Innenraum des Trims befindet sich innerhalb des Nebengebäudes. Die obersten Abdeckplatten der Kuppel fehlen, ansonsten ist der Trim gut erhalten. Er wird kaum mehr genutzt.</p></div></div><div class='clear_column'></div><div class='content-column one_half'><div style="padding-right:6px;"><p>Izvor: Hrvatska osnovna karta &#8211; Geoportal DGU</p></div></div><div class='content-column one_half last_column'><div style="padding-right:0px;padding-left:6px;"><p>Quelle: Grundkarte Kroatiens &#8211; Geoportal DGU</p></div></div><div class='clear_column'></div><div class='content-column one_half'><div style="padding-right:6px;"><div id="attachment_54517" style="width: 310px" class="wp-caption aligncenter"><img loading="lazy" decoding="async" aria-describedby="caption-attachment-54517" class="size-medium wp-image-54517" src="https://www.topohvar.at/wp-content/uploads/2021/12/za-tr-63-10-300x300.jpg" alt="" width="300" height="300" srcset="https://www.topohvar.at/wp-content/uploads/2021/12/za-tr-63-10-300x300.jpg 300w, https://www.topohvar.at/wp-content/uploads/2021/12/za-tr-63-10-150x150.jpg 150w, https://www.topohvar.at/wp-content/uploads/2021/12/za-tr-63-10.jpg 450w" sizes="auto, (max-width: 300px) 100vw, 300px" /><p id="caption-attachment-54517" class="wp-caption-text">Ulaz / Eingang</p></div>
<p>Dana 05.10.2021 trim ZA-TR-63 je posjećen i ustanovljeno je sljedeće:</p>
<p>Lokacija: poljoprivredni sklop<br />
Podloga: ravna<br />
Povezan s: zgradom , kamenim zidom<br />
Upotreba: u upotrebi<br />
Stanje: dobro sačuvan<br />
Broj stepenica trima: 1<br />
Dodatni kameni prsten: nema kamenog prstena<br />
Stepenište: nema<br />
Oblik kamena: uglast<br />
Područje ispred ulaza: zaštićeno<br />
Orijentacija ulaza: S (20°)<br />
Promjer trima (cm): 420<br />
Visina trima (cm): 250<br />
Visina stepenica (cm): stepenica 1: 160<br />
Debljina zida (cm): 100<br />
Širina vrata (cm): 55<br />
Visina vrata (cm): 120<br />
Širina unutra (cm): 200 &#8211; 220<br />
Visina unutra (cm): 220<br />
Volumen iznutra (m3): 4,99<br />
Nema niše</p></div></div><div class='content-column one_half last_column'><div style="padding-right:0px;padding-left:6px;"><div id="attachment_54533" style="width: 310px" class="wp-caption aligncenter"><img loading="lazy" decoding="async" aria-describedby="caption-attachment-54533" class="wp-image-54533 size-medium" src="https://www.topohvar.at/wp-content/uploads/2021/12/za-tr-63-2-300x300.jpg" alt="" width="300" height="300" srcset="https://www.topohvar.at/wp-content/uploads/2021/12/za-tr-63-2-300x300.jpg 300w, https://www.topohvar.at/wp-content/uploads/2021/12/za-tr-63-2-150x150.jpg 150w, https://www.topohvar.at/wp-content/uploads/2021/12/za-tr-63-2.jpg 450w" sizes="auto, (max-width: 300px) 100vw, 300px" /><p id="caption-attachment-54533" class="wp-caption-text">Zgrada ispred trim / Gebäude vor dem Trim</p></div>
<p>Am 05.10.2021 wurde der Trim ZA-TR-63 besucht und näher untersucht:</p>
<p>Standort: landwirtsch. Gemenge<br />
Untergrund: eben<br />
Verbunden mit: Gebäude , Steinmauer<br />
Nutzung: genutzt<br />
Zustand: gut erhalten<br />
Anzahl der Trimstufen: 1<br />
Zusätzlicher Steinring: kein Steinring<br />
Stiege: keine<br />
Steinform: kantig<br />
Eingangsbereich: geschützt<br />
Eingangsseite: N (20°)<br />
Trimdurchmesser (cm): 420<br />
Trimhöhe (cm): 250<br />
Höhe der Trimstufen (cm): Stufe 1: 160<br />
Wandstärke (cm): 100<br />
Türbreite (cm): 55<br />
Türhöhe (cm): 120<br />
Innenraumbreite (cm): 200 &#8211; 220<br />
Innenraumhöhe (cm): 220<br />
Raumvolumen (m3): 4,99<br />
Keine Nische</p></div></div><div class='clear_column'></div><img loading="lazy" decoding="async" class="aligncenter size-full wp-image-54521" src="https://www.topohvar.at/wp-content/uploads/2021/12/za-tr-63-1-sca.jpg" alt="" width="640" height="961" srcset="https://www.topohvar.at/wp-content/uploads/2021/12/za-tr-63-1-sca.jpg 640w, https://www.topohvar.at/wp-content/uploads/2021/12/za-tr-63-1-sca-200x300.jpg 200w" sizes="auto, (max-width: 640px) 100vw, 640px" /></p>
<p style="text-align: right;"><a href="#seite_oben">natrag na vrh / Seitenanfang</a></p>
<hr />
<p><strong>Linkovi / Links</strong></p>
<p><span style="color: #3366ff;"><a style="color: #3366ff;" href="https://www.topohvar.at/topo/orte/za/za-ob-06-1/">Objekt »Mlin za masline 2«</a><br />
<a style="color: #3366ff;" href="https://www.topohvar.at/topo/orte/za/za-tr-66-1/">Trim »ZA-TR-66«</a></span><br />
<span style="color: #3366ff;"><a style="color: #3366ff;" href="https://www.topohvar.at/topo/orte/za/za-op-00-0/#op-17">Objekt »Gustirna«</a></span></p>

<p>Ime / Name Trim »ZA-TR-63« Code: ZA-TR-63                              Adresa / Adresse Zastražišće, Glavica Lokacija / Position Latitude: N 43,14254°   Longitude: E 16,86277° Visina / Höhe: 186 m &hellip; <a href="https://www.topohvar.at/topo/orte/za/za-tr-63-1/">Weiterlesen <span class="meta-nav">&rarr;</span></a></p>
