{"id":43662,"date":"2020-11-13T09:31:57","date_gmt":"2020-11-13T08:31:57","guid":{"rendered":"https:\/\/www.topohvar.at\/topo\/?page_id=43662"},"modified":"2021-12-04T11:31:47","modified_gmt":"2021-12-04T10:31:47","slug":"za-tr-45-1","status":"publish","type":"page","link":"https:\/\/www.topohvar.at\/topo\/orte\/za\/za-tr-45-1\/","title":{"rendered":"ZASTRA\u017dI\u0160\u0106E &#8211; Trim \u00bbZA-TR-45\u00ab"},"content":{"rendered":"<p><a name=\"seite_oben\"><\/a><br \/>\n<strong><img loading=\"lazy\" decoding=\"async\" class=\"alignnone wp-image-52118 size-full\" src=\"https:\/\/www.topohvar.at\/wp-content\/uploads\/2021\/10\/za-tr-45-1.jpg\" alt=\"\" width=\"1080\" height=\"530\" srcset=\"https:\/\/www.topohvar.at\/wp-content\/uploads\/2021\/10\/za-tr-45-1.jpg 1080w, https:\/\/www.topohvar.at\/wp-content\/uploads\/2021\/10\/za-tr-45-1-300x147.jpg 300w, https:\/\/www.topohvar.at\/wp-content\/uploads\/2021\/10\/za-tr-45-1-1024x503.jpg 1024w, https:\/\/www.topohvar.at\/wp-content\/uploads\/2021\/10\/za-tr-45-1-768x377.jpg 768w\" sizes=\"auto, (max-width: 1080px) 100vw, 1080px\" \/><\/strong><\/p>\n<p><strong>Ime \/ Name<br \/>\n<\/strong>Trim \u00bbZA-TR-45\u00ab<\/p>\n<p><strong>Code: <\/strong>ZA-TR-45\u00a0 \u00a0 \u00a0 \u00a0 \u00a0 \u00a0 \u00a0 \u00a0 \u00a0 \u00a0 \u00a0 \u00a0 \u00a0 \u00a0 <a href=\"https:\/\/www.topohvar.at\/orte\/za\/za-tr-00-00\/\"><img loading=\"lazy\" decoding=\"async\" class=\"alignnone wp-image-12300 size-full\" src=\"https:\/\/www.topohvar.at\/wp-content\/uploads\/2018\/09\/push-vor-30.jpg\" alt=\"\" width=\"61\" height=\"30\" \/><\/a>\u00a0<strong><a href=\"https:\/\/www.topohvar.at\/orte\/za\/za-tr-30-1\/\"><img loading=\"lazy\" decoding=\"async\" class=\"alignnone wp-image-533 size-full\" src=\"https:\/\/www.topohvar.at\/wp-content\/uploads\/2018\/07\/push-l-30.jpg\" alt=\"\" width=\"61\" height=\"30\" \/><\/a> <a href=\"https:\/\/www.topohvar.at\/orte\/za\/\"><img loading=\"lazy\" decoding=\"async\" class=\"alignnone wp-image-535 size-full\" src=\"https:\/\/www.topohvar.at\/wp-content\/uploads\/2018\/07\/push-o-30.jpg\" alt=\"\" width=\"61\" height=\"30\" \/><\/a> <a href=\"https:\/\/www.topohvar.at\/orte\/za\/za-tr-29-1\/\"><img loading=\"lazy\" decoding=\"async\" class=\"alignnone wp-image-536 size-full\" src=\"https:\/\/www.topohvar.at\/wp-content\/uploads\/2018\/07\/push-r-30.jpg\" alt=\"\" width=\"61\" height=\"30\" \/><\/a><\/strong><\/p>\n<hr \/>\n<p><strong>Adresa \/ Adresse<br \/>\n<\/strong>Zastra\u017ei\u0161\u0107e, Kalina<\/p>\n<p><strong>Lokacija \/ Position<a href=\"https:\/\/goo.gl\/maps\/LBy7e8HMRtpTpRgC9\"><img loading=\"lazy\" decoding=\"async\" class=\"alignright wp-image-43663\" src=\"https:\/\/www.topohvar.at\/wp-content\/uploads\/2020\/11\/3016.jpg\" alt=\"\" width=\"134\" height=\"100\" \/><\/a><br \/>\n<\/strong><a href=\"https:\/\/goo.gl\/maps\/LBy7e8HMRtpTpRgC9\"><span style=\"color: #3366ff;\">Latitude: N 43,15213\u00b0\u00a0 \u00a0Longitude: E 16,87294\u00b0<\/span><\/a> <strong><br \/>\n<\/strong>Visina \/ H\u00f6he: 80 m<\/p>\n<p><strong>Katastarska \u010destica \/ Grundst\u00fccke<br \/>\n<\/strong>2920\/57<div class='content-column one_half'><div style=\"padding-right:6px;\"><p><strong>Datum snimanja \/ Erfassungsdatum<br \/>\n<\/strong>11.10.2021 15:10:00<\/p>\n<hr \/>\n<p><strong>Informacije<\/strong><\/p>\n<p>Trim se nalazi u \u0161umi iznad ceste za uvalu Klju\u0161na. Oko 50 m isto\u010dnije nalazi se sru\u0161ena ku\u0107a i gumno (4). Sru\u0161ila se kupola trima i njen ulaz. Desno od ulaza nalazi se mala ni\u0161a ogra\u0111ena kamenim zidovima.<\/p><\/div><\/div><div class='content-column one_half last_column'><div style=\"padding-right:0px;padding-left:6px;\"><p><strong>Stupanj za\u0161tite \/ Schutzstellung<br \/>\n<\/strong>&#8211;<\/p>\n<hr \/>\n<p><strong>Info<\/strong><\/p>\n<p>Der Trim befindet sich im Wald oberhalb des Weges zur Bucht Klju\u0161na. Etwa 50 m weiter \u00f6stlich befindet sich eine Hausruine und ein Dreschboden (4). Die Kuppel des Trims und auch sein Eingang ist eingest\u00fcrzt. Rechts neben dem Eingang findet man eine kleine, mit Steinmauern umfasste Nische.<\/p><\/div><\/div><div class='clear_column'><\/div><div class='content-column one_half'><div style=\"padding-right:6px;\"><p>Izvor: Hrvatska osnovna karta\u00a0&#8211; Geoportal DGU<\/p><\/div><\/div><div class='content-column one_half last_column'><div style=\"padding-right:0px;padding-left:6px;\"><p>Quelle: Grundkarte Kroatiens\u00a0&#8211; Geoportal DGU<\/p><\/div><\/div><div class='clear_column'><\/div><div class='content-column one_half'><div style=\"padding-right:6px;\"><div id=\"attachment_54610\" style=\"width: 310px\" class=\"wp-caption aligncenter\"><img loading=\"lazy\" decoding=\"async\" aria-describedby=\"caption-attachment-54610\" class=\"size-medium wp-image-54610\" src=\"https:\/\/www.topohvar.at\/wp-content\/uploads\/2021\/12\/za-tr-45-10-300x300.jpg\" alt=\"\" width=\"300\" height=\"300\" srcset=\"https:\/\/www.topohvar.at\/wp-content\/uploads\/2021\/12\/za-tr-45-10-300x300.jpg 300w, https:\/\/www.topohvar.at\/wp-content\/uploads\/2021\/12\/za-tr-45-10-150x150.jpg 150w, https:\/\/www.topohvar.at\/wp-content\/uploads\/2021\/12\/za-tr-45-10.jpg 450w\" sizes=\"auto, (max-width: 300px) 100vw, 300px\" \/><p id=\"caption-attachment-54610\" class=\"wp-caption-text\">Sru\u0161en ulaz \/ eingest\u00fcrzter Eingang<\/p><\/div>\n<p>Dana 11.10.2021 trim ZA-TR-45 je posje\u0107en i ustanovljeno je sljede\u0107e:<\/p>\n<p>Lokacija: \u0161uma<br \/>\nPodloga: ravna<br \/>\nPovezan s: kamenim zidom<br \/>\nUpotreba: ne koristi se<br \/>\nStanje: kupola se sru\u0161ila<br \/>\nBroj stepenica trima: 1<br \/>\nDodatni kameni prsten: nema kamenog prstena<br \/>\nStepeni\u0161te: nema<br \/>\nOblik kamena: uglast<br \/>\nPodru\u010dje ispred ulaza: kamenito<br \/>\nOrijentacija ulaza: Z (270\u00b0)<br \/>\nPromjer trima (cm): 350<br \/>\nVisina trima (cm): ?<br \/>\nVisina stepenica (cm): stepenica 1: ?<br \/>\nDebljina zida (cm): 80<br \/>\n\u0160irina vrata (cm): 80<br \/>\nVisina vrata (cm): 110<br \/>\n\u0160irina unutra (cm): 180 &#8211; 190<br \/>\nVisina unutra (cm): ?<br \/>\nVolumen iznutra (m3): ?<br \/>\nNema ni\u0161e<\/p><\/div><\/div><div class='content-column one_half last_column'><div style=\"padding-right:0px;padding-left:6px;\"><div id=\"attachment_54611\" style=\"width: 310px\" class=\"wp-caption aligncenter\"><img loading=\"lazy\" decoding=\"async\" aria-describedby=\"caption-attachment-54611\" class=\"size-medium wp-image-54611\" src=\"https:\/\/www.topohvar.at\/wp-content\/uploads\/2021\/12\/za-tr-45-11-300x300.jpg\" alt=\"\" width=\"300\" height=\"300\" srcset=\"https:\/\/www.topohvar.at\/wp-content\/uploads\/2021\/12\/za-tr-45-11-300x300.jpg 300w, https:\/\/www.topohvar.at\/wp-content\/uploads\/2021\/12\/za-tr-45-11-150x150.jpg 150w, https:\/\/www.topohvar.at\/wp-content\/uploads\/2021\/12\/za-tr-45-11.jpg 450w\" sizes=\"auto, (max-width: 300px) 100vw, 300px\" \/><p id=\"caption-attachment-54611\" class=\"wp-caption-text\">Ni\u0161a pored ulaza \/ Nische neben dem Eingang<\/p><\/div>\n<p>Am 11.10.2021 wurde der Trim ZA-TR-45 besucht und n\u00e4her untersucht:<\/p>\n<p>Standort: Wald<br \/>\nUntergrund: eben<br \/>\nVerbunden mit: Steinmauer<br \/>\nNutzung: ungenutzt<br \/>\nZustand: Kuppel fehlt<br \/>\nAnzahl der Trimstufen: 1<br \/>\nZus\u00e4tzlicher Steinring: kein Steinring<br \/>\nStiege: keine<br \/>\nSteinform: kantig<br \/>\nEingangsbereich: Steine<br \/>\nEingangsseite: W (270\u00b0)<br \/>\nTrimdurchmesser (cm): 350<br \/>\nTrimh\u00f6he (cm): ?<br \/>\nH\u00f6he der Trimstufen (cm): Stufe 1: ?<br \/>\nWandst\u00e4rke (cm): 80<br \/>\nT\u00fcrbreite (cm): 80<br \/>\nT\u00fcrh\u00f6he (cm): 110<br \/>\nInnenraumbreite (cm): 180 &#8211; 190<br \/>\nInnenraumh\u00f6he (cm): ?<br \/>\nRaumvolumen (m3): ?<br \/>\nKeine Nische<\/p><\/div><\/div><div class='clear_column'><\/div><img loading=\"lazy\" decoding=\"async\" class=\"aligncenter size-full wp-image-54612\" src=\"https:\/\/www.topohvar.at\/wp-content\/uploads\/2021\/12\/za-tr-45-1-sca.jpg\" alt=\"\" width=\"640\" height=\"833\" srcset=\"https:\/\/www.topohvar.at\/wp-content\/uploads\/2021\/12\/za-tr-45-1-sca.jpg 640w, https:\/\/www.topohvar.at\/wp-content\/uploads\/2021\/12\/za-tr-45-1-sca-230x300.jpg 230w\" sizes=\"auto, (max-width: 640px) 100vw, 640px\" \/><\/p>\n<p style=\"text-align: right;\"><a href=\"#seite_oben\">natrag na vrh \/ Seitenanfang<\/a><\/p>\n<hr \/>\n<p><strong>Linkovi \/ Links<\/strong><\/p>\n<p><span style=\"color: #3366ff;\"><a style=\"color: #3366ff;\" href=\"https:\/\/www.topohvar.at\/topo\/orte\/za\/za-ob-07-1\/\">Objekt \u00bbGumno 4\u00ab (prostor za vr\u0161enje) \/ Dreschboden 4<\/a><\/span><\/p>\n","protected":false},"excerpt":{"rendered":"<p>Ime \/ Name Trim \u00bbZA-TR-45\u00ab Code: ZA-TR-45\u00a0 \u00a0 \u00a0 \u00a0 \u00a0 \u00a0 \u00a0 \u00a0 \u00a0 \u00a0 \u00a0 \u00a0 \u00a0 \u00a0 \u00a0 Adresa \/ Adresse Zastra\u017ei\u0161\u0107e, Kalina Lokacija \/ Position Latitude: N 43,15213\u00b0\u00a0 \u00a0Longitude: E 16,87294\u00b0 Visina \/ H\u00f6he: 80 m &hellip; <a href=\"https:\/\/www.topohvar.at\/topo\/orte\/za\/za-tr-45-1\/\">Weiterlesen <span class=\"meta-nav\">&rarr;<\/span><\/a><\/p>\n","protected":false},"author":1,"featured_media":0,"parent":115,"menu_order":0,"comment_status":"closed","ping_status":"closed","template":"","meta":{"footnotes":""},"class_list":["post-43662","page","type-page","status-publish","hentry"],"_links":{"self":[{"href":"https:\/\/www.topohvar.at\/topo\/wp-json\/wp\/v2\/pages\/43662","targetHints":{"allow":["GET"]}}],"collection":[{"href":"https:\/\/www.topohvar.at\/topo\/wp-json\/wp\/v2\/pages"}],"about":[{"href":"https:\/\/www.topohvar.at\/topo\/wp-json\/wp\/v2\/types\/page"}],"author":[{"embeddable":true,"href":"https:\/\/www.topohvar.at\/topo\/wp-json\/wp\/v2\/users\/1"}],"replies":[{"embeddable":true,"href":"https:\/\/www.topohvar.at\/topo\/wp-json\/wp\/v2\/comments?post=43662"}],"version-history":[{"count":9,"href":"https:\/\/www.topohvar.at\/topo\/wp-json\/wp\/v2\/pages\/43662\/revisions"}],"predecessor-version":[{"id":54615,"href":"https:\/\/www.topohvar.at\/topo\/wp-json\/wp\/v2\/pages\/43662\/revisions\/54615"}],"up":[{"embeddable":true,"href":"https:\/\/www.topohvar.at\/topo\/wp-json\/wp\/v2\/pages\/115"}],"wp:attachment":[{"href":"https:\/\/www.topohvar.at\/topo\/wp-json\/wp\/v2\/media?parent=43662"}],"curies":[{"name":"wp","href":"https:\/\/api.w.org\/{rel}","templated":true}]}}

ZASTRAŽIŠĆE &#8211; Trim »ZA-TR-45«

<p><a name="seite_oben"></a><br />
<strong><img loading="lazy" decoding="async" class="alignnone wp-image-52118 size-full" src="https://www.topohvar.at/wp-content/uploads/2021/10/za-tr-45-1.jpg" alt="" width="1080" height="530" srcset="https://www.topohvar.at/wp-content/uploads/2021/10/za-tr-45-1.jpg 1080w, https://www.topohvar.at/wp-content/uploads/2021/10/za-tr-45-1-300x147.jpg 300w, https://www.topohvar.at/wp-content/uploads/2021/10/za-tr-45-1-1024x503.jpg 1024w, https://www.topohvar.at/wp-content/uploads/2021/10/za-tr-45-1-768x377.jpg 768w" sizes="auto, (max-width: 1080px) 100vw, 1080px" /></strong></p>
<p><strong>Ime / Name<br />
</strong>Trim »ZA-TR-45«</p>
<p><strong>Code: </strong>ZA-TR-45                            <a href="https://www.topohvar.at/orte/za/za-tr-00-00/"><img loading="lazy" decoding="async" class="alignnone wp-image-12300 size-full" src="https://www.topohvar.at/wp-content/uploads/2018/09/push-vor-30.jpg" alt="" width="61" height="30" /></a> <strong><a href="https://www.topohvar.at/orte/za/za-tr-30-1/"><img loading="lazy" decoding="async" class="alignnone wp-image-533 size-full" src="https://www.topohvar.at/wp-content/uploads/2018/07/push-l-30.jpg" alt="" width="61" height="30" /></a> <a href="https://www.topohvar.at/orte/za/"><img loading="lazy" decoding="async" class="alignnone wp-image-535 size-full" src="https://www.topohvar.at/wp-content/uploads/2018/07/push-o-30.jpg" alt="" width="61" height="30" /></a> <a href="https://www.topohvar.at/orte/za/za-tr-29-1/"><img loading="lazy" decoding="async" class="alignnone wp-image-536 size-full" src="https://www.topohvar.at/wp-content/uploads/2018/07/push-r-30.jpg" alt="" width="61" height="30" /></a></strong></p>
<hr />
<p><strong>Adresa / Adresse<br />
</strong>Zastražišće, Kalina</p>
<p><strong>Lokacija / Position<a href="https://goo.gl/maps/LBy7e8HMRtpTpRgC9"><img loading="lazy" decoding="async" class="alignright wp-image-43663" src="https://www.topohvar.at/wp-content/uploads/2020/11/3016.jpg" alt="" width="134" height="100" /></a><br />
</strong><a href="https://goo.gl/maps/LBy7e8HMRtpTpRgC9"><span style="color: #3366ff;">Latitude: N 43,15213°   Longitude: E 16,87294°</span></a> <strong><br />
</strong>Visina / Höhe: 80 m</p>
<p><strong>Katastarska čestica / Grundstücke<br />
</strong>2920/57<div class='content-column one_half'><div style="padding-right:6px;"><p><strong>Datum snimanja / Erfassungsdatum<br />
</strong>11.10.2021 15:10:00</p>
<hr />
<p><strong>Informacije</strong></p>
<p>Trim se nalazi u šumi iznad ceste za uvalu Kljušna. Oko 50 m istočnije nalazi se srušena kuća i gumno (4). Srušila se kupola trima i njen ulaz. Desno od ulaza nalazi se mala niša ograđena kamenim zidovima.</p></div></div><div class='content-column one_half last_column'><div style="padding-right:0px;padding-left:6px;"><p><strong>Stupanj zaštite / Schutzstellung<br />
</strong>&#8211;</p>
<hr />
<p><strong>Info</strong></p>
<p>Der Trim befindet sich im Wald oberhalb des Weges zur Bucht Kljušna. Etwa 50 m weiter östlich befindet sich eine Hausruine und ein Dreschboden (4). Die Kuppel des Trims und auch sein Eingang ist eingestürzt. Rechts neben dem Eingang findet man eine kleine, mit Steinmauern umfasste Nische.</p></div></div><div class='clear_column'></div><div class='content-column one_half'><div style="padding-right:6px;"><p>Izvor: Hrvatska osnovna karta &#8211; Geoportal DGU</p></div></div><div class='content-column one_half last_column'><div style="padding-right:0px;padding-left:6px;"><p>Quelle: Grundkarte Kroatiens &#8211; Geoportal DGU</p></div></div><div class='clear_column'></div><div class='content-column one_half'><div style="padding-right:6px;"><div id="attachment_54610" style="width: 310px" class="wp-caption aligncenter"><img loading="lazy" decoding="async" aria-describedby="caption-attachment-54610" class="size-medium wp-image-54610" src="https://www.topohvar.at/wp-content/uploads/2021/12/za-tr-45-10-300x300.jpg" alt="" width="300" height="300" srcset="https://www.topohvar.at/wp-content/uploads/2021/12/za-tr-45-10-300x300.jpg 300w, https://www.topohvar.at/wp-content/uploads/2021/12/za-tr-45-10-150x150.jpg 150w, https://www.topohvar.at/wp-content/uploads/2021/12/za-tr-45-10.jpg 450w" sizes="auto, (max-width: 300px) 100vw, 300px" /><p id="caption-attachment-54610" class="wp-caption-text">Srušen ulaz / eingestürzter Eingang</p></div>
<p>Dana 11.10.2021 trim ZA-TR-45 je posjećen i ustanovljeno je sljedeće:</p>
<p>Lokacija: šuma<br />
Podloga: ravna<br />
Povezan s: kamenim zidom<br />
Upotreba: ne koristi se<br />
Stanje: kupola se srušila<br />
Broj stepenica trima: 1<br />
Dodatni kameni prsten: nema kamenog prstena<br />
Stepenište: nema<br />
Oblik kamena: uglast<br />
Područje ispred ulaza: kamenito<br />
Orijentacija ulaza: Z (270°)<br />
Promjer trima (cm): 350<br />
Visina trima (cm): ?<br />
Visina stepenica (cm): stepenica 1: ?<br />
Debljina zida (cm): 80<br />
Širina vrata (cm): 80<br />
Visina vrata (cm): 110<br />
Širina unutra (cm): 180 &#8211; 190<br />
Visina unutra (cm): ?<br />
Volumen iznutra (m3): ?<br />
Nema niše</p></div></div><div class='content-column one_half last_column'><div style="padding-right:0px;padding-left:6px;"><div id="attachment_54611" style="width: 310px" class="wp-caption aligncenter"><img loading="lazy" decoding="async" aria-describedby="caption-attachment-54611" class="size-medium wp-image-54611" src="https://www.topohvar.at/wp-content/uploads/2021/12/za-tr-45-11-300x300.jpg" alt="" width="300" height="300" srcset="https://www.topohvar.at/wp-content/uploads/2021/12/za-tr-45-11-300x300.jpg 300w, https://www.topohvar.at/wp-content/uploads/2021/12/za-tr-45-11-150x150.jpg 150w, https://www.topohvar.at/wp-content/uploads/2021/12/za-tr-45-11.jpg 450w" sizes="auto, (max-width: 300px) 100vw, 300px" /><p id="caption-attachment-54611" class="wp-caption-text">Niša pored ulaza / Nische neben dem Eingang</p></div>
<p>Am 11.10.2021 wurde der Trim ZA-TR-45 besucht und näher untersucht:</p>
<p>Standort: Wald<br />
Untergrund: eben<br />
Verbunden mit: Steinmauer<br />
Nutzung: ungenutzt<br />
Zustand: Kuppel fehlt<br />
Anzahl der Trimstufen: 1<br />
Zusätzlicher Steinring: kein Steinring<br />
Stiege: keine<br />
Steinform: kantig<br />
Eingangsbereich: Steine<br />
Eingangsseite: W (270°)<br />
Trimdurchmesser (cm): 350<br />
Trimhöhe (cm): ?<br />
Höhe der Trimstufen (cm): Stufe 1: ?<br />
Wandstärke (cm): 80<br />
Türbreite (cm): 80<br />
Türhöhe (cm): 110<br />
Innenraumbreite (cm): 180 &#8211; 190<br />
Innenraumhöhe (cm): ?<br />
Raumvolumen (m3): ?<br />
Keine Nische</p></div></div><div class='clear_column'></div><img loading="lazy" decoding="async" class="aligncenter size-full wp-image-54612" src="https://www.topohvar.at/wp-content/uploads/2021/12/za-tr-45-1-sca.jpg" alt="" width="640" height="833" srcset="https://www.topohvar.at/wp-content/uploads/2021/12/za-tr-45-1-sca.jpg 640w, https://www.topohvar.at/wp-content/uploads/2021/12/za-tr-45-1-sca-230x300.jpg 230w" sizes="auto, (max-width: 640px) 100vw, 640px" /></p>
<p style="text-align: right;"><a href="#seite_oben">natrag na vrh / Seitenanfang</a></p>
<hr />
<p><strong>Linkovi / Links</strong></p>
<p><span style="color: #3366ff;"><a style="color: #3366ff;" href="https://www.topohvar.at/topo/orte/za/za-ob-07-1/">Objekt »Gumno 4« (prostor za vršenje) / Dreschboden 4</a></span></p>

<p>Ime / Name Trim »ZA-TR-45« Code: ZA-TR-45                              Adresa / Adresse Zastražišće, Kalina Lokacija / Position Latitude: N 43,15213°   Longitude: E 16,87294° Visina / Höhe: 80 m &hellip; <a href="https://www.topohvar.at/topo/orte/za/za-tr-45-1/">Weiterlesen <span class="meta-nav">&rarr;</span></a></p>
