{"id":43699,"date":"2020-11-13T10:36:59","date_gmt":"2020-11-13T09:36:59","guid":{"rendered":"https:\/\/www.topohvar.at\/topo\/?page_id=43699"},"modified":"2023-08-10T09:23:55","modified_gmt":"2023-08-10T07:23:55","slug":"za-tr-53-1","status":"publish","type":"page","link":"https:\/\/www.topohvar.at\/topo\/orte\/za\/za-tr-53-1\/","title":{"rendered":"ZASTRA\u017dI\u0160\u0106E &#8211; Trim \u00bbZA-TR-53\u00ab"},"content":{"rendered":"<p><a name=\"seite_oben\"><\/a><br \/>\n<strong><img loading=\"lazy\" decoding=\"async\" class=\"aligncenter wp-image-62536 size-full\" src=\"https:\/\/www.topohvar.at\/wp-content\/uploads\/2023\/05\/za-tr-53-0.jpg\" alt=\"\" width=\"1080\" height=\"530\" srcset=\"https:\/\/www.topohvar.at\/wp-content\/uploads\/2023\/05\/za-tr-53-0.jpg 1080w, https:\/\/www.topohvar.at\/wp-content\/uploads\/2023\/05\/za-tr-53-0-300x147.jpg 300w, https:\/\/www.topohvar.at\/wp-content\/uploads\/2023\/05\/za-tr-53-0-1024x503.jpg 1024w, https:\/\/www.topohvar.at\/wp-content\/uploads\/2023\/05\/za-tr-53-0-768x377.jpg 768w\" sizes=\"auto, (max-width: 1080px) 100vw, 1080px\" \/><\/strong><\/p>\n<p><strong>Ime \/ Name<br \/>\n<\/strong>Trim \u00bbZA-TR-53\u00ab<\/p>\n<p><strong>Code: <\/strong>ZA-TR-53\u00a0 \u00a0 \u00a0 \u00a0 \u00a0 \u00a0 \u00a0 \u00a0 \u00a0 \u00a0 \u00a0 \u00a0 \u00a0 \u00a0 <a href=\"https:\/\/www.topohvar.at\/orte\/za\/za-tr-00-00\/\"><img loading=\"lazy\" decoding=\"async\" class=\"alignnone wp-image-12300 size-full\" src=\"https:\/\/www.topohvar.at\/wp-content\/uploads\/2018\/09\/push-vor-30.jpg\" alt=\"\" width=\"61\" height=\"30\" \/><\/a>\u00a0<strong><a href=\"https:\/\/www.topohvar.at\/orte\/za\/za-tr-52-1\/\"><img loading=\"lazy\" decoding=\"async\" class=\"alignnone wp-image-533 size-full\" src=\"https:\/\/www.topohvar.at\/wp-content\/uploads\/2018\/07\/push-l-30.jpg\" alt=\"\" width=\"61\" height=\"30\" \/><\/a> <a href=\"https:\/\/www.topohvar.at\/orte\/za\/\"><img loading=\"lazy\" decoding=\"async\" class=\"alignnone wp-image-535 size-full\" src=\"https:\/\/www.topohvar.at\/wp-content\/uploads\/2018\/07\/push-o-30.jpg\" alt=\"\" width=\"61\" height=\"30\" \/><\/a> <a href=\"https:\/\/www.topohvar.at\/orte\/za\/za-tr-07-1\/\"><img loading=\"lazy\" decoding=\"async\" class=\"alignnone wp-image-536 size-full\" src=\"https:\/\/www.topohvar.at\/wp-content\/uploads\/2018\/07\/push-r-30.jpg\" alt=\"\" width=\"61\" height=\"30\" \/><\/a><\/strong><\/p>\n<hr \/>\n<p><strong>Adresa \/ Adresse<br \/>\n<\/strong>Zastra\u017ei\u0161\u0107e, sjeveroisto\u010dno od Grudaca<\/p>\n<p><strong>Lokacija \/ Position<a href=\"https:\/\/goo.gl\/maps\/2dgXc5vpSxHCactA6\"><img loading=\"lazy\" decoding=\"async\" class=\"alignright wp-image-43700\" src=\"https:\/\/www.topohvar.at\/wp-content\/uploads\/2020\/11\/3024.jpg\" alt=\"\" width=\"134\" height=\"100\" \/><\/a><br \/>\n<\/strong><a href=\"https:\/\/goo.gl\/maps\/2dgXc5vpSxHCactA6\"><span style=\"color: #3366ff;\">Latitude: N 43,14016\u00b0\u00a0 \u00a0Longitude: E 16,87316\u00b0<\/span><\/a> <strong><br \/>\n<\/strong>Visina \/ H\u00f6he: 178 m<\/p>\n<p><strong>Katastarska \u010destica \/ Grundst\u00fccke<br \/>\n<\/strong>2505\/25<div class='content-column one_half'><div style=\"padding-right:6px;\"><p><strong>Datum snimanja \/ Erfassungsdatum<br \/>\n<\/strong>10.05.2023 11:22:00<\/p>\n<hr \/>\n<p><strong>Informacije<\/strong><\/p>\n<p>Trim se nalazi u grmlju nekada\u0161njeg maslinika sjeveroisto\u010dno od Grudca. Nije u dobrom stanju. Njegova lijeva strana se naginje prema van i na lijevoj strani je ve\u0107 izbijeno nekoliko kamena. Sa stra\u017enje strane ome\u0111uje ga kameni zid. Trim se vjerojatno vi\u0161e ne koristi.<\/p><\/div><\/div><div class='content-column one_half last_column'><div style=\"padding-right:0px;padding-left:6px;\"><p><strong>Stupanj za\u0161tite \/ Schutzstellung<br \/>\n<\/strong>&#8211;<\/p>\n<hr \/>\n<p><strong>Info<\/strong><\/p>\n<p>Der Trim befindet sich im Buschwerk eines ehemaligen Olivengartens nord\u00f6stlich von Grudac. Er befindet sich in keinem guten Zustand. Seine linke Seite neigt sich nach au\u00dfen und an seiner linken Seite sind bereits etliche Steine ausgebrochen. An seine R\u00fcckseite grenzt eine Steinmauer. Der Trim wird vermutlich nicht mehr genutzt.<\/p><\/div><\/div><div class='clear_column'><\/div><div class='content-column one_half'><div style=\"padding-right:6px;\"><p>Izvor: Hrvatska osnovna karta\u00a0&#8211; Geoportal DGU<\/p>\n<div id=\"attachment_63628\" style=\"width: 310px\" class=\"wp-caption aligncenter\"><img loading=\"lazy\" decoding=\"async\" aria-describedby=\"caption-attachment-63628\" class=\"size-medium wp-image-63628\" src=\"https:\/\/www.topohvar.at\/wp-content\/uploads\/2023\/06\/za-tr-53-11-300x300.jpg\" alt=\"\" width=\"300\" height=\"300\" srcset=\"https:\/\/www.topohvar.at\/wp-content\/uploads\/2023\/06\/za-tr-53-11-300x300.jpg 300w, https:\/\/www.topohvar.at\/wp-content\/uploads\/2023\/06\/za-tr-53-11-150x150.jpg 150w, https:\/\/www.topohvar.at\/wp-content\/uploads\/2023\/06\/za-tr-53-11.jpg 450w\" sizes=\"auto, (max-width: 300px) 100vw, 300px\" \/><p id=\"caption-attachment-63628\" class=\"wp-caption-text\">ulaz \/ Eingang<\/p><\/div>\n<p>Dana 10.05.2023 trim ZA-TR-53 je posje\u0107en i ustanovljeno je sljede\u0107e:<\/p>\n<p>Lokacija: grmlje<br \/>\nPodloga: ravna<br \/>\nPovezan s: kamenim zidom<br \/>\nUpotreba: malo se koristi<br \/>\nStanje: dijelovi su se sru\u0161ili<br \/>\nBroj stepenica trima: 1<br \/>\nDodatni kameni prsten: nema prstena<br \/>\nStepeni\u0161te: nema<br \/>\nOblik kamena: uglast<br \/>\nPodru\u010dje ispred ulaza: lako dostupno<br \/>\nOrijentacija ulaza: SZ (300\u00b0)<br \/>\nPromjer trima (cm): 450<br \/>\nVisina trima (cm): 260<br \/>\nVisina stepenica (cm): stepenica 1: 160<br \/>\nDebljina zida (cm): 0<br \/>\n\u0160irina vrata (cm): 100<br \/>\nVisina vrata (cm): 120<br \/>\n\u0160irina unutra (cm): 250<br \/>\nVisina unutra (cm): 250<br \/>\nVolumen iznutra (m3): 7,90<br \/>\nNema ni\u0161e<\/p><\/div><\/div><div class='content-column one_half last_column'><div style=\"padding-right:0px;padding-left:6px;\"><p>Quelle: Grundkarte Kroatiens\u00a0&#8211; Geoportal DGU<\/p>\n<div id=\"attachment_63629\" style=\"width: 310px\" class=\"wp-caption aligncenter\"><img loading=\"lazy\" decoding=\"async\" aria-describedby=\"caption-attachment-63629\" class=\"wp-image-63629 size-medium\" src=\"https:\/\/www.topohvar.at\/wp-content\/uploads\/2023\/06\/za-tr-53-12-300x300.jpg\" alt=\"\" width=\"300\" height=\"300\" srcset=\"https:\/\/www.topohvar.at\/wp-content\/uploads\/2023\/06\/za-tr-53-12-300x300.jpg 300w, https:\/\/www.topohvar.at\/wp-content\/uploads\/2023\/06\/za-tr-53-12-150x150.jpg 150w, https:\/\/www.topohvar.at\/wp-content\/uploads\/2023\/06\/za-tr-53-12.jpg 450w\" sizes=\"auto, (max-width: 300px) 100vw, 300px\" \/><p id=\"caption-attachment-63629\" class=\"wp-caption-text\">pogled prema zapadu \/ Blick nach Westen<\/p><\/div>\n<p>Am 10.05.2023 wurde der Trim ZA-TR-53 besucht und n\u00e4her untersucht:<\/p>\n<p>Standort: Buschwerk<br \/>\nUntergrund: eben<br \/>\nVerbunden mit: Steinmauer<br \/>\nNutzung: kaum genutzt<br \/>\nZustand: Teile abgest\u00fcrzt<br \/>\nAnzahl der Trimstufen: 1<br \/>\nZus\u00e4tzlicher Steinring: kein Steinring<br \/>\nStiege: keine<br \/>\nSteinform: kantig<br \/>\nEingangsbereich: frei<br \/>\nEingangsseite: NW (300\u00b0)<br \/>\nTrimdurchmesser (cm): 450<br \/>\nTrimh\u00f6he (cm): 260<br \/>\nH\u00f6he der Trimstufen (cm): Stufe 1: 160<br \/>\nWandst\u00e4rke (cm): 100<br \/>\nT\u00fcrbreite (cm): 100<br \/>\nT\u00fcrh\u00f6he (cm): 120<br \/>\nInnenraumbreite (cm): 250<br \/>\nInnenraumh\u00f6he (cm): 250<br \/>\nRaumvolumen (m3): 7,90<br \/>\nKeine Nische<\/p><\/div><\/div><div class='clear_column'><\/div><br \/>\n<img loading=\"lazy\" decoding=\"async\" class=\"aligncenter size-full wp-image-63918\" src=\"https:\/\/www.topohvar.at\/wp-content\/uploads\/2023\/08\/za-tr-53-sca.jpg\" alt=\"\" width=\"640\" height=\"942\" srcset=\"https:\/\/www.topohvar.at\/wp-content\/uploads\/2023\/08\/za-tr-53-sca.jpg 640w, https:\/\/www.topohvar.at\/wp-content\/uploads\/2023\/08\/za-tr-53-sca-204x300.jpg 204w\" sizes=\"auto, (max-width: 640px) 100vw, 640px\" \/><\/p>\n<p style=\"text-align: right;\"><span style=\"color: #3366ff;\"><a style=\"color: #3366ff;\" href=\"#seite_oben\">natrag na vrh \/ Seitenanfang<\/a><\/span><\/p>\n<hr \/>\n<p><strong>Linkovi \/ Links<\/strong><\/p>\n<p>&#8211;<\/p>\n","protected":false},"excerpt":{"rendered":"<p>Ime \/ Name Trim \u00bbZA-TR-53\u00ab Code: ZA-TR-53\u00a0 \u00a0 \u00a0 \u00a0 \u00a0 \u00a0 \u00a0 \u00a0 \u00a0 \u00a0 \u00a0 \u00a0 \u00a0 \u00a0 \u00a0 Adresa \/ Adresse Zastra\u017ei\u0161\u0107e, sjeveroisto\u010dno od Grudaca Lokacija \/ Position Latitude: N 43,14016\u00b0\u00a0 \u00a0Longitude: E 16,87316\u00b0 Visina \/ H\u00f6he: &hellip; <a href=\"https:\/\/www.topohvar.at\/topo\/orte\/za\/za-tr-53-1\/\">Weiterlesen <span class=\"meta-nav\">&rarr;<\/span><\/a><\/p>\n","protected":false},"author":1,"featured_media":0,"parent":115,"menu_order":0,"comment_status":"closed","ping_status":"closed","template":"","meta":{"footnotes":""},"class_list":["post-43699","page","type-page","status-publish","hentry"],"_links":{"self":[{"href":"https:\/\/www.topohvar.at\/topo\/wp-json\/wp\/v2\/pages\/43699","targetHints":{"allow":["GET"]}}],"collection":[{"href":"https:\/\/www.topohvar.at\/topo\/wp-json\/wp\/v2\/pages"}],"about":[{"href":"https:\/\/www.topohvar.at\/topo\/wp-json\/wp\/v2\/types\/page"}],"author":[{"embeddable":true,"href":"https:\/\/www.topohvar.at\/topo\/wp-json\/wp\/v2\/users\/1"}],"replies":[{"embeddable":true,"href":"https:\/\/www.topohvar.at\/topo\/wp-json\/wp\/v2\/comments?post=43699"}],"version-history":[{"count":10,"href":"https:\/\/www.topohvar.at\/topo\/wp-json\/wp\/v2\/pages\/43699\/revisions"}],"predecessor-version":[{"id":63919,"href":"https:\/\/www.topohvar.at\/topo\/wp-json\/wp\/v2\/pages\/43699\/revisions\/63919"}],"up":[{"embeddable":true,"href":"https:\/\/www.topohvar.at\/topo\/wp-json\/wp\/v2\/pages\/115"}],"wp:attachment":[{"href":"https:\/\/www.topohvar.at\/topo\/wp-json\/wp\/v2\/media?parent=43699"}],"curies":[{"name":"wp","href":"https:\/\/api.w.org\/{rel}","templated":true}]}}

ZASTRAŽIŠĆE &#8211; Trim »ZA-TR-53«

<p><a name="seite_oben"></a><br />
<strong><img loading="lazy" decoding="async" class="aligncenter wp-image-62536 size-full" src="https://www.topohvar.at/wp-content/uploads/2023/05/za-tr-53-0.jpg" alt="" width="1080" height="530" srcset="https://www.topohvar.at/wp-content/uploads/2023/05/za-tr-53-0.jpg 1080w, https://www.topohvar.at/wp-content/uploads/2023/05/za-tr-53-0-300x147.jpg 300w, https://www.topohvar.at/wp-content/uploads/2023/05/za-tr-53-0-1024x503.jpg 1024w, https://www.topohvar.at/wp-content/uploads/2023/05/za-tr-53-0-768x377.jpg 768w" sizes="auto, (max-width: 1080px) 100vw, 1080px" /></strong></p>
<p><strong>Ime / Name<br />
</strong>Trim »ZA-TR-53«</p>
<p><strong>Code: </strong>ZA-TR-53                            <a href="https://www.topohvar.at/orte/za/za-tr-00-00/"><img loading="lazy" decoding="async" class="alignnone wp-image-12300 size-full" src="https://www.topohvar.at/wp-content/uploads/2018/09/push-vor-30.jpg" alt="" width="61" height="30" /></a> <strong><a href="https://www.topohvar.at/orte/za/za-tr-52-1/"><img loading="lazy" decoding="async" class="alignnone wp-image-533 size-full" src="https://www.topohvar.at/wp-content/uploads/2018/07/push-l-30.jpg" alt="" width="61" height="30" /></a> <a href="https://www.topohvar.at/orte/za/"><img loading="lazy" decoding="async" class="alignnone wp-image-535 size-full" src="https://www.topohvar.at/wp-content/uploads/2018/07/push-o-30.jpg" alt="" width="61" height="30" /></a> <a href="https://www.topohvar.at/orte/za/za-tr-07-1/"><img loading="lazy" decoding="async" class="alignnone wp-image-536 size-full" src="https://www.topohvar.at/wp-content/uploads/2018/07/push-r-30.jpg" alt="" width="61" height="30" /></a></strong></p>
<hr />
<p><strong>Adresa / Adresse<br />
</strong>Zastražišće, sjeveroistočno od Grudaca</p>
<p><strong>Lokacija / Position<a href="https://goo.gl/maps/2dgXc5vpSxHCactA6"><img loading="lazy" decoding="async" class="alignright wp-image-43700" src="https://www.topohvar.at/wp-content/uploads/2020/11/3024.jpg" alt="" width="134" height="100" /></a><br />
</strong><a href="https://goo.gl/maps/2dgXc5vpSxHCactA6"><span style="color: #3366ff;">Latitude: N 43,14016°   Longitude: E 16,87316°</span></a> <strong><br />
</strong>Visina / Höhe: 178 m</p>
<p><strong>Katastarska čestica / Grundstücke<br />
</strong>2505/25<div class='content-column one_half'><div style="padding-right:6px;"><p><strong>Datum snimanja / Erfassungsdatum<br />
</strong>10.05.2023 11:22:00</p>
<hr />
<p><strong>Informacije</strong></p>
<p>Trim se nalazi u grmlju nekadašnjeg maslinika sjeveroistočno od Grudca. Nije u dobrom stanju. Njegova lijeva strana se naginje prema van i na lijevoj strani je već izbijeno nekoliko kamena. Sa stražnje strane omeđuje ga kameni zid. Trim se vjerojatno više ne koristi.</p></div></div><div class='content-column one_half last_column'><div style="padding-right:0px;padding-left:6px;"><p><strong>Stupanj zaštite / Schutzstellung<br />
</strong>&#8211;</p>
<hr />
<p><strong>Info</strong></p>
<p>Der Trim befindet sich im Buschwerk eines ehemaligen Olivengartens nordöstlich von Grudac. Er befindet sich in keinem guten Zustand. Seine linke Seite neigt sich nach außen und an seiner linken Seite sind bereits etliche Steine ausgebrochen. An seine Rückseite grenzt eine Steinmauer. Der Trim wird vermutlich nicht mehr genutzt.</p></div></div><div class='clear_column'></div><div class='content-column one_half'><div style="padding-right:6px;"><p>Izvor: Hrvatska osnovna karta &#8211; Geoportal DGU</p>
<div id="attachment_63628" style="width: 310px" class="wp-caption aligncenter"><img loading="lazy" decoding="async" aria-describedby="caption-attachment-63628" class="size-medium wp-image-63628" src="https://www.topohvar.at/wp-content/uploads/2023/06/za-tr-53-11-300x300.jpg" alt="" width="300" height="300" srcset="https://www.topohvar.at/wp-content/uploads/2023/06/za-tr-53-11-300x300.jpg 300w, https://www.topohvar.at/wp-content/uploads/2023/06/za-tr-53-11-150x150.jpg 150w, https://www.topohvar.at/wp-content/uploads/2023/06/za-tr-53-11.jpg 450w" sizes="auto, (max-width: 300px) 100vw, 300px" /><p id="caption-attachment-63628" class="wp-caption-text">ulaz / Eingang</p></div>
<p>Dana 10.05.2023 trim ZA-TR-53 je posjećen i ustanovljeno je sljedeće:</p>
<p>Lokacija: grmlje<br />
Podloga: ravna<br />
Povezan s: kamenim zidom<br />
Upotreba: malo se koristi<br />
Stanje: dijelovi su se srušili<br />
Broj stepenica trima: 1<br />
Dodatni kameni prsten: nema prstena<br />
Stepenište: nema<br />
Oblik kamena: uglast<br />
Područje ispred ulaza: lako dostupno<br />
Orijentacija ulaza: SZ (300°)<br />
Promjer trima (cm): 450<br />
Visina trima (cm): 260<br />
Visina stepenica (cm): stepenica 1: 160<br />
Debljina zida (cm): 0<br />
Širina vrata (cm): 100<br />
Visina vrata (cm): 120<br />
Širina unutra (cm): 250<br />
Visina unutra (cm): 250<br />
Volumen iznutra (m3): 7,90<br />
Nema niše</p></div></div><div class='content-column one_half last_column'><div style="padding-right:0px;padding-left:6px;"><p>Quelle: Grundkarte Kroatiens &#8211; Geoportal DGU</p>
<div id="attachment_63629" style="width: 310px" class="wp-caption aligncenter"><img loading="lazy" decoding="async" aria-describedby="caption-attachment-63629" class="wp-image-63629 size-medium" src="https://www.topohvar.at/wp-content/uploads/2023/06/za-tr-53-12-300x300.jpg" alt="" width="300" height="300" srcset="https://www.topohvar.at/wp-content/uploads/2023/06/za-tr-53-12-300x300.jpg 300w, https://www.topohvar.at/wp-content/uploads/2023/06/za-tr-53-12-150x150.jpg 150w, https://www.topohvar.at/wp-content/uploads/2023/06/za-tr-53-12.jpg 450w" sizes="auto, (max-width: 300px) 100vw, 300px" /><p id="caption-attachment-63629" class="wp-caption-text">pogled prema zapadu / Blick nach Westen</p></div>
<p>Am 10.05.2023 wurde der Trim ZA-TR-53 besucht und näher untersucht:</p>
<p>Standort: Buschwerk<br />
Untergrund: eben<br />
Verbunden mit: Steinmauer<br />
Nutzung: kaum genutzt<br />
Zustand: Teile abgestürzt<br />
Anzahl der Trimstufen: 1<br />
Zusätzlicher Steinring: kein Steinring<br />
Stiege: keine<br />
Steinform: kantig<br />
Eingangsbereich: frei<br />
Eingangsseite: NW (300°)<br />
Trimdurchmesser (cm): 450<br />
Trimhöhe (cm): 260<br />
Höhe der Trimstufen (cm): Stufe 1: 160<br />
Wandstärke (cm): 100<br />
Türbreite (cm): 100<br />
Türhöhe (cm): 120<br />
Innenraumbreite (cm): 250<br />
Innenraumhöhe (cm): 250<br />
Raumvolumen (m3): 7,90<br />
Keine Nische</p></div></div><div class='clear_column'></div><br />
<img loading="lazy" decoding="async" class="aligncenter size-full wp-image-63918" src="https://www.topohvar.at/wp-content/uploads/2023/08/za-tr-53-sca.jpg" alt="" width="640" height="942" srcset="https://www.topohvar.at/wp-content/uploads/2023/08/za-tr-53-sca.jpg 640w, https://www.topohvar.at/wp-content/uploads/2023/08/za-tr-53-sca-204x300.jpg 204w" sizes="auto, (max-width: 640px) 100vw, 640px" /></p>
<p style="text-align: right;"><span style="color: #3366ff;"><a style="color: #3366ff;" href="#seite_oben">natrag na vrh / Seitenanfang</a></span></p>
<hr />
<p><strong>Linkovi / Links</strong></p>
<p>&#8211;</p>

<p>Ime / Name Trim »ZA-TR-53« Code: ZA-TR-53                              Adresa / Adresse Zastražišće, sjeveroistočno od Grudaca Lokacija / Position Latitude: N 43,14016°   Longitude: E 16,87316° Visina / Höhe: &hellip; <a href="https://www.topohvar.at/topo/orte/za/za-tr-53-1/">Weiterlesen <span class="meta-nav">&rarr;</span></a></p>
