{"id":43913,"date":"2020-11-14T12:22:33","date_gmt":"2020-11-14T11:22:33","guid":{"rendered":"https:\/\/www.topohvar.at\/topo\/?page_id=43913"},"modified":"2021-08-06T11:01:01","modified_gmt":"2021-08-06T09:01:01","slug":"po-tr-22-1","status":"publish","type":"page","link":"https:\/\/www.topohvar.at\/topo\/orte\/po\/po-tr-22-1\/","title":{"rendered":"POLJICA &#8211; Trim \u00bbPO-TR-22\u00ab"},"content":{"rendered":"<p><a name=\"seite_oben\"><\/a><br \/>\n<strong><img loading=\"lazy\" decoding=\"async\" class=\"alignleft wp-image-49903 size-full\" src=\"https:\/\/www.topohvar.at\/wp-content\/uploads\/2021\/06\/po-tr-22-1.jpg\" alt=\"\" width=\"1080\" height=\"530\" srcset=\"https:\/\/www.topohvar.at\/wp-content\/uploads\/2021\/06\/po-tr-22-1.jpg 1080w, https:\/\/www.topohvar.at\/wp-content\/uploads\/2021\/06\/po-tr-22-1-300x147.jpg 300w, https:\/\/www.topohvar.at\/wp-content\/uploads\/2021\/06\/po-tr-22-1-1024x503.jpg 1024w, https:\/\/www.topohvar.at\/wp-content\/uploads\/2021\/06\/po-tr-22-1-768x377.jpg 768w\" sizes=\"auto, (max-width: 1080px) 100vw, 1080px\" \/><\/strong><\/p>\n<p><strong>Ime \/ Name<br \/>\n<\/strong>Trim \u00bbPO-TR-22\u00ab<\/p>\n<p><strong>Code: <\/strong>PO-TR-22\u00a0 \u00a0 \u00a0 \u00a0 \u00a0 \u00a0 \u00a0 \u00a0 \u00a0 \u00a0 \u00a0 \u00a0 \u00a0 \u00a0<a href=\"https:\/\/www.topohvar.at\/orte\/po\/po-tr-00-1\/\"><img loading=\"lazy\" decoding=\"async\" class=\"alignnone wp-image-12300 size-full\" src=\"https:\/\/www.topohvar.at\/wp-content\/uploads\/2018\/09\/push-vor-30.jpg\" alt=\"\" width=\"61\" height=\"30\" \/><\/a>\u00a0<strong><a href=\"https:\/\/www.topohvar.at\/orte\/po\/po-tr-02-1\/\"><img loading=\"lazy\" decoding=\"async\" class=\"alignnone wp-image-533 size-full\" src=\"https:\/\/www.topohvar.at\/wp-content\/uploads\/2018\/07\/push-l-30.jpg\" alt=\"\" width=\"61\" height=\"30\" \/><\/a> <a href=\"https:\/\/www.topohvar.at\/orte\/po\/\"><img loading=\"lazy\" decoding=\"async\" class=\"alignnone wp-image-535 size-full\" src=\"https:\/\/www.topohvar.at\/wp-content\/uploads\/2018\/07\/push-o-30.jpg\" alt=\"\" width=\"61\" height=\"30\" \/><\/a> <a href=\"https:\/\/www.topohvar.at\/orte\/po\/po-tr-16-1\/\"><img loading=\"lazy\" decoding=\"async\" class=\"alignnone wp-image-536 size-full\" src=\"https:\/\/www.topohvar.at\/wp-content\/uploads\/2018\/07\/push-r-30.jpg\" alt=\"\" width=\"61\" height=\"30\" \/><\/a><\/strong><\/p>\n<hr \/>\n<p><strong>Adresa \/ Adresse<br \/>\n<\/strong>Poljica, Pod Gomile<\/p>\n<p><strong>Lokacija \/ Position<a href=\"https:\/\/goo.gl\/maps\/T9mSUK5HvtAuAFGk8\"><img loading=\"lazy\" decoding=\"async\" class=\"alignright wp-image-43914\" src=\"https:\/\/www.topohvar.at\/wp-content\/uploads\/2020\/11\/3078.jpg\" alt=\"\" width=\"134\" height=\"100\" \/><\/a><br \/>\n<\/strong><a href=\"https:\/\/goo.gl\/maps\/T9mSUK5HvtAuAFGk8\"><span style=\"color: #3366ff;\">Latitude: N 43,14386\u00b0\u00a0 \u00a0Longitude: E 16,80298\u00b0<\/span><\/a> <strong><br \/>\n<\/strong>Visina \/ H\u00f6he: 178 m<\/p>\n<p><strong>Katastarska \u010destica \/ Grundst\u00fccke<br \/>\n<\/strong>725\/3<div class='content-column one_half'><div style=\"padding-right:6px;\"><p><strong>Datum snimanja \/ Erfassungsdatum<br \/>\n<\/strong>16.06.2021 11:00:00<\/p>\n<hr \/>\n<p><strong>Informacije<\/strong><\/p>\n<p>Trim se nalazi isto\u010dno od Poljica na podru\u010dju Pod Gomile, ju\u017eno od glavne ceste DC-116. Mali trim nalazi se u grmlju, dobro je o\u010duvan, ali se vi\u0161e ne koristi. Desno od trim, potporni zid ome\u0111uje ni\u017ee susjedno imanje. Niski ulaz u okruglu unutra\u0161njost obraslo je grmljem.<\/p><\/div><\/div><div class='content-column one_half last_column'><div style=\"padding-right:0px;padding-left:6px;\"><p><strong>Stupanj za\u0161tite \/ Schutzstellung<br \/>\n<\/strong>&#8211;<\/p>\n<hr \/>\n<p><strong>Info<\/strong><\/p>\n<p>Der Trim befindet sich \u00f6stlich von Poljica in der Gegend Pod Gomile, s\u00fcdlich der Hauptstra\u00dfe DC-116. Der kleine Trim liegt im Geb\u00fcsch, ist gut erhalten, wird aber nicht mehr genutzt. Rechts neben dem Trim begrenzt eine St\u00fctzmauer das tiefer gelegene Nachbargrundst\u00fcck. Der niedrige Eingang zum runden Innenraum war mit Str\u00e4uchern verwachsen.<\/p><\/div><\/div><div class='clear_column'><\/div><div class='content-column one_half'><div style=\"padding-right:6px;\"><p>Izvor: Hrvatska osnovna karta &#8211; Geoportal DGU<\/p><\/div><\/div><div class='content-column one_half last_column'><div style=\"padding-right:0px;padding-left:6px;\"><p>Quelle: Grundkarte Kroatiens &#8211; Geoportal DGU<\/p><\/div><\/div><div class='clear_column'><\/div><div class='content-column one_half'><div style=\"padding-right:6px;\"><div id=\"attachment_50696\" style=\"width: 310px\" class=\"wp-caption aligncenter\"><img loading=\"lazy\" decoding=\"async\" aria-describedby=\"caption-attachment-50696\" class=\"size-medium wp-image-50696\" src=\"https:\/\/www.topohvar.at\/wp-content\/uploads\/2021\/08\/po-tr-22-3-300x300.jpg\" alt=\"\" width=\"300\" height=\"300\" srcset=\"https:\/\/www.topohvar.at\/wp-content\/uploads\/2021\/08\/po-tr-22-3-300x300.jpg 300w, https:\/\/www.topohvar.at\/wp-content\/uploads\/2021\/08\/po-tr-22-3-150x150.jpg 150w, https:\/\/www.topohvar.at\/wp-content\/uploads\/2021\/08\/po-tr-22-3.jpg 450w\" sizes=\"auto, (max-width: 300px) 100vw, 300px\" \/><p id=\"caption-attachment-50696\" class=\"wp-caption-text\">Ulaz \/ Eingang<\/p><\/div><\/div><\/div><div class='content-column one_half last_column'><div style=\"padding-right:0px;padding-left:6px;\"><div id=\"attachment_50697\" style=\"width: 310px\" class=\"wp-caption aligncenter\"><img loading=\"lazy\" decoding=\"async\" aria-describedby=\"caption-attachment-50697\" class=\"size-medium wp-image-50697\" src=\"https:\/\/www.topohvar.at\/wp-content\/uploads\/2021\/08\/po-tr-22-9-300x300.jpg\" alt=\"\" width=\"300\" height=\"300\" srcset=\"https:\/\/www.topohvar.at\/wp-content\/uploads\/2021\/08\/po-tr-22-9-300x300.jpg 300w, https:\/\/www.topohvar.at\/wp-content\/uploads\/2021\/08\/po-tr-22-9-150x150.jpg 150w, https:\/\/www.topohvar.at\/wp-content\/uploads\/2021\/08\/po-tr-22-9.jpg 450w\" sizes=\"auto, (max-width: 300px) 100vw, 300px\" \/><p id=\"caption-attachment-50697\" class=\"wp-caption-text\">Isto\u010dna strana \/ Ostseite<\/p><\/div><\/div><\/div><div class='clear_column'><\/div><div class='content-column one_half'><div style=\"padding-right:6px;\"><p>Dana 16.06.2021 trim je posje\u0107en i ustanovljeno je sljede\u0107e:<\/p>\n<p>Lokacija: grmlje<br \/>\nPodloga: nako\u0161ena<br \/>\nPovezan s: ure\u0111enom kamenom gomilom , kamenim zidom<br \/>\nUpotreba: ne koristi se<br \/>\nStanje: dobro sa\u010duvan<br \/>\nBroj stepenica trima: 1<br \/>\nDodatni kameni prsten: nema kamenog prstena<br \/>\nStepeni\u0161te: nema<br \/>\nOblik kamena: uglast<br \/>\nPodru\u010dje ispred ulaza: zaraslo<br \/>\nOrijentacija ulaza: JI (120\u00b0)<br \/>\nPromjer trima (cm): 300<br \/>\nVisina trima (cm): 200<br \/>\nVisina stepenica (cm): stepenica 1: 180<br \/>\nDebljina zida (cm): 70<br \/>\n\u0160irina vrata (cm): 75<br \/>\nVisina vrata (cm): 75<br \/>\n\u0160irina unutra (cm): 150 &#8211; 160<br \/>\nVisina unutra (cm): 180<br \/>\nVolumen iznutra (m3): 2,11<br \/>\nNema ni\u0161e<\/p><\/div><\/div><div class='content-column one_half last_column'><div style=\"padding-right:0px;padding-left:6px;\"><p>Am 16.06.2021 wurde der Trim besucht und n\u00e4her untersucht:<\/p>\n<p>Standort: Buschwerk<br \/>\nUntergrund: geneigt<br \/>\nVerbunden mit: Steinhaufen geordnet , Steinmauer<br \/>\nNutzung: ungenutzt<br \/>\nZustand: gut erhalten<br \/>\nAnzahl der Trimstufen: 1<br \/>\nZus\u00e4tzlicher Steinring: kein Steinring<br \/>\nStiege: keine<br \/>\nSteinform: kantig<br \/>\nEingangsbereich: verwachsen<br \/>\nEingangsseite: SO (120\u00b0)<br \/>\nTrimdurchmesser (cm): 300<br \/>\nTrimh\u00f6he (cm): 200<br \/>\nH\u00f6he der Trimstufen (cm): Stufe 1: 180<br \/>\nWandst\u00e4rke (cm): 70<br \/>\nT\u00fcrbreite (cm): 75<br \/>\nT\u00fcrh\u00f6he (cm): 75<br \/>\nInnenraumbreite (cm): 150 &#8211; 160<br \/>\nInnenraumh\u00f6he (cm): 180<br \/>\nRaumvolumen (m3): 2,11<br \/>\nKeine Nische<\/p><\/div><\/div><div class='clear_column'><\/div><\/p>\n<p><img loading=\"lazy\" decoding=\"async\" class=\"aligncenter size-full wp-image-50698\" src=\"https:\/\/www.topohvar.at\/wp-content\/uploads\/2021\/08\/po-tr-22-scan.jpg\" alt=\"\" width=\"600\" height=\"916\" srcset=\"https:\/\/www.topohvar.at\/wp-content\/uploads\/2021\/08\/po-tr-22-scan.jpg 600w, https:\/\/www.topohvar.at\/wp-content\/uploads\/2021\/08\/po-tr-22-scan-197x300.jpg 197w\" sizes=\"auto, (max-width: 600px) 100vw, 600px\" \/><\/p>\n<p>&nbsp;<\/p>\n<p style=\"text-align: right;\"><a href=\"#seite_oben\">natrag na vrh \/ Seitenanfang<\/a><\/p>\n<hr \/>\n<p><strong>Linkovi \/ Links<\/strong><\/p>\n<p>&#8211;<\/p>\n","protected":false},"excerpt":{"rendered":"<p>Ime \/ Name Trim \u00bbPO-TR-22\u00ab Code: PO-TR-22\u00a0 \u00a0 \u00a0 \u00a0 \u00a0 \u00a0 \u00a0 \u00a0 \u00a0 \u00a0 \u00a0 \u00a0 \u00a0 \u00a0\u00a0 Adresa \/ Adresse Poljica, Pod Gomile Lokacija \/ Position Latitude: N 43,14386\u00b0\u00a0 \u00a0Longitude: E 16,80298\u00b0 Visina \/ H\u00f6he: 178 m &hellip; <a href=\"https:\/\/www.topohvar.at\/topo\/orte\/po\/po-tr-22-1\/\">Weiterlesen <span class=\"meta-nav\">&rarr;<\/span><\/a><\/p>\n","protected":false},"author":1,"featured_media":0,"parent":91,"menu_order":0,"comment_status":"closed","ping_status":"closed","template":"","meta":{"footnotes":""},"class_list":["post-43913","page","type-page","status-publish","hentry"],"_links":{"self":[{"href":"https:\/\/www.topohvar.at\/topo\/wp-json\/wp\/v2\/pages\/43913","targetHints":{"allow":["GET"]}}],"collection":[{"href":"https:\/\/www.topohvar.at\/topo\/wp-json\/wp\/v2\/pages"}],"about":[{"href":"https:\/\/www.topohvar.at\/topo\/wp-json\/wp\/v2\/types\/page"}],"author":[{"embeddable":true,"href":"https:\/\/www.topohvar.at\/topo\/wp-json\/wp\/v2\/users\/1"}],"replies":[{"embeddable":true,"href":"https:\/\/www.topohvar.at\/topo\/wp-json\/wp\/v2\/comments?post=43913"}],"version-history":[{"count":9,"href":"https:\/\/www.topohvar.at\/topo\/wp-json\/wp\/v2\/pages\/43913\/revisions"}],"predecessor-version":[{"id":50699,"href":"https:\/\/www.topohvar.at\/topo\/wp-json\/wp\/v2\/pages\/43913\/revisions\/50699"}],"up":[{"embeddable":true,"href":"https:\/\/www.topohvar.at\/topo\/wp-json\/wp\/v2\/pages\/91"}],"wp:attachment":[{"href":"https:\/\/www.topohvar.at\/topo\/wp-json\/wp\/v2\/media?parent=43913"}],"curies":[{"name":"wp","href":"https:\/\/api.w.org\/{rel}","templated":true}]}}

<p><a name="seite_oben"></a><br />
<strong><img loading="lazy" decoding="async" class="alignleft wp-image-49903 size-full" src="https://www.topohvar.at/wp-content/uploads/2021/06/po-tr-22-1.jpg" alt="" width="1080" height="530" srcset="https://www.topohvar.at/wp-content/uploads/2021/06/po-tr-22-1.jpg 1080w, https://www.topohvar.at/wp-content/uploads/2021/06/po-tr-22-1-300x147.jpg 300w, https://www.topohvar.at/wp-content/uploads/2021/06/po-tr-22-1-1024x503.jpg 1024w, https://www.topohvar.at/wp-content/uploads/2021/06/po-tr-22-1-768x377.jpg 768w" sizes="auto, (max-width: 1080px) 100vw, 1080px" /></strong></p>
<p><strong>Ime / Name<br />
</strong>Trim »PO-TR-22«</p>
<p><strong>Code: </strong>PO-TR-22                           <a href="https://www.topohvar.at/orte/po/po-tr-00-1/"><img loading="lazy" decoding="async" class="alignnone wp-image-12300 size-full" src="https://www.topohvar.at/wp-content/uploads/2018/09/push-vor-30.jpg" alt="" width="61" height="30" /></a> <strong><a href="https://www.topohvar.at/orte/po/po-tr-02-1/"><img loading="lazy" decoding="async" class="alignnone wp-image-533 size-full" src="https://www.topohvar.at/wp-content/uploads/2018/07/push-l-30.jpg" alt="" width="61" height="30" /></a> <a href="https://www.topohvar.at/orte/po/"><img loading="lazy" decoding="async" class="alignnone wp-image-535 size-full" src="https://www.topohvar.at/wp-content/uploads/2018/07/push-o-30.jpg" alt="" width="61" height="30" /></a> <a href="https://www.topohvar.at/orte/po/po-tr-16-1/"><img loading="lazy" decoding="async" class="alignnone wp-image-536 size-full" src="https://www.topohvar.at/wp-content/uploads/2018/07/push-r-30.jpg" alt="" width="61" height="30" /></a></strong></p>
<hr />
<p><strong>Adresa / Adresse<br />
</strong>Poljica, Pod Gomile</p>
<p><strong>Lokacija / Position<a href="https://goo.gl/maps/T9mSUK5HvtAuAFGk8"><img loading="lazy" decoding="async" class="alignright wp-image-43914" src="https://www.topohvar.at/wp-content/uploads/2020/11/3078.jpg" alt="" width="134" height="100" /></a><br />
</strong><a href="https://goo.gl/maps/T9mSUK5HvtAuAFGk8"><span style="color: #3366ff;">Latitude: N 43,14386°   Longitude: E 16,80298°</span></a> <strong><br />
</strong>Visina / Höhe: 178 m</p>
<p><strong>Katastarska čestica / Grundstücke<br />
</strong>725/3<div class='content-column one_half'><div style="padding-right:6px;"><p><strong>Datum snimanja / Erfassungsdatum<br />
</strong>16.06.2021 11:00:00</p>
<hr />
<p><strong>Informacije</strong></p>
<p>Trim se nalazi istočno od Poljica na području Pod Gomile, južno od glavne ceste DC-116. Mali trim nalazi se u grmlju, dobro je očuvan, ali se više ne koristi. Desno od trim, potporni zid omeđuje niže susjedno imanje. Niski ulaz u okruglu unutrašnjost obraslo je grmljem.</p></div></div><div class='content-column one_half last_column'><div style="padding-right:0px;padding-left:6px;"><p><strong>Stupanj zaštite / Schutzstellung<br />
</strong>&#8211;</p>
<hr />
<p><strong>Info</strong></p>
<p>Der Trim befindet sich östlich von Poljica in der Gegend Pod Gomile, südlich der Hauptstraße DC-116. Der kleine Trim liegt im Gebüsch, ist gut erhalten, wird aber nicht mehr genutzt. Rechts neben dem Trim begrenzt eine Stützmauer das tiefer gelegene Nachbargrundstück. Der niedrige Eingang zum runden Innenraum war mit Sträuchern verwachsen.</p></div></div><div class='clear_column'></div><div class='content-column one_half'><div style="padding-right:6px;"><p>Izvor: Hrvatska osnovna karta &#8211; Geoportal DGU</p></div></div><div class='content-column one_half last_column'><div style="padding-right:0px;padding-left:6px;"><p>Quelle: Grundkarte Kroatiens &#8211; Geoportal DGU</p></div></div><div class='clear_column'></div><div class='content-column one_half'><div style="padding-right:6px;"><div id="attachment_50696" style="width: 310px" class="wp-caption aligncenter"><img loading="lazy" decoding="async" aria-describedby="caption-attachment-50696" class="size-medium wp-image-50696" src="https://www.topohvar.at/wp-content/uploads/2021/08/po-tr-22-3-300x300.jpg" alt="" width="300" height="300" srcset="https://www.topohvar.at/wp-content/uploads/2021/08/po-tr-22-3-300x300.jpg 300w, https://www.topohvar.at/wp-content/uploads/2021/08/po-tr-22-3-150x150.jpg 150w, https://www.topohvar.at/wp-content/uploads/2021/08/po-tr-22-3.jpg 450w" sizes="auto, (max-width: 300px) 100vw, 300px" /><p id="caption-attachment-50696" class="wp-caption-text">Ulaz / Eingang</p></div></div></div><div class='content-column one_half last_column'><div style="padding-right:0px;padding-left:6px;"><div id="attachment_50697" style="width: 310px" class="wp-caption aligncenter"><img loading="lazy" decoding="async" aria-describedby="caption-attachment-50697" class="size-medium wp-image-50697" src="https://www.topohvar.at/wp-content/uploads/2021/08/po-tr-22-9-300x300.jpg" alt="" width="300" height="300" srcset="https://www.topohvar.at/wp-content/uploads/2021/08/po-tr-22-9-300x300.jpg 300w, https://www.topohvar.at/wp-content/uploads/2021/08/po-tr-22-9-150x150.jpg 150w, https://www.topohvar.at/wp-content/uploads/2021/08/po-tr-22-9.jpg 450w" sizes="auto, (max-width: 300px) 100vw, 300px" /><p id="caption-attachment-50697" class="wp-caption-text">Istočna strana / Ostseite</p></div></div></div><div class='clear_column'></div><div class='content-column one_half'><div style="padding-right:6px;"><p>Dana 16.06.2021 trim je posjećen i ustanovljeno je sljedeće:</p>
<p>Lokacija: grmlje<br />
Podloga: nakošena<br />
Povezan s: uređenom kamenom gomilom , kamenim zidom<br />
Upotreba: ne koristi se<br />
Stanje: dobro sačuvan<br />
Broj stepenica trima: 1<br />
Dodatni kameni prsten: nema kamenog prstena<br />
Stepenište: nema<br />
Oblik kamena: uglast<br />
Područje ispred ulaza: zaraslo<br />
Orijentacija ulaza: JI (120°)<br />
Promjer trima (cm): 300<br />
Visina trima (cm): 200<br />
Visina stepenica (cm): stepenica 1: 180<br />
Debljina zida (cm): 70<br />
Širina vrata (cm): 75<br />
Visina vrata (cm): 75<br />
Širina unutra (cm): 150 &#8211; 160<br />
Visina unutra (cm): 180<br />
Volumen iznutra (m3): 2,11<br />
Nema niše</p></div></div><div class='content-column one_half last_column'><div style="padding-right:0px;padding-left:6px;"><p>Am 16.06.2021 wurde der Trim besucht und näher untersucht:</p>
<p>Standort: Buschwerk<br />
Untergrund: geneigt<br />
Verbunden mit: Steinhaufen geordnet , Steinmauer<br />
Nutzung: ungenutzt<br />
Zustand: gut erhalten<br />
Anzahl der Trimstufen: 1<br />
Zusätzlicher Steinring: kein Steinring<br />
Stiege: keine<br />
Steinform: kantig<br />
Eingangsbereich: verwachsen<br />
Eingangsseite: SO (120°)<br />
Trimdurchmesser (cm): 300<br />
Trimhöhe (cm): 200<br />
Höhe der Trimstufen (cm): Stufe 1: 180<br />
Wandstärke (cm): 70<br />
Türbreite (cm): 75<br />
Türhöhe (cm): 75<br />
Innenraumbreite (cm): 150 &#8211; 160<br />
Innenraumhöhe (cm): 180<br />
Raumvolumen (m3): 2,11<br />
Keine Nische</p></div></div><div class='clear_column'></div></p>
<p><img loading="lazy" decoding="async" class="aligncenter size-full wp-image-50698" src="https://www.topohvar.at/wp-content/uploads/2021/08/po-tr-22-scan.jpg" alt="" width="600" height="916" srcset="https://www.topohvar.at/wp-content/uploads/2021/08/po-tr-22-scan.jpg 600w, https://www.topohvar.at/wp-content/uploads/2021/08/po-tr-22-scan-197x300.jpg 197w" sizes="auto, (max-width: 600px) 100vw, 600px" /></p>
<p>&nbsp;</p>
<p style="text-align: right;"><a href="#seite_oben">natrag na vrh / Seitenanfang</a></p>
<hr />
<p><strong>Linkovi / Links</strong></p>
<p>&#8211;</p>

<p>Ime / Name Trim »PO-TR-22« Code: PO-TR-22                             Adresa / Adresse Poljica, Pod Gomile Lokacija / Position Latitude: N 43,14386°   Longitude: E 16,80298° Visina / Höhe: 178 m &hellip; <a href="https://www.topohvar.at/topo/orte/po/po-tr-22-1/">Weiterlesen <span class="meta-nav">&rarr;</span></a></p>
