{"id":46281,"date":"2021-02-01T16:14:38","date_gmt":"2021-02-01T15:14:38","guid":{"rendered":"https:\/\/www.topohvar.at\/topo\/?page_id=46281"},"modified":"2021-09-01T09:10:47","modified_gmt":"2021-09-01T07:10:47","slug":"po-ai-01-1","status":"publish","type":"page","link":"https:\/\/www.topohvar.at\/topo\/orte\/po\/po-ai-01-1\/","title":{"rendered":"POLJICA &#8211; Nazivi mjesta i podru\u010dja"},"content":{"rendered":"<p><a name=\"seite_oben\"><\/a><\/p>\n<div id=\"attachment_46282\" style=\"width: 1090px\" class=\"wp-caption alignnone\"><a href=\"https:\/\/www.topohvar.at\/wp-content\/uploads\/2021\/02\/po-ai-01.jpg\"><img loading=\"lazy\" decoding=\"async\" aria-describedby=\"caption-attachment-46282\" class=\"wp-image-46282 size-full\" src=\"https:\/\/www.topohvar.at\/wp-content\/uploads\/2021\/02\/po-ai-01.jpg\" alt=\"\" width=\"1080\" height=\"530\" srcset=\"https:\/\/www.topohvar.at\/wp-content\/uploads\/2021\/02\/po-ai-01.jpg 1080w, https:\/\/www.topohvar.at\/wp-content\/uploads\/2021\/02\/po-ai-01-300x147.jpg 300w, https:\/\/www.topohvar.at\/wp-content\/uploads\/2021\/02\/po-ai-01-1024x503.jpg 1024w, https:\/\/www.topohvar.at\/wp-content\/uploads\/2021\/02\/po-ai-01-768x377.jpg 768w\" sizes=\"auto, (max-width: 1080px) 100vw, 1080px\" \/><\/a><p id=\"caption-attachment-46282\" class=\"wp-caption-text\">Uve\u0107aj sliku \u2013 klikni! \/ Bild vergr\u00f6\u00dfern \u2013 klicken!<\/p><\/div>\n<p><strong>Ime \/ Name<br \/>\n<\/strong>Poljica &#8211; Nazivi mjesta i podru\u010dja \/ Orts- und Gebietsnamen<\/p>\n<p><strong>Code: <\/strong>PO-AI-01\u00a0 \u00a0 \u00a0 \u00a0 \u00a0 \u00a0 \u00a0 \u00a0 \u00a0 \u00a0 \u00a0 \u00a0 \u00a0 \u00a0 \u00a0 \u00a0 \u00a0 \u00a0 \u00a0 \u00a0\u00a0<strong> <a href=\"https:\/\/www.topohvar.at\/topo\/orte\/po\/po-aa-02-1\/\"><img loading=\"lazy\" decoding=\"async\" class=\"alignnone wp-image-533 size-full\" src=\"https:\/\/www.topohvar.at\/wp-content\/uploads\/2018\/07\/push-l-30.jpg\" alt=\"\" width=\"61\" height=\"30\" \/><\/a> <a href=\"https:\/\/www.topohvar.at\/orte\/po\/\"><img loading=\"lazy\" decoding=\"async\" class=\"alignnone wp-image-535 size-full\" src=\"https:\/\/www.topohvar.at\/wp-content\/uploads\/2018\/07\/push-o-30.jpg\" alt=\"\" width=\"61\" height=\"30\" \/><\/a> <a href=\"https:\/\/www.topohvar.at\/topo\/orte\/po\/po-aa-01-1\/\"><img loading=\"lazy\" decoding=\"async\" class=\"alignnone wp-image-536 size-full\" src=\"https:\/\/www.topohvar.at\/wp-content\/uploads\/2018\/07\/push-r-30.jpg\" alt=\"\" width=\"61\" height=\"30\" \/><\/a> <a href=\"https:\/\/www.topohvar.at\/topo\/orte\/po\/po-au-10-1\/\"><img loading=\"lazy\" decoding=\"async\" class=\"alignnone wp-image-12299 size-full\" src=\"https:\/\/www.topohvar.at\/wp-content\/uploads\/2018\/09\/push-next-30.jpg\" alt=\"\" width=\"61\" height=\"30\" \/><\/a> <\/strong><\/p>\n<hr \/>\n<p><strong>Adresa \/ Adresse<br \/>\n<\/strong>Poljica<\/p>\n<p><strong>Datum snimanja \/ Erfassungsdatum<br \/>\n<\/strong>01.02.2021 :16:00:00<\/p>\n<hr \/>\n<div class='content-column one_half'><div style=\"padding-right:6px;\"><p><strong>Nazivi mjesta i podru\u010dja<\/strong><\/p>\n<p>Na popisu ispod na\u0107i \u0107ete sva imena koja se nalaze na podru\u010dju Poljica u:<\/p><\/div><\/div><div class='content-column one_half last_column'><div style=\"padding-right:0px;padding-left:6px;\"><p><strong>Orts- und Gebietsnamen<\/strong><\/p>\n<p>In der nachstehenden Liste befinden sich alle Namen, die im Bereich Poljica verzeichnet sind in:<\/p><\/div><\/div><div class='clear_column'><\/div><div class='content-column one_half'><div style=\"padding-right:6px;\"><p>&#8211; turisti\u010dkoj karti otoka Hvara, 1:75.000<br \/>\n&#8211; topografskoj karti otoka Hvara, 1:25.000<br \/>\n<span style=\"color: #ffffff;\">&#8211;<\/span> (izvor: Geoportal DGU)<br \/>\n&#8211; osnovnoj karti otoka Hvar (izvor: Geoportal DGU)<br \/>\n&#8211; Katastar iz 1834. godine (&#8222;Franziszeischer Kataster&#8220;) (Izvor: https:\/\/maps.arcanum.com\/de\/map\/cadastral\/)<\/p>\n<p>Klik na ime prikazuje mjesto na Google Maps ili maps.arcanum.com.<\/p><\/div><\/div><div class='content-column one_half last_column'><div style=\"padding-right:0px;padding-left:6px;\"><p>&#8211; touristische Karte der Insel Hvar, 1:75.000<br \/>\n&#8211; topographische Karte der Insel Hvar, 1:25.000<br \/>\n<span style=\"color: #ffffff;\">&#8211;<\/span> (Quelle: Geoportal DGU)<br \/>\n&#8211; Grundkarte der Insel Hvar (Quelle: Geoportal DGU)<br \/>\n&#8211; Franziszeischer Kataster 1834 (Quelle: https:\/\/maps.arcanum.com\/de\/map\/cadastral\/)<\/p>\n<p>Ein Klick auf den Namen zeigt den Ort in Google Maps oder in maps.arcanum.com.<\/p><\/div><\/div><div class='clear_column'><\/div><\/p>\n<table width=\"546\">\n<tbody>\n<tr>\n<td width=\"138\"><span style=\"color: #3366ff;\"><a style=\"color: #3366ff;\" href=\"https:\/\/maps.arcanum.com\/de\/map\/cadastral\/?layers=here-aerial%2C3%2C4&amp;bbox=1867545.1800732887%2C5332758.120297206%2C1869131.2484102063%2C5333853.3195931045\">Crisischie<\/a><\/span><\/td>\n<td width=\"54\">Podru\u010dje<\/td>\n<td width=\"148\">Lat: 43.13990\u00a0 Lon: 16.78350<\/td>\n<td width=\"166\">Katastar \/ Kataster 1834<\/td>\n<\/tr>\n<tr>\n<td><span style=\"color: #3366ff;\"><a style=\"color: #3366ff;\" href=\"https:\/\/goo.gl\/maps\/3ct4wDLjV97KzzSS6\">Dragojevaz<\/a><\/span><\/td>\n<td>Podru\u010dje<\/td>\n<td>Lat: 43.12820\u00a0 Lon: 16.79790<\/td>\n<td>Katastar \/ Kataster 1834<\/td>\n<\/tr>\n<tr>\n<td><span style=\"color: #3366ff;\"><a style=\"color: #3366ff;\" href=\"https:\/\/goo.gl\/maps\/3ct4wDLjV97KzzSS6\">Duboka<\/a><\/span><\/td>\n<td>Podru\u010dje<\/td>\n<td>Lat: 43.14870\u00a0 Lon: 16.77929<\/td>\n<td>Hvar- turisti\u010dka karta 1:75.000<\/td>\n<\/tr>\n<tr>\n<td><span style=\"color: #3366ff;\"><a style=\"color: #3366ff;\" href=\"https:\/\/maps.arcanum.com\/de\/map\/cadastral\/?layers=here-aerial%2C3%2C4&amp;bbox=1867034.966179291%2C5333618.074373499%2C1868621.0345162086%2C5334713.273669397\">Dubova<\/a><\/span><\/td>\n<td>Podru\u010dje<\/td>\n<td>Lat: 43.14560\u00a0 Lon: 16.77920<\/td>\n<td>Katastar \/ Kataster 1834<\/td>\n<\/tr>\n<tr>\n<td><span style=\"color: #3366ff;\"><a style=\"color: #3366ff;\" href=\"https:\/\/maps.arcanum.com\/de\/map\/cadastral\/?layers=here-aerial%2C3%2C4&amp;bbox=1868392.8585636881%2C5333627.629002034%2C1869978.9269006057%2C5334722.828297933\">Gipinovi, Mali-<\/a><\/span><\/td>\n<td>Podru\u010dje<\/td>\n<td>Lat: 43.14560\u00a0 Lon: 16.79130<\/td>\n<td>Katastar \/ Kataster 1834<\/td>\n<\/tr>\n<tr>\n<td><span style=\"color: #3366ff;\"><a style=\"color: #3366ff;\" href=\"https:\/\/goo.gl\/maps\/3ct4wDLjV97KzzSS6\">Gomila, Vela-, 347 m<\/a><\/span><\/td>\n<td>Brdo<\/td>\n<td>Lat: 43.13835\u00a0 Lon: 16.80533<\/td>\n<td>Hvar- turisti\u010dka karta 1:75.000<\/td>\n<\/tr>\n<tr>\n<td><span style=\"color: #3366ff;\"><a style=\"color: #3366ff;\" href=\"https:\/\/goo.gl\/maps\/KZAHUFJ4j12wcoxM9\">Gomile, Pod-<\/a><\/span><\/td>\n<td>Podru\u010dje<\/td>\n<td>Lat: 43.14271\u00a0 Lon: 16.80117<\/td>\n<td>Hvar- Hrvatska osnovna karta<\/td>\n<\/tr>\n<tr>\n<td><span style=\"color: #3366ff;\"><a style=\"color: #3366ff;\" href=\"https:\/\/maps.arcanum.com\/de\/map\/cadastral\/?layers=here-aerial%2C3%2C4&amp;bbox=1870022.1558194885%2C5333234.423172229%2C1871627.3334134773%2C5334336.78843953\">Gomillo, Pod Vello-<\/a><\/span><\/td>\n<td>Podru\u010dje<\/td>\n<td>Lat: 43.14290\u00a0 Lon: 16.80620<\/td>\n<td>Katastar \/ Kataster 1834<\/td>\n<\/tr>\n<tr>\n<td><span style=\"color: #3366ff;\"><a style=\"color: #3366ff;\" href=\"https:\/\/maps.arcanum.com\/de\/map\/cadastral\/?layers=here-aerial%2C3%2C4&amp;bbox=1870084.7119258991%2C5332446.631754885%2C1871689.889519888%2C5333548.997022186\">Gomillo, Vello-<\/a><\/span><\/td>\n<td>Brdo<\/td>\n<td>Lat: 43.13835\u00a0 Lon: 16.80533<\/td>\n<td>Katastar \/ Kataster 1834<\/td>\n<\/tr>\n<tr>\n<td><span style=\"color: #3366ff;\"><a style=\"color: #3366ff;\" href=\"https:\/\/maps.arcanum.com\/de\/map\/cadastral\/?layers=here-aerial%2C3%2C4&amp;bbox=1869289.0988570377%2C5334722.778935504%2C1870875.1671939553%2C5335817.978231403\">Gracovischie<\/a><\/span><\/td>\n<td>Podru\u010dje<\/td>\n<td>Lat: 43.15280\u00a0 Lon: 16.79930<\/td>\n<td>Katastar \/ Kataster 1834<\/td>\n<\/tr>\n<tr>\n<td><span style=\"color: #3366ff;\"><a style=\"color: #3366ff;\" href=\"https:\/\/maps.arcanum.com\/de\/map\/cadastral\/?layers=here-aerial%2C3%2C4&amp;bbox=1869258.3045865193%2C5334903.3382398095%2C1870844.3729234368%2C5335998.537535708\">Gracovischie<\/a><\/span><\/td>\n<td>Zaseok<\/td>\n<td>Lat: 43.15360\u00a0 Lon: 16.79722<\/td>\n<td>Katastar \/ Kataster 1834<\/td>\n<\/tr>\n<tr>\n<td><span style=\"color: #3366ff;\"><a style=\"color: #3366ff;\" href=\"https:\/\/goo.gl\/maps\/Y9f4CReskQho7imw5\">Grahovi\u0161\u0107e<\/a><\/span><\/td>\n<td>Zaseok<\/td>\n<td>Lat: 43.15360\u00a0 Lon: 16.79722<\/td>\n<td>Hvar- turisti\u010dka karta 1:75.000<\/td>\n<\/tr>\n<tr>\n<td><span style=\"color: #3366ff;\"><a style=\"color: #3366ff;\" href=\"https:\/\/maps.arcanum.com\/de\/map\/cadastral\/?layers=here-aerial%2C3%2C4&amp;bbox=1869129.115519862%2C5333998.878501248%2C1870715.1838567795%2C5335094.0777971465\">Idro<\/a><\/span><\/td>\n<td>Podru\u010dje<\/td>\n<td>Lat: 43.14810\u00a0 Lon: 16.79780<\/td>\n<td>Katastar \/ Kataster 1834<\/td>\n<\/tr>\n<tr>\n<td><span style=\"color: #3366ff;\"><a style=\"color: #3366ff;\" href=\"https:\/\/maps.arcanum.com\/de\/map\/cadastral\/?layers=here-aerial%2C3%2C4&amp;bbox=1868302.5179372136%2C5331612.405490571%2C1869888.5862741312%2C5332707.60478647\">Klacina<\/a><\/span><\/td>\n<td>Podru\u010dje<\/td>\n<td>Lat: 43.13250\u00a0 Lon: 16.79050<\/td>\n<td>Katastar \/ Kataster 1834<\/td>\n<\/tr>\n<tr>\n<td><span style=\"color: #3366ff;\"><a style=\"color: #3366ff;\" href=\"https:\/\/goo.gl\/maps\/1Fa4hebAJJiKCUZt9\">Kri\u017ei\u0161\u0107e, 404 m<\/a><\/span><\/td>\n<td>Brdo<\/td>\n<td>Lat: 43.13976\u00a0 Lon: 16.78248<\/td>\n<td>Hvar- turisti\u010dka karta 1:75.000<\/td>\n<\/tr>\n<tr>\n<td><span style=\"color: #3366ff;\"><a style=\"color: #3366ff;\" href=\"https:\/\/goo.gl\/maps\/dNjdRtnENRmBkNDs5\">Lebra, Pod-<\/a><\/span><\/td>\n<td>Podru\u010dje<\/td>\n<td>Lat: 43.15774\u00a0 Lon: 16.78518<\/td>\n<td>Hvar- Hrvatska osnovna karta<\/td>\n<\/tr>\n<tr>\n<td><span style=\"color: #3366ff;\"><a style=\"color: #3366ff;\" href=\"https:\/\/maps.arcanum.com\/de\/map\/cadastral\/?layers=here-aerial%2C3%2C4&amp;bbox=1867177.4515944168%2C5333064.636045477%2C1868763.5199313343%2C5334159.835341376\">Loqua, Suha-<\/a><\/span><\/td>\n<td>Podru\u010dje<\/td>\n<td>Lat: 43.14230\u00a0 Lon: 16.78020<\/td>\n<td>Katastar \/ Kataster 1834<\/td>\n<\/tr>\n<tr>\n<td><span style=\"color: #3366ff;\"><a style=\"color: #3366ff;\" href=\"https:\/\/maps.arcanum.com\/de\/map\/cadastral\/?layers=here-aerial%2C3%2C4&amp;bbox=1868658.314468574%2C5331019.1636818%2C1870244.3828054916%2C5332114.362977698\">Losovizza<\/a><\/span><\/td>\n<td>Podru\u010dje<\/td>\n<td>Lat: 43.12850\u00a0 Lon: 16.79350<\/td>\n<td>Katastar \/ Kataster 1834<\/td>\n<\/tr>\n<tr>\n<td><span style=\"color: #3366ff;\"><a style=\"color: #3366ff;\" href=\"https:\/\/goo.gl\/maps\/sjYcpGL1iHz6KE999\">Lozovica<\/a><\/span><\/td>\n<td>Podru\u010dje<\/td>\n<td>Lat: 43.13158\u00a0 Lon: 16.78949<\/td>\n<td>Hvar- turisti\u010dka karta 1:75.000<\/td>\n<\/tr>\n<tr>\n<td><span style=\"color: #3366ff;\"><a style=\"color: #3366ff;\" href=\"https:\/\/goo.gl\/maps\/uB3JrQ5KsfT2PdjQA\">Magli\u010dina<\/a><\/span><\/td>\n<td>Podru\u010dje<\/td>\n<td>Lat: 43.14034\u00a0 Lon: 16.79556<\/td>\n<td>Hvar- topografska karta 1:25.000<\/td>\n<\/tr>\n<tr>\n<td><span style=\"color: #3366ff;\"><a style=\"color: #3366ff;\" href=\"https:\/\/goo.gl\/maps\/UM6HMvUQP7xQHuLAA\">Marinovo, (Fra-)<\/a><\/span><\/td>\n<td>Podru\u010dje<\/td>\n<td>Lat: 43.14346\u00a0 Lon: 16.79619<\/td>\n<td>Hvar- Hrvatska osnovna karta<\/td>\n<\/tr>\n<tr>\n<td><span style=\"color: #3366ff;\"><a style=\"color: #3366ff;\" href=\"https:\/\/goo.gl\/maps\/ou6kHm5r88ojTMGu7\">Maslinje<\/a><\/span><\/td>\n<td>Podru\u010dje<\/td>\n<td>Lat: 43.15679\u00a0 Lon: 16.80082<\/td>\n<td>Hvar- turisti\u010dka karta 1:75.000<\/td>\n<\/tr>\n<tr>\n<td><span style=\"color: #3366ff;\"><a style=\"color: #3366ff;\" href=\"https:\/\/goo.gl\/maps\/NNdAsG8PQcU849yM6\">Partel<\/a><\/span><\/td>\n<td>Podru\u010dje<\/td>\n<td>Lat: 43.15280\u00a0 Lon: 16.78160<\/td>\n<td>Katastar \/ Kataster 1834<\/td>\n<\/tr>\n<tr>\n<td><span style=\"color: #3366ff;\"><a style=\"color: #3366ff;\" href=\"https:\/\/maps.arcanum.com\/de\/map\/cadastral\/?layers=here-aerial%2C3%2C4&amp;bbox=1867902.9595934884%2C5333695.899435959%2C1869489.027930406%2C5334791.098731858\">Pavlicevizza<\/a><\/span><\/td>\n<td>Podru\u010dje<\/td>\n<td>Lat: 43.14620\u00a0 Lon: 16.7867\/td&gt;<\/td>\n<td>Katastar \/ Kataster 1834<\/td>\n<\/tr>\n<tr>\n<td><span style=\"color: #3366ff;\"><a style=\"color: #3366ff;\" href=\"https:\/\/goo.gl\/maps\/NNdAsG8PQcU849yM6\">Pavli\u010devica<\/a><\/span><\/td>\n<td>Podru\u010dje<\/td>\n<td>Lat: 43.14502\u00a0 Lon: 16.78383<\/td>\n<td>Hvar- Hrvatska osnovna karta<\/td>\n<\/tr>\n<tr>\n<td><span style=\"color: #3366ff;\"><a style=\"color: #3366ff;\" href=\"https:\/\/maps.arcanum.com\/de\/map\/cadastral\/?layers=here-aerial%2C3%2C4&amp;bbox=1868835.018405687%2C5334677.626222731%2C1870421.0867426046%2C5335772.8255186295\">Pechia<\/a><\/span><\/td>\n<td>Podru\u010dje<\/td>\n<td>Lat: 43.15290\u00a0 Lon: 16.79500<\/td>\n<td>Katastar \/ Kataster 1834<\/td>\n<\/tr>\n<tr>\n<td><span style=\"color: #3366ff;\"><a style=\"color: #3366ff;\" href=\"https:\/\/goo.gl\/maps\/kP9JS2TBdJDRdwpF7\">Pe\u010dja<\/a><\/span><\/td>\n<td>Podru\u010dje<\/td>\n<td>Lat: 43.15451\u00a0 Lon: 16.80599<\/td>\n<td>Hvar- Hrvatska osnovna karta<\/td>\n<\/tr>\n<tr>\n<td><span style=\"color: #3366ff;\"><a style=\"color: #3366ff;\" href=\"https:\/\/maps.arcanum.com\/de\/map\/cadastral\/?layers=here-aerial%2C3%2C4&amp;bbox=1869457.870838796%2C5333304.580519876%2C1871043.9391757136%2C5334399.779815775\">Plosgnak<\/a><\/span><\/td>\n<td>Podru\u010dje<\/td>\n<td>Lat: 43.14380\u00a0 Lon: 16.80000<\/td>\n<td>Katastar \/ Kataster 1834<\/td>\n<\/tr>\n<tr>\n<td><span style=\"color: #3366ff;\"><a style=\"color: #3366ff;\" href=\"https:\/\/maps.arcanum.com\/de\/map\/cadastral\/?layers=here-aerial%2C3%2C4&amp;bbox=1868780.4849599025%2C5332688.3873233935%2C1870366.55329682%2C5333783.586619292\">Plosgnak<\/a><\/span><\/td>\n<td>Podru\u010dje<\/td>\n<td>Lat: 43.13970\u00a0 Lon: 16.79480<\/td>\n<td>Katastar \/ Kataster 1834<\/td>\n<\/tr>\n<tr>\n<td><span style=\"color: #3366ff;\"><a style=\"color: #3366ff;\" href=\"https:\/\/goo.gl\/maps\/5ZmGNK4osBswyFzv6\">Plo\u0161njak, 356 m<\/a><\/span><\/td>\n<td>Brdo<\/td>\n<td>Lat: 43.13814\u00a0 Lon: 16.79081<\/td>\n<td>Hvar- topografska karta 1:25.000<\/td>\n<\/tr>\n<tr>\n<td><span style=\"color: #3366ff;\"><a style=\"color: #3366ff;\" href=\"https:\/\/maps.arcanum.com\/de\/map\/cadastral\/?layers=here-aerial%2C3%2C4&amp;bbox=1868442.1030072987%2C5333989.492418229%2C1870028.1713442162%2C5335084.691714128\">Poglizza<\/a><\/span><\/td>\n<td>Selo<\/td>\n<td>Lat: 43.14809\u00a0 Lon: 16.79317<\/td>\n<td>Katastar \/ Kataster 1834<\/td>\n<\/tr>\n<tr>\n<td><span style=\"color: #3366ff;\"><a style=\"color: #3366ff;\" href=\"https:\/\/goo.gl\/maps\/5uZUqJJ3NNtWMK41A\">Poljica<\/a><\/span><\/td>\n<td>Selo<\/td>\n<td>Lat: 43.14809\u00a0 Lon: 16.79317<\/td>\n<td>Hvar- turisti\u010dka karta 1:75.000<\/td>\n<\/tr>\n<tr>\n<td><span style=\"color: #3366ff;\"><a style=\"color: #3366ff;\" href=\"https:\/\/goo.gl\/maps\/qQD6mN9rggm17QPk6\">Po\u0161njak<\/a><\/span><\/td>\n<td>Podru\u010dje<\/td>\n<td>Lat: 43.13992\u00a0 Lon: 16.80396<\/td>\n<td>Hvar- Hrvatska osnovna karta<\/td>\n<\/tr>\n<tr>\n<td><span style=\"color: #3366ff;\"><a style=\"color: #3366ff;\" href=\"https:\/\/maps.arcanum.com\/de\/map\/cadastral\/?layers=here-aerial%2C3%2C4&amp;bbox=1869700.2061562962%2C5334213.016328099%2C1871286.2744932137%2C5335308.215623998\">Provoi Dolaz<\/a><\/span><\/td>\n<td>Podru\u010dje<\/td>\n<td>Lat: 43.14980\u00a0 Lon: 16.80300<\/td>\n<td>Katastar \/ Kataster 1834<\/td>\n<\/tr>\n<tr>\n<td><a href=\"https:\/\/maps.arcanum.com\/de\/map\/cadastral\/?layers=here-aerial%2C3%2C4&amp;bbox=1869695.8571866413%2C5330772.615122846%2C1871281.9255235589%2C5331867.814418745\"><span style=\"color: #3366ff;\">Rauni Dorzi<\/span><\/a><\/td>\n<td>Podru\u010dje<\/td>\n<td>Lat: 43.12620\u00a0 Lon: 16.80220<\/td>\n<td>Katastar \/ Kataster 1834<\/td>\n<\/tr>\n<tr>\n<td><a href=\"https:\/\/goo.gl\/maps\/TVwy5kRbKoq7gMTH7\"><span style=\"color: #3366ff;\">Ravni Dolac<\/span><\/a><\/td>\n<td>Podru\u010dje<\/td>\n<td>Lat: 43.13382\u00a0 Lon: 16.79980<\/td>\n<td>Hvar- turisti\u010dka karta 1:75.000<\/td>\n<\/tr>\n<tr>\n<td><span style=\"color: #3366ff;\"><a style=\"color: #3366ff;\" href=\"https:\/\/maps.arcanum.com\/de\/map\/cadastral\/?layers=here-aerial%2C3%2C4&amp;bbox=1868379.74362577%2C5335369.327927708%2C1869965.8119626876%2C5336464.527223607\">Sezcia, Torrente<\/a><\/span><\/td>\n<td>Bujica<\/td>\n<td>Lat: 43.15710\u00a0 Lon: 16.79070<\/td>\n<td>Katastar \/ Kataster 1834<\/td>\n<\/tr>\n<tr>\n<td><span style=\"color: #3366ff;\"><a style=\"color: #3366ff;\" href=\"https:\/\/maps.arcanum.com\/de\/map\/cadastral\/?layers=here-aerial%2C3%2C4&amp;bbox=1868066.514578206%2C5332672.399160048%2C1869652.5829151236%2C5333767.598455947\">Smaricovaz<\/a><\/span><\/td>\n<td>Podru\u010dje<\/td>\n<td>Lat: 43.13950\u00a0 Lon: 16.78850<\/td>\n<td>Katastar \/ Kataster 1834<\/td>\n<\/tr>\n<tr>\n<td><span style=\"color: #3366ff;\"><a style=\"color: #3366ff;\" href=\"https:\/\/goo.gl\/maps\/rmkNgDiBdw6fMKLDA\">Stiniva, Mala-<\/a><\/span><\/td>\n<td>Podru\u010dje<\/td>\n<td>Lat: 43.15796\u00a0 Lon: 16.77951<\/td>\n<td>Hvar- turisti\u010dka karta 1:75.000<\/td>\n<\/tr>\n<tr>\n<td><span style=\"color: #3366ff;\"><a style=\"color: #3366ff;\" href=\"https:\/\/maps.arcanum.com\/de\/map\/cadastral\/?layers=here-aerial%2C3%2C4&amp;bbox=1867256.2432653587%2C5335154.683850028%2C1868842.3116022763%2C5336249.8831459265\">Stiniva, Malla-<\/a><\/span><\/td>\n<td>Podru\u010dje<\/td>\n<td>Lat: 43.15570\u00a0 Lon: 16.78110<\/td>\n<td>Katastar \/ Kataster 1834<\/td>\n<\/tr>\n<tr>\n<td><span style=\"color: #3366ff;\"><a style=\"color: #3366ff;\" href=\"https:\/\/goo.gl\/maps\/TrWdquJvStHgsxoc6\">Stin\u0161ki Dolac<\/a><\/span><\/td>\n<td>Podru\u010dje<\/td>\n<td>Lat: 43.13247\u00a0 Lon: 16.78390<\/td>\n<td>Hvar- turisti\u010dka karta 1:75.000<\/td>\n<\/tr>\n<tr>\n<td><span style=\"color: #3366ff;\"><a style=\"color: #3366ff;\" href=\"https:\/\/maps.arcanum.com\/de\/map\/cadastral\/?layers=here-aerial%2C3%2C4&amp;bbox=1868729.9361919353%2C5334009.796003868%2C1870316.0045288529%2C5335104.995299767\">St. Giovanni<\/a><\/span><\/td>\n<td>Crkva<\/td>\n<td>Lat: 43.14885\u00a0 Lon: 16.79351<\/td>\n<td>Katastar \/ Kataster 1834<\/td>\n<\/tr>\n<tr>\n<td><span style=\"color: #3366ff;\"><a style=\"color: #3366ff;\" href=\"https:\/\/maps.arcanum.com\/de\/map\/cadastral\/?layers=here-aerial%2C3%2C4&amp;bbox=1868226.903583677%2C5334314.497917756%2C1869812.9719205946%2C5335409.697213655\">Svirak<\/a><\/span><\/td>\n<td>Podru\u010dje<\/td>\n<td>Lat: 43.15030\u00a0 Lon: 16.78980<\/td>\n<td>Katastar \/ Kataster 1834<\/td>\n<\/tr>\n<tr>\n<td><span style=\"color: #3366ff;\"><a style=\"color: #3366ff;\" href=\"https:\/\/maps.arcanum.com\/de\/map\/cadastral\/?layers=here-aerial%2C3%2C4&amp;bbox=1867821.384935277%2C5335337.811321288%2C1869407.4532721946%2C5336433.010617187\">Urebri<\/a><\/span><\/td>\n<td>Biv\u0161i zaselak<\/td>\n<td>Lat: 43.15690\u00a0 Lon: 16.78570<\/td>\n<td>Katastar \/ Kataster 1834<\/td>\n<\/tr>\n<tr>\n<td><span style=\"color: #3366ff;\"><a style=\"color: #3366ff;\" href=\"https:\/\/goo.gl\/maps\/RwEcefLQSvJwudA67\">Vran\u010di\u0107i<\/a><\/span><\/td>\n<td>Podru\u010dje<\/td>\n<td>Lat: 43.12699\u00a0 Lon: 16.79123<\/td>\n<td>Hvar- turisti\u010dka karta 1:75.000<\/td>\n<\/tr>\n<tr>\n<td><span style=\"color: #3366ff;\"><a style=\"color: #3366ff;\" href=\"https:\/\/goo.gl\/maps\/bKn7528a47sBT3fB9\">Vrh<\/a><\/span><\/td>\n<td>Podru\u010dje<\/td>\n<td>Lat: 43.13438\u00a0 Lon: 16.79621<\/td>\n<td>Hvar- Hrvatska osnovna karta<\/td>\n<\/tr>\n<tr>\n<td><span style=\"color: #3366ff;\"><a style=\"color: #3366ff;\" href=\"https:\/\/goo.gl\/maps\/n6UsGsy28NfJAa2m7\">Zabore<\/a><\/span><\/td>\n<td>Podru\u010dje<\/td>\n<td>Lat: 43.14665\u00a0 Lon: 16.79832<\/td>\n<td>Hvar- Hrvatska osnovna karta<\/td>\n<\/tr>\n<tr>\n<td><span style=\"color: #3366ff;\"><a style=\"color: #3366ff;\" href=\"https:\/\/maps.arcanum.com\/de\/map\/cadastral\/?layers=here-aerial%2C3%2C4&amp;bbox=1867766.0514910608%2C5334907.330410571%2C1869352.1198279783%2C5336002.52970647\">Zaglusca<\/a><\/span><\/td>\n<td>Podru\u010dje<\/td>\n<td>Lat: 43.15410\u00a0 Lon: 16.7856<\/td>\n<td>Katastar \/ Kataster 1834<\/td>\n<\/tr>\n<tr>\n<td><span style=\"color: #3366ff;\"><a style=\"color: #3366ff;\" href=\"https:\/\/goo.gl\/maps\/crmefvy56ZYjPhTE6\">Zalirat<\/a><\/span><\/td>\n<td>Podru\u010dje<\/td>\n<td>Lat: 43.14993\u00a0 Lon: 16.78219<\/td>\n<td>Hvar- Hrvatska osnovna karta<\/td>\n<\/tr>\n<tr>\n<td><span style=\"color: #3366ff;\"><a style=\"color: #3366ff;\" href=\"https:\/\/maps.arcanum.com\/de\/map\/cadastral\/?layers=here-aerial%2C3%2C4&amp;bbox=1867454.8394468133%2C5334252.660756335%2C1869040.907783731%2C5335347.860052234\">Zalirat<\/a><\/span><\/td>\n<td>Podru\u010dje<\/td>\n<td>Lat: 43.14990\u00a0 Lon: 16.78270<\/td>\n<td>Katastar \/ Kataster 1834<\/td>\n<\/tr>\n<tr>\n<td><span style=\"color: #3366ff;\"><a style=\"color: #3366ff;\" href=\"https:\/\/goo.gl\/maps\/oc8YKmDMSDTNooD37\">Ze\u010dja<\/a><\/span><\/td>\n<td>Podru\u010dje<\/td>\n<td>Lat: 43.15537\u00a0 Lon: 16.79093<\/td>\n<td>Hvar- topografska karta 1:25.000<\/td>\n<\/tr>\n<tr>\n<td><span style=\"color: #3366ff;\"><a style=\"color: #3366ff;\" href=\"https:\/\/maps.arcanum.com\/de\/map\/cadastral\/?layers=here-aerial%2C3%2C4&amp;bbox=1868761.3870409906%2C5332273.231961804%2C1870347.4553779082%2C5333368.431257703\">Zovetor Dolaz<\/a><\/span><\/td>\n<td>Podru\u010dje<\/td>\n<td>Lat: 43.13680\u00a0 Lon: 16.79450<\/td>\n<td>Katastar \/ Kataster 1834<\/td>\n<\/tr>\n<\/tbody>\n<\/table>\n<p style=\"text-align: right;\"><a href=\"#seite_oben\">natrag na vrh \/ Seitenanfang<\/a><\/p>\n<hr \/>\n<p><strong>Linkovi \/ Links<\/strong><\/p>\n<p>&#8211;<\/p>\n","protected":false},"excerpt":{"rendered":"<p>Ime \/ Name Poljica &#8211; Nazivi mjesta i podru\u010dja \/ Orts- und Gebietsnamen Code: PO-AI-01\u00a0 \u00a0 \u00a0 \u00a0 \u00a0 \u00a0 \u00a0 \u00a0 \u00a0 \u00a0 \u00a0 \u00a0 \u00a0 \u00a0 \u00a0 \u00a0 \u00a0 \u00a0 \u00a0 \u00a0\u00a0 Adresa \/ Adresse Poljica Datum snimanja &hellip; <a href=\"https:\/\/www.topohvar.at\/topo\/orte\/po\/po-ai-01-1\/\">Weiterlesen <span class=\"meta-nav\">&rarr;<\/span><\/a><\/p>\n","protected":false},"author":1,"featured_media":0,"parent":91,"menu_order":0,"comment_status":"closed","ping_status":"closed","template":"","meta":{"footnotes":""},"class_list":["post-46281","page","type-page","status-publish","hentry"],"_links":{"self":[{"href":"https:\/\/www.topohvar.at\/topo\/wp-json\/wp\/v2\/pages\/46281","targetHints":{"allow":["GET"]}}],"collection":[{"href":"https:\/\/www.topohvar.at\/topo\/wp-json\/wp\/v2\/pages"}],"about":[{"href":"https:\/\/www.topohvar.at\/topo\/wp-json\/wp\/v2\/types\/page"}],"author":[{"embeddable":true,"href":"https:\/\/www.topohvar.at\/topo\/wp-json\/wp\/v2\/users\/1"}],"replies":[{"embeddable":true,"href":"https:\/\/www.topohvar.at\/topo\/wp-json\/wp\/v2\/comments?post=46281"}],"version-history":[{"count":11,"href":"https:\/\/www.topohvar.at\/topo\/wp-json\/wp\/v2\/pages\/46281\/revisions"}],"predecessor-version":[{"id":51664,"href":"https:\/\/www.topohvar.at\/topo\/wp-json\/wp\/v2\/pages\/46281\/revisions\/51664"}],"up":[{"embeddable":true,"href":"https:\/\/www.topohvar.at\/topo\/wp-json\/wp\/v2\/pages\/91"}],"wp:attachment":[{"href":"https:\/\/www.topohvar.at\/topo\/wp-json\/wp\/v2\/media?parent=46281"}],"curies":[{"name":"wp","href":"https:\/\/api.w.org\/{rel}","templated":true}]}}