{"id":46345,"date":"2021-02-02T12:10:31","date_gmt":"2021-02-02T11:10:31","guid":{"rendered":"https:\/\/www.topohvar.at\/topo\/?page_id=46345"},"modified":"2022-07-19T15:05:52","modified_gmt":"2022-07-19T13:05:52","slug":"sn-ai-01-1","status":"publish","type":"page","link":"https:\/\/www.topohvar.at\/topo\/orte\/sn\/sn-ai-01-1\/","title":{"rendered":"SV. NEDJELJA &#8211; Nazivi mjesta i podru\u010dja"},"content":{"rendered":"<p><a name=\"seite_oben\"><\/a><\/p>\n<div id=\"attachment_46346\" style=\"width: 1090px\" class=\"wp-caption alignnone\"><a href=\"https:\/\/www.topohvar.at\/wp-content\/uploads\/2021\/02\/sn-ai-01.jpg\"><img loading=\"lazy\" decoding=\"async\" aria-describedby=\"caption-attachment-46346\" class=\"wp-image-46346 size-full\" src=\"https:\/\/www.topohvar.at\/wp-content\/uploads\/2021\/02\/sn-ai-01.jpg\" alt=\"\" width=\"1080\" height=\"530\" srcset=\"https:\/\/www.topohvar.at\/wp-content\/uploads\/2021\/02\/sn-ai-01.jpg 1080w, https:\/\/www.topohvar.at\/wp-content\/uploads\/2021\/02\/sn-ai-01-300x147.jpg 300w, https:\/\/www.topohvar.at\/wp-content\/uploads\/2021\/02\/sn-ai-01-1024x503.jpg 1024w, https:\/\/www.topohvar.at\/wp-content\/uploads\/2021\/02\/sn-ai-01-768x377.jpg 768w\" sizes=\"auto, (max-width: 1080px) 100vw, 1080px\" \/><\/a><p id=\"caption-attachment-46346\" class=\"wp-caption-text\">Uve\u0107aj sliku \u2013 klikni! \/ Bild vergr\u00f6\u00dfern \u2013 klicken!<\/p><\/div>\n<p><strong>Ime \/ Name<br \/>\n<\/strong>Sv. Nedjelja &#8211; Nazivi mjesta i podru\u010dja \/ Orts- und Gebietsnamen<\/p>\n<p><strong>Code: <\/strong>SN-AI-01\u00a0 \u00a0 \u00a0 \u00a0 \u00a0 \u00a0 \u00a0 \u00a0 \u00a0 \u00a0 \u00a0 \u00a0 \u00a0 \u00a0 \u00a0 \u00a0 \u00a0 \u00a0 \u00a0 \u00a0\u00a0<strong> <a href=\"https:\/\/www.topohvar.at\/topo\/orte\/sn\/sn-aa-00-1\/\"><img loading=\"lazy\" decoding=\"async\" class=\"alignnone wp-image-533 size-full\" src=\"https:\/\/www.topohvar.at\/wp-content\/uploads\/2018\/07\/push-l-30.jpg\" alt=\"\" width=\"61\" height=\"30\" \/><\/a> <a href=\"https:\/\/www.topohvar.at\/orte\/sn\/\"><img loading=\"lazy\" decoding=\"async\" class=\"alignnone wp-image-535 size-full\" src=\"https:\/\/www.topohvar.at\/wp-content\/uploads\/2018\/07\/push-o-30.jpg\" alt=\"\" width=\"61\" height=\"30\" \/><\/a> <a href=\"https:\/\/www.topohvar.at\/topo\/orte\/sn\/sn-au-10-1\/\"><img loading=\"lazy\" decoding=\"async\" class=\"alignnone wp-image-12299 size-full\" src=\"https:\/\/www.topohvar.at\/wp-content\/uploads\/2018\/09\/push-next-30.jpg\" alt=\"\" width=\"61\" height=\"30\" \/><\/a> <\/strong><\/p>\n<hr \/>\n<p><strong>Adresa \/ Adresse<br \/>\n<\/strong>Sv. Nedjelja<\/p>\n<p><strong>Datum snimanja \/ Erfassungsdatum<br \/>\n<\/strong>02.02.2021 :12:00:00<\/p>\n<hr \/>\n<div class='content-column one_half'><div style=\"padding-right:6px;\"><p><strong>Nazivi mjesta i podru\u010dja<\/strong><\/p>\n<p>Na popisu ispod na\u0107i \u0107ete sva imena koja se nalaze na na podru\u010dju Sv. Nedjelja u:<\/p><\/div><\/div><div class='content-column one_half last_column'><div style=\"padding-right:0px;padding-left:6px;\"><p><strong>Orts- und Gebietsnamen<\/strong><\/p>\n<p>In der nachstehenden Liste befinden sich alle Namen, die im Bereich Sv. Nedjelja verzeichnet sind in:<\/p><\/div><\/div><div class='clear_column'><\/div><div class='content-column one_half'><div style=\"padding-right:6px;\"><p>&#8211; turisti\u010dkoj karti otoka Hvara, 1:75.000<br \/>\n&#8211; topografskoj karti otoka Hvara, 1:25.000<br \/>\n<span style=\"color: #ffffff;\">&#8211;<\/span> (izvor: Geoportal DGU)<br \/>\n&#8211; osnovnoj karti otoka Hvar (izvor: Geoportal DGU)<br \/>\n&#8211; Katastar iz 1834. godine (&#8222;Franziszeischer Kataster&#8220;) (Izvor: https:\/\/maps.arcanum.com\/de\/map\/cadastral\/)<\/p>\n<p>Klik na ime prikazuje mjesto na Google Maps ili maps.arcanum.com.<\/p><\/div><\/div><div class='content-column one_half last_column'><div style=\"padding-right:0px;padding-left:6px;\"><p>&#8211; touristische Karte der Insel Hvar, 1:75.000<br \/>\n&#8211; topographische Karte der Insel Hvar, 1:25.000<br \/>\n<span style=\"color: #ffffff;\">&#8211;<\/span> (Quelle: Geoportal DGU)<br \/>\n&#8211; Grundkarte der Insel Hvar (Quelle: Geoportal DGU)<br \/>\n&#8211; Franziszeischer Kataster 1834 (Quelle: https:\/\/maps.arcanum.com\/de\/map\/cadastral\/)<\/p>\n<p>Ein Klick auf den Namen zeigt den Ort in Google Maps oder in maps.arcanum.com.<\/p><\/div><\/div><div class='clear_column'><\/div><\/p>\n<table width=\"546\">\n<tbody>\n<tr>\n<td width=\"178\"><span style=\"color: #3366ff;\"><a style=\"color: #3366ff;\" href=\"https:\/\/maps.arcanum.com\/de\/map\/cadastral\/?layers=here-aerial%2C3%2C4&amp;bbox=1845808.9869787435%2C5332164.222191016%2C1847533.5974294276%2C5333301.222986759\">Bad<\/a><\/span><\/td>\n<td width=\"54\">Podru\u010dje<\/td>\n<td width=\"148\">Lat: 43.13640\u00a0 Lon: 16.58890<\/td>\n<td width=\"166\">Katastar \/ Kataster 1834<\/td>\n<\/tr>\n<tr>\n<td><span style=\"color: #3366ff;\"><a style=\"color: #3366ff;\" href=\"https:\/\/maps.arcanum.com\/de\/map\/cadastral\/?layers=here-aerial%2C3%2C4&amp;bbox=1843787.6690044394%2C5333897.994762356%2C1845512.2794551235%2C5335034.995558099\">Bersckienov Dolaz<\/a><\/span><\/td>\n<td>Podru\u010dje<\/td>\n<td>Lat: 43.14760\u00a0 Lon: 16.57090<\/td>\n<td>Katastar \/ Kataster 1834<\/td>\n<\/tr>\n<tr>\n<td><span style=\"color: #3366ff;\"><a style=\"color: #3366ff;\" href=\"https:\/\/maps.arcanum.com\/de\/map\/cadastral\/?layers=here-aerial%2C3%2C4&amp;bbox=1842023.0523049163%2C5333387.316908629%2C1843747.6627556004%2C5334524.317704371\">Biscup<\/a><\/span><\/td>\n<td>Podru\u010dje<\/td>\n<td>Lat: 43.14420\u00a0 Lon: 16.55500<\/td>\n<td>Katastar \/ Kataster 1834<\/td>\n<\/tr>\n<tr>\n<td><span style=\"color: #3366ff;\"><a style=\"color: #3366ff;\" href=\"https:\/\/maps.arcanum.com\/de\/map\/cadastral\/?layers=here-aerial%2C3%2C4&amp;bbox=1842168.7263756068%2C5333174.340734564%2C1843893.336826291%2C5334311.341530306\">Biscup, Mali-<\/a><\/span><\/td>\n<td>Podru\u010dje<\/td>\n<td>Lat: 43.14300\u00a0 Lon: 16.55590<\/td>\n<td>Katastar \/ Kataster 1834<\/td>\n<\/tr>\n<tr>\n<td><span style=\"color: #3366ff;\"><a style=\"color: #3366ff;\" href=\"https:\/\/maps.arcanum.com\/de\/map\/cadastral\/?layers=here-aerial%2C3%2C4&amp;bbox=1841793.426257039%2C5333091.277326933%2C1843518.036707723%2C5334228.278122676\">Biscup, Velli-<\/a><\/span><\/td>\n<td>Podru\u010dje<\/td>\n<td>Lat: 43.14220\u00a0 Lon: 16.55280<\/td>\n<td>Katastar \/ Kataster 1834<\/td>\n<\/tr>\n<tr>\n<td><span style=\"color: #3366ff;\"><a style=\"color: #3366ff;\" href=\"https:\/\/maps.arcanum.com\/de\/map\/cadastral\/?layers=here-aerial%2C3%2C4&amp;bbox=1841931.9683708076%2C5332920.48834185%2C1843656.5788214917%2C5334057.489137593\">Biscup, Velli-<\/a><\/span><\/td>\n<td>Ku\u0107a<\/td>\n<td>Lat: 43.14130\u00a0 Lon: 16.55380<\/td>\n<td>Katastar \/ Kataster 1834<\/td>\n<\/tr>\n<tr>\n<td><span style=\"color: #3366ff;\"><a style=\"color: #3366ff;\" href=\"https:\/\/goo.gl\/maps\/ju3LS1YHqyfFnJxk6\">Biskup, Mali-<\/a><\/span><\/td>\n<td>Podru\u010dje<\/td>\n<td>Lat: 43.14429\u00a0 Lon: 16.55416<\/td>\n<td>Hvar- turisti\u010dka karta 1:75.000<\/td>\n<\/tr>\n<tr>\n<td><span style=\"color: #3366ff;\"><a style=\"color: #3366ff;\" href=\"https:\/\/goo.gl\/maps\/x5ScL4dD51AdgppK9\">Bojani\u0107 Bad<\/a><\/span><\/td>\n<td>Zaseok<\/td>\n<td>Lat: 43.12962\u00a0 Lon: 16.62100<\/td>\n<td>Hvar- turisti\u010dka karta 1:75.000<\/td>\n<\/tr>\n<tr>\n<td><span style=\"color: #3366ff;\"><a style=\"color: #3366ff;\" href=\"https:\/\/maps.arcanum.com\/de\/map\/cadastral\/?layers=here-aerial%2C3%2C4&amp;bbox=1845188.5345409284%2C5333062.613441327%2C1846913.1449916125%2C5334199.614237069\">Buratoviza<\/a><\/span><\/td>\n<td>Podru\u010dje<\/td>\n<td>Lat: 43.14220\u00a0 Lon: 16.58360<\/td>\n<td>Katastar \/ Kataster 1834<\/td>\n<\/tr>\n<tr>\n<td><span style=\"color: #3366ff;\"><a style=\"color: #3366ff;\" href=\"https:\/\/maps.arcanum.com\/de\/map\/cadastral\/?layers=here-aerial%2C3%2C4&amp;bbox=1849434.1269788053%2C5331403.387798199%2C1851158.7374294894%2C5332540.388593942\">Cesminov Bad<\/a><\/span><\/td>\n<td>Podru\u010dje<\/td>\n<td>Lat: 43.13120\u00a0 Lon: 16.62170<\/td>\n<td>Katastar \/ Kataster 1834<\/td>\n<\/tr>\n<tr>\n<td><span style=\"color: #3366ff;\"><a style=\"color: #3366ff;\" href=\"https:\/\/goo.gl\/maps\/6CynFduAyCpfKdJ28\">\u010cesminov Bad<\/a><\/span><\/td>\n<td>Podru\u010dje<\/td>\n<td>Lat: 43.13226\u00a0 Lon: 16.62192<\/td>\n<td>Hvar- Hrvatska osnovna karta<\/td>\n<\/tr>\n<tr>\n<td><span style=\"color: #3366ff;\"><a style=\"color: #3366ff;\" href=\"https:\/\/maps.arcanum.com\/de\/map\/cadastral\/?layers=here-aerial%2C3%2C4&amp;bbox=1843272.294804197%2C5333346.016066552%2C1844996.9052548811%2C5334483.016862295\">Dubochi Dolaz<\/a><\/span><\/td>\n<td>Podru\u010dje<\/td>\n<td>Lat: 43.14390\u00a0 Lon: 16.56620<\/td>\n<td>Katastar \/ Kataster 1834<\/td>\n<\/tr>\n<tr>\n<td><span style=\"color: #3366ff;\"><a style=\"color: #3366ff;\" href=\"https:\/\/maps.arcanum.com\/de\/map\/cadastral\/?layers=here-aerial%2C3%2C4&amp;bbox=1843224.927329814%2C5333181.044402262%2C1844949.5377804982%2C5334318.045198005\">Glacischie<\/a><\/span><\/td>\n<td>Podru\u010dje<\/td>\n<td>Lat: 43.14280\u00a0 Lon: 16.56600<\/td>\n<td>Katastar \/ Kataster 1834<\/td>\n<\/tr>\n<tr>\n<td><span style=\"color: #3366ff;\"><a style=\"color: #3366ff;\" href=\"https:\/\/goo.gl\/maps\/V981qFHUUj282Nvq5\">Gla\u010di\u0161\u0107e<\/a><\/span><\/td>\n<td>Podru\u010dje<\/td>\n<td>Lat: 43.14309\u00a0 Lon: 16.56440<\/td>\n<td>Hvar- Hrvatska osnovna karta<\/td>\n<\/tr>\n<tr>\n<td><span style=\"color: #3366ff;\"><a style=\"color: #3366ff;\" href=\"https:\/\/maps.arcanum.com\/de\/map\/cadastral\/?layers=here-aerial%2C3%2C4&amp;bbox=1847802.0353975778%2C5331949.365540328%2C1849526.645848262%2C5333086.366336071\">glavizzu, Za-<\/a><\/span><\/td>\n<td>Podru\u010dje<\/td>\n<td>Lat: 43.13490\u00a0 Lon: 16.60700<\/td>\n<td>Katastar \/ Kataster 1834<\/td>\n<\/tr>\n<tr>\n<td><span style=\"color: #3366ff;\"><a style=\"color: #3366ff;\" href=\"https:\/\/maps.arcanum.com\/de\/map\/cadastral\/?layers=3%2C4&amp;bbox=1849656.6097315995%2C5332338.974910467%2C1851381.2201822835%2C5333475.975706209\">Gomilla, Pod-<\/a><\/span><\/td>\n<td>Podru\u010dje<\/td>\n<td>Lat: 43.13760\u00a0 Lon: 16.62330<\/td>\n<td>Katastar \/ Kataster 1834<\/td>\n<\/tr>\n<tr>\n<td><span style=\"color: #3366ff;\"><a style=\"color: #3366ff;\" href=\"https:\/\/maps.arcanum.com\/de\/map\/cadastral\/?layers=here-aerial%2C3%2C4&amp;bbox=1843182.3485078586%2C5333710.828543045%2C1844906.9589585427%2C5334847.829338787\">Gomillizze<\/a><\/span><\/td>\n<td>Podru\u010dje<\/td>\n<td>Lat: 43.14620\u00a0 Lon: 16.56660<\/td>\n<td>Katastar \/ Kataster 1834<\/td>\n<\/tr>\n<tr>\n<td><span style=\"color: #3366ff;\"><a style=\"color: #3366ff;\" href=\"https:\/\/goo.gl\/maps\/1YdBVtRPwhYPkPfo8\">Gospa od Zdravlja<\/a><\/span><\/td>\n<td>Podru\u010dje<\/td>\n<td>Lat: 43.14653\u00a0 Lon: 16.58156<\/td>\n<td>Hvar- turisti\u010dka karta 1:75.000<\/td>\n<\/tr>\n<tr>\n<td><span style=\"color: #3366ff;\"><a style=\"color: #3366ff;\" href=\"https:\/\/goo.gl\/maps\/kpvpAyDEZrCKaJdC8\">Jagodna<\/a><\/span><\/td>\n<td>Zaseok<\/td>\n<td>Lat: 43.13733\u00a0 Lon: 16.61444<\/td>\n<td>Hvar- turisti\u010dka karta 1:75.000<\/td>\n<\/tr>\n<tr>\n<td><span style=\"color: #3366ff;\"><a style=\"color: #3366ff;\" href=\"https:\/\/maps.arcanum.com\/de\/map\/cadastral\/?layers=here-aerial%2C3%2C4&amp;bbox=1847807.218380141%2C5332589.8948620325%2C1849531.8288308252%2C5333726.895657775\">grabovick, Pod-<\/a><\/span><\/td>\n<td>Podru\u010dje<\/td>\n<td>Lat: 43.13920\u00a0 Lon: 16.60680<\/td>\n<td>Katastar \/ Kataster 1834<\/td>\n<\/tr>\n<tr>\n<td><span style=\"color: #3366ff;\"><a style=\"color: #3366ff;\" href=\"https:\/\/maps.arcanum.com\/de\/map\/cadastral\/?layers=here-aerial%2C3%2C4&amp;bbox=1846808.2998445102%2C5331956.029169772%2C1848532.9102951942%2C5333093.029965514\">Ivanovich<\/a><\/span><\/td>\n<td>Podru\u010dje<\/td>\n<td>Lat: 43.13520\u00a0 Lon: 16.59790<\/td>\n<td>Katastar \/ Kataster 1834<\/td>\n<\/tr>\n<tr>\n<td><span style=\"color: #3366ff;\"><a style=\"color: #3366ff;\" href=\"https:\/\/maps.arcanum.com\/de\/map\/cadastral\/?layers=here-aerial%2C3%2C4&amp;bbox=1848730.0148505038%2C5332580.514657593%2C1850454.6253011879%2C5333717.515453336\">Jagodna<\/a><\/span><\/td>\n<td>Zaseok<\/td>\n<td>Lat: 43.13733\u00a0 Lon: 16.61444<\/td>\n<td>Katastar \/ Kataster 1834<\/td>\n<\/tr>\n<tr>\n<td><span style=\"color: #3366ff;\"><a style=\"color: #3366ff;\" href=\"https:\/\/maps.arcanum.com\/de\/map\/cadastral\/?layers=here-aerial%2C3%2C4&amp;bbox=1848320.3601520357%2C5332703.530499994%2C1850044.9706027198%2C5333840.531295736\">Jagodna<\/a><\/span><\/td>\n<td>Podru\u010dje<\/td>\n<td>Lat: 43.13960\u00a0 Lon: 16.61100<\/td>\n<td>Katastar \/ Kataster 1834<\/td>\n<\/tr>\n<tr>\n<td><span style=\"color: #3366ff;\"><a style=\"color: #3366ff;\" href=\"https:\/\/goo.gl\/maps\/MLXCdQMrvuM2NnxdA\">Jagodni Bad<\/a><\/span><\/td>\n<td>Podru\u010dje<\/td>\n<td>Lat: 43.13366\u00a0 Lon: 16.60660<\/td>\n<td>Hvar- Hrvatska osnovna karta<\/td>\n<\/tr>\n<tr>\n<td><span style=\"color: #3366ff;\"><a style=\"color: #3366ff;\" href=\"https:\/\/maps.arcanum.com\/de\/map\/cadastral\/?layers=here-aerial%2C3%2C4&amp;bbox=1847903.124981154%2C5331611.116844785%2C1849627.735431838%2C5332748.117640528\">Jagodni Bad<\/a><\/span><\/td>\n<td>Podru\u010dje<\/td>\n<td>Lat: 43.13220\u00a0 Lon: 16.60780<\/td>\n<td>Katastar \/ Kataster 1834<\/td>\n<\/tr>\n<tr>\n<td><span style=\"color: #3366ff;\"><a style=\"color: #3366ff;\" href=\"https:\/\/maps.arcanum.com\/de\/map\/cadastral\/?layers=here-aerial%2C3%2C4&amp;bbox=1847903.124981154%2C5331611.116844785%2C1849627.735431838%2C5332748.117640528\">Jonsich<\/a><\/span><\/td>\n<td>Podru\u010dje<\/td>\n<td>Lat: 43.13770\u00a0 Lon: 16.59460<\/td>\n<td>Katastar \/ Kataster 1834<\/td>\n<\/tr>\n<tr>\n<td><span style=\"color: #3366ff;\"><a style=\"color: #3366ff;\" href=\"https:\/\/maps.arcanum.com\/de\/map\/cadastral\/?layers=here-aerial%2C3%2C4&amp;bbox=1846023.8867536818%2C5332268.549825351%2C1847748.497204366%2C5333405.550621093\">Jresicia<\/a><\/span><\/td>\n<td>Podru\u010dje<\/td>\n<td>Lat: 43.13710\u00a0 Lon: 16.59100<\/td>\n<td>Katastar \/ Kataster 1834<\/td>\n<\/tr>\n<tr>\n<td><span style=\"color: #3366ff;\"><a style=\"color: #3366ff;\" href=\"https:\/\/maps.arcanum.com\/de\/map\/cadastral\/?layers=here-aerial%2C3%2C4&amp;bbox=1844935.8332583024%2C5332867.3226628555%2C1846660.4437089865%2C5334004.323458598\">Pacalinovo<\/a><\/span><\/td>\n<td>Podru\u010dje<\/td>\n<td>Lat: 43.14090\u00a0 Lon: 16.58100<\/td>\n<td>Katastar \/ Kataster 1834<\/td>\n<\/tr>\n<tr>\n<td><span style=\"color: #3366ff;\"><a style=\"color: #3366ff;\" href=\"https:\/\/maps.arcanum.com\/de\/map\/cadastral\/?layers=here-aerial%2C3%2C4&amp;bbox=1849051.289235018%2C5331829.281988961%2C1850775.899685702%2C5332966.282784703\">Pasuca<\/a><\/span><\/td>\n<td>Podru\u010dje<\/td>\n<td>Lat: 43.13410\u00a0 Lon: 16.61790<\/td>\n<td>Katastar \/ Kataster 1834<\/td>\n<\/tr>\n<tr>\n<td><span style=\"color: #3366ff;\"><a style=\"color: #3366ff;\" href=\"https:\/\/maps.arcanum.com\/de\/map\/cadastral\/?layers=here-aerial%2C3%2C4&amp;bbox=1844655.6624186358%2C5333753.786909631%2C1846380.27286932%2C5334890.787705374\">Poletillo<\/a><\/span><\/td>\n<td>Podru\u010dje<\/td>\n<td>Lat: 43.14670\u00a0 Lon: 16.57840<\/td>\n<td>Katastar \/ Kataster 1834<\/td>\n<\/tr>\n<tr>\n<td><span style=\"color: #3366ff;\"><a style=\"color: #3366ff;\" href=\"https:\/\/maps.arcanum.com\/de\/map\/cadastral\/?layers=here-aerial%2C3%2C4&amp;bbox=1847240.4880515193%2C5331957.7258402975%2C1848965.0985022034%2C5333094.72663604\">Polle, Nad-<\/a><\/span><\/td>\n<td>Podru\u010dje<\/td>\n<td>Lat: 43.13490\u00a0 Lon: 16.60210<\/td>\n<td>Katastar \/ Kataster 1834<\/td>\n<\/tr>\n<tr>\n<td><span style=\"color: #3366ff;\"><a style=\"color: #3366ff;\" href=\"https:\/\/goo.gl\/maps\/hEe2PCkzXuCyTzoj7\">Saratan Dolac<\/a><\/span><\/td>\n<td>Podru\u010dje<\/td>\n<td>Lat: 43.14820\u00a0 Lon: 16.58016<\/td>\n<td>Hvar- Hrvatska osnovna karta<\/td>\n<\/tr>\n<tr>\n<td><span style=\"color: #3366ff;\"><a style=\"color: #3366ff;\" href=\"https:\/\/goo.gl\/maps\/hEe2PCkzXuCyTzoj7\">Sa. Domenica, Eremo<\/a><\/span><\/td>\n<td>Biv\u0161i ermita\u017e u \u0161pilji<\/td>\n<td>Lat: 43.14519\u00a0 Lon: 16.58834<\/td>\n<td>Katastar \/ Kataster 1834<\/td>\n<\/tr>\n<tr>\n<td><span style=\"color: #3366ff;\"><a style=\"color: #3366ff;\" href=\"https:\/\/maps.arcanum.com\/de\/map\/cadastral\/?layers=here-aerial%2C3%2C4&amp;bbox=1845909.276563891%2C5333154.769173791%2C1847633.887014575%2C5334291.769969533\">Simonich Dolaz<\/a><\/span><\/td>\n<td>Podru\u010dje<\/td>\n<td>Lat: 43.14280\u00a0 Lon: 16.58980<\/td>\n<td>Katastar \/ Kataster 1834<\/td>\n<\/tr>\n<tr>\n<td><span style=\"color: #3366ff;\"><a style=\"color: #3366ff;\" href=\"https:\/\/maps.arcanum.com\/de\/map\/cadastral\/?layers=here-aerial%2C3%2C4&amp;bbox=1844272.8019985307%2C5333156.926688433%2C1845997.4124492148%2C5334293.927484175\">Sli Dol<\/a><\/span><\/td>\n<td>Podru\u010dje<\/td>\n<td>Lat: 43.14270\u00a0 Lon: 16.57520<\/td>\n<td>Katastar \/ Kataster 1834<\/td>\n<\/tr>\n<tr>\n<td><span style=\"color: #3366ff;\"><a style=\"color: #3366ff;\" href=\"https:\/\/maps.arcanum.com\/de\/map\/cadastral\/?layers=here-aerial%2C3%2C4&amp;bbox=1845389.0116677857%2C5333405.5012837825%2C1847113.6221184698%2C5334542.502079525\">Spilla, Pod-<\/a><\/span><\/td>\n<td>Podru\u010dje<\/td>\n<td>Lat: 43.14380\u00a0 Lon: 16.58500<\/td>\n<td>Katastar \/ Kataster 1834<\/td>\n<\/tr>\n<tr>\n<td><span style=\"color: #3366ff;\"><a style=\"color: #3366ff;\" href=\"https:\/\/maps.arcanum.com\/de\/map\/cadastral\/?layers=3%2C4&amp;bbox=1850150.1030256592%2C5332234.647057842%2C1851874.7134763433%2C5333371.647853585\">Starian Dolaz<\/a><\/span><\/td>\n<td>Podru\u010dje<\/td>\n<td>Lat: 43.13690\u00a0 Lon: 16.62760<\/td>\n<td>Katastar \/ Kataster 1834<\/td>\n<\/tr>\n<tr>\n<td><span style=\"color: #3366ff;\"><a style=\"color: #3366ff;\" href=\"https:\/\/goo.gl\/maps\/Rymp7dfzJkwksaem8\">Staza<\/a><\/span><\/td>\n<td>Podru\u010dje<\/td>\n<td>Lat: 43.14688\u00a0 Lon: 16.57599<\/td>\n<td>Hvar- topografska karta 1:25.000<\/td>\n<\/tr>\n<tr>\n<td><span style=\"color: #3366ff;\"><a style=\"color: #3366ff;\" href=\"https:\/\/maps.arcanum.com\/de\/map\/cadastral\/?layers=here-aerial%2C3%2C4&amp;bbox=1845817.3472787128%2C5332620.455703603%2C1847541.9577293969%2C5333757.456499346\">Sta. Domenica<\/a><\/span><\/td>\n<td>Selo<\/td>\n<td>Lat: 43.13932\u00a0 Lon: 16.58760<\/td>\n<td>Katastar \/ Kataster 1834<\/td>\n<\/tr>\n<tr>\n<td><span style=\"color: #3366ff;\"><a style=\"color: #3366ff;\" href=\"https:\/\/goo.gl\/maps\/cFD2TnMg2feLDoQx7\">Stijan Dolac<\/a><\/span><\/td>\n<td>Podru\u010dje<\/td>\n<td>Lat: 43.13385\u00a0 Lon: 16.62549<\/td>\n<td>Hvar- topografska karta 1:25.000<\/td>\n<\/tr>\n<tr>\n<td><span style=\"color: #3366ff;\"><a style=\"color: #3366ff;\" href=\"https:\/\/maps.arcanum.com\/de\/map\/cadastral\/?layers=here-aerial%2C3%2C4&amp;bbox=1846818.0925743913%2C5333358.315866717%2C1848561.8122821467%2C5334502.482633862\">St. Niccolo<\/a><\/span><\/td>\n<td>Kapela, Brdo<\/td>\n<td>Lat: 43.14412\u00a0 Lon: 16.59830<\/td>\n<td>Katastar \/ Kataster 1834<\/td>\n<\/tr>\n<tr>\n<td><span style=\"color: #3366ff;\"><a style=\"color: #3366ff;\" href=\"https:\/\/maps.arcanum.com\/de\/map\/cadastral\/?layers=here-aerial%2C3%2C4&amp;bbox=1846667.4144262457%2C5333050.670155659%2C1848392.0248769298%2C5334187.670951402\">Sveti Micula, Pod-<\/a><\/span><\/td>\n<td>Podru\u010dje<\/td>\n<td>Lat: 43.14220\u00a0 Lon: 16.59670<\/td>\n<td>Katastar \/ Kataster 1834<\/td>\n<\/tr>\n<tr>\n<td><span style=\"color: #3366ff;\"><a style=\"color: #3366ff;\" href=\"https:\/\/goo.gl\/maps\/9uxq4VT5u4WWshVB6\">Sv. Nedjelja (Nedilja)<\/a><\/span><\/td>\n<td>Selo<\/td>\n<td>Lat: 43.13932\u00a0 Lon: 16.58760<\/td>\n<td>Hvar- turisti\u010dka karta 1:75.000<\/td>\n<\/tr>\n<tr>\n<td><span style=\"color: #3366ff;\"><a style=\"color: #3366ff;\" href=\"https:\/\/goo.gl\/maps\/QDJxpvj8Yksab5bDA\">Sv. Nikola, 628 m<\/a><\/span><\/td>\n<td>Brdo<\/td>\n<td>Lat: 43.14445\u00a0 Lon: 16.59734<\/td>\n<td>Hvar- turisti\u010dka karta 1:75.000<\/td>\n<\/tr>\n<tr>\n<td><span style=\"color: #3366ff;\"><a style=\"color: #3366ff;\" href=\"https:\/\/goo.gl\/maps\/QfUvJ3XGgbrrvZHD9\">Sv. Nikola, Pod-<\/a><\/span><\/td>\n<td>Podru\u010dje<\/td>\n<td>Lat: 43.13919\u00a0 Lon: 16.60230<\/td>\n<td>Hvar- Hrvatska osnovna karta<\/td>\n<\/tr>\n<tr>\n<td><span style=\"color: #3366ff;\"><a style=\"color: #3366ff;\" href=\"https:\/\/maps.arcanum.com\/de\/map\/cadastral\/?layers=here-aerial%2C3%2C4&amp;bbox=1846765.3266924184%2C5332251.829225412%2C1848489.9371431025%2C5333388.830021154\">Valetovo<\/a><\/span><\/td>\n<td>Podru\u010dje<\/td>\n<td>Lat: 43.13710\u00a0 Lon: 16.59730<\/td>\n<td>Katastar \/ Kataster 1834<\/td>\n<\/tr>\n<tr>\n<td><span style=\"color: #3366ff;\"><a style=\"color: #3366ff;\" href=\"https:\/\/maps.arcanum.com\/de\/map\/cadastral\/?layers=here-aerial%2C3%2C4&amp;bbox=1844644.1134631026%2C5332956.858190196%2C1846368.7239137867%2C5334093.858985938\">Vitogniza<\/a><\/span><\/td>\n<td>Podru\u010dje<\/td>\n<td>Lat: 43.14140\u00a0 Lon: 16.57850<\/td>\n<td>Katastar \/ Kataster 1834<\/td>\n<\/tr>\n<tr>\n<td><span style=\"color: #3366ff;\"><a style=\"color: #3366ff;\" href=\"https:\/\/goo.gl\/maps\/KKMZt1TU8zkms2bz7\">Vitonica<\/a><\/span><\/td>\n<td>Podru\u010dje<\/td>\n<td>Lat: 43.14126\u00a0 Lon: 16.58044<\/td>\n<td>Hvar- Hrvatska osnovna karta<\/td>\n<\/tr>\n<tr>\n<td><span style=\"color: #3366ff;\"><a style=\"color: #3366ff;\" href=\"https:\/\/maps.arcanum.com\/de\/map\/cadastral\/?layers=here-aerial%2C3%2C4&amp;bbox=1846358.1853708376%2C5332549.558385072%2C1848082.7958215217%2C5333686.559180815\">Vrancovich<\/a><\/span><\/td>\n<td>Podru\u010dje<\/td>\n<td>Lat: 43.13880\u00a0 Lon: 16.59400<\/td>\n<td>Katastar \/ Kataster 1834<\/td>\n<\/tr>\n<tr>\n<td><span style=\"color: #3366ff;\"><a style=\"color: #3366ff;\" href=\"https:\/\/maps.arcanum.com\/de\/map\/cadastral\/?layers=here-aerial%2C3%2C4&amp;bbox=1846358.1853708376%2C5332549.558385072%2C1848082.7958215217%2C5333686.5591https:\/\/maps.arcanum.com\/de\/map\/cadastral\/?layers=here-aerial%2C3%2C4&amp;bbox=1845067.1640480312%2C5334034.074324972%2C1846791.7744987153%2C5335171.075120714580815\">Xartan Dolaz<\/a><\/span><\/td>\n<td>Podru\u010dje<\/td>\n<td>Lat: 43.14860\u00a0 Lon: 16.58220<\/td>\n<td>Katastar \/ Kataster 1834<\/td>\n<\/tr>\n<tr>\n<td><span style=\"color: #3366ff;\"><a style=\"color: #3366ff;\" href=\"https:\/\/maps.arcanum.com\/de\/map\/cadastral\/?layers=here-aerial%2C3%2C4&amp;bbox=1846475.5898860574%2C5332749.624774829%2C1848200.2003367415%2C5333886.625570571\">Zarota<\/a><\/span><\/td>\n<td>Podru\u010dje<\/td>\n<td>Lat: 43.14010\u00a0 Lon: 16.59500<\/td>\n<td>Katastar \/ Kataster 1834<\/td>\n<\/tr>\n<tr>\n<td><span style=\"color: #3366ff;\"><a style=\"color: #3366ff;\" href=\"https:\/\/maps.arcanum.com\/de\/map\/cadastral\/?layers=here-aerial%2C3%2C4&amp;bbox=1846217.2999525727%2C5331953.640512638%2C1847941.9104032568%2C5333090.64130838\">Zautli Camich<\/a><\/span><\/td>\n<td>Podru\u010dje<\/td>\n<td>Lat: 43.13520\u00a0 Lon: 16.59280<\/td>\n<td>Katastar \/ Kataster 1834<\/td>\n<\/tr>\n<tr>\n<td><span style=\"color: #3366ff;\"><a style=\"color: #3366ff;\" href=\"https:\/\/maps.arcanum.com\/de\/map\/cadastral\/?layers=here-aerial%2C3%2C4&amp;bbox=1843905.4678497955%2C5333052.596608908%2C1845630.0783004796%2C5334189.59740465\">Zelenicovi Sluch<\/a><\/span><\/td>\n<td>Podru\u010dje<\/td>\n<td>Lat: 43.14200\u00a0 Lon: 16.57200<\/td>\n<td>Katastar \/ Kataster 1834<\/td>\n<\/tr>\n<\/tbody>\n<\/table>\n<p style=\"text-align: right;\"><span style=\"color: #3366ff;\"><a style=\"color: #3366ff;\" href=\"#seite_oben\">natrag na vrh \/ Seitenanfang<\/a><\/span><\/p>\n<hr \/>\n<p><strong>Linkovi \/ Links<\/strong><\/p>\n<p>&#8211;<\/p>\n","protected":false},"excerpt":{"rendered":"<p>Ime \/ Name Sv. Nedjelja &#8211; Nazivi mjesta i podru\u010dja \/ Orts- und Gebietsnamen Code: SN-AI-01\u00a0 \u00a0 \u00a0 \u00a0 \u00a0 \u00a0 \u00a0 \u00a0 \u00a0 \u00a0 \u00a0 \u00a0 \u00a0 \u00a0 \u00a0 \u00a0 \u00a0 \u00a0 \u00a0 \u00a0\u00a0 Adresa \/ Adresse Sv. Nedjelja &hellip; <a href=\"https:\/\/www.topohvar.at\/topo\/orte\/sn\/sn-ai-01-1\/\">Weiterlesen <span class=\"meta-nav\">&rarr;<\/span><\/a><\/p>\n","protected":false},"author":1,"featured_media":0,"parent":101,"menu_order":0,"comment_status":"closed","ping_status":"closed","template":"","meta":{"footnotes":""},"class_list":["post-46345","page","type-page","status-publish","hentry"],"_links":{"self":[{"href":"https:\/\/www.topohvar.at\/topo\/wp-json\/wp\/v2\/pages\/46345","targetHints":{"allow":["GET"]}}],"collection":[{"href":"https:\/\/www.topohvar.at\/topo\/wp-json\/wp\/v2\/pages"}],"about":[{"href":"https:\/\/www.topohvar.at\/topo\/wp-json\/wp\/v2\/types\/page"}],"author":[{"embeddable":true,"href":"https:\/\/www.topohvar.at\/topo\/wp-json\/wp\/v2\/users\/1"}],"replies":[{"embeddable":true,"href":"https:\/\/www.topohvar.at\/topo\/wp-json\/wp\/v2\/comments?post=46345"}],"version-history":[{"count":7,"href":"https:\/\/www.topohvar.at\/topo\/wp-json\/wp\/v2\/pages\/46345\/revisions"}],"predecessor-version":[{"id":60285,"href":"https:\/\/www.topohvar.at\/topo\/wp-json\/wp\/v2\/pages\/46345\/revisions\/60285"}],"up":[{"embeddable":true,"href":"https:\/\/www.topohvar.at\/topo\/wp-json\/wp\/v2\/pages\/101"}],"wp:attachment":[{"href":"https:\/\/www.topohvar.at\/topo\/wp-json\/wp\/v2\/media?parent=46345"}],"curies":[{"name":"wp","href":"https:\/\/api.w.org\/{rel}","templated":true}]}}