{"id":46397,"date":"2021-02-03T08:31:48","date_gmt":"2021-02-03T07:31:48","guid":{"rendered":"https:\/\/www.topohvar.at\/topo\/?page_id=46397"},"modified":"2021-09-09T09:12:13","modified_gmt":"2021-09-09T07:12:13","slug":"vk-ai-01-1","status":"publish","type":"page","link":"https:\/\/www.topohvar.at\/topo\/orte\/vk\/vk-ai-01-1\/","title":{"rendered":"VRISNIK &#8211; Nazivi mjesta i podru\u010dja"},"content":{"rendered":"<p><a name=\"seite_oben\"><\/a><\/p>\n<div id=\"attachment_46398\" style=\"width: 1090px\" class=\"wp-caption alignnone\"><a href=\"https:\/\/www.topohvar.at\/wp-content\/uploads\/2021\/02\/vk-ai-01.jpg\"><img loading=\"lazy\" decoding=\"async\" aria-describedby=\"caption-attachment-46398\" class=\"wp-image-46398 size-full\" src=\"https:\/\/www.topohvar.at\/wp-content\/uploads\/2021\/02\/vk-ai-01.jpg\" alt=\"\" width=\"1080\" height=\"530\" srcset=\"https:\/\/www.topohvar.at\/wp-content\/uploads\/2021\/02\/vk-ai-01.jpg 1080w, https:\/\/www.topohvar.at\/wp-content\/uploads\/2021\/02\/vk-ai-01-300x147.jpg 300w, https:\/\/www.topohvar.at\/wp-content\/uploads\/2021\/02\/vk-ai-01-1024x503.jpg 1024w, https:\/\/www.topohvar.at\/wp-content\/uploads\/2021\/02\/vk-ai-01-768x377.jpg 768w\" sizes=\"auto, (max-width: 1080px) 100vw, 1080px\" \/><\/a><p id=\"caption-attachment-46398\" class=\"wp-caption-text\">Uve\u0107aj sliku \u2013 klikni! \/ Bild vergr\u00f6\u00dfern \u2013 klicken!<\/p><\/div>\n<p><strong>Ime \/ Name<br \/>\n<\/strong>Vrisnik &#8211; Nazivi mjesta i podru\u010dja \/ Orts- und Gebietsnamen<\/p>\n<p><strong>Code: <\/strong>VK-AI-01\u00a0 \u00a0 \u00a0 \u00a0 \u00a0 \u00a0 \u00a0 \u00a0 \u00a0 \u00a0 \u00a0 \u00a0 \u00a0 \u00a0 \u00a0 \u00a0 \u00a0 \u00a0 \u00a0 \u00a0\u00a0<strong> <a href=\"https:\/\/www.topohvar.at\/topo\/orte\/vk\/vk-aa-00-1\/\"><img loading=\"lazy\" decoding=\"async\" class=\"alignnone wp-image-533 size-full\" src=\"https:\/\/www.topohvar.at\/wp-content\/uploads\/2018\/07\/push-l-30.jpg\" alt=\"\" width=\"61\" height=\"30\" \/><\/a> <a href=\"https:\/\/www.topohvar.at\/orte\/vk\/\"><img loading=\"lazy\" decoding=\"async\" class=\"alignnone wp-image-535 size-full\" src=\"https:\/\/www.topohvar.at\/wp-content\/uploads\/2018\/07\/push-o-30.jpg\" alt=\"\" width=\"61\" height=\"30\" \/><\/a> <\/strong><\/p>\n<hr \/>\n<p><strong>Adresa \/ Adresse<br \/>\n<\/strong>Vrisnik<\/p>\n<p><strong>Datum snimanja \/ Erfassungsdatum<br \/>\n<\/strong>03.02.2021 :09:00:00<\/p>\n<hr \/>\n<div class='content-column one_half'><div style=\"padding-right:6px;\"><p><strong>Nazivi mjesta i podru\u010dja<\/strong><\/p>\n<p>Na popisu ispod na\u0107i \u0107ete sva imena koja se nalaze na na podru\u010dju Vrisnika u:<\/p><\/div><\/div><div class='content-column one_half last_column'><div style=\"padding-right:0px;padding-left:6px;\"><p><strong>Orts- und Gebietsnamen<\/strong><\/p>\n<p>In der nachstehenden Liste befinden sich alle Namen, die im Bereich Vrisnik verzeichnet sind in:<\/p><\/div><\/div><div class='clear_column'><\/div><div class='content-column one_half'><div style=\"padding-right:6px;\"><p>&#8211; turisti\u010dkoj karti otoka Hvara, 1:75.000<br \/>\n&#8211; topografskoj karti otoka Hvara, 1:25.000<br \/>\n<span style=\"color: #ffffff;\">&#8211;<\/span> (izvor: Geoportal DGU)<br \/>\n&#8211; osnovnoj karti otoka Hvar (izvor: Geoportal DGU)<br \/>\n&#8211; Katastar iz 1834. godine (&#8222;Franziszeischer Kataster&#8220;) (Izvor: https:\/\/maps.arcanum.com\/de\/map\/cadastral\/)<\/p>\n<p>Klik na ime prikazuje mjesto na Google Maps ili maps.arcanum.com.<\/p><\/div><\/div><div class='content-column one_half last_column'><div style=\"padding-right:0px;padding-left:6px;\"><p>&#8211; touristische Karte der Insel Hvar, 1:75.000<br \/>\n&#8211; topographische Karte der Insel Hvar, 1:25.000<br \/>\n<span style=\"color: #ffffff;\">&#8211;<\/span> (Quelle: Geoportal DGU)<br \/>\n&#8211; Grundkarte der Insel Hvar (Quelle: Geoportal DGU)<br \/>\n&#8211; Franziszeischer Kataster 1834 (Quelle: https:\/\/maps.arcanum.com\/de\/map\/cadastral\/)<\/p>\n<p>Ein Klick auf den Namen zeigt den Ort in Google Maps oder in maps.arcanum.com.<\/p><\/div><\/div><div class='clear_column'><\/div><\/p>\n<table width=\"546\">\n<tbody>\n<tr>\n<td width=\"178\"><span style=\"color: #3366ff;\"><a style=\"color: #3366ff;\" href=\"https:\/\/maps.arcanum.com\/de\/map\/cadastral\/?layers=here-aerial%2C3%2C4&amp;bbox=1852212.9969893408%2C5334818.156268484%2C1853936.4131114583%2C5335969.489007029\">Bardo<\/a><\/span><\/td>\n<td width=\"54\">Podru\u010dje<\/td>\n<td width=\"148\">Lat: 43.15350\u00a0 Lon: 16.64630<\/td>\n<td width=\"166\">Katastar \/ Kataster 1834<\/td>\n<\/tr>\n<tr>\n<td><span style=\"color: #3366ff;\"><a style=\"color: #3366ff;\" href=\"https:\/\/maps.arcanum.com\/de\/map\/cadastral\/?layers=here-aerial%2C3%2C4&amp;bbox=1853118.7805730668%2C5335169.346481211%2C1854842.1966951843%2C5336320.679219755\">Carai Dolaz<\/a><\/span><\/td>\n<td>Podru\u010dje<\/td>\n<td>Lat: 43.15610\u00a0 Lon: 16.65460<\/td>\n<td>Katastar \/ Kataster 1834<\/td>\n<\/tr>\n<tr>\n<td><span style=\"color: #3366ff;\"><a style=\"color: #3366ff;\" href=\"https:\/\/goo.gl\/maps\/wuVsgSBJihZLd88C7\">Carev Dolaz<\/a><\/span><\/td>\n<td>Podru\u010dje<\/td>\n<td>Lat: 43.16006\u00a0 Lon: 16.66061<\/td>\n<td>Hvar- topografska karta 1:25.000<\/td>\n<\/tr>\n<tr>\n<td><span style=\"color: #3366ff;\"><a style=\"color: #3366ff;\" href=\"https:\/\/goo.gl\/maps\/5rhfrVSoZMqiAFQA6\">\u010cesminova Glava, 555 m<\/a><\/span><\/td>\n<td>Brdo<\/td>\n<td>Lat: 43.13798\u00a0 Lon: 16.63107<\/td>\n<td>Hvar- turisti\u010dka karta 1:75.000<\/td>\n<\/tr>\n<tr>\n<td><span style=\"color: #3366ff;\"><a style=\"color: #3366ff;\" href=\"https:\/\/goo.gl\/maps\/REvT66jmLzbNy1Ev5\">\u010cirje<\/a><\/span><\/td>\n<td>Podru\u010dje<\/td>\n<td>Lat: 43.15816\u00a0 Lon: 16.65306<\/td>\n<td>Hvar- topografska karta 1:25.000<\/td>\n<\/tr>\n<tr>\n<td><span style=\"color: #3366ff;\"><a style=\"color: #3366ff;\" href=\"https:\/\/maps.arcanum.com\/de\/map\/cadastral\/?layers=here-aerial%2C3%2C4&amp;bbox=1852402.0272041007%2C5334093.522504734%2C1854125.4433262183%2C5335244.855243279\">Chumatich<\/a><\/span><\/td>\n<td>Podru\u010dje<\/td>\n<td>Lat: 43.14900\u00a0 Lon: 16.64820<\/td>\n<td>Katastar \/ Kataster 1834<\/td>\n<\/tr>\n<tr>\n<td><span style=\"color: #3366ff;\"><a style=\"color: #3366ff;\" href=\"https:\/\/maps.arcanum.com\/de\/map\/cadastral\/?layers=here-aerial%2C3%2C4&amp;bbox=1853871.7467910184%2C5336726.325749988%2C1855595.162913136%2C5337877.6584885325\">Crusovga<\/a><\/span><\/td>\n<td>Podru\u010dje<\/td>\n<td>Lat: 43.16620\u00a0 Lon: 16.66140<\/td>\n<td>Katastar \/ Kataster 1834<\/td>\n<\/tr>\n<tr>\n<td><span style=\"color: #3366ff;\"><a style=\"color: #3366ff;\" href=\"https:\/\/maps.arcanum.com\/de\/map\/cadastral\/?layers=here-aerial%2C3%2C4&amp;bbox=1851426.589571514%2C5332697.575742992%2C1853150.0056936315%2C5333848.908481536\">Dobroni Dolaz<\/a><\/span><\/td>\n<td>Podru\u010dje<\/td>\n<td>Lat: 43.13980\u00a0 Lon: 16.63950<\/td>\n<td>Katastar \/ Kataster 1834<\/td>\n<\/tr>\n<tr>\n<td><span style=\"color: #3366ff;\"><a style=\"color: #3366ff;\" href=\"https:\/\/maps.arcanum.com\/de\/map\/cadastral\/?layers=here-aerial%2C3%2C4&amp;bbox=1853247.3283755258%2C5334736.246513989%2C1854970.7444976433%2C5335887.579252534\">Dolaz<\/a><\/span><\/td>\n<td>Podru\u010dje<\/td>\n<td>Lat: 43.15320\u00a0 Lon: 16.65570<\/td>\n<td>Katastar \/ Kataster 1834<\/td>\n<\/tr>\n<tr>\n<td><span style=\"color: #3366ff;\"><a style=\"color: #3366ff;\" href=\"https:\/\/maps.arcanum.com\/de\/map\/cadastral\/?layers=here-aerial%2C3%2C4&amp;bbox=1852483.2188703353%2C5334714.516808288%2C1854206.6349924528%2C5335865.849546833\">Fosso Celiki Potok<\/a><\/span><\/td>\n<td>Potok<\/td>\n<td>Lat: 43.15310\u00a0 Lon: 16.64880<\/td>\n<td>Katastar \/ Kataster 1834<\/td>\n<\/tr>\n<tr>\n<td><span style=\"color: #3366ff;\"><a style=\"color: #3366ff;\" href=\"https:\/\/maps.arcanum.com\/de\/map\/cadastral\/?layers=here-aerial%2C3%2C4&amp;bbox=1853626.9888019077%2C5336162.360806325%2C1855350.4049240253%2C5337313.69354487\">Fosso Potoco Jabuzj<\/a><\/span><\/td>\n<td>Potok<\/td>\n<td>Lat: 43.16250\u00a0 Lon: 16.65930<\/td>\n<td>Katastar \/ Kataster 1834<\/td>\n<\/tr>\n<tr>\n<td><span style=\"color: #3366ff;\"><a style=\"color: #3366ff;\" href=\"https:\/\/maps.arcanum.com\/de\/map\/cadastral\/?layers=here-aerial%2C3%2C4&amp;bbox=1852180.7614561925%2C5334728.118011759%2C1853904.17757831%2C5335879.450750303\">Fosso za Bardi<\/a><\/span><\/td>\n<td>Potok<\/td>\n<td>Lat: 43.15330\u00a0 Lon: 16.64600<\/td>\n<td>Katastar \/ Kataster 1834<\/td>\n<\/tr>\n<tr>\n<td><span style=\"color: #3366ff;\"><a style=\"color: #3366ff;\" href=\"https:\/\/maps.arcanum.com\/de\/map\/cadastral\/?layers=here-aerial%2C3%2C4&amp;bbox=1853862.9921609142%2C5334754.161442493%2C1855586.4082830318%2C5335905.494181038\">Fosso za Mirge<\/a><\/span><\/td>\n<td>Potok<\/td>\n<td>Lat: 43.15320\u00a0 Lon: 16.66130<\/td>\n<td>Katastar \/ Kataster 1834<\/td>\n<\/tr>\n<tr>\n<td><span style=\"color: #3366ff;\"><a style=\"color: #3366ff;\" href=\"https:\/\/maps.arcanum.com\/de\/map\/cadastral\/?layers=here-aerial%2C3%2C4&amp;bbox=1853326.920044898%2C5333521.46829572%2C1855050.3361670156%2C5334672.801034265\">Gorge, Pod-<\/a><\/span><\/td>\n<td>Podru\u010dje<\/td>\n<td>Lat: 43.14540\u00a0 Lon: 16.65650<\/td>\n<td>Katastar \/ Kataster 1834<\/td>\n<\/tr>\n<tr>\n<td><span style=\"color: #3366ff;\"><a style=\"color: #3366ff;\" href=\"https:\/\/goo.gl\/maps\/JSU2Mjp5XER8pVhf9\">Gvozd<\/a><\/span><\/td>\n<td>Podru\u010dje<\/td>\n<td>Lat: 43.14245\u00a0 Lon: 16.65337<\/td>\n<td>Hvar- turisti\u010dka karta 1:75.000<\/td>\n<\/tr>\n<tr>\n<td><span style=\"color: #3366ff;\"><a style=\"color: #3366ff;\" href=\"https:\/\/goo.gl\/maps\/ifFKgAT6AuxkfirE9\">Hum, 604 m<\/a><\/span><\/td>\n<td>Brdo<\/td>\n<td>Lat: 43.13475\u00a0 Lon: 16.66425<\/td>\n<td>Hvar- turisti\u010dka karta 1:75.000<\/td>\n<\/tr>\n<tr>\n<td><span style=\"color: #3366ff;\"><a style=\"color: #3366ff;\" href=\"https:\/\/maps.arcanum.com\/de\/map\/cadastral\/?layers=here-aerial%2C3%2C4&amp;bbox=1852764.5953767272%2C5332619.482481687%2C1854488.0114988447%2C5333770.815220232\">Jes Dolaz<\/a><\/span><\/td>\n<td>Podru\u010dje<\/td>\n<td>Lat: 43.13960\u00a0 Lon: 16.65116<\/td>\n<td>Katastar \/ Kataster 1834<\/td>\n<\/tr>\n<tr>\n<td><span style=\"color: #3366ff;\"><a style=\"color: #3366ff;\" href=\"https:\/\/goo.gl\/maps\/JPFngU4eQKKEJYtz5\">Je\u017e Dolac<\/a><\/span><\/td>\n<td>Podru\u010dje<\/td>\n<td>Lat: 43.14496\u00a0 Lon: 16.64116<\/td>\n<td>Hvar- Hrvatska osnovna karta<\/td>\n<\/tr>\n<tr>\n<td><span style=\"color: #3366ff;\"><a style=\"color: #3366ff;\" href=\"https:\/\/maps.arcanum.com\/de\/map\/cadastral\/?layers=here-aerial%2C3%2C4&amp;bbox=1852891.1488521877%2C5333655.658074337%2C1854614.5649743052%2C5334806.990812882\">Mirge, Za-<\/a><\/span><\/td>\n<td>Podru\u010dje<\/td>\n<td>Lat: 43.14610\u00a0 Lon: 16.65230<\/td>\n<td>Katastar \/ Kataster 1834<\/td>\n<\/tr>\n<tr>\n<td><span style=\"color: #3366ff;\"><a style=\"color: #3366ff;\" href=\"https:\/\/maps.arcanum.com\/de\/map\/cadastral\/?layers=here-aerial%2C3%2C4&amp;bbox=1851543.2054264632%2C5332974.503073127%2C1853266.6215485807%2C5334125.835811672\">Mocha<\/a><\/span><\/td>\n<td>Podru\u010dje<\/td>\n<td>Lat: 43.14180\u00a0 Lon: 16.64030<\/td>\n<td>Katastar \/ Kataster 1834<\/td>\n<\/tr>\n<tr>\n<td><span style=\"color: #3366ff;\"><a style=\"color: #3366ff;\" href=\"https:\/\/goo.gl\/maps\/XjFwmHXAfcTuUnnQ9\">Navodu<\/a><\/span><\/td>\n<td>Podru\u010dje<\/td>\n<td>Lat: 43.14417\u00a0 Lon: 16.64836<\/td>\n<td>Hvar- Hrvatska osnovna karta<\/td>\n<\/tr>\n<tr>\n<td><span style=\"color: #3366ff;\"><a style=\"color: #3366ff;\" href=\"https:\/\/maps.arcanum.com\/de\/map\/cadastral\/?layers=here-aerial%2C3%2C4&amp;bbox=1852638.81922338%2C5334869.477213042%2C1854362.2353454975%2C5336020.809951587\">Pecha<\/a><\/span><\/td>\n<td>Podru\u010dje<\/td>\n<td>Lat: 43.15400\u00a0 Lon: 16.65040<\/td>\n<td>Katastar \/ Kataster 1834<\/td>\n<\/tr>\n<tr>\n<td><span style=\"color: #3366ff;\"><a style=\"color: #3366ff;\" href=\"https:\/\/maps.arcanum.com\/de\/map\/cadastral\/?layers=here-aerial%2C3%2C4&amp;bbox=1854259.9703515165%2C5335369.194852076%2C1855983.386473634%2C5336520.52759062\">Planik<\/a><\/span><\/td>\n<td>Podru\u010dje<\/td>\n<td>Lat: 43.15730\u00a0 Lon: 16.66490<\/td>\n<td>Katastar \/ Kataster 1834<\/td>\n<\/tr>\n<tr>\n<td><span style=\"color: #3366ff;\"><a style=\"color: #3366ff;\" href=\"https:\/\/maps.arcanum.com\/de\/map\/cadastral\/?layers=here-aerial%2C3%2C4&amp;bbox=1854322.2555948275%2C5335325.502900052%2C1856045.671716945%2C5336476.835638597\">Planik, Pod-<\/a><\/span><\/td>\n<td>Podru\u010dje<\/td>\n<td>Lat: 43.15700\u00a0 Lon: 16.66540<\/td>\n<td>Katastar \/ Kataster 1834<\/td>\n<\/tr>\n<tr>\n<td><span style=\"color: #3366ff;\"><a style=\"color: #3366ff;\" href=\"https:\/\/goo.gl\/maps\/GvGj143HFu1ydXwA6\">Planik, 145 m<\/a><\/span><\/td>\n<td>Brdo<\/td>\n<td>Lat: 43.15615\u00a0 Lon: 16.66220<\/td>\n<td>Hvar- turisti\u010dka karta 1:75.000<\/td>\n<\/tr>\n<tr>\n<td><span style=\"color: #3366ff;\"><a style=\"color: #3366ff;\" href=\"https:\/\/maps.arcanum.com\/de\/map\/cadastral\/?layers=here-aerial%2C3%2C4&amp;bbox=1853755.5366043658%2C5335096.526966972%2C1855478.9527264833%2C5336247.859705517\">Plisie<\/a><\/span><\/td>\n<td>Podru\u010dje<\/td>\n<td>Lat: 43.15560\u00a0 Lon: 16.66040<\/td>\n<td>Katastar \/ Kataster 1834<\/td>\n<\/tr>\n<tr>\n<td><span style=\"color: #3366ff;\"><a style=\"color: #3366ff;\" href=\"https:\/\/maps.arcanum.com\/de\/map\/cadastral\/?layers=here-aerial%2C3%2C4&amp;bbox=1854422.139511679%2C5335991.404728232%2C1856145.5556337966%2C5337142.737466777\">Polanda<\/a><\/span><\/td>\n<td>Podru\u010dje<\/td>\n<td>Lat: 43.16140\u00a0 Lon: 16.66650<\/td>\n<td>Katastar \/ Kataster 1834<\/td>\n<\/tr>\n<tr>\n<td><span style=\"color: #3366ff;\"><a style=\"color: #3366ff;\" href=\"https:\/\/maps.arcanum.com\/de\/map\/cadastral\/?layers=here-aerial%2C3%2C4&amp;bbox=1853243.7453898247%2C5334236.53732068%2C1854967.1615119423%2C5335387.870059225\">Polovine<\/a><\/span><\/td>\n<td>Podru\u010dje<\/td>\n<td>Lat: 43.14990\u00a0 Lon: 16.65570<\/td>\n<td>Katastar \/ Kataster 1834<\/td>\n<\/tr>\n<tr>\n<td><span style=\"color: #3366ff;\"><a style=\"color: #3366ff;\" href=\"https:\/\/maps.arcanum.com\/de\/map\/cadastral\/?layers=here-aerial%2C3%2C4&amp;bbox=1853719.3237553805%2C5335667.177601262%2C1855442.739877498%2C5336818.510339807\">Rachi<\/a><\/span><\/td>\n<td>Podru\u010dje<\/td>\n<td>Lat: 43.15910\u00a0 Lon: 16.66000<\/td>\n<td>Katastar \/ Kataster 1834<\/td>\n<\/tr>\n<tr>\n<td><span style=\"color: #3366ff;\"><a style=\"color: #3366ff;\" href=\"https:\/\/maps.arcanum.com\/de\/map\/cadastral\/?layers=here-aerial%2C3%2C4&amp;bbox=1853497.652339177%2C5334604.9413946895%2C1855221.0684612945%2C5335756.274133234\">Racich<\/a><\/span><\/td>\n<td>Podru\u010dje<\/td>\n<td>Lat: 43.15220\u00a0 Lon: 16.65800<\/td>\n<td>Katastar \/ Kataster 1834<\/td>\n<\/tr>\n<tr>\n<td><span style=\"color: #3366ff;\"><a style=\"color: #3366ff;\" href=\"https:\/\/maps.arcanum.com\/de\/map\/cadastral\/?layers=here-aerial%2C3%2C4&amp;bbox=1854420.5621911353%2C5336910.655418227%2C1856143.9783132528%2C5338061.988156772\">Rakov Dolaz<\/a><\/span><\/td>\n<td>Podru\u010dje<\/td>\n<td>Lat: 43.16740\u00a0 Lon: 16.66610<\/td>\n<td>Katastar \/ Kataster 1834<\/td>\n<\/tr>\n<tr>\n<td><span style=\"color: #3366ff;\"><a style=\"color: #3366ff;\" href=\"https:\/\/maps.arcanum.com\/de\/map\/cadastral\/?layers=here-aerial%2C3%2C4&amp;bbox=1853412.4720189467%2C5334248.48060635%2C1855135.8881410642%2C5335399.813344895\">Rasofe<\/a><\/span><\/td>\n<td>Podru\u010dje<\/td>\n<td>Lat: 43.14990\u00a0 Lon: 16.65760<\/td>\n<td>Katastar \/ Kataster 1834<\/td>\n<\/tr>\n<tr>\n<td><span style=\"color: #3366ff;\"><a style=\"color: #3366ff;\" href=\"https:\/\/maps.arcanum.com\/de\/map\/cadastral\/?layers=here-aerial%2C3%2C4&amp;bbox=1854211.622720874%2C5336479.426845408%2C1855935.0388429915%2C5337630.759583953\">Ravne Nive<\/a><\/span><\/td>\n<td>Podru\u010dje<\/td>\n<td>Lat: 43.16480\u00a0 Lon: 16.66430<\/td>\n<td>Katastar \/ Kataster 1834<\/td>\n<\/tr>\n<tr>\n<td><span style=\"color: #3366ff;\"><a style=\"color: #3366ff;\" href=\"https:\/\/maps.arcanum.com\/de\/map\/cadastral\/?layers=here-aerial%2C3%2C4&amp;bbox=1852876.8055712255%2C5334926.306217438%2C1854600.221693343%2C5336077.638955982\">Rubinich, Pod-<\/a><\/span><\/td>\n<td>Podru\u010dje<\/td>\n<td>Lat: 43.15430\u00a0 Lon: 16.65260<\/td>\n<td>Katastar \/ Kataster 1834<\/td>\n<\/tr>\n<tr>\n<td><span style=\"color: #3366ff;\"><a style=\"color: #3366ff;\" href=\"https:\/\/maps.arcanum.com\/de\/map\/cadastral\/?layers=here-aerial%2C3%2C4&amp;bbox=1853519.5332453586%2C5336224.201114288%2C1855242.9493674762%2C5337375.533852832\">Smiaz Dolaz<\/a><\/span><\/td>\n<td>Podru\u010dje<\/td>\n<td>Lat: 43.16290\u00a0 Lon: 16.65840<\/td>\n<td>Katastar \/ Kataster 1834<\/td>\n<\/tr>\n<tr>\n<td><span style=\"color: #3366ff;\"><a style=\"color: #3366ff;\" href=\"https:\/\/maps.arcanum.com\/de\/map\/cadastral\/?layers=here-aerial%2C3%2C4&amp;bbox=1852606.5836902303%2C5334409.642504262%2C1854329.9998123478%2C5335560.975242807\">Starine<\/a><\/span><\/td>\n<td>Podru\u010dje<\/td>\n<td>Lat: 43.15090\u00a0 Lon: 16.65010<\/td>\n<td>Katastar \/ Kataster 1834<\/td>\n<\/tr>\n<tr>\n<td><span style=\"color: #3366ff;\"><a style=\"color: #3366ff;\" href=\"https:\/\/goo.gl\/maps\/Rfi2GSCke8cba5ej9\">Strmen Dolac<\/a><\/span><\/td>\n<td>Podru\u010dje<\/td>\n<td>Lat: 43.14551\u00a0 Lon: 16.65558<\/td>\n<td>Hvar- topografska karta 1:25.000<\/td>\n<\/tr>\n<tr>\n<td><span style=\"color: #3366ff;\"><a style=\"color: #3366ff;\" href=\"https:\/\/maps.arcanum.com\/de\/map\/cadastral\/?layers=here-aerial%2C3%2C4&amp;bbox=1853043.0981905782%2C5334618.0079858545%2C1854766.5143126957%2C5335769.340724399\">St. Antonio<\/a><\/span><\/td>\n<td>Crkva<\/td>\n<td>Lat: 43.15256\u00a0 Lon: 16.65406<\/td>\n<td>Katastar \/ Kataster 1834<\/td>\n<\/tr>\n<tr>\n<td><span style=\"color: #3366ff;\"><a style=\"color: #3366ff;\" href=\"https:\/\/maps.arcanum.com\/de\/map\/cadastral\/?layers=here-aerial%2C3%2C4&amp;bbox=1852177.1671323325%2C5334403.670861429%2C1853900.58325445%2C5335555.003599973\">Tariazi<\/a><\/span><\/td>\n<td>Podru\u010dje<\/td>\n<td>Lat: 43.15090\u00a0 Lon: 16.64630<\/td>\n<td>Katastar \/ Kataster 1834<\/td>\n<\/tr>\n<tr>\n<td><span style=\"color: #3366ff;\"><a style=\"color: #3366ff;\" href=\"https:\/\/maps.arcanum.com\/de\/map\/cadastral\/?layers=here-aerial%2C3%2C4&amp;bbox=1854818.5205379983%2C5336923.296775962%2C1856541.9366601158%2C5338074.629514507\">Tatina Glava<\/a><\/span><\/td>\n<td>Podru\u010dje<\/td>\n<td>Lat: 43.16770\u00a0 Lon: 16.67010<\/td>\n<td>Katastar \/ Kataster 1834<\/td>\n<\/tr>\n<tr>\n<td><span style=\"color: #3366ff;\"><a style=\"color: #3366ff;\" href=\"https:\/\/goo.gl\/maps\/EFAZC1JdgNAqz85j7\">Tatinja<\/a><\/span><\/td>\n<td>Podru\u010dje<\/td>\n<td>Lat: 43.16739\u00a0 Lon: 16.67105<\/td>\n<td>Hvar- Hrvatska osnovna karta<\/td>\n<\/tr>\n<tr>\n<td><span style=\"color: #3366ff;\"><a style=\"color: #3366ff;\" href=\"https:\/\/goo.gl\/maps\/Z29dmUNGSnFXvGLH7\">Tatinja, 102 m<\/a><\/span><\/td>\n<td>Brdo<\/td>\n<td>Lat: 43.16939\u00a0 Lon: 16.67223<\/td>\n<td>Hvar- Hrvatska osnovna karta<\/td>\n<\/tr>\n<tr>\n<td><span style=\"color: #3366ff;\"><a style=\"color: #3366ff;\" href=\"https:\/\/maps.arcanum.com\/de\/map\/cadastral\/?layers=here-aerial%2C3%2C4&amp;bbox=1851809.4386534614%2C5333319.47141639%2C1853532.854775579%2C5334470.804154934\">Verch, Na-<\/a><\/span><\/td>\n<td>Podru\u010dje<\/td>\n<td>Lat: 43.14430\u00a0 Lon: 16.64300<\/td>\n<td>Katastar \/ Kataster 1834<\/td>\n<\/tr>\n<tr>\n<td><span style=\"color: #3366ff;\"><a style=\"color: #3366ff;\" href=\"https:\/\/maps.arcanum.com\/de\/map\/cadastral\/?layers=here-aerial%2C3%2C4&amp;bbox=1852081.2491931582%2C5333793.893947264%2C1853804.6653152758%2C5334945.226685809\">Vodiche, Za-<\/a><\/span><\/td>\n<td>Podru\u010dje<\/td>\n<td>Lat: 43.14700\u00a0 Lon: 16.64560<\/td>\n<td>Katastar \/ Kataster 1834<\/td>\n<\/tr>\n<tr>\n<td><span style=\"color: #3366ff;\"><a style=\"color: #3366ff;\" href=\"https:\/\/maps.arcanum.com\/de\/map\/cadastral\/?layers=here-aerial%2C3%2C4&amp;bbox=1852622.9099600324%2C5333914.215397138%2C1854346.32608215%2C5335065.548135683\">Vodou, Nad-<\/a><\/span><\/td>\n<td>Podru\u010dje<\/td>\n<td>Lat: 43.14790\u00a0 Lon: 16.65000<\/td>\n<td>Katastar \/ Kataster 1834<\/td>\n<\/tr>\n<tr>\n<td><span style=\"color: #3366ff;\"><a style=\"color: #3366ff;\" href=\"https:\/\/maps.arcanum.com\/de\/map\/cadastral\/?layers=here-aerial%2C3%2C4&amp;bbox=1852621.7156314661%2C5334203.827284565%2C1854345.1317535837%2C5335355.16002311\">Vodou, Pod-<\/a><\/span><\/td>\n<td>Podru\u010dje<\/td>\n<td>Lat: 43.14970\u00a0 Lon: 16.65000<\/td>\n<td>Katastar \/ Kataster 1834<\/td>\n<\/tr>\n<tr>\n<td><span style=\"color: #3366ff;\"><a style=\"color: #3366ff;\" href=\"https:\/\/goo.gl\/maps\/1jquzRJ6vsLEGnoJ7\">Vranie Bardo<\/a><\/span><\/td>\n<td>Podru\u010dje<\/td>\n<td>Lat: 43.15870\u00a0 Lon: 16.65520<\/td>\n<td>Katastar \/ Kataster 1834<\/td>\n<\/tr>\n<tr>\n<td><span style=\"color: #3366ff;\"><a style=\"color: #3366ff;\" href=\"https:\/\/goo.gl\/maps\/1jquzRJ6vsLEGnoJ7\">Vrisnik<\/a><\/span><\/td>\n<td>Selo<\/td>\n<td>Lat: 43.15160\u00a0 Lon: 16.65267<\/td>\n<td>Hvar- turisti\u010dka karta 1:75.000<\/td>\n<\/tr>\n<tr>\n<td><span style=\"color: #3366ff;\"><a style=\"color: #3366ff;\" href=\"https:\/\/maps.arcanum.com\/de\/map\/cadastral\/?layers=here-aerial%2C3%2C4&amp;bbox=1852909.3018820381%2C5334516.721855397%2C1854632.7180041557%2C5335668.054593942\">Vrisnik<\/a><\/span><\/td>\n<td>Selo<\/td>\n<td>Lat: 43.15160\u00a0 Lon: 16.65267<\/td>\n<td>Katastar \/ Kataster 1834<\/td>\n<\/tr>\n<tr>\n<td><span style=\"color: #3366ff;\"><a style=\"color: #3366ff;\" href=\"https:\/\/goo.gl\/maps\/HsjQVDnrs54W3Lr26\">Za\u010darbina<\/a><\/span><\/td>\n<td>Podru\u010dje<\/td>\n<td>Lat: 43.14578\u00a0 Lon: 16.63166<\/td>\n<td>Hvar- turisti\u010dka karta 1:75.000<\/td>\n<\/tr>\n<tr>\n<td><span style=\"color: #3366ff;\"><a style=\"color: #3366ff;\" href=\"https:\/\/goo.gl\/maps\/icuZk5nL7uFQdUsS9\">Zagvozd<\/a><\/span><\/td>\n<td>Podru\u010dje<\/td>\n<td>Lat: 43.13979\u00a0 Lon: 16.64739<\/td>\n<td>Hvar- topografska karta 1:25.000<\/td>\n<\/tr>\n<\/tbody>\n<\/table>\n<p style=\"text-align: right;\"><span style=\"color: #3366ff;\"><a style=\"color: #3366ff;\" href=\"#seite_oben\">natrag na vrh \/ Seitenanfang<\/a><\/span><\/p>\n<hr \/>\n<p><strong>Linkovi \/ Links<\/strong><\/p>\n<p>&#8211;<\/p>\n","protected":false},"excerpt":{"rendered":"<p>Ime \/ Name Vrisnik &#8211; Nazivi mjesta i podru\u010dja \/ Orts- und Gebietsnamen Code: VK-AI-01\u00a0 \u00a0 \u00a0 \u00a0 \u00a0 \u00a0 \u00a0 \u00a0 \u00a0 \u00a0 \u00a0 \u00a0 \u00a0 \u00a0 \u00a0 \u00a0 \u00a0 \u00a0 \u00a0 \u00a0\u00a0 Adresa \/ Adresse Vrisnik Datum snimanja &hellip; <a href=\"https:\/\/www.topohvar.at\/topo\/orte\/vk\/vk-ai-01-1\/\">Weiterlesen <span class=\"meta-nav\">&rarr;<\/span><\/a><\/p>\n","protected":false},"author":1,"featured_media":0,"parent":113,"menu_order":0,"comment_status":"closed","ping_status":"closed","template":"","meta":{"footnotes":""},"class_list":["post-46397","page","type-page","status-publish","hentry"],"_links":{"self":[{"href":"https:\/\/www.topohvar.at\/topo\/wp-json\/wp\/v2\/pages\/46397","targetHints":{"allow":["GET"]}}],"collection":[{"href":"https:\/\/www.topohvar.at\/topo\/wp-json\/wp\/v2\/pages"}],"about":[{"href":"https:\/\/www.topohvar.at\/topo\/wp-json\/wp\/v2\/types\/page"}],"author":[{"embeddable":true,"href":"https:\/\/www.topohvar.at\/topo\/wp-json\/wp\/v2\/users\/1"}],"replies":[{"embeddable":true,"href":"https:\/\/www.topohvar.at\/topo\/wp-json\/wp\/v2\/comments?post=46397"}],"version-history":[{"count":4,"href":"https:\/\/www.topohvar.at\/topo\/wp-json\/wp\/v2\/pages\/46397\/revisions"}],"predecessor-version":[{"id":51709,"href":"https:\/\/www.topohvar.at\/topo\/wp-json\/wp\/v2\/pages\/46397\/revisions\/51709"}],"up":[{"embeddable":true,"href":"https:\/\/www.topohvar.at\/topo\/wp-json\/wp\/v2\/pages\/113"}],"wp:attachment":[{"href":"https:\/\/www.topohvar.at\/topo\/wp-json\/wp\/v2\/media?parent=46397"}],"curies":[{"name":"wp","href":"https:\/\/api.w.org\/{rel}","templated":true}]}}